{"id":255695,"date":"2018-04-12T19:24:11","date_gmt":"2018-04-12T12:24:11","guid":{"rendered":"https:\/\/maybommini.com\/san-pham\/import-placeholder-for-251944"},"modified":"2019-12-07T09:38:51","modified_gmt":"2019-12-07T02:38:51","slug":"may-bom-tro-luc-nuoc-nong-220v-90w","status":"publish","type":"product","link":"https:\/\/maybommini.vn\/?product=may-bom-tro-luc-nuoc-nong-220v-90w","title":{"rendered":"M\u00e1y b\u01a1m tr\u1ee3 l\u1ef1c n\u01b0\u1edbc n\u00f3ng 220V 90W"},"content":{"rendered":"<h3><strong>M\u00e1y b\u01a1m n\u01b0\u1edbc tr\u1ee3 l\u1ef1c d\u00f9ng cho h\u1ec7 th\u1ed1ng n\u01b0\u1edbc n\u00f3ng ho\u1eb7c t\u0103ng\u00a0\u00e1p tr\u1ee3 l\u1ef1c cho b\u00ecnh n\u01b0\u1edbc n\u00f3ng l\u1ea1nh trong nh\u00e0 t\u1eafm. V\u1edbi thi\u1ebft k\u1ebf nh\u1ecf g\u1ecdn ch\u1ecbu\u00a0\u0111\u01b0\u1ee3c nhi\u1ec7t\u00a0\u0111\u1ed9 l\u00ean t\u1edbi 150\u00a0\u0111\u1ed9 C.<\/strong><\/h3>\n<p><a href=\"http:\/\/maybommini.com\/wp-content\/uploads\/2016\/01\/cong-tac-ap-luc-tu-dong-may-bom-nuoc.jpg\" rel=\"attachment wp-att-244549 noopener\" target=\"_blank\"><img decoding=\"async\" class=\"size-large wp-image-244549 aligncenter\" src=\"http:\/\/maybommini.com\/wp-content\/uploads\/2016\/01\/cong-tac-ap-luc-tu-dong-may-bom-nuoc-1024x805.jpg\" alt=\"m\u00e1y b\u01a1m t\u0103ng \u00e1p n\u00f3ng l\u1ea1nh\" width=\"1024\" height=\"805\" srcset=\"https:\/\/maybommini.vn\/wp-content\/uploads\/2016\/01\/cong-tac-ap-luc-tu-dong-may-bom-nuoc-1024x805.jpg 1024w, https:\/\/maybommini.vn\/wp-content\/uploads\/2016\/01\/cong-tac-ap-luc-tu-dong-may-bom-nuoc-600x472.jpg 600w, https:\/\/maybommini.vn\/wp-content\/uploads\/2016\/01\/cong-tac-ap-luc-tu-dong-may-bom-nuoc-300x236.jpg 300w, https:\/\/maybommini.vn\/wp-content\/uploads\/2016\/01\/cong-tac-ap-luc-tu-dong-may-bom-nuoc-768x604.jpg 768w, https:\/\/maybommini.vn\/wp-content\/uploads\/2016\/01\/cong-tac-ap-luc-tu-dong-may-bom-nuoc.jpg 1200w\" sizes=\"(max-width: 1024px) 100vw, 1024px\" \/><\/a><br \/>\nC\u00f4ng t\u1eaft\u00a0\u0111i\u1ec7n t\u1eed th\u00f4ng minh ng\u1eaft\u00a0\u0111i\u1ec7n khi kho\u00e1 n\u01b0\u1edbc ho\u1eb7t kh\u00f4ng c\u00f3 n\u01b0\u1edbc v\u00e0o.<a href=\"http:\/\/maybommini.com\/wp-content\/uploads\/2016\/01\/cong-tac-ap-luc-tu-dong-may-bom-nuoc.jpg\" rel=\"attachment wp-att-244549 noopener\" target=\"_blank\"><br \/>\n<\/a> <a href=\"http:\/\/maybommini.com\/wp-content\/uploads\/2016\/01\/may-bom-tang-ap-luc-nuoc-nong-220v.jpg\" rel=\"attachment wp-att-244550 noopener\" target=\"_blank\"><img decoding=\"async\" class=\"size-large wp-image-244550 aligncenter\" src=\"http:\/\/maybommini.com\/wp-content\/uploads\/2016\/01\/may-bom-tang-ap-luc-nuoc-nong-220v-1024x602.jpg\" alt=\"m\u00e1y b\u01a1m t\u0103ng \u00e1p n\u00f3ng l\u1ea1nh\" width=\"1024\" height=\"602\" srcset=\"https:\/\/maybommini.vn\/wp-content\/uploads\/2016\/01\/may-bom-tang-ap-luc-nuoc-nong-220v-1024x602.jpg 1024w, https:\/\/maybommini.vn\/wp-content\/uploads\/2016\/01\/may-bom-tang-ap-luc-nuoc-nong-220v-600x353.jpg 600w, https:\/\/maybommini.vn\/wp-content\/uploads\/2016\/01\/may-bom-tang-ap-luc-nuoc-nong-220v-300x177.jpg 300w, https:\/\/maybommini.vn\/wp-content\/uploads\/2016\/01\/may-bom-tang-ap-luc-nuoc-nong-220v-768x452.jpg 768w, https:\/\/maybommini.vn\/wp-content\/uploads\/2016\/01\/may-bom-tang-ap-luc-nuoc-nong-220v.jpg 1200w\" sizes=\"(max-width: 1024px) 100vw, 1024px\" \/><\/a><br \/>\nThi\u1ebft k\u1ebf nh\u1ecf g\u1ecdn ch\u1ed1ng r\u00f2 r\u1ec9\u00a0\u0111i\u1ec7n v\u00e0 ch\u1ecbu\u00a0\u0111\u01b0\u1ee3c nhi\u1ec7t\u00a0\u0111\u1ed9 cao<br \/>\n<a href=\"http:\/\/maybommini.com\/wp-content\/uploads\/2016\/01\/may-bom-tang-ap-luc-nuoc-nong-220v.jpg\" rel=\"attachment wp-att-244550 noopener\" target=\"_blank\"><br \/>\n<\/a> <a href=\"http:\/\/maybommini.com\/wp-content\/uploads\/2016\/01\/may-bom-tang-ap-may-nuoc-nong-90w.jpg\" rel=\"attachment wp-att-244551 noopener\" target=\"_blank\"><img decoding=\"async\" class=\"size-large wp-image-244551 aligncenter\" src=\"http:\/\/maybommini.com\/wp-content\/uploads\/2016\/01\/may-bom-tang-ap-may-nuoc-nong-90w-1024x683.jpg\" alt=\"m\u00e1y b\u01a1m t\u0103ng \u00e1p n\u00f3ng l\u1ea1nh\" width=\"1024\" height=\"683\" srcset=\"https:\/\/maybommini.vn\/wp-content\/uploads\/2016\/01\/may-bom-tang-ap-may-nuoc-nong-90w-1024x683.jpg 1024w, https:\/\/maybommini.vn\/wp-content\/uploads\/2016\/01\/may-bom-tang-ap-may-nuoc-nong-90w-600x400.jpg 600w, https:\/\/maybommini.vn\/wp-content\/uploads\/2016\/01\/may-bom-tang-ap-may-nuoc-nong-90w-300x200.jpg 300w, https:\/\/maybommini.vn\/wp-content\/uploads\/2016\/01\/may-bom-tang-ap-may-nuoc-nong-90w-768x512.jpg 768w, https:\/\/maybommini.vn\/wp-content\/uploads\/2016\/01\/may-bom-tang-ap-may-nuoc-nong-90w.jpg 1200w\" sizes=\"(max-width: 1024px) 100vw, 1024px\" \/><\/a> <a href=\"http:\/\/maybommini.com\/wp-content\/uploads\/2016\/01\/may-bom-tang-ap-nuoc-nong.jpg\" rel=\"attachment wp-att-244552 noopener\" target=\"_blank\"><img decoding=\"async\" class=\"size-large wp-image-244552 aligncenter\" src=\"http:\/\/maybommini.com\/wp-content\/uploads\/2016\/01\/may-bom-tang-ap-nuoc-nong-1024x683.jpg\" alt=\"m\u00e1y b\u01a1m t\u0103ng \u00e1p n\u00f3ng l\u1ea1nh\" width=\"1024\" height=\"683\" srcset=\"https:\/\/maybommini.vn\/wp-content\/uploads\/2016\/01\/may-bom-tang-ap-nuoc-nong-1024x683.jpg 1024w, https:\/\/maybommini.vn\/wp-content\/uploads\/2016\/01\/may-bom-tang-ap-nuoc-nong-600x400.jpg 600w, https:\/\/maybommini.vn\/wp-content\/uploads\/2016\/01\/may-bom-tang-ap-nuoc-nong-300x200.jpg 300w, https:\/\/maybommini.vn\/wp-content\/uploads\/2016\/01\/may-bom-tang-ap-nuoc-nong-768x512.jpg 768w, https:\/\/maybommini.vn\/wp-content\/uploads\/2016\/01\/may-bom-tang-ap-nuoc-nong.jpg 1200w\" sizes=\"(max-width: 1024px) 100vw, 1024px\" \/><\/a><\/p>\n<p>M\u00e1y ch\u1ea1y\u00a0\u00eam\u00a0\u00e1i kh\u00f4ng g\u00e2y ti\u1ebfng\u00a0\u1ed3n,\u00a0\u00edt hao\u00a0\u0111i\u1ec7n n\u0103ng. S\u1eed d\u1ee5ng t\u1ed1t ph\u00f2ng t\u1eafm trong gia\u00a0\u0111\u00ecnh, kh\u00e1ch s\u1ea1n, h\u1ec7 th\u1ed1ng n\u01b0\u1edbc n\u00f3ng nh\u00e0 h\u00e0ng,&#8230;.<\/p>\n<p>&nbsp;<\/p>\n<p><a href=\"http:\/\/maybommini.com\/wp-content\/uploads\/2016\/01\/may-bom-tang-ap-voi-sen-220v.jpg\" rel=\"attachment wp-att-244553 noopener\" target=\"_blank\"><img decoding=\"async\" class=\"size-large wp-image-244553 aligncenter\" src=\"http:\/\/maybommini.com\/wp-content\/uploads\/2016\/01\/may-bom-tang-ap-voi-sen-220v-1024x670.jpg\" alt=\"m\u00e1y b\u01a1m t\u0103ng \u00e1p n\u00f3ng l\u1ea1nh\" width=\"1024\" height=\"670\" srcset=\"https:\/\/maybommini.vn\/wp-content\/uploads\/2016\/01\/may-bom-tang-ap-voi-sen-220v-1024x670.jpg 1024w, https:\/\/maybommini.vn\/wp-content\/uploads\/2016\/01\/may-bom-tang-ap-voi-sen-220v-600x393.jpg 600w, https:\/\/maybommini.vn\/wp-content\/uploads\/2016\/01\/may-bom-tang-ap-voi-sen-220v-300x196.jpg 300w, https:\/\/maybommini.vn\/wp-content\/uploads\/2016\/01\/may-bom-tang-ap-voi-sen-220v-768x502.jpg 768w, https:\/\/maybommini.vn\/wp-content\/uploads\/2016\/01\/may-bom-tang-ap-voi-sen-220v.jpg 1200w\" sizes=\"(max-width: 1024px) 100vw, 1024px\" \/><\/a> <a href=\"http:\/\/maybommini.com\/wp-content\/uploads\/2016\/01\/may-bom-tro-luc-tang-ap-gia-dinh-tu-dong.jpg\" rel=\"attachment wp-att-244554 noopener\" target=\"_blank\"><img decoding=\"async\" class=\"size-large wp-image-244554 aligncenter\" src=\"http:\/\/maybommini.com\/wp-content\/uploads\/2016\/01\/may-bom-tro-luc-tang-ap-gia-dinh-tu-dong-1024x678.jpg\" alt=\"m\u00e1y b\u01a1m t\u0103ng \u00e1p n\u00f3ng l\u1ea1nh\" width=\"1024\" height=\"678\" srcset=\"https:\/\/maybommini.vn\/wp-content\/uploads\/2016\/01\/may-bom-tro-luc-tang-ap-gia-dinh-tu-dong-1024x678.jpg 1024w, https:\/\/maybommini.vn\/wp-content\/uploads\/2016\/01\/may-bom-tro-luc-tang-ap-gia-dinh-tu-dong-600x398.jpg 600w, https:\/\/maybommini.vn\/wp-content\/uploads\/2016\/01\/may-bom-tro-luc-tang-ap-gia-dinh-tu-dong-300x199.jpg 300w, https:\/\/maybommini.vn\/wp-content\/uploads\/2016\/01\/may-bom-tro-luc-tang-ap-gia-dinh-tu-dong-768x509.jpg 768w, https:\/\/maybommini.vn\/wp-content\/uploads\/2016\/01\/may-bom-tro-luc-tang-ap-gia-dinh-tu-dong.jpg 1200w\" sizes=\"(max-width: 1024px) 100vw, 1024px\" \/><\/a> <a href=\"http:\/\/maybommini.com\/wp-content\/uploads\/2016\/01\/may-bom-tro-luc-voi-sen.jpg\" rel=\"attachment wp-att-244555 noopener\" target=\"_blank\"><img decoding=\"async\" class=\"size-large wp-image-244555 aligncenter\" src=\"http:\/\/maybommini.com\/wp-content\/uploads\/2016\/01\/may-bom-tro-luc-voi-sen-1024x656.jpg\" alt=\"m\u00e1y b\u01a1m t\u0103ng \u00e1p n\u00f3ng l\u1ea1nh\" width=\"1024\" height=\"656\" srcset=\"https:\/\/maybommini.vn\/wp-content\/uploads\/2016\/01\/may-bom-tro-luc-voi-sen-1024x656.jpg 1024w, https:\/\/maybommini.vn\/wp-content\/uploads\/2016\/01\/may-bom-tro-luc-voi-sen-600x385.jpg 600w, https:\/\/maybommini.vn\/wp-content\/uploads\/2016\/01\/may-bom-tro-luc-voi-sen-300x192.jpg 300w, https:\/\/maybommini.vn\/wp-content\/uploads\/2016\/01\/may-bom-tro-luc-voi-sen-768x492.jpg 768w, https:\/\/maybommini.vn\/wp-content\/uploads\/2016\/01\/may-bom-tro-luc-voi-sen.jpg 1200w\" sizes=\"(max-width: 1024px) 100vw, 1024px\" \/><\/a><\/p>\n<h2><strong>MUA M\u00c1Y B\u01a0M TR\u1ee2 L\u1ef0C N\u00d3NG L\u1ea0NH\u00a0\u1ee0\u00a0\u0110\u00c2U ?\u00a0<\/strong><\/h2>\n<p><strong>V\u0103n ph\u00f2ng giao d\u1ecbch :<\/strong><br \/>\n<strong>CTY TNHH TH\u01af\u01a0NG M\u1ea0I D\u1ecaCH V\u1ee4 \u0110I\u1ec6N M\u00c1Y TH\u00d4NG MINH<\/strong><br \/>\nHotline : 090 729 4310<br \/>\nEmail : maybommini.com@gmail.com<br \/>\nWebsite : http:\/\/maybommini.com<br \/>\nFacebook : <a href=\"https:\/\/www.facebook.com\/maybommini\" target=\"_blank\" rel=\"noopener\">https:\/\/www.facebook.com\/maybommini<\/a><br \/>\nGoogle : <a href=\"https:\/\/plus.google.com\/ Maybomnuocminiruaxe\" target=\"_blank\" rel=\"noopener\">https:\/\/plus.google.com\/ Maybomnuocminiruaxe<\/a><br \/>\nYoutube demo : <a href=\"https:\/\/www.youtube.com\/bahamasali\" target=\"_blank\" rel=\"noopener\">https:\/\/www.youtube.com\/bahamasali<\/a><\/p>\n","protected":false},"excerpt":{"rendered":"<p>T\u00ecnh tr\u1ea1ng : C\u00f2n h\u00e0ng<br \/>\n\u0110i\u1ec7n \u00e1p: AC 220V<br \/>\nC\u00f4ng su\u1ea5t (t\u1ed1i \u0111a): 90W<br \/>\nL\u01b0u l\u01b0\u1ee3ng: 8L \/ ph\u00fat<br \/>\nC\u00f4ng t\u1eaft\u00a0: van th\u00f4ng minh (v\u1edbi c\u00f4ng t\u1eafc \u00e1p su\u1ea5t)<br \/>\n<strong>H\u1ea3ng ch\u00ednh h\u00e3ng<\/strong><br \/>\n<strong>B\u1ea3o h\u00e0nh: 6 th\u00e1ng<\/strong><br \/>\n<strong>Ship h\u00e0ng \u0111i to\u00e0n qu\u1ed1c<\/strong><br \/>\n<strong>G\u1ecdi : 090 729 4310<br \/>\n<\/strong><\/p>\n","protected":false},"featured_media":255800,"comment_status":"open","ping_status":"closed","template":"","meta":[],"product_brand":[2227],"product_cat":[1515,334],"product_tag":[335,336,337,338,339],"class_list":{"0":"post-255695","1":"product","2":"type-product","3":"status-publish","4":"has-post-thumbnail","6":"product_brand-mtm","7":"product_cat-may-bom-tro-luc-220v","8":"product_cat-may-bom-tro-luc-tang-ap","9":"product_tag-bom-tang-ap","10":"product_tag-bom-tro-luc","11":"product_tag-may-bom-nuoc-nong","12":"product_tag-may-nong-lanh","13":"product_tag-tro-luc-nong-lanh","15":"first","16":"instock","17":"shipping-taxable","18":"product-type-simple"},"_links":{"self":[{"href":"https:\/\/maybommini.vn\/index.php?rest_route=\/wp\/v2\/product\/255695","targetHints":{"allow":["GET"]}}],"collection":[{"href":"https:\/\/maybommini.vn\/index.php?rest_route=\/wp\/v2\/product"}],"about":[{"href":"https:\/\/maybommini.vn\/index.php?rest_route=\/wp\/v2\/types\/product"}],"replies":[{"embeddable":true,"href":"https:\/\/maybommini.vn\/index.php?rest_route=%2Fwp%2Fv2%2Fcomments&post=255695"}],"wp:featuredmedia":[{"embeddable":true,"href":"https:\/\/maybommini.vn\/index.php?rest_route=\/wp\/v2\/media\/255800"}],"wp:attachment":[{"href":"https:\/\/maybommini.vn\/index.php?rest_route=%2Fwp%2Fv2%2Fmedia&parent=255695"}],"wp:term":[{"taxonomy":"product_brand","embeddable":true,"href":"https:\/\/maybommini.vn\/index.php?rest_route=%2Fwp%2Fv2%2Fproduct_brand&post=255695"},{"taxonomy":"product_cat","embeddable":true,"href":"https:\/\/maybommini.vn\/index.php?rest_route=%2Fwp%2Fv2%2Fproduct_cat&post=255695"},{"taxonomy":"product_tag","embeddable":true,"href":"https:\/\/maybommini.vn\/index.php?rest_route=%2Fwp%2Fv2%2Fproduct_tag&post=255695"}],"curies":[{"name":"wp","href":"https:\/\/api.w.org\/{rel}","templated":true}]}}