{"id":255700,"date":"2018-04-12T19:24:13","date_gmt":"2018-04-12T12:24:13","guid":{"rendered":"https:\/\/maybommini.com\/san-pham\/import-placeholder-for-251949"},"modified":"2025-07-12T20:17:35","modified_gmt":"2025-07-12T13:17:35","slug":"bom-nuoc-mini-ap-luc-12v-45w-4l","status":"publish","type":"product","link":"https:\/\/maybommini.vn\/?product=bom-nuoc-mini-ap-luc-12v-45w-4l","title":{"rendered":"B\u01a1m N\u01b0\u1edbc Mini \u00c1p L\u1ef1c 12V 45W 4L"},"content":{"rendered":"<p><strong>Nh\u00e0 cung c\u1ea5p s\u1ec9 v\u00e0 l\u1ebb c\u00e1c lo\u1ea1i m\u00e1y b\u01a1m n\u01b0\u1edbc mini \u00e1p l\u1ef1c 12V 45W l\u00e0 lo\u1ea1i b\u01a1m nh\u1ecf g\u1ecdn d\u00f9ng ngu\u1ed3n 12v 5A r\u1ea5t th\u00edch h\u1ee3p phun thu\u1ed1c tr\u1eeb s\u00e2u, phun s\u01b0\u01a1ng t\u01b0\u1edbi lan v\u00e0 v\u1ec7 sinh m\u00e1y l\u1ea1nh.\u00a0\u00a0M\u00e1y b\u01a1m n\u01b0\u1edbc mini 12v 45w\u00a0do maybommini.com\u00a0\u0111\u1ed9c quy\u1ec1n ph\u00e2n ph\u1ed1i t\u1ea1i Vi\u1ec7t Nam v\u1edbi th\u01b0\u01a1ng hi\u1ec7u SmartPumps.<\/strong><\/p>\n<p><a href=\"https:\/\/maybommini.com\/wp-content\/uploads\/2018\/04\/may-bom-mini-12v-45w-1.jpg\" target=\"_blank\" rel=\"noopener\"><img decoding=\"async\" class=\"size-full wp-image-261298 aligncenter\" src=\"https:\/\/maybommini.com\/wp-content\/uploads\/2018\/04\/may-bom-mini-12v-45w-1.jpg\" alt=\"May Bom Mini 12v 45w\" width=\"750\" height=\"750\" srcset=\"https:\/\/maybommini.vn\/wp-content\/uploads\/2018\/04\/may-bom-mini-12v-45w-1.jpg 750w, https:\/\/maybommini.vn\/wp-content\/uploads\/2018\/04\/may-bom-mini-12v-45w-1-300x300.jpg 300w, https:\/\/maybommini.vn\/wp-content\/uploads\/2018\/04\/may-bom-mini-12v-45w-1-150x150.jpg 150w, https:\/\/maybommini.vn\/wp-content\/uploads\/2018\/04\/may-bom-mini-12v-45w-1-600x600.jpg 600w\" sizes=\"(max-width: 750px) 100vw, 750px\" \/><\/a><\/p>\n<p><strong>TH\u00d4NG S\u1ed0 K\u1ef8 THU\u1eacT<br \/>\n<\/strong>Th\u01b0\u01a1ng hi\u1ec7u:\u00a0SmartPumps<br \/>\nM\u00e1y b\u01a1m \u00e1p l\u1ef1c SmartPumps 12V 45W 4L<br \/>\n\u0110i\u1ec7n\u00a0\u00e1p : 12V<br \/>\nC\u00f4ng xu\u1ea5t : 45W<br \/>\n\u00c1p l\u1ef1c : 6kg (0.6 Mpa)<br \/>\nL\u01b0u l\u01b0\u1ee3ng : 4L\/ph\u00fat<br \/>\nTr\u1ecdng l\u01b0\u1ee3ng : 0.6 Kg<br \/>\nC\u00f4ng t\u1eaft\u00a0\u00e1p l\u1ef1c t\u1ef1\u00a0\u0111\u1ed9ng ng\u1eaft \u0111i\u1ec7n\u00a0khi kho\u00e1 n\u01b0\u1edbc ra.<br \/>\nK\u00edch th\u01b0\u1edbc: 16.5cm (L) x 9.6cm (W) x 6cm (H)<br \/>\nTr\u1ecdng l\u01b0\u1ee3ng: 600g<br \/>\nB\u1ea3o h\u00e0nh: 6 th\u00e1ng<\/p>\n<p><a href=\"https:\/\/maybommini.com\/wp-content\/uploads\/2018\/04\/may-bom-ap-luc-mini-12v-45w-4l.jpg\" target=\"_blank\" rel=\"noopener\"><img decoding=\"async\" class=\"size-full wp-image-261297 aligncenter\" src=\"https:\/\/maybommini.com\/wp-content\/uploads\/2018\/04\/may-bom-ap-luc-mini-12v-45w-4l.jpg\" alt=\"May Bom Ap Luc Mini 12v 45w 4l\" width=\"750\" height=\"750\" srcset=\"https:\/\/maybommini.vn\/wp-content\/uploads\/2018\/04\/may-bom-ap-luc-mini-12v-45w-4l.jpg 750w, https:\/\/maybommini.vn\/wp-content\/uploads\/2018\/04\/may-bom-ap-luc-mini-12v-45w-4l-300x300.jpg 300w, https:\/\/maybommini.vn\/wp-content\/uploads\/2018\/04\/may-bom-ap-luc-mini-12v-45w-4l-150x150.jpg 150w, https:\/\/maybommini.vn\/wp-content\/uploads\/2018\/04\/may-bom-ap-luc-mini-12v-45w-4l-600x600.jpg 600w\" sizes=\"(max-width: 750px) 100vw, 750px\" \/><\/a> <a href=\"https:\/\/maybommini.com\/wp-content\/uploads\/2018\/04\/bom-nuoc-mini-12v-45w.jpg\" target=\"_blank\" rel=\"noopener\"><img decoding=\"async\" class=\"size-full wp-image-261295 aligncenter\" src=\"https:\/\/maybommini.com\/wp-content\/uploads\/2018\/04\/bom-nuoc-mini-12v-45w.jpg\" alt=\"Bom Nuoc Mini 12v 45w\" width=\"750\" height=\"750\" srcset=\"https:\/\/maybommini.vn\/wp-content\/uploads\/2018\/04\/bom-nuoc-mini-12v-45w.jpg 750w, https:\/\/maybommini.vn\/wp-content\/uploads\/2018\/04\/bom-nuoc-mini-12v-45w-300x300.jpg 300w, https:\/\/maybommini.vn\/wp-content\/uploads\/2018\/04\/bom-nuoc-mini-12v-45w-150x150.jpg 150w, https:\/\/maybommini.vn\/wp-content\/uploads\/2018\/04\/bom-nuoc-mini-12v-45w-600x600.jpg 600w\" sizes=\"(max-width: 750px) 100vw, 750px\" \/><\/a> <a href=\"https:\/\/maybommini.com\/wp-content\/uploads\/2018\/04\/ban-may-bom-ap-luc-mini.jpg\" target=\"_blank\" rel=\"noopener\"><img decoding=\"async\" class=\"size-full wp-image-261294 aligncenter\" src=\"https:\/\/maybommini.com\/wp-content\/uploads\/2018\/04\/ban-may-bom-ap-luc-mini.jpg\" alt=\"Ban May Bom Ap Luc Mini\" width=\"750\" height=\"750\" srcset=\"https:\/\/maybommini.vn\/wp-content\/uploads\/2018\/04\/ban-may-bom-ap-luc-mini.jpg 750w, https:\/\/maybommini.vn\/wp-content\/uploads\/2018\/04\/ban-may-bom-ap-luc-mini-300x300.jpg 300w, https:\/\/maybommini.vn\/wp-content\/uploads\/2018\/04\/ban-may-bom-ap-luc-mini-150x150.jpg 150w, https:\/\/maybommini.vn\/wp-content\/uploads\/2018\/04\/ban-may-bom-ap-luc-mini-600x600.jpg 600w\" sizes=\"(max-width: 750px) 100vw, 750px\" \/><\/a> <a href=\"https:\/\/maybommini.com\/wp-content\/uploads\/2018\/04\/bom-nuoc-mini-12v-45w-smartpumps.jpg\" target=\"_blank\" rel=\"noopener\"><img decoding=\"async\" class=\"size-full wp-image-261296 aligncenter\" src=\"https:\/\/maybommini.com\/wp-content\/uploads\/2018\/04\/bom-nuoc-mini-12v-45w-smartpumps.jpg\" alt=\"Bom Nuoc Mini 12v 45w Smartpumps\" width=\"750\" height=\"750\" srcset=\"https:\/\/maybommini.vn\/wp-content\/uploads\/2018\/04\/bom-nuoc-mini-12v-45w-smartpumps.jpg 750w, https:\/\/maybommini.vn\/wp-content\/uploads\/2018\/04\/bom-nuoc-mini-12v-45w-smartpumps-300x300.jpg 300w, https:\/\/maybommini.vn\/wp-content\/uploads\/2018\/04\/bom-nuoc-mini-12v-45w-smartpumps-150x150.jpg 150w, https:\/\/maybommini.vn\/wp-content\/uploads\/2018\/04\/bom-nuoc-mini-12v-45w-smartpumps-600x600.jpg 600w\" sizes=\"(max-width: 750px) 100vw, 750px\" \/><\/a><\/p>\n<p><strong>\u1ee8NG D\u1ee4NG M\u00c1Y B\u01a0M \u00c1P L\u1ef0C MINI<\/strong><br \/>\n&#8211; D\u00f9ng b\u01a1m n\u01b0\u1edbc.<br \/>\n&#8211; D\u00f9ng b\u01a1m h\u00f3a ch\u1ea5t kh\u00f4ng \u0103n m\u00f2n.<br \/>\n&#8211; D\u00f9ng l\u00e0m h\u1ec7 th\u1ed1ng phun s\u01b0\u01a1ng.<br \/>\n&#8211; D\u00f9ng l\u00e0m h\u1ec7 t\u01b0\u1edbi lan, t\u01b0\u1edbi c\u00e2y nh\u00e0 v\u01b0\u1eddn.<br \/>\n&#8211; D\u00f9ng l\u00e0m b\u01a1m n\u01b0\u1edbc h\u1ed3 c\u00e1.<br \/>\n&#8211; D\u00f9ng l\u00e0m b\u01a1m n\u01b0\u1edbc h\u00f2n non b\u1ed9.<br \/>\n&#8211; D\u00f9ng l\u00e0m b\u01a1m tr\u1ee3 l\u1ef1c.<br \/>\n&#8211; D\u00f9ng l\u00e0m h\u1ec7 th\u1ed1ng t\u01b0\u1edbi th\u1ee7y canh.<br \/>\n&#8211; D\u00f9ng l\u00e0m m\u00e1y r\u1eeda xe, v\u1ec7 sinh nh\u00e0 c\u1eeda v\u00e0 v\u1ec7 sinh m\u00e1y l\u1ea1nh.<br \/>\n&#8211; V\u00e0 d\u00f9ng l\u00e0m b\u01a1m th\u1ef1c ph\u1ea9m v\u00e0 m\u1ed9t s\u1ed1 l\u0129nh v\u1ef1c kh\u00e1c.<\/p>\n<p><a href=\"https:\/\/maybommini.com\/wp-content\/uploads\/2018\/09\/sung-dung-may-bom-ap-luc-mini12v-24v-tien-loi.jpg\" target=\"_blank\" rel=\"noopener\"><img decoding=\"async\" class=\"size-full wp-image-260112 aligncenter\" src=\"https:\/\/maybommini.com\/wp-content\/uploads\/2018\/09\/sung-dung-may-bom-ap-luc-mini12v-24v-tien-loi.jpg\" alt=\"Sung Dung May Bom Ap Luc Mini12v 24v Tien Loi\" width=\"820\" height=\"820\" srcset=\"https:\/\/maybommini.vn\/wp-content\/uploads\/2018\/09\/sung-dung-may-bom-ap-luc-mini12v-24v-tien-loi.jpg 820w, https:\/\/maybommini.vn\/wp-content\/uploads\/2018\/09\/sung-dung-may-bom-ap-luc-mini12v-24v-tien-loi-300x300.jpg 300w, https:\/\/maybommini.vn\/wp-content\/uploads\/2018\/09\/sung-dung-may-bom-ap-luc-mini12v-24v-tien-loi-150x150.jpg 150w, https:\/\/maybommini.vn\/wp-content\/uploads\/2018\/09\/sung-dung-may-bom-ap-luc-mini12v-24v-tien-loi-600x600.jpg 600w\" sizes=\"(max-width: 820px) 100vw, 820px\" \/><\/a> <a href=\"https:\/\/maybommini.com\/wp-content\/uploads\/2018\/12\/su-dung-phun-thuoc-sau-tuoi-cay.jpg\" target=\"_blank\" rel=\"noopener\"><img decoding=\"async\" class=\"size-full wp-image-260857 aligncenter\" src=\"https:\/\/maybommini.com\/wp-content\/uploads\/2018\/12\/su-dung-phun-thuoc-sau-tuoi-cay.jpg\" alt=\"Su Dung Phun Thuoc Sau Tuoi Cay\" width=\"750\" height=\"750\" srcset=\"https:\/\/maybommini.vn\/wp-content\/uploads\/2018\/12\/su-dung-phun-thuoc-sau-tuoi-cay.jpg 750w, https:\/\/maybommini.vn\/wp-content\/uploads\/2018\/12\/su-dung-phun-thuoc-sau-tuoi-cay-300x300.jpg 300w, https:\/\/maybommini.vn\/wp-content\/uploads\/2018\/12\/su-dung-phun-thuoc-sau-tuoi-cay-150x150.jpg 150w, https:\/\/maybommini.vn\/wp-content\/uploads\/2018\/12\/su-dung-phun-thuoc-sau-tuoi-cay-600x600.jpg 600w\" sizes=\"(max-width: 750px) 100vw, 750px\" \/><\/a><\/p>\n<h3><strong>MUA M\u00c1Y B\u01a0M N\u01af\u1edaC MINI 12V 45W \u1ede \u0110\u00c2U ?<\/strong><\/h3>\n<p>M\u1ecdi chi ti\u1ebft vui l\u00f2ng li\u00ean h\u1ec7 tr\u1ef1c ti\u1ebfp cho ch\u00fang t\u00f4i \u0111\u1ec3 \u0111\u01b0\u1ee3c t\u01b0 v\u1ea5n theo nhu c\u1ea7u \u0111\u1ec3 c\u00f3 \u0111\u01b0\u1ee3c b\u1ed9 s\u1ea3n ph\u1ea9m t\u1ed1t nh\u1ea5t v\u00e0 ti\u1ebft ki\u1ec7m.\u00a0B\u1ea1n \u1edf xa v\u1eabn c\u00f3 th\u1ec3 mua h\u00e0ng v\u00e0 giao h\u00e0ng thanh to\u00e1n ti\u1ec1n t\u1ea1i nh\u00e0.<br \/>\n<strong>Hotline :<\/strong> 090 729 4310<br \/>\n<strong>Email :<\/strong> maybommini.com@gmail.com<br \/>\n<strong>Website :<\/strong> http:\/\/maybommini.com<br \/>\n<strong>Facebook :<\/strong> https:\/\/www.facebook.com\/maybommini<br \/>\n<strong>Google :<\/strong> https:\/\/plus.google.com\/ Maybomnuocminiruaxe<br \/>\n<strong>Youtube demo :<\/strong> https:\/\/www.youtube.com\/bahamasali<\/p>\n<p><a href=\"http:\/\/maybommini.com\/wp-content\/uploads\/2016\/01\/bom-nuoc-mini-12v-45w.jpg\" rel=\"attachment wp-att-244606 noopener\" target=\"_blank\"><img decoding=\"async\" class=\"size-large wp-image-244606 aligncenter\" src=\"http:\/\/maybommini.com\/wp-content\/uploads\/2016\/01\/bom-nuoc-mini-12v-45w-1024x660.jpg\" alt=\"bom nuoc mini 12v 45w\" width=\"1024\" height=\"660\" srcset=\"https:\/\/maybommini.vn\/wp-content\/uploads\/2016\/01\/bom-nuoc-mini-12v-45w-1024x660.jpg 1024w, https:\/\/maybommini.vn\/wp-content\/uploads\/2016\/01\/bom-nuoc-mini-12v-45w-600x387.jpg 600w, https:\/\/maybommini.vn\/wp-content\/uploads\/2016\/01\/bom-nuoc-mini-12v-45w-300x193.jpg 300w, https:\/\/maybommini.vn\/wp-content\/uploads\/2016\/01\/bom-nuoc-mini-12v-45w-768x495.jpg 768w, https:\/\/maybommini.vn\/wp-content\/uploads\/2016\/01\/bom-nuoc-mini-12v-45w.jpg 1200w\" sizes=\"(max-width: 1024px) 100vw, 1024px\" \/><\/a><\/p>\n","protected":false},"excerpt":{"rendered":"<p>M\u00e1y b\u01a1m \u00e1p l\u1ef1c SmartPumps 12V 45W 4L<br \/>\n\u0110i\u1ec7n\u00a0\u00e1p : 12V<br \/>\nC\u00f4ng xu\u1ea5t : 45W<br \/>\n\u00c1p l\u1ef1c : 6kg (0.6 Mpa)<br \/>\nL\u01b0u l\u01b0\u1ee3ng : 4L\/ph\u00fat<br \/>\nTr\u1ecdng l\u01b0\u1ee3ng : 0.6 Kg<br \/>\nC\u00f4ng t\u1eaft\u00a0\u00e1p l\u1ef1c t\u1ef1\u00a0\u0111\u1ed9ng ng\u1eaft \u0111i\u1ec7n\u00a0khi kho\u00e1 n\u01b0\u1edbc ra.<br \/>\nB\u1ea3o h\u00e0nh: 6 th\u00e1ng<br \/>\nS\u1ea3n ph\u1ea9m cao c\u1ea5p<br \/>\nKh\u1eb3ng \u0111\u1ecbnh \u0111\u1ed9 an to\u00e0n<br \/>\nCh\u1ea5t l\u01b0\u1ee3ng s\u1ea3n ph\u1ea9m v\u1edbi ng\u01b0\u1eddi ti\u00eau d\u00f9ng.<br \/>\n<strong>H\u00f4\u0309 tr\u01a1\u0323 ky\u0303 thu\u00e2\u0323t vi\u0303nh vi\u00ea\u0303n.<\/strong><br \/>\n<strong>T\u01af V\u1ea4N K\u1ef8 THU\u1eacT \u2013 MUA H\u00c0NG<br \/>\n0908997823 \u2013 0908997872<br \/>\n0907294310 \u2013 02873030399<\/strong><\/p>\n","protected":false},"featured_media":261298,"comment_status":"open","ping_status":"closed","template":"","meta":[],"product_brand":[44],"product_cat":[197,225],"product_tag":[266,267,369,370,232,284,285,268,282,235,269,270,283,271,272,273,274,275,276,277,278,279,239,210,280,314,281],"class_list":{"0":"post-255700","1":"product","2":"type-product","3":"status-publish","4":"has-post-thumbnail","6":"product_brand-smartpumps","7":"product_cat-may-bom-ap-luc-12v","8":"product_cat-may-bom-nuoc-mini-12v","9":"product_tag-0142-motor","10":"product_tag-12v","11":"product_tag-12v-45w","12":"product_tag-4-lit","13":"product_tag-bec","14":"product_tag-bom-12v-80w","15":"product_tag-bom-ap-luc","16":"product_tag-bom-ap-luc-nho-nhat","17":"product_tag-bom-mini-12v-70w","18":"product_tag-bom-nuoc-mini","19":"product_tag-bom-nuoc-nho-nhat","20":"product_tag-dc-12v-60w","21":"product_tag-dc-12v-70w","22":"product_tag-high-pressure-diaphragm","23":"product_tag-high-pressure-diaphragm-water","24":"product_tag-high-pressure-diaphragm-water-self-priming-pump","25":"product_tag-http-maybommini-com","26":"product_tag-mini","27":"product_tag-mini-12v-60w","28":"product_tag-phun-suong","29":"product_tag-propumps","30":"product_tag-pump","31":"product_tag-rua-may-lanh","32":"product_tag-rua-xe","33":"product_tag-self-priming","34":"product_tag-smart-pumps","35":"product_tag-tuoi-vuon","37":"first","38":"instock","39":"sale","40":"shipping-taxable","41":"purchasable","42":"product-type-simple"},"_links":{"self":[{"href":"https:\/\/maybommini.vn\/index.php?rest_route=\/wp\/v2\/product\/255700","targetHints":{"allow":["GET"]}}],"collection":[{"href":"https:\/\/maybommini.vn\/index.php?rest_route=\/wp\/v2\/product"}],"about":[{"href":"https:\/\/maybommini.vn\/index.php?rest_route=\/wp\/v2\/types\/product"}],"replies":[{"embeddable":true,"href":"https:\/\/maybommini.vn\/index.php?rest_route=%2Fwp%2Fv2%2Fcomments&post=255700"}],"wp:featuredmedia":[{"embeddable":true,"href":"https:\/\/maybommini.vn\/index.php?rest_route=\/wp\/v2\/media\/261298"}],"wp:attachment":[{"href":"https:\/\/maybommini.vn\/index.php?rest_route=%2Fwp%2Fv2%2Fmedia&parent=255700"}],"wp:term":[{"taxonomy":"product_brand","embeddable":true,"href":"https:\/\/maybommini.vn\/index.php?rest_route=%2Fwp%2Fv2%2Fproduct_brand&post=255700"},{"taxonomy":"product_cat","embeddable":true,"href":"https:\/\/maybommini.vn\/index.php?rest_route=%2Fwp%2Fv2%2Fproduct_cat&post=255700"},{"taxonomy":"product_tag","embeddable":true,"href":"https:\/\/maybommini.vn\/index.php?rest_route=%2Fwp%2Fv2%2Fproduct_tag&post=255700"}],"curies":[{"name":"wp","href":"https:\/\/api.w.org\/{rel}","templated":true}]}}