{"id":255752,"date":"2018-04-12T19:25:02","date_gmt":"2018-04-12T12:25:02","guid":{"rendered":"https:\/\/maybommini.com\/san-pham\/import-placeholder-for-252001"},"modified":"2020-12-15T12:03:56","modified_gmt":"2020-12-15T05:03:56","slug":"bom-nuoc-mini-ap-luc-12v-12w-2l","status":"publish","type":"product","link":"https:\/\/maybommini.vn\/?product=bom-nuoc-mini-ap-luc-12v-12w-2l","title":{"rendered":"B\u01a1m n\u01b0\u1edbc mini \u00e1p l\u1ef1c 12V 12W 2L"},"content":{"rendered":"<p><strong>B\u01a1m n\u01b0\u1edbc mini \u00e1p l\u1ef1c 12V 12W 2L l\u00e0 d\u00f2ng m\u00e1y b\u01a1m mini nh\u1ecf v\u1edbi c\u00f4ng xu\u1ea5t ti\u00eau th\u1ee5 12w v\u00e0 l\u01b0u l\u01b0\u1ee3ng 2 l\u00edt\/ph\u00fat c\u00f3 kh\u1ea3 n\u0103ng t\u1ef1 h\u00fat.\u00a0\u0110\u01b0\u1ee3c d\u00f9ng b\u01a1m th\u1ef1c ph\u1ea9m, b\u01a1m l\u00e0m m\u00e1t m\u00e1y khoan, b\u01a1m\u00a0\u0111\u1ecbnh l\u01b0\u1ee3ng, b\u01a1m n\u01b0\u1edbc h\u1ed3 c\u00e1, b\u01a1m t\u01b0\u1edbi v\u00e0 b\u01a1m ch\u1ea5t l\u1ecfng kh\u00e1c.<\/strong><\/p>\n<p><img decoding=\"async\" class=\"aligncenter\" src=\"https:\/\/i-shop.vnecdn.net\/images\/2019\/09\/11\/5d78a24a9a5e8-may-bom-mini-nhat-hien-nay.jpg\" data-cke-saved-src=\"https:\/\/i-shop.vnecdn.net\/images\/2019\/09\/11\/5d78a24a9a5e8-may-bom-mini-nhat-hien-nay.jpg\" data-cke-saved- alt=\"\"><\/p>\n<p><strong>TH\u00d4NG S\u1ed0 K\u1ef8 THU\u1eacT<\/strong><br \/>\n\u0110i\u1ec7n \u00e1p: 9V ~ 12V DC<br \/>\nC\u00f4ng xu\u1ea5t: 12\u00a0W<br \/>\n\u00c1p l\u1ef1c: &lt; 0.1\u00a0Mpa<br \/>\nL\u01b0u l\u01b0\u1ee3ng: 2.0\u00a0L\/ph\u00fat<br \/>\n\u1ed0ng n\u01b0\u1edbc v\u00e0o ra: 10\u00a0mm.<br \/>\nT\u1ef1 h\u00fat n\u01b0\u1edbc cao 1 m\u00e9t.<br \/>\n\u0110\u1ea9y cao tr\u00ean 2 m\u00e9t<br \/>\n\u0110\u1ea7u b\u01a1m c\u00f4ng ngh\u1ec7 m\u1edbi ch\u1ea5t l\u01b0\u1ee3ng.<br \/>\nMotor l\u00f5i \u0111\u1ed3ng tu\u1ed5i th\u1ecd cao.<br \/>\nMotor 385 12V ch\u1ea5t l\u01b0\u1ee3ng.<br \/>\nCh\u1ea5t li\u1ec7u: \u0110\u1ed3ng &#8211; Gang &#8211; Nh\u1ef1a ABS.<br \/>\nNhi\u1ec7t \u0111\u1ed9 n\u01b0\u1edbc b\u01a1m: 10 &#8211; 60 \u0111\u1ed9 C<br \/>\nK\u00edch th\u01b0\u1edbc: 90 x 40 x 35\u00a0mm.<br \/>\nTr\u1ecdng l\u01b0\u1ee3ng: \u00a0110 gam.<br \/>\nS\u1eed d\u1ee5ng ngu\u1ed3n \u0111i\u1ec7n \u1eafc quy 12V 1.5Ah tr\u1edf l\u00ean.<br \/>\nS\u1eed d\u1ee5ng bi\u1ebfn th\u1ebf adapter 12V 2A tr\u1edf l\u00ean.<\/p>\n<p><img decoding=\"async\" class=\"aligncenter\" src=\"https:\/\/i-shop.vnecdn.net\/images\/2019\/09\/11\/5d78a2724ed93-ban-may-bom-mini-gia-re.jpg\" data-cke-saved-src=\"https:\/\/i-shop.vnecdn.net\/images\/2019\/09\/11\/5d78a2724ed93-ban-may-bom-mini-gia-re.jpg\" data-cke-saved- alt=\"\"><img decoding=\"async\" class=\"aligncenter\" src=\"https:\/\/i-shop.vnecdn.net\/images\/2019\/09\/11\/5d78a276cc58b-bom-nuoc-may-khoan-may-cat.jpg\" data-cke-saved-src=\"https:\/\/i-shop.vnecdn.net\/images\/2019\/09\/11\/5d78a276cc58b-bom-nuoc-may-khoan-may-cat.jpg\" data-cke-saved- alt=\"\"><img decoding=\"async\" class=\"aligncenter\" src=\"https:\/\/i-shop.vnecdn.net\/images\/2019\/09\/11\/5d78a279f2896-bom-nuoc-mini-12v-2l.jpg\" data-cke-saved-src=\"https:\/\/i-shop.vnecdn.net\/images\/2019\/09\/11\/5d78a279f2896-bom-nuoc-mini-12v-2l.jpg\" data-cke-saved- alt=\"\"><img decoding=\"async\" class=\"aligncenter\" src=\"https:\/\/i-shop.vnecdn.net\/images\/2019\/09\/11\/5d78a27b9fbda-bom-nuoc-mini-12v-gia-re.jpg\" data-cke-saved-src=\"https:\/\/i-shop.vnecdn.net\/images\/2019\/09\/11\/5d78a27b9fbda-bom-nuoc-mini-12v-gia-re.jpg\" data-cke-saved- alt=\"\"><img decoding=\"async\" class=\"aligncenter\" src=\"https:\/\/i-shop.vnecdn.net\/images\/2019\/09\/11\/5d78a27d51344-may-bom-mini-nhat.jpg\" data-cke-saved-src=\"https:\/\/i-shop.vnecdn.net\/images\/2019\/09\/11\/5d78a27d51344-may-bom-mini-nhat.jpg\" data-cke-saved- alt=\"\"><img decoding=\"async\" class=\"aligncenter\" src=\"https:\/\/i-shop.vnecdn.net\/images\/2019\/09\/11\/5d78a2809a554-may-bom-nho-nhat.jpg\" data-cke-saved-src=\"https:\/\/i-shop.vnecdn.net\/images\/2019\/09\/11\/5d78a2809a554-may-bom-nho-nhat.jpg\" data-cke-saved- alt=\"\"><\/p>\n<p><strong>H\u01af\u1edaNG D\u1ea8N S\u1eec D\u1ee4NG M\u00c1Y B\u01a0M MINI \u00c1P L\u1ef0C<\/strong><br \/>\nS\u1eed d\u1ee5ng ngu\u1ed3n \u0111i\u1ec7n b\u1eb1ng b\u00ecnh \u1eafc quy 12V 2Ah tr\u1edf l\u00ean.<br \/>\nD\u00f9ng adapter bi\u1ebfn th\u1ebf 220V 12V 2A tr\u1edf l\u00ean.<br \/>\nN\u01b0\u1edbc v\u00e0o s\u1eed d\u1ee5ng \u1ed1ng 12mm c\u00f3 l\u1ecdc n\u01b0\u1edbc mini tr\u00e1nh c\u1eb7n b\u1ea9n r\u00e1c g\u00e2y ngh\u1eb9t \u0111\u1ea7u b\u01a1m.<br \/>\nN\u01b0\u1edbc ra s\u1eed d\u1ee5ng \u1ed1ng 12mm ch\u1ecbu \u0111\u01b0\u1ee3c \u00e1p l\u1ef1c.<br \/>\nM\u00e1y b\u01a1m t\u1ef1 h\u00fat n\u01b0\u1edbc kh\u00f4ng c\u1ea7n m\u1ed3i.<\/p>\n<p><img decoding=\"async\" class=\"aligncenter\" src=\"https:\/\/i-shop.vnecdn.net\/images\/2019\/09\/11\/5d78a291dc096-bom-nuoc-mini-gia-re.jpg\" data-cke-saved-src=\"https:\/\/i-shop.vnecdn.net\/images\/2019\/09\/11\/5d78a291dc096-bom-nuoc-mini-gia-re.jpg\" data-cke-saved- alt=\"\"><img decoding=\"async\" class=\"aligncenter\" src=\"https:\/\/i-shop.vnecdn.net\/images\/2019\/09\/11\/5d78a29380c22-may-bom-mini-12v-12w-2l.jpg\" data-cke-saved-src=\"https:\/\/i-shop.vnecdn.net\/images\/2019\/09\/11\/5d78a29380c22-may-bom-mini-12v-12w-2l.jpg\" data-cke-saved- alt=\"\"><\/p>\n<p><strong>\u1ee8NG D\u1ee4NG M\u00c1Y B\u01a0M \u00c1P L\u1ef0C MINI<\/strong><br \/>\nM\u00e1y b\u01a1m ph\u00f2ng th\u00ed nghi\u1ec7m.<br \/>\nB\u01a1m n\u01b0\u1edbc ch\u1ea5t l\u1ecfng \u0111\u1ecbnh l\u01b0\u1ee3ng.<br \/>\nM\u00e1y b\u01a1m n\u01b0\u1edbc l\u00e0m \u0111\u1ec1 t\u00e0i, \u0111\u1ed3 \u00e1n t\u1ed1t nghi\u1ec7p.<br \/>\nS\u1eed d\u1ee5ng b\u01a1m n\u01b0\u1edbc ch\u1ea5t l\u1ecfng.<br \/>\nM\u00e1y b\u01a1m h\u00f3a ch\u1ea5t kh\u00f4ng \u0103n m\u00f2n.<br \/>\nS\u1eed d\u1ee5ng\u00a0l\u00e0m h\u1ec7 th\u1ed1ng phun s\u01b0\u01a1ng.<br \/>\nL\u00e0m m\u00e1y b\u01a1m\u00a0h\u1ec7 th\u1ed1ng\u00a0t\u01b0\u1edbi lan, t\u01b0\u1edbi c\u00e2y nh\u00e0 v\u01b0\u1eddn.<br \/>\nB\u01a1m c\u1ea5p n\u01b0\u1edbc h\u1ed3 b\u1ec3 c\u00e1\u00a0c\u00e1.<br \/>\nL\u00e0m h\u1ec7 th\u1ed1ng t\u01b0\u1edbi th\u1ee7y canh.<br \/>\nB\u01a1m n\u01b0\u1edbc m\u00e0y khoan m\u00e1t c\u1eaft m\u00e1y CNC.<br \/>\nV\u00e0 d\u00f9ng l\u00e0m b\u01a1m th\u1ef1c ph\u1ea9m v\u00e0 m\u1ed9t s\u1ed1 l\u0129nh v\u1ef1c kh\u00e1c.<\/p>\n<p><img decoding=\"async\" class=\"aligncenter\" src=\"https:\/\/i-shop.vnecdn.net\/images\/2019\/09\/11\/5d78a29e505ae-su-dung-may-bom-mini-12v-2l-2w.jpg\" data-cke-saved-src=\"https:\/\/i-shop.vnecdn.net\/images\/2019\/09\/11\/5d78a29e505ae-su-dung-may-bom-mini-12v-2l-2w.jpg\" data-cke-saved- alt=\"\"><\/p>\n<h2 style=\"text-align: center;\"><strong><em>M\u00e1y b\u01a1m mini \u00e1p l\u1ef1c 12V 12W 2L<\/em><\/strong><\/h2>\n<p>&nbsp;<\/p>\n<p>&nbsp;<\/p>\n<p><strong>B\u01a1m n\u01b0\u1edbc mini \u00e1p l\u1ef1c 12V 12W 2L l\u00e0 d\u00f2ng m\u00e1y b\u01a1m mini nh\u1ecf v\u1edbi c\u00f4ng xu\u1ea5t ti\u00eau th\u1ee5 12w v\u00e0 l\u01b0u l\u01b0\u1ee3ng 2 l\u00edt\/ph\u00fat c\u00f3 kh\u1ea3 n\u0103ng t\u1ef1 h\u00fat.\u00a0\u0110\u01b0\u1ee3c d\u00f9ng b\u01a1m th\u1ef1c ph\u1ea9m, b\u01a1m l\u00e0m m\u00e1t m\u00e1y khoan, b\u01a1m\u00a0\u0111\u1ecbnh l\u01b0\u1ee3ng, b\u01a1m n\u01b0\u1edbc h\u1ed3 c\u00e1, b\u01a1m nhi\u00ean li\u1ec7u &#8230;.<\/strong><\/p>\n<p><a href=\"https:\/\/maybommini.com\/wp-content\/uploads\/2018\/04\/may-bom-mini-nhat-12v.jpg\" target=\"_blank\" rel=\"noopener\"><img decoding=\"async\" class=\"size-full wp-image-258694 aligncenter\" src=\"https:\/\/maybommini.com\/wp-content\/uploads\/2018\/04\/may-bom-mini-nhat-12v.jpg\" alt=\"May Bom Mini Nhat 12v\" width=\"750\" height=\"750\" srcset=\"https:\/\/maybommini.vn\/wp-content\/uploads\/2018\/04\/may-bom-mini-nhat-12v.jpg 750w, https:\/\/maybommini.vn\/wp-content\/uploads\/2018\/04\/may-bom-mini-nhat-12v-300x300.jpg 300w, https:\/\/maybommini.vn\/wp-content\/uploads\/2018\/04\/may-bom-mini-nhat-12v-150x150.jpg 150w, https:\/\/maybommini.vn\/wp-content\/uploads\/2018\/04\/may-bom-mini-nhat-12v-600x600.jpg 600w\" sizes=\"(max-width: 750px) 100vw, 750px\" \/><\/a><\/p>\n<p><strong>TH\u00d4NG S\u1ed0 K\u1ef8 THU\u1eacT M\u00c1Y B\u01a0M\u00a0\u00c1P L\u1ef0C 12V 12W 2L<br \/>\n<\/strong>\u0110i\u1ec7n\u00a0\u00e1p : 6V &#8211; 12V<br \/>\nC\u00f4ng xu\u1ea5t : 12W<br \/>\nL\u01b0u l\u01b0\u1ee3ng : 2L-3L\/ph\u00fat<br \/>\nTr\u1ecdng l\u01b0\u1ee3ng : 110 Gam<br \/>\nL\u00edch th\u01b0\u1edbc: 100 * 45 * 62 mm<br \/>\nB\u01a1m l\u00ean cao 1 \u0111\u1ebfn 5\u00a0m\u00e9t.<br \/>\nLo\u1ea1i b\u01a1m m\u00e0ng.<br \/>\nKh\u1ea3 n\u0103ng t\u1ef1 h\u00fat: Cao 2 m\u00e9t<br \/>\n\u00c1p l\u1ef1c: 1-2 Kg<\/p>\n<p><a href=\"https:\/\/maybommini.com\/wp-content\/uploads\/2018\/04\/ban-may-bom-mini-1.jpg\" target=\"_blank\" rel=\"noopener\"><img decoding=\"async\" class=\"size-full wp-image-258693 aligncenter\" src=\"https:\/\/maybommini.com\/wp-content\/uploads\/2018\/04\/ban-may-bom-mini-1.jpg\" alt=\"Ban May Bom Mini\" width=\"750\" height=\"750\" srcset=\"https:\/\/maybommini.vn\/wp-content\/uploads\/2018\/04\/ban-may-bom-mini-1.jpg 750w, https:\/\/maybommini.vn\/wp-content\/uploads\/2018\/04\/ban-may-bom-mini-1-300x300.jpg 300w, https:\/\/maybommini.vn\/wp-content\/uploads\/2018\/04\/ban-may-bom-mini-1-150x150.jpg 150w, https:\/\/maybommini.vn\/wp-content\/uploads\/2018\/04\/ban-may-bom-mini-1-600x600.jpg 600w\" sizes=\"(max-width: 750px) 100vw, 750px\" \/><\/a><\/p>\n<p><strong>S\u1eec D\u1ee4NG M\u00c1Y B\u01a0M MINI\u00a0\u00c1P L\u1ef0C 12V<\/strong><br \/>\nD\u00f9ng l\u00e0m b\u01a1m n\u01b0\u1edbc c\u1ea5p n\u01b0\u1edbc.<br \/>\nD\u00f9ng l\u00e0m h\u1ec7 th\u1ed1ng t\u01b0\u1edbi.<br \/>\nD\u00f9ng trong ph\u00f2ng th\u00ed nghi\u1ec7m.<br \/>\nD\u00f9ng l\u00e0m pha t\u01b0\u1edbi ph\u00e2n trong h\u1ec7 th\u1ed1ng nh\u00e0 v\u01b0\u1eddn.<br \/>\nB\u01a1m n\u01b0\u1edbc h\u1ec7 th\u1ed1ng m\u00e1y m\u00f3c.<br \/>\nD\u00f9ng phun s\u01b0\u01a1ng l\u00e0m m\u00e1t t\u01b0\u1edbi Lan.<br \/>\nB\u01a1m dung d\u1ecbch dung m\u00f4i.<\/p>\n<p><a href=\"https:\/\/maybommini.com\/wp-content\/uploads\/2018\/05\/may-bom-va-bec-phun-thuoc-tru-sau.jpg\" target=\"_blank\" rel=\"noopener\"><img decoding=\"async\" class=\"size-full wp-image-258625 aligncenter\" src=\"https:\/\/maybommini.com\/wp-content\/uploads\/2018\/05\/may-bom-va-bec-phun-thuoc-tru-sau.jpg\" alt=\"May Bom Va Bec Phun Thuoc Tru Sau\" width=\"820\" height=\"820\" srcset=\"https:\/\/maybommini.vn\/wp-content\/uploads\/2018\/05\/may-bom-va-bec-phun-thuoc-tru-sau.jpg 820w, https:\/\/maybommini.vn\/wp-content\/uploads\/2018\/05\/may-bom-va-bec-phun-thuoc-tru-sau-300x300.jpg 300w, https:\/\/maybommini.vn\/wp-content\/uploads\/2018\/05\/may-bom-va-bec-phun-thuoc-tru-sau-150x150.jpg 150w, https:\/\/maybommini.vn\/wp-content\/uploads\/2018\/05\/may-bom-va-bec-phun-thuoc-tru-sau-600x600.jpg 600w, https:\/\/maybommini.vn\/wp-content\/uploads\/2018\/05\/may-bom-va-bec-phun-thuoc-tru-sau-768x768.jpg 768w\" sizes=\"(max-width: 820px) 100vw, 820px\" \/><\/a>\u00a0<a href=\"https:\/\/maybommini.com\/wp-content\/uploads\/2018\/05\/he-thong-phun-thuoc-tru-sau.jpg\" target=\"_blank\" rel=\"noopener\"><img decoding=\"async\" class=\"size-full wp-image-258623 aligncenter\" src=\"https:\/\/maybommini.com\/wp-content\/uploads\/2018\/05\/he-thong-phun-thuoc-tru-sau.jpg\" alt=\"He Thong Phun Thuoc Tru Sau\" width=\"820\" height=\"820\" srcset=\"https:\/\/maybommini.vn\/wp-content\/uploads\/2018\/05\/he-thong-phun-thuoc-tru-sau.jpg 820w, https:\/\/maybommini.vn\/wp-content\/uploads\/2018\/05\/he-thong-phun-thuoc-tru-sau-300x300.jpg 300w, https:\/\/maybommini.vn\/wp-content\/uploads\/2018\/05\/he-thong-phun-thuoc-tru-sau-150x150.jpg 150w, https:\/\/maybommini.vn\/wp-content\/uploads\/2018\/05\/he-thong-phun-thuoc-tru-sau-600x600.jpg 600w\" sizes=\"(max-width: 820px) 100vw, 820px\" \/><\/a><\/p>\n<p><a href=\"https:\/\/maybommini.com\/wp-content\/uploads\/2018\/04\/may-bom-ap-luc-mini-12v-12w.jpg\" target=\"_blank\" rel=\"noopener\"><img decoding=\"async\" class=\"size-full wp-image-258691 aligncenter\" src=\"https:\/\/maybommini.com\/wp-content\/uploads\/2018\/04\/may-bom-ap-luc-mini-12v-12w.jpg\" alt=\"May Bom Ap Luc Mini 12v 12w\" width=\"820\" height=\"820\" srcset=\"https:\/\/maybommini.vn\/wp-content\/uploads\/2018\/04\/may-bom-ap-luc-mini-12v-12w.jpg 820w, https:\/\/maybommini.vn\/wp-content\/uploads\/2018\/04\/may-bom-ap-luc-mini-12v-12w-300x300.jpg 300w, https:\/\/maybommini.vn\/wp-content\/uploads\/2018\/04\/may-bom-ap-luc-mini-12v-12w-150x150.jpg 150w, https:\/\/maybommini.vn\/wp-content\/uploads\/2018\/04\/may-bom-ap-luc-mini-12v-12w-600x600.jpg 600w\" sizes=\"(max-width: 820px) 100vw, 820px\" \/><\/a><\/p>\n<p><strong>MUA M\u00c1Y B\u01a0M N\u01af\u1edaC MINI 12V 12W 2L \u1ede \u0110\u00c2U ?<\/strong><\/p>\n<p>M\u1ecdi chi ti\u1ebft vui l\u00f2ng li\u00ean h\u1ec7 tr\u1ef1c ti\u1ebfp cho ch\u00fang t\u00f4i \u0111\u1ec3 \u0111\u01b0\u1ee3c t\u01b0 v\u1ea5n theo nhu c\u1ea7u \u0111\u1ec3 c\u00f3 \u0111\u01b0\u1ee3c b\u1ed9 s\u1ea3n ph\u1ea9m t\u1ed1t nh\u1ea5t v\u00e0 ti\u1ebft ki\u1ec7m.\u00a0B\u1ea1n \u1edf xa v\u1eabn c\u00f3 th\u1ec3 mua h\u00e0ng v\u00e0 giao h\u00e0ng <a title=\"thanh to\u00e1n\" href=\"http:\/\/maybommini.com\/thanh-toan\" target=\"_blank\" rel=\"noopener\">thanh to\u00e1n<\/a> ti\u1ec1n t\u1ea1i nh\u00e0.<\/p>\n<p><strong>Hotline :<\/strong> 090 729 4310<br \/>\n<strong>Email :<\/strong> maybommini.com@gmail.com<br \/>\n<strong>Website :<\/strong> <a href=\"https:\/\/maybommini.com\" target=\"_blank\" rel=\"noopener\">https:\/\/maybommini.com<\/a><br \/>\n<strong>Facebook :<\/strong> <a href=\"https:\/\/www.facebook.com\/maybommini\" target=\"_blank\" rel=\"noopener\">https:\/\/www.facebook.com\/maybommini<\/a><br \/>\n<strong>Google :<\/strong> <a href=\"https:\/\/plus.google.com\/ Maybomnuocminiruaxe\" target=\"_blank\" rel=\"noopener\">https:\/\/plus.google.com\/ Maybomnuocminiruaxe<\/a><br \/>\n<strong>Youtube demo :<\/strong> <a href=\"https:\/\/www.youtube.com\/bahamasali\" target=\"_blank\" rel=\"noopener\">https:\/\/www.youtube.com\/bahamasali<\/a><\/p>\n<p><img decoding=\"async\" class=\"size-full wp-image-244656 aligncenter\" src=\"http:\/\/maybommini.com\/wp-content\/uploads\/2016\/01\/may-bom-nuoc-mini-12v.jpg\" alt=\"bom nuoc mini 12v\" width=\"550\" height=\"550\" srcset=\"https:\/\/maybommini.vn\/wp-content\/uploads\/2016\/01\/may-bom-nuoc-mini-12v.jpg 550w, https:\/\/maybommini.vn\/wp-content\/uploads\/2016\/01\/may-bom-nuoc-mini-12v-300x300.jpg 300w, https:\/\/maybommini.vn\/wp-content\/uploads\/2016\/01\/may-bom-nuoc-mini-12v-150x150.jpg 150w\" sizes=\"(max-width: 550px) 100vw, 550px\" \/><\/p>\n<h3 style=\"text-align: center;\">B\u01a1m n\u01b0\u1edbc mini \u00e1p l\u1ef1c 12V 12W 2L<\/h3>\n","protected":false},"excerpt":{"rendered":"<p>\u0110i\u1ec7n \u00e1p: 9V ~ 12V DC<br \/>\nC\u00f4ng xu\u1ea5t: 12\u00a0W<br \/>\n\u00c1p l\u1ef1c: &lt; 0.1\u00a0Mpa<br \/>\nL\u01b0u l\u01b0\u1ee3ng: 2.0\u00a0L\/ph\u00fat<br \/>\n\u1ed0ng n\u01b0\u1edbc v\u00e0o ra: 10\u00a0mm.<br \/>\nT\u1ef1 h\u00fat n\u01b0\u1edbc cao 1 m\u00e9t.<br \/>\n\u0110\u1ea9y cao tr\u00ean 2 m\u00e9t<br \/>\n\u0110\u1ea7u b\u01a1m c\u00f4ng ngh\u1ec7 m\u1edbi ch\u1ea5t l\u01b0\u1ee3ng.<br \/>\nMotor l\u00f5i \u0111\u1ed3ng tu\u1ed5i th\u1ecd cao.<br \/>\nMotor 385 12V ch\u1ea5t l\u01b0\u1ee3ng.<br \/>\nCh\u1ea5t li\u1ec7u: \u0110\u1ed3ng &#8211; Gang &#8211; Nh\u1ef1a ABS.<br \/>\nNhi\u1ec7t \u0111\u1ed9 n\u01b0\u1edbc b\u01a1m: 10 &#8211; 60 \u0111\u1ed9 C<br \/>\nK\u00edch th\u01b0\u1edbc: 90 x 40 x 35\u00a0mm.<br \/>\nTr\u1ecdng l\u01b0\u1ee3ng: \u00a0110 gam.<br \/>\nS\u1eed d\u1ee5ng ngu\u1ed3n \u0111i\u1ec7n \u1eafc quy 12V 1.5Ah tr\u1edf l\u00ean.<br \/>\nS\u1eed d\u1ee5ng bi\u1ebfn th\u1ebf adapter 12V 2A tr\u1edf l\u00ean.<br \/>\nB\u1ea3o h\u00e0nh: 1 th\u00e1ng<br \/>\nPh\u00e2n ph\u1ed1i:\u00a0<a href=\"https:\/\/maybommini.com\/\" target=\"_blank\" rel=\"noopener noreferrer\">Maybommini.com<\/a><br \/>\nS\u1ea3n ph\u1ea9m cao c\u1ea5p<br \/>\nKh\u1eb3ng \u0111\u1ecbnh \u0111\u1ed9 an to\u00e0n v\u00e0 ch\u1ea5t l\u01b0\u1ee3ng.<br \/>\n<strong>H\u00f4\u0309 tr\u01a1\u0323 ky\u0303 thu\u00e2\u0323t vi\u0303nh vi\u00ea\u0303n.<\/strong><br \/>\n<strong>T\u01af V\u1ea4N K\u1ef8 THU\u1eacT \u2013 MUA H\u00c0NG<br \/>\n0908997823 \u2013 0908997872<br \/>\n0907294310 \u2013 02873030399<\/strong><\/p>\n","protected":false},"featured_media":255851,"comment_status":"open","ping_status":"closed","template":"","meta":[],"product_brand":[2227],"product_cat":[196,197,224,225],"product_tag":[267,3060,411,412,235,230,413,231,1332,414],"class_list":{"0":"post-255752","1":"product","2":"type-product","3":"status-publish","4":"has-post-thumbnail","6":"product_brand-mtm","7":"product_cat-may-bom-ap-luc-mini","8":"product_cat-may-bom-ap-luc-12v","9":"product_cat-may-bom-nuoc","10":"product_cat-may-bom-nuoc-mini-12v","11":"product_tag-12v","12":"product_tag-12v-2l","13":"product_tag-ap-luc-12v","14":"product_tag-bom-ho-ca","15":"product_tag-bom-nuoc-mini","16":"product_tag-may-bom-man","17":"product_tag-may-bom-mang","18":"product_tag-may-bom-mini","19":"product_tag-may-bom-mini-nhat","20":"product_tag-may-mini","22":"first","23":"instock","24":"sale","25":"shipping-taxable","26":"purchasable","27":"product-type-simple"},"_links":{"self":[{"href":"https:\/\/maybommini.vn\/index.php?rest_route=\/wp\/v2\/product\/255752","targetHints":{"allow":["GET"]}}],"collection":[{"href":"https:\/\/maybommini.vn\/index.php?rest_route=\/wp\/v2\/product"}],"about":[{"href":"https:\/\/maybommini.vn\/index.php?rest_route=\/wp\/v2\/types\/product"}],"replies":[{"embeddable":true,"href":"https:\/\/maybommini.vn\/index.php?rest_route=%2Fwp%2Fv2%2Fcomments&post=255752"}],"wp:featuredmedia":[{"embeddable":true,"href":"https:\/\/maybommini.vn\/index.php?rest_route=\/wp\/v2\/media\/255851"}],"wp:attachment":[{"href":"https:\/\/maybommini.vn\/index.php?rest_route=%2Fwp%2Fv2%2Fmedia&parent=255752"}],"wp:term":[{"taxonomy":"product_brand","embeddable":true,"href":"https:\/\/maybommini.vn\/index.php?rest_route=%2Fwp%2Fv2%2Fproduct_brand&post=255752"},{"taxonomy":"product_cat","embeddable":true,"href":"https:\/\/maybommini.vn\/index.php?rest_route=%2Fwp%2Fv2%2Fproduct_cat&post=255752"},{"taxonomy":"product_tag","embeddable":true,"href":"https:\/\/maybommini.vn\/index.php?rest_route=%2Fwp%2Fv2%2Fproduct_tag&post=255752"}],"curies":[{"name":"wp","href":"https:\/\/api.w.org\/{rel}","templated":true}]}}