{"id":255756,"date":"2018-04-12T19:25:03","date_gmt":"2018-04-12T12:25:03","guid":{"rendered":"https:\/\/maybommini.com\/san-pham\/import-placeholder-for-252005"},"modified":"2026-04-10T20:15:07","modified_gmt":"2026-04-10T13:15:07","slug":"bom-nuoc-mini-ap-luc-12v-120w","status":"publish","type":"product","link":"https:\/\/maybommini.vn\/?product=bom-nuoc-mini-ap-luc-12v-120w","title":{"rendered":"B\u01a1m n\u01b0\u1edbc mini \u00e1p l\u1ef1c 12V 120W Smartpumps GL-120"},"content":{"rendered":"<h3><strong>Chuy\u00ean cung c\u1ea5p b\u00e1n\u00a0m\u00e1y b\u01a1m n\u01b0\u1edbc mini \u00e1p l\u1ef1c 12V 120W Smartpumps GL-120 l\u00e0 d\u00f2ng m\u00e1y b\u01a1m \u00e1p l\u1ef1c t\u1ef1 \u0111\u1ed9ng cao c\u1ea5p chuy\u00ean d\u1ee5ng v\u1edbi \u00e1p l\u1ef1c v\u00e0 l\u01b0u l\u01b0\u1ee3ng l\u1edbn r\u1ea5t th\u00edch h\u1ee3p s\u1eed d\u1ee5ng trong c\u00e1c h\u1ec7 th\u1ed1ng m\u00e1y c\u00f4ng nghi\u1ec7p, v\u1ec7 sinh xe m\u00e1y \u00f4t\u00f4, v\u1ec7 sinh m\u00e1y l\u1ea1nh, phun thu\u1ed1c, h\u1ec7 th\u1ed1ng t\u01b0\u1edbi phun s\u01b0\u01a1ng v\u00e0 b\u01a1m n\u01b0\u1edbc c\u1ea5p n\u01b0\u1edbc t\u1ef1 \u0111\u1ed9ng.<\/strong><\/h3>\n<p><a href=\"https:\/\/maybommini.com\/wp-content\/uploads\/2018\/04\/May-bom-ap-luc-mini-Smarpumps-12V-120W-GL120.jpg\" target=\"_blank\" rel=\"noopener\"><img decoding=\"async\" class=\"size-full wp-image-263964 aligncenter\" src=\"https:\/\/maybommini.com\/wp-content\/uploads\/2018\/04\/May-bom-ap-luc-mini-Smarpumps-12V-120W-GL120.jpg\" alt=\"May Bom Ap Luc Mini Smarpumps 12V 120W GL120\" width=\"750\" height=\"750\" srcset=\"https:\/\/maybommini.vn\/wp-content\/uploads\/2018\/04\/May-bom-ap-luc-mini-Smarpumps-12V-120W-GL120.jpg 750w, https:\/\/maybommini.vn\/wp-content\/uploads\/2018\/04\/May-bom-ap-luc-mini-Smarpumps-12V-120W-GL120-300x300.jpg 300w, https:\/\/maybommini.vn\/wp-content\/uploads\/2018\/04\/May-bom-ap-luc-mini-Smarpumps-12V-120W-GL120-150x150.jpg 150w, https:\/\/maybommini.vn\/wp-content\/uploads\/2018\/04\/May-bom-ap-luc-mini-Smarpumps-12V-120W-GL120-600x600.jpg 600w\" sizes=\"(max-width: 750px) 100vw, 750px\" \/><\/a><br \/>\n<strong>TH\u00d4NG S\u1ed0 K\u1ef8 THU\u1eacT<\/strong><br \/>\nTh\u01b0\u01a1ng hi\u1ec7u: SMARTPUMPS<br \/>\nModel: GL-120<br \/>\n\u0110i\u1ec7n \u00e1p: 12V DC<br \/>\nC\u00f4ng xu\u1ea5t: 120W<br \/>\nL\u01b0u l\u01b0\u1ee3ng: 11 L\/P<br \/>\n\u00c1p l\u1ef1c: 12 BAR \u2013 174 PSI<br \/>\n\u0110\u1ea9y cao tr\u00ean 60 met.<br \/>\nK\u00edch th\u01b0\u1edbc ren g\u1eafn \u1ed1ng: 13 mm.<br \/>\nT\u1ef1 m\u1ed3i n\u01b0\u1edbc h\u00fat n\u01b0\u1edbc s\u00e2u 2 m\u00e9t.<br \/>\nRole c\u00f4ng t\u1eaft \u00e1p l\u1ef1c t\u1ef1 \u0111\u1ed9ng.<br \/>\nCh\u1ea5t li\u1ec7u: Nh\u1ef1a ABS \u2013 \u0110\u1ed3ng \u2013 Gang<br \/>\n\u0110\u1ea7u b\u01a1m c\u00f4ng ngh\u1ec7 m\u1edbi ch\u1ea5t l\u01b0\u1ee3ng.<br \/>\nMotor l\u00f5i \u0111\u1ed3ng cao c\u1ea5p tu\u1ed5i th\u1ecd cao.<br \/>\nM\u00e1y b\u01a1m m\u00e0ng cao c\u1ea5p.<br \/>\nNhi\u1ec7t \u0111\u1ed9 ch\u1ea5t l\u1ecfng t\u1ed1i \u0111a 60 \u0111\u1ed9 C.<br \/>\nTr\u1ecdng l\u01b0\u1ee3ng: 2.2 kg<br \/>\nK\u00edch th\u01b0\u1edbc: 220 x 100 x 140 mm.<br \/>\nK\u00e8m \u0111\u1ea7u g\u1eafn \u1ed1ng 8mm.<\/p>\n<p><a href=\"https:\/\/maybommini.com\/wp-content\/uploads\/2018\/04\/bom-nuoc-mini-ap-luc-12V-120W-GL120.jpg\" target=\"_blank\" rel=\"noopener\"><img decoding=\"async\" class=\"size-full wp-image-263962 aligncenter\" src=\"https:\/\/maybommini.com\/wp-content\/uploads\/2018\/04\/bom-nuoc-mini-ap-luc-12V-120W-GL120.jpg\" alt=\"Bom Nuoc Mini Ap Luc 12V 120W GL120\" width=\"750\" height=\"750\" srcset=\"https:\/\/maybommini.vn\/wp-content\/uploads\/2018\/04\/bom-nuoc-mini-ap-luc-12V-120W-GL120.jpg 750w, https:\/\/maybommini.vn\/wp-content\/uploads\/2018\/04\/bom-nuoc-mini-ap-luc-12V-120W-GL120-300x300.jpg 300w, https:\/\/maybommini.vn\/wp-content\/uploads\/2018\/04\/bom-nuoc-mini-ap-luc-12V-120W-GL120-150x150.jpg 150w, https:\/\/maybommini.vn\/wp-content\/uploads\/2018\/04\/bom-nuoc-mini-ap-luc-12V-120W-GL120-600x600.jpg 600w\" sizes=\"(max-width: 750px) 100vw, 750px\" \/><\/a> <a href=\"https:\/\/maybommini.com\/wp-content\/uploads\/2018\/04\/ban-mya-rua-xe-mini-12V-120W-Smarpumps-GL120.jpg\" target=\"_blank\" rel=\"noopener\"><img decoding=\"async\" class=\"size-full wp-image-263961 aligncenter\" src=\"https:\/\/maybommini.com\/wp-content\/uploads\/2018\/04\/ban-mya-rua-xe-mini-12V-120W-Smarpumps-GL120.jpg\" alt=\"Ban Mya Rua Xe Mini 12V 120W Smarpumps GL120\" width=\"750\" height=\"750\" srcset=\"https:\/\/maybommini.vn\/wp-content\/uploads\/2018\/04\/ban-mya-rua-xe-mini-12V-120W-Smarpumps-GL120.jpg 750w, https:\/\/maybommini.vn\/wp-content\/uploads\/2018\/04\/ban-mya-rua-xe-mini-12V-120W-Smarpumps-GL120-300x300.jpg 300w, https:\/\/maybommini.vn\/wp-content\/uploads\/2018\/04\/ban-mya-rua-xe-mini-12V-120W-Smarpumps-GL120-150x150.jpg 150w, https:\/\/maybommini.vn\/wp-content\/uploads\/2018\/04\/ban-mya-rua-xe-mini-12V-120W-Smarpumps-GL120-600x600.jpg 600w\" sizes=\"(max-width: 750px) 100vw, 750px\" \/><\/a> <a href=\"https:\/\/maybommini.com\/wp-content\/uploads\/2018\/04\/may-rua-xe-mini-12v-120w-GL120.jpg\" target=\"_blank\" rel=\"noopener\"><img decoding=\"async\" class=\"size-full wp-image-263966 aligncenter\" src=\"https:\/\/maybommini.com\/wp-content\/uploads\/2018\/04\/may-rua-xe-mini-12v-120w-GL120.jpg\" alt=\"May Rua Xe Mini 12v 120w GL120\" width=\"750\" height=\"750\" srcset=\"https:\/\/maybommini.vn\/wp-content\/uploads\/2018\/04\/may-rua-xe-mini-12v-120w-GL120.jpg 750w, https:\/\/maybommini.vn\/wp-content\/uploads\/2018\/04\/may-rua-xe-mini-12v-120w-GL120-300x300.jpg 300w, https:\/\/maybommini.vn\/wp-content\/uploads\/2018\/04\/may-rua-xe-mini-12v-120w-GL120-150x150.jpg 150w, https:\/\/maybommini.vn\/wp-content\/uploads\/2018\/04\/may-rua-xe-mini-12v-120w-GL120-600x600.jpg 600w\" sizes=\"(max-width: 750px) 100vw, 750px\" \/><\/a> <a href=\"https:\/\/maybommini.com\/wp-content\/uploads\/2018\/04\/Smarpumps-pumps-12V-120W-GL120.jpg\" target=\"_blank\" rel=\"noopener\"><img decoding=\"async\" class=\"size-full wp-image-263967 aligncenter\" src=\"https:\/\/maybommini.com\/wp-content\/uploads\/2018\/04\/Smarpumps-pumps-12V-120W-GL120.jpg\" alt=\"Smarpumps Pumps 12V 120W GL120\" width=\"750\" height=\"750\" srcset=\"https:\/\/maybommini.vn\/wp-content\/uploads\/2018\/04\/Smarpumps-pumps-12V-120W-GL120.jpg 750w, https:\/\/maybommini.vn\/wp-content\/uploads\/2018\/04\/Smarpumps-pumps-12V-120W-GL120-300x300.jpg 300w, https:\/\/maybommini.vn\/wp-content\/uploads\/2018\/04\/Smarpumps-pumps-12V-120W-GL120-150x150.jpg 150w, https:\/\/maybommini.vn\/wp-content\/uploads\/2018\/04\/Smarpumps-pumps-12V-120W-GL120-600x600.jpg 600w\" sizes=\"(max-width: 750px) 100vw, 750px\" \/><\/a> <a href=\"https:\/\/maybommini.com\/wp-content\/uploads\/2018\/04\/may-bom-loi-dong-cao-cap-nhat-luong.jpg\" target=\"_blank\" rel=\"noopener\"><img decoding=\"async\" class=\"size-full wp-image-263965 aligncenter\" src=\"https:\/\/maybommini.com\/wp-content\/uploads\/2018\/04\/may-bom-loi-dong-cao-cap-nhat-luong.jpg\" alt=\"May Bom Loi Dong Cao Cap Nhat Luong\" width=\"750\" height=\"750\" srcset=\"https:\/\/maybommini.vn\/wp-content\/uploads\/2018\/04\/may-bom-loi-dong-cao-cap-nhat-luong.jpg 750w, https:\/\/maybommini.vn\/wp-content\/uploads\/2018\/04\/may-bom-loi-dong-cao-cap-nhat-luong-300x300.jpg 300w, https:\/\/maybommini.vn\/wp-content\/uploads\/2018\/04\/may-bom-loi-dong-cao-cap-nhat-luong-150x150.jpg 150w, https:\/\/maybommini.vn\/wp-content\/uploads\/2018\/04\/may-bom-loi-dong-cao-cap-nhat-luong-600x600.jpg 600w\" sizes=\"(max-width: 750px) 100vw, 750px\" \/><\/a><\/p>\n<p><strong>H\u01af\u1edaNG D\u1ea8N S\u1eec D\u1ee4NG M\u00c1Y B\u01a0M MINI \u00c1P L\u1ef0C<\/strong><br \/>\nS\u1eed d\u1ee5ng ngu\u1ed3n \u0111i\u1ec7n b\u1eb1ng b\u00ecnh \u1eafc quy 12V 10Ah tr\u1edf l\u00ean.<br \/>\nD\u00f9ng adapter bi\u1ebfn th\u1ebf 220V 12V 15A tr\u1edf l\u00ean.<br \/>\nN\u01b0\u1edbc v\u00e0o s\u1eed d\u1ee5ng \u1ed1ng 8mm 12mm c\u00f3 l\u1ecdc n\u01b0\u1edbc mini tr\u00e1nh c\u1eb7n b\u1ea9n r\u00e1c g\u00e2y ngh\u1eb9t \u0111\u1ea7u b\u01a1m.<br \/>\nN\u01b0\u1edbc ra s\u1eed d\u1ee5ng \u1ed1ng 8mm 12mm ch\u1ecbu \u0111\u01b0\u1ee3c \u00e1p l\u1ef1c cao.<br \/>\nM\u00e1y b\u01a1m t\u1ef1 \u0111\u1ed9ng t\u1eaft khi kh\u00f3a n\u01b0\u1edbc \u0111\u1ea7u ra v\u00e0 ch\u1ea1y tr\u1ee1 l\u1ea1i khi m\u1edf n\u01b0\u1edbc.<br \/>\nT\u1ef1 h\u00fat n\u01b0\u1edbc s\u00e2u 2 m\u00e9t kh\u00f4ng c\u1ea7n m\u1ed3i.<\/p>\n<p><a href=\"https:\/\/maybommini.com\/wp-content\/uploads\/2018\/04\/Ban-may-bom-ap-luc-mini-12V-120W-Smartpumps-GL-120.jpg\" target=\"_blank\" rel=\"noopener\"><img decoding=\"async\" class=\"size-full wp-image-263960 aligncenter\" src=\"https:\/\/maybommini.com\/wp-content\/uploads\/2018\/04\/Ban-may-bom-ap-luc-mini-12V-120W-Smartpumps-GL-120.jpg\" alt=\"Ban May Bom Ap Luc Mini 12V 120W Smartpumps GL 120\" width=\"750\" height=\"750\" srcset=\"https:\/\/maybommini.vn\/wp-content\/uploads\/2018\/04\/Ban-may-bom-ap-luc-mini-12V-120W-Smartpumps-GL-120.jpg 750w, https:\/\/maybommini.vn\/wp-content\/uploads\/2018\/04\/Ban-may-bom-ap-luc-mini-12V-120W-Smartpumps-GL-120-300x300.jpg 300w, https:\/\/maybommini.vn\/wp-content\/uploads\/2018\/04\/Ban-may-bom-ap-luc-mini-12V-120W-Smartpumps-GL-120-150x150.jpg 150w, https:\/\/maybommini.vn\/wp-content\/uploads\/2018\/04\/Ban-may-bom-ap-luc-mini-12V-120W-Smartpumps-GL-120-600x600.jpg 600w\" sizes=\"(max-width: 750px) 100vw, 750px\" \/><\/a><\/p>\n<p><strong>\u1ee8NG D\u1ee4NG C\u1ee6A B\u01a0M N\u01af\u1edaC MINI GL-120 12V<\/strong><br \/>\nS\u1eed d\u1ee5ng b\u01a1m n\u01b0\u1edbc ch\u1ea5t l\u1ecfng.<br \/>\nM\u00e1y b\u01a1m h\u00f3a ch\u1ea5t kh\u00f4ng \u0103n m\u00f2n.<br \/>\nS\u1eed d\u1ee5ng l\u00e0m h\u1ec7 th\u1ed1ng phun s\u01b0\u01a1ng.<br \/>\nL\u00e0m m\u00e1y b\u01a1m h\u1ec7 th\u1ed1ng t\u01b0\u1edbi lan, t\u01b0\u1edbi c\u00e2y nh\u00e0 v\u01b0\u1eddn.<br \/>\nB\u01a1m c\u1ea5p n\u01b0\u1edbc h\u1ed3 b\u1ec3 c\u00e1 c\u00e1.<br \/>\nD\u00f9ng l\u00e0m b\u01a1m tr\u1ee3 l\u1ef1c t\u1ef1 d\u1ed9ng.<br \/>\nL\u00e0m h\u1ec7 th\u1ed1ng t\u01b0\u1edbi th\u1ee7y canh.<br \/>\nL\u00e0m m\u00e1y b\u01a1m r\u1eeda xe, v\u1ec7 sinh nh\u00e0 c\u1eeda<br \/>\nM\u00e1y x\u1ecbt r\u1eeda v\u1ec7 sinh m\u00e1y l\u1ea1nh \u0111i\u1ec1u h\u00f2a.<br \/>\nB\u01a1m n\u01b0\u1edbc tr\u1ee3 l\u1ef1c t\u0103ng \u00e1p m\u00e1y gi\u1eb7t.<br \/>\nV\u00e0 d\u00f9ng l\u00e0m b\u01a1m th\u1ef1c ph\u1ea9m v\u00e0 m\u1ed9t s\u1ed1 l\u0129nh v\u1ef1c kh\u00e1c.<br \/>\nM\u00e1y \u0111\u01b0\u1ee3c s\u1eed d\u1ee5ng trong m\u00e1y c\u00f4ng nghi\u1ec7p, n\u00f4ng nghi\u1ec7p, y t\u1ebf, t\u00e0u thu\u1ef7, b\u01a1m ho\u00e1 ch\u1ea5t\u2026.<\/p>\n<p><a href=\"https:\/\/maybommini.com\/wp-content\/uploads\/2018\/04\/su-dung-may-bom-ap-luc-mino-12v.jpg\" target=\"_blank\" rel=\"noopener\"><img decoding=\"async\" class=\"size-full wp-image-263968 aligncenter\" src=\"https:\/\/maybommini.com\/wp-content\/uploads\/2018\/04\/su-dung-may-bom-ap-luc-mino-12v.jpg\" alt=\"Su Dung May Bom Ap Luc Mino 12v\" width=\"750\" height=\"750\" srcset=\"https:\/\/maybommini.vn\/wp-content\/uploads\/2018\/04\/su-dung-may-bom-ap-luc-mino-12v.jpg 750w, https:\/\/maybommini.vn\/wp-content\/uploads\/2018\/04\/su-dung-may-bom-ap-luc-mino-12v-300x300.jpg 300w, https:\/\/maybommini.vn\/wp-content\/uploads\/2018\/04\/su-dung-may-bom-ap-luc-mino-12v-150x150.jpg 150w, https:\/\/maybommini.vn\/wp-content\/uploads\/2018\/04\/su-dung-may-bom-ap-luc-mino-12v-600x600.jpg 600w\" sizes=\"(max-width: 750px) 100vw, 750px\" \/><\/a> <a href=\"https:\/\/maybommini.com\/wp-content\/uploads\/2018\/04\/ung-dung-may-bom-ap-luc-mini-12v-Smarpumps.jpg\" target=\"_blank\" rel=\"noopener\"><img decoding=\"async\" class=\"size-full wp-image-263969 aligncenter\" src=\"https:\/\/maybommini.com\/wp-content\/uploads\/2018\/04\/ung-dung-may-bom-ap-luc-mini-12v-Smarpumps.jpg\" alt=\"Ung Dung May Bom Ap Luc Mini 12v Smarpumps\" width=\"750\" height=\"750\" srcset=\"https:\/\/maybommini.vn\/wp-content\/uploads\/2018\/04\/ung-dung-may-bom-ap-luc-mini-12v-Smarpumps.jpg 750w, https:\/\/maybommini.vn\/wp-content\/uploads\/2018\/04\/ung-dung-may-bom-ap-luc-mini-12v-Smarpumps-300x300.jpg 300w, https:\/\/maybommini.vn\/wp-content\/uploads\/2018\/04\/ung-dung-may-bom-ap-luc-mini-12v-Smarpumps-150x150.jpg 150w, https:\/\/maybommini.vn\/wp-content\/uploads\/2018\/04\/ung-dung-may-bom-ap-luc-mini-12v-Smarpumps-600x600.jpg 600w\" sizes=\"(max-width: 750px) 100vw, 750px\" \/><\/a> <a href=\"https:\/\/maybommini.com\/wp-content\/uploads\/2018\/04\/chung-nhan-chat-luong-may-bom-mini-12V-Smartpumps.jpg\" target=\"_blank\" rel=\"noopener\"><img decoding=\"async\" class=\"size-full wp-image-263963 aligncenter\" src=\"https:\/\/maybommini.com\/wp-content\/uploads\/2018\/04\/chung-nhan-chat-luong-may-bom-mini-12V-Smartpumps.jpg\" alt=\"Chung Nhan Chat Luong May Bom Mini 12V Smartpumps\" width=\"750\" height=\"750\" srcset=\"https:\/\/maybommini.vn\/wp-content\/uploads\/2018\/04\/chung-nhan-chat-luong-may-bom-mini-12V-Smartpumps.jpg 750w, https:\/\/maybommini.vn\/wp-content\/uploads\/2018\/04\/chung-nhan-chat-luong-may-bom-mini-12V-Smartpumps-300x300.jpg 300w, https:\/\/maybommini.vn\/wp-content\/uploads\/2018\/04\/chung-nhan-chat-luong-may-bom-mini-12V-Smartpumps-150x150.jpg 150w, https:\/\/maybommini.vn\/wp-content\/uploads\/2018\/04\/chung-nhan-chat-luong-may-bom-mini-12V-Smartpumps-600x600.jpg 600w\" sizes=\"(max-width: 750px) 100vw, 750px\" \/><\/a><\/p>\n<p><strong>MUA M\u00c1Y B\u01a0M N\u01af\u1edaC MINI \u00c1P L\u1ef0C \u1ede \u0110\u00c2U ?<\/strong><br \/>\n<a href=\"https:\/\/maybommini.com\/\" target=\"_blank\" rel=\"noopener noreferrer\">MBM \u2013 MAYBOMMINI.COM<\/a> l\u00e0 nh\u00e0 cung c\u1ea5p c\u00e1c lo\u1ea1i m\u00e1y b\u01a1m \u00e1p l\u1ef1c mini h\u00e0ng \u0111\u1ea7u Vi\u1ec7t Nam ch\u00ednh h\u00e3ng gi\u00e1 t\u1ed1t b\u1ea3o h\u00e0nh l\u00e2u d\u00e0i v\u00e0 kh\u00e1ch h\u00e0ng \u0111\u01b0\u1ee3c h\u1ed5 tr\u1ee3 k\u1ef9 thu\u1eadt tr\u1ecdn \u0111\u1eddi.<br \/>\nM\u1ecdi chi ti\u1ebft vui l\u00f2ng li\u00ean h\u1ec7 tr\u1ef1c ti\u1ebfp cho ch\u00fang t\u00f4i \u0111\u1ec3 \u0111\u01b0\u1ee3c t\u01b0 v\u1ea5n theo nhu c\u1ea7u \u0111\u1ec3 c\u00f3 \u0111\u01b0\u1ee3c b\u1ed9 s\u1ea3n ph\u1ea9m t\u1ed1t nh\u1ea5t v\u00e0 ti\u1ebft ki\u1ec7m. B\u1ea1n \u1edf xa v\u1eabn c\u00f3 th\u1ec3 mua h\u00e0ng v\u00e0 giao h\u00e0ng thanh to\u00e1n ti\u1ec1n t\u1ea1i nh\u00e0.<br \/>\n<strong>Website:<\/strong> https:\/\/maybommini.com<br \/>\n<strong>Email:<\/strong> maybommini.com@gmail.com<br \/>\n<strong>Facebook:<\/strong> https:\/\/www.facebook.com\/maybommini<\/p>\n<h3 style=\"text-align: center;\"><strong>B\u01a1m n\u01b0\u1edbc mini \u00e1p l\u1ef1c 12V 120W Smartpumps GL-120<\/strong><br \/>\n<strong>B\u01a1m n\u01b0\u1edbc mini \u00e1p l\u1ef1c 12V 120W Smartpumps GL-120 k\u00e8m ngu\u1ed3n \u0111i\u1ec7n<br \/>\nDiaphragm Pump 12V 120W Smartpumps GL-120<\/strong><\/h3>\n<p>&nbsp;<\/p>\n<p><img decoding=\"async\" class=\"size-full wp-image-254414 aligncenter\" src=\"https:\/\/maybommini.com.vn\/wp-content\/uploads\/2018\/01\/may-bom-mini-12v-120w-2.jpg\" alt=\"May Bom Mini 12v 120w\" width=\"750\" height=\"750\" srcset=\"https:\/\/maybommini.vn\/wp-content\/uploads\/2018\/01\/may-bom-mini-12v-120w-2.jpg 750w, https:\/\/maybommini.vn\/wp-content\/uploads\/2018\/01\/may-bom-mini-12v-120w-2-300x300.jpg 300w, https:\/\/maybommini.vn\/wp-content\/uploads\/2018\/01\/may-bom-mini-12v-120w-2-600x600.jpg 600w, https:\/\/maybommini.vn\/wp-content\/uploads\/2018\/01\/may-bom-mini-12v-120w-2-150x150.jpg 150w, https:\/\/maybommini.vn\/wp-content\/uploads\/2018\/01\/may-bom-mini-12v-120w-2-270x270.jpg 270w, https:\/\/maybommini.vn\/wp-content\/uploads\/2018\/01\/may-bom-mini-12v-120w-2-375x375.jpg 375w, https:\/\/maybommini.vn\/wp-content\/uploads\/2018\/01\/may-bom-mini-12v-120w-2-140x140.jpg 140w, https:\/\/maybommini.vn\/wp-content\/uploads\/2018\/01\/may-bom-mini-12v-120w-2-131x131.jpg 131w, https:\/\/maybommini.vn\/wp-content\/uploads\/2018\/01\/may-bom-mini-12v-120w-2-142x142.jpg 142w, https:\/\/maybommini.vn\/wp-content\/uploads\/2018\/01\/may-bom-mini-12v-120w-2-164x164.jpg 164w, https:\/\/maybommini.vn\/wp-content\/uploads\/2018\/01\/may-bom-mini-12v-120w-2-175x175.jpg 175w, https:\/\/maybommini.vn\/wp-content\/uploads\/2018\/01\/may-bom-mini-12v-120w-2-193x193.jpg 193w, https:\/\/maybommini.vn\/wp-content\/uploads\/2018\/01\/may-bom-mini-12v-120w-2-200x200.jpg 200w, https:\/\/maybommini.vn\/wp-content\/uploads\/2018\/01\/may-bom-mini-12v-120w-2-204x204.jpg 204w, https:\/\/maybommini.vn\/wp-content\/uploads\/2018\/01\/may-bom-mini-12v-120w-2-213x213.jpg 213w, https:\/\/maybommini.vn\/wp-content\/uploads\/2018\/01\/may-bom-mini-12v-120w-2-248x248.jpg 248w, https:\/\/maybommini.vn\/wp-content\/uploads\/2018\/01\/may-bom-mini-12v-120w-2-260x260.jpg 260w\" sizes=\"(max-width: 750px) 100vw, 750px\" \/><\/p>\n<h3 style=\"text-align: center;\"><img decoding=\"async\" class=\"size-full wp-image-254412 aligncenter\" src=\"https:\/\/maybommini.com.vn\/wp-content\/uploads\/2018\/01\/bom-nuoc-ap-luc-12v-mini-2.jpg\" alt=\"Bom Nuoc Ap Luc 12v Mini\" width=\"750\" height=\"750\" srcset=\"https:\/\/maybommini.vn\/wp-content\/uploads\/2018\/01\/bom-nuoc-ap-luc-12v-mini-2.jpg 750w, https:\/\/maybommini.vn\/wp-content\/uploads\/2018\/01\/bom-nuoc-ap-luc-12v-mini-2-300x300.jpg 300w, https:\/\/maybommini.vn\/wp-content\/uploads\/2018\/01\/bom-nuoc-ap-luc-12v-mini-2-600x600.jpg 600w, https:\/\/maybommini.vn\/wp-content\/uploads\/2018\/01\/bom-nuoc-ap-luc-12v-mini-2-150x150.jpg 150w\" sizes=\"(max-width: 750px) 100vw, 750px\" \/> <img decoding=\"async\" class=\"size-full wp-image-254413 aligncenter\" src=\"https:\/\/maybommini.com.vn\/wp-content\/uploads\/2018\/01\/may-bom-ap-luc-mini-12v-120w-2.jpg\" alt=\"May Bom Ap Luc Mini 12v 120w\" width=\"750\" height=\"750\" srcset=\"https:\/\/maybommini.vn\/wp-content\/uploads\/2018\/01\/may-bom-ap-luc-mini-12v-120w-2.jpg 750w, https:\/\/maybommini.vn\/wp-content\/uploads\/2018\/01\/may-bom-ap-luc-mini-12v-120w-2-300x300.jpg 300w, https:\/\/maybommini.vn\/wp-content\/uploads\/2018\/01\/may-bom-ap-luc-mini-12v-120w-2-600x600.jpg 600w, https:\/\/maybommini.vn\/wp-content\/uploads\/2018\/01\/may-bom-ap-luc-mini-12v-120w-2-150x150.jpg 150w, https:\/\/maybommini.vn\/wp-content\/uploads\/2018\/01\/may-bom-ap-luc-mini-12v-120w-2-270x270.jpg 270w, https:\/\/maybommini.vn\/wp-content\/uploads\/2018\/01\/may-bom-ap-luc-mini-12v-120w-2-375x375.jpg 375w, https:\/\/maybommini.vn\/wp-content\/uploads\/2018\/01\/may-bom-ap-luc-mini-12v-120w-2-140x140.jpg 140w, https:\/\/maybommini.vn\/wp-content\/uploads\/2018\/01\/may-bom-ap-luc-mini-12v-120w-2-131x131.jpg 131w, https:\/\/maybommini.vn\/wp-content\/uploads\/2018\/01\/may-bom-ap-luc-mini-12v-120w-2-142x142.jpg 142w, https:\/\/maybommini.vn\/wp-content\/uploads\/2018\/01\/may-bom-ap-luc-mini-12v-120w-2-164x164.jpg 164w, https:\/\/maybommini.vn\/wp-content\/uploads\/2018\/01\/may-bom-ap-luc-mini-12v-120w-2-175x175.jpg 175w, https:\/\/maybommini.vn\/wp-content\/uploads\/2018\/01\/may-bom-ap-luc-mini-12v-120w-2-193x193.jpg 193w, https:\/\/maybommini.vn\/wp-content\/uploads\/2018\/01\/may-bom-ap-luc-mini-12v-120w-2-200x200.jpg 200w, https:\/\/maybommini.vn\/wp-content\/uploads\/2018\/01\/may-bom-ap-luc-mini-12v-120w-2-204x204.jpg 204w, https:\/\/maybommini.vn\/wp-content\/uploads\/2018\/01\/may-bom-ap-luc-mini-12v-120w-2-213x213.jpg 213w, https:\/\/maybommini.vn\/wp-content\/uploads\/2018\/01\/may-bom-ap-luc-mini-12v-120w-2-248x248.jpg 248w, https:\/\/maybommini.vn\/wp-content\/uploads\/2018\/01\/may-bom-ap-luc-mini-12v-120w-2-260x260.jpg 260w\" sizes=\"(max-width: 750px) 100vw, 750px\" \/>B\u00c1N B\u01a0M N\u01af\u1edaC MINI 12V 24V 220V GI\u00c1 T\u1ed0T B\u1ea2O H\u00c0NH L\u00c2U D\u00c0I<\/h3>\n<p><img decoding=\"async\" class=\"size-full wp-image-254415 aligncenter\" src=\"https:\/\/maybommini.com.vn\/wp-content\/uploads\/2018\/01\/may-xit-rua-xe-mini-12v-2.jpg\" alt=\"May Xit Rua Xe Mini 12v\" width=\"750\" height=\"750\" srcset=\"https:\/\/maybommini.vn\/wp-content\/uploads\/2018\/01\/may-xit-rua-xe-mini-12v-2.jpg 750w, https:\/\/maybommini.vn\/wp-content\/uploads\/2018\/01\/may-xit-rua-xe-mini-12v-2-300x300.jpg 300w, https:\/\/maybommini.vn\/wp-content\/uploads\/2018\/01\/may-xit-rua-xe-mini-12v-2-600x600.jpg 600w, https:\/\/maybommini.vn\/wp-content\/uploads\/2018\/01\/may-xit-rua-xe-mini-12v-2-150x150.jpg 150w, https:\/\/maybommini.vn\/wp-content\/uploads\/2018\/01\/may-xit-rua-xe-mini-12v-2-270x270.jpg 270w, https:\/\/maybommini.vn\/wp-content\/uploads\/2018\/01\/may-xit-rua-xe-mini-12v-2-375x375.jpg 375w, https:\/\/maybommini.vn\/wp-content\/uploads\/2018\/01\/may-xit-rua-xe-mini-12v-2-140x140.jpg 140w, https:\/\/maybommini.vn\/wp-content\/uploads\/2018\/01\/may-xit-rua-xe-mini-12v-2-131x131.jpg 131w, https:\/\/maybommini.vn\/wp-content\/uploads\/2018\/01\/may-xit-rua-xe-mini-12v-2-142x142.jpg 142w, https:\/\/maybommini.vn\/wp-content\/uploads\/2018\/01\/may-xit-rua-xe-mini-12v-2-164x164.jpg 164w, https:\/\/maybommini.vn\/wp-content\/uploads\/2018\/01\/may-xit-rua-xe-mini-12v-2-175x175.jpg 175w, https:\/\/maybommini.vn\/wp-content\/uploads\/2018\/01\/may-xit-rua-xe-mini-12v-2-193x193.jpg 193w, https:\/\/maybommini.vn\/wp-content\/uploads\/2018\/01\/may-xit-rua-xe-mini-12v-2-200x200.jpg 200w, https:\/\/maybommini.vn\/wp-content\/uploads\/2018\/01\/may-xit-rua-xe-mini-12v-2-204x204.jpg 204w, https:\/\/maybommini.vn\/wp-content\/uploads\/2018\/01\/may-xit-rua-xe-mini-12v-2-213x213.jpg 213w, https:\/\/maybommini.vn\/wp-content\/uploads\/2018\/01\/may-xit-rua-xe-mini-12v-2-248x248.jpg 248w, https:\/\/maybommini.vn\/wp-content\/uploads\/2018\/01\/may-xit-rua-xe-mini-12v-2-260x260.jpg 260w\" sizes=\"(max-width: 750px) 100vw, 750px\" \/><\/p>\n<p><img decoding=\"async\" class=\"size-full wp-image-254414 aligncenter\" src=\"https:\/\/maybommini.com.vn\/wp-content\/uploads\/2018\/01\/may-bom-mini-12v-120w-2.jpg\" alt=\"May Bom Mini 12v 120w\" width=\"750\" height=\"750\" srcset=\"https:\/\/maybommini.vn\/wp-content\/uploads\/2018\/01\/may-bom-mini-12v-120w-2.jpg 750w, https:\/\/maybommini.vn\/wp-content\/uploads\/2018\/01\/may-bom-mini-12v-120w-2-300x300.jpg 300w, https:\/\/maybommini.vn\/wp-content\/uploads\/2018\/01\/may-bom-mini-12v-120w-2-600x600.jpg 600w, https:\/\/maybommini.vn\/wp-content\/uploads\/2018\/01\/may-bom-mini-12v-120w-2-150x150.jpg 150w, https:\/\/maybommini.vn\/wp-content\/uploads\/2018\/01\/may-bom-mini-12v-120w-2-270x270.jpg 270w, https:\/\/maybommini.vn\/wp-content\/uploads\/2018\/01\/may-bom-mini-12v-120w-2-375x375.jpg 375w, https:\/\/maybommini.vn\/wp-content\/uploads\/2018\/01\/may-bom-mini-12v-120w-2-140x140.jpg 140w, https:\/\/maybommini.vn\/wp-content\/uploads\/2018\/01\/may-bom-mini-12v-120w-2-131x131.jpg 131w, https:\/\/maybommini.vn\/wp-content\/uploads\/2018\/01\/may-bom-mini-12v-120w-2-142x142.jpg 142w, https:\/\/maybommini.vn\/wp-content\/uploads\/2018\/01\/may-bom-mini-12v-120w-2-164x164.jpg 164w, https:\/\/maybommini.vn\/wp-content\/uploads\/2018\/01\/may-bom-mini-12v-120w-2-175x175.jpg 175w, https:\/\/maybommini.vn\/wp-content\/uploads\/2018\/01\/may-bom-mini-12v-120w-2-193x193.jpg 193w, https:\/\/maybommini.vn\/wp-content\/uploads\/2018\/01\/may-bom-mini-12v-120w-2-200x200.jpg 200w, https:\/\/maybommini.vn\/wp-content\/uploads\/2018\/01\/may-bom-mini-12v-120w-2-204x204.jpg 204w, https:\/\/maybommini.vn\/wp-content\/uploads\/2018\/01\/may-bom-mini-12v-120w-2-213x213.jpg 213w, https:\/\/maybommini.vn\/wp-content\/uploads\/2018\/01\/may-bom-mini-12v-120w-2-248x248.jpg 248w, https:\/\/maybommini.vn\/wp-content\/uploads\/2018\/01\/may-bom-mini-12v-120w-2-260x260.jpg 260w\" sizes=\"(max-width: 750px) 100vw, 750px\" \/><\/p>\n","protected":false},"excerpt":{"rendered":"<p>Th\u01b0\u01a1ng hi\u1ec7u: SMARTPUMPS<br \/>\nModel: GL-120<br \/>\n\u0110i\u1ec7n \u00e1p: 12V DC<br \/>\nC\u00f4ng xu\u1ea5t: 120W<br \/>\nL\u01b0u l\u01b0\u1ee3ng: 11 L\/P<br \/>\n\u00c1p l\u1ef1c: 12 BAR \u2013 174 PSI<br \/>\n\u0110\u1ea9y cao tr\u00ean 60 met.<br \/>\nK\u00edch th\u01b0\u1edbc ren g\u1eafn \u1ed1ng: 13 mm.<br \/>\nT\u1ef1 m\u1ed3i n\u01b0\u1edbc h\u00fat n\u01b0\u1edbc s\u00e2u 2 m\u00e9t.<br \/>\nRole c\u00f4ng t\u1eaft \u00e1p l\u1ef1c t\u1ef1 \u0111\u1ed9ng.<br \/>\nCh\u1ea5t li\u1ec7u: Nh\u1ef1a ABS \u2013 \u0110\u1ed3ng \u2013 Gang<br \/>\n\u0110\u1ea7u b\u01a1m c\u00f4ng ngh\u1ec7 m\u1edbi ch\u1ea5t l\u01b0\u1ee3ng.<br \/>\nMotor l\u00f5i \u0111\u1ed3ng cao c\u1ea5p tu\u1ed5i th\u1ecd cao.<br \/>\nM\u00e1y b\u01a1m m\u00e0ng cao c\u1ea5p.<br \/>\nNhi\u1ec7t \u0111\u1ed9 ch\u1ea5t l\u1ecfng t\u1ed1i \u0111a 60 \u0111\u1ed9 C.<br \/>\nTr\u1ecdng l\u01b0\u1ee3ng: 2.2 kg<br \/>\nK\u00edch th\u01b0\u1edbc: 220 x 100 x 140 mm.<br \/>\nK\u00e8m \u0111\u1ea7u g\u1eafn \u1ed1ng 8mm.<br \/>\nB\u1ea3o h\u00e0nh: 6 th\u00e1ng<br \/>\nPh\u00e2n ph\u1ed1i: Maybommini.com<br \/>\nH\u00f4\u0309 tr\u01a1\u0323 ky\u0303 thu\u00e2\u0323t vi\u0303nh vi\u00ea\u0303n.<br \/>\n<strong>T\u01af V\u1ea4N K\u1ef8 THU\u1eacT \u2013 MUA H\u00c0NG<br \/>\nMUA S\u1ed0 L\u01af\u1ee2NG C\u00d3 GI\u00c1 S\u1ec8<\/strong><br \/>\n0908997823 \u2013 0908997872<br \/>\n0907294310 \u2013 02873030399<\/p>\n","protected":false},"featured_media":263964,"comment_status":"open","ping_status":"closed","template":"","meta":[],"product_brand":[44],"product_cat":[197,196,224,225,334,1442],"product_tag":[569,235,3107,440,207,359,231,849,441,442,443,420,316],"class_list":{"0":"post-255756","1":"product","2":"type-product","3":"status-publish","4":"has-post-thumbnail","6":"product_brand-smartpumps","7":"product_cat-may-bom-ap-luc-12v","8":"product_cat-may-bom-ap-luc-mini","9":"product_cat-may-bom-nuoc","10":"product_cat-may-bom-nuoc-mini-12v","11":"product_cat-may-bom-tro-luc-tang-ap","12":"product_cat-may-bom-tro-luc-12v","13":"product_tag-12v-120w","14":"product_tag-bom-nuoc-mini","15":"product_tag-diaphragm-pump","16":"product_tag-may-bom-12v-120w","17":"product_tag-may-bom-ap-luc","18":"product_tag-may-bom-ap-luc-12v","19":"product_tag-may-bom-mini","20":"product_tag-may-bom-tu-dong","21":"product_tag-phun-thuoc","22":"product_tag-rua-o-to","23":"product_tag-rua-xe-mini","24":"product_tag-smartpumps","25":"product_tag-ve-sinh-may-lanh","27":"first","28":"instock","29":"sale","30":"featured","31":"shipping-taxable","32":"purchasable","33":"product-type-simple"},"_links":{"self":[{"href":"https:\/\/maybommini.vn\/index.php?rest_route=\/wp\/v2\/product\/255756","targetHints":{"allow":["GET"]}}],"collection":[{"href":"https:\/\/maybommini.vn\/index.php?rest_route=\/wp\/v2\/product"}],"about":[{"href":"https:\/\/maybommini.vn\/index.php?rest_route=\/wp\/v2\/types\/product"}],"replies":[{"embeddable":true,"href":"https:\/\/maybommini.vn\/index.php?rest_route=%2Fwp%2Fv2%2Fcomments&post=255756"}],"wp:featuredmedia":[{"embeddable":true,"href":"https:\/\/maybommini.vn\/index.php?rest_route=\/wp\/v2\/media\/263964"}],"wp:attachment":[{"href":"https:\/\/maybommini.vn\/index.php?rest_route=%2Fwp%2Fv2%2Fmedia&parent=255756"}],"wp:term":[{"taxonomy":"product_brand","embeddable":true,"href":"https:\/\/maybommini.vn\/index.php?rest_route=%2Fwp%2Fv2%2Fproduct_brand&post=255756"},{"taxonomy":"product_cat","embeddable":true,"href":"https:\/\/maybommini.vn\/index.php?rest_route=%2Fwp%2Fv2%2Fproduct_cat&post=255756"},{"taxonomy":"product_tag","embeddable":true,"href":"https:\/\/maybommini.vn\/index.php?rest_route=%2Fwp%2Fv2%2Fproduct_tag&post=255756"}],"curies":[{"name":"wp","href":"https:\/\/api.w.org\/{rel}","templated":true}]}}