{"id":256072,"date":"2018-04-12T19:29:13","date_gmt":"2018-04-12T12:29:13","guid":{"rendered":"https:\/\/maybommini.com\/san-pham\/import-placeholder-for-252378"},"modified":"2018-05-13T23:54:29","modified_gmt":"2018-05-13T16:54:29","slug":"noi-ong-nhanh-voi-romine-duoi-duc","status":"publish","type":"product","link":"https:\/\/maybommini.vn\/?product=noi-ong-nhanh-voi-romine-duoi-duc","title":{"rendered":"N\u1ed1i \u1ed1ng nhanh v\u00f2i Romine &#8211; \u0111u\u00f4i \u0111\u1ef1c"},"content":{"rendered":"<p><strong>N\u1ed1i \u1ed1ng nhanh V\u00f2i Romine d\u00f9ng \u0111\u1ec3 k\u1ebft n\u1ed1i \u1ed1ng n\u01b0\u1edbc v\u00e0o c\u00e1c v\u00f2i n\u01b0\u1edbc t\u1ea1i nh\u00e0 th\u1eadt ti\u1ec7n d\u1ee5ng v\u00e0 nanh ch\u1ed1ng \u0111\u1ec3 t\u01b0\u1edbi c\u00e2u, m\u00e1y b\u01a1m n\u01b0\u1edbc, &#8230;<\/strong><\/p>\n<p><a href=\"http:\/\/maybommini.com\/wp-content\/uploads\/2016\/05\/noi-nhanh-ong-cao-cap.jpg\" rel=\"attachment wp-att-245141 noopener\" target=\"_blank\"><img decoding=\"async\" class=\"size-full wp-image-245141 aligncenter\" src=\"http:\/\/maybommini.com\/wp-content\/uploads\/2016\/05\/noi-nhanh-ong-cao-cap.jpg\" alt=\"noi-nhanh-ong-cao-cap\" width=\"750\" height=\"574\" srcset=\"https:\/\/maybommini.vn\/wp-content\/uploads\/2016\/05\/noi-nhanh-ong-cao-cap.jpg 750w, https:\/\/maybommini.vn\/wp-content\/uploads\/2016\/05\/noi-nhanh-ong-cao-cap-600x459.jpg 600w, https:\/\/maybommini.vn\/wp-content\/uploads\/2016\/05\/noi-nhanh-ong-cao-cap-300x230.jpg 300w\" sizes=\"(max-width: 750px) 100vw, 750px\" \/><\/a> <a href=\"http:\/\/maybommini.com\/wp-content\/uploads\/2016\/05\/noi-nhanh-ong-ru-mi-ne.jpg\" rel=\"attachment wp-att-245142 noopener\" target=\"_blank\"><img decoding=\"async\" class=\"size-large wp-image-245142 aligncenter\" src=\"http:\/\/maybommini.com\/wp-content\/uploads\/2016\/05\/noi-nhanh-ong-ru-mi-ne.jpg\" alt=\"noi-nhanh-ong-ru-mi-ne\" width=\"430\" height=\"430\" srcset=\"https:\/\/maybommini.vn\/wp-content\/uploads\/2016\/05\/noi-nhanh-ong-ru-mi-ne.jpg 430w, https:\/\/maybommini.vn\/wp-content\/uploads\/2016\/05\/noi-nhanh-ong-ru-mi-ne-300x300.jpg 300w, https:\/\/maybommini.vn\/wp-content\/uploads\/2016\/05\/noi-nhanh-ong-ru-mi-ne-150x150.jpg 150w\" sizes=\"(max-width: 430px) 100vw, 430px\" \/><\/a> <a href=\"http:\/\/maybommini.com\/wp-content\/uploads\/2016\/05\/noi-nhanh-ong-tien-loi.jpg\" rel=\"attachment wp-att-245143 noopener\" target=\"_blank\"><img decoding=\"async\" class=\"size-large wp-image-245143 aligncenter\" src=\"http:\/\/maybommini.com\/wp-content\/uploads\/2016\/05\/noi-nhanh-ong-tien-loi.jpg\" alt=\"noi-nhanh-ong-tien-loi\" width=\"790\" height=\"630\" srcset=\"https:\/\/maybommini.vn\/wp-content\/uploads\/2016\/05\/noi-nhanh-ong-tien-loi.jpg 790w, https:\/\/maybommini.vn\/wp-content\/uploads\/2016\/05\/noi-nhanh-ong-tien-loi-600x478.jpg 600w, https:\/\/maybommini.vn\/wp-content\/uploads\/2016\/05\/noi-nhanh-ong-tien-loi-300x239.jpg 300w, https:\/\/maybommini.vn\/wp-content\/uploads\/2016\/05\/noi-nhanh-ong-tien-loi-768x612.jpg 768w\" sizes=\"(max-width: 790px) 100vw, 790px\" \/><\/a> <a href=\"http:\/\/maybommini.com\/wp-content\/uploads\/2016\/05\/noi-nhanh-ru-mi-ne-ong-nuoc.jpg\" rel=\"attachment wp-att-245144 noopener\" target=\"_blank\"><img decoding=\"async\" class=\"size-large wp-image-245144 aligncenter\" src=\"http:\/\/maybommini.com\/wp-content\/uploads\/2016\/05\/noi-nhanh-ru-mi-ne-ong-nuoc.jpg\" alt=\"noi-nhanh-ru-mi-ne-ong-nuoc\" width=\"900\" height=\"900\" srcset=\"https:\/\/maybommini.vn\/wp-content\/uploads\/2016\/05\/noi-nhanh-ru-mi-ne-ong-nuoc.jpg 900w, https:\/\/maybommini.vn\/wp-content\/uploads\/2016\/05\/noi-nhanh-ru-mi-ne-ong-nuoc-300x300.jpg 300w, https:\/\/maybommini.vn\/wp-content\/uploads\/2016\/05\/noi-nhanh-ru-mi-ne-ong-nuoc-600x600.jpg 600w, https:\/\/maybommini.vn\/wp-content\/uploads\/2016\/05\/noi-nhanh-ru-mi-ne-ong-nuoc-150x150.jpg 150w, https:\/\/maybommini.vn\/wp-content\/uploads\/2016\/05\/noi-nhanh-ru-mi-ne-ong-nuoc-768x768.jpg 768w\" sizes=\"(max-width: 900px) 100vw, 900px\" \/><\/a> <a href=\"http:\/\/maybommini.com\/wp-content\/uploads\/2016\/05\/noi-ong-nhanh.jpg\" rel=\"attachment wp-att-245145 noopener\" target=\"_blank\"><img decoding=\"async\" class=\"size-full wp-image-245145 aligncenter\" src=\"http:\/\/maybommini.com\/wp-content\/uploads\/2016\/05\/noi-ong-nhanh.jpg\" alt=\"noi-ong-nhanh\" width=\"900\" height=\"900\" srcset=\"https:\/\/maybommini.vn\/wp-content\/uploads\/2016\/05\/noi-ong-nhanh.jpg 900w, https:\/\/maybommini.vn\/wp-content\/uploads\/2016\/05\/noi-ong-nhanh-300x300.jpg 300w, https:\/\/maybommini.vn\/wp-content\/uploads\/2016\/05\/noi-ong-nhanh-600x600.jpg 600w, https:\/\/maybommini.vn\/wp-content\/uploads\/2016\/05\/noi-ong-nhanh-150x150.jpg 150w, https:\/\/maybommini.vn\/wp-content\/uploads\/2016\/05\/noi-ong-nhanh-768x768.jpg 768w\" sizes=\"(max-width: 900px) 100vw, 900px\" \/><\/a><\/p>\n<p>\u0110\u01b0\u1ee3c thi\u1ebft k\u1ebf cho ph\u00e9p n\u1ed1i nhanh c\u00e1c lo\u1ea1i v\u00f2i n\u01b0\u1edbc t\u1ea1i gia \u0111\u00ecnh v\u00e0 g\u1eafn ch\u1eb7c b\u1eb1ng kh\u00f3a c\u1ed5 d\u00ea nhanh ch\u1ed1ng.<\/p>\n<p><a href=\"https:\/\/maybommini.com\/wp-content\/uploads\/2018\/04\/noi-ong-nhanh-1.jpg\" target=\"_blank\" rel=\"noopener\"><img decoding=\"async\" class=\"size-full wp-image-258476 aligncenter\" src=\"https:\/\/maybommini.com\/wp-content\/uploads\/2018\/04\/noi-ong-nhanh-1.jpg\" alt=\"Noi Ong Nhanh\" width=\"750\" height=\"750\" srcset=\"https:\/\/maybommini.vn\/wp-content\/uploads\/2018\/04\/noi-ong-nhanh-1.jpg 750w, https:\/\/maybommini.vn\/wp-content\/uploads\/2018\/04\/noi-ong-nhanh-1-300x300.jpg 300w, https:\/\/maybommini.vn\/wp-content\/uploads\/2018\/04\/noi-ong-nhanh-1-150x150.jpg 150w, https:\/\/maybommini.vn\/wp-content\/uploads\/2018\/04\/noi-ong-nhanh-1-600x600.jpg 600w\" sizes=\"(max-width: 750px) 100vw, 750px\" \/><\/a><\/p>\n<h3 style=\"text-align: center;\">N\u1ed1i \u1ed1ng nhanh v\u00f2i Romine &#8211; \u0111u\u00f4i \u0111\u1ef1c<\/h3>\n","protected":false},"excerpt":{"rendered":"<p>N\u1ed1i \u1ed1ng nhanh V\u00f2i Romine<br \/>\nLo\u1ea1i: \u0111u\u00f4i \u0111\u1ef1c n\u1ed1i nhanh<br \/>\nKh\u00f3a nhanh c\u1ed5 d\u00ea<br \/>\nCh\u1ea5t li\u1ec7u: nh\u1ef1a v\u00e0 th\u00e9p cao c\u1ea5p<\/p>\n","protected":false},"featured_media":258476,"comment_status":"open","ping_status":"closed","template":"","meta":[],"product_brand":[],"product_cat":[215,2034],"product_tag":[662,663,548,664,665],"class_list":{"0":"post-256072","1":"product","2":"type-product","3":"status-publish","4":"has-post-thumbnail","6":"product_cat-phu-kien-xit-rua-ap-luc","7":"product_cat-ong-day","8":"product_tag-duoi-duc","9":"product_tag-noi-ong","10":"product_tag-noi-ong-nhanh","11":"product_tag-romine","12":"product_tag-voi-romine","14":"first","15":"instock","16":"shipping-taxable","17":"purchasable","18":"product-type-simple"},"_links":{"self":[{"href":"https:\/\/maybommini.vn\/index.php?rest_route=\/wp\/v2\/product\/256072","targetHints":{"allow":["GET"]}}],"collection":[{"href":"https:\/\/maybommini.vn\/index.php?rest_route=\/wp\/v2\/product"}],"about":[{"href":"https:\/\/maybommini.vn\/index.php?rest_route=\/wp\/v2\/types\/product"}],"replies":[{"embeddable":true,"href":"https:\/\/maybommini.vn\/index.php?rest_route=%2Fwp%2Fv2%2Fcomments&post=256072"}],"wp:featuredmedia":[{"embeddable":true,"href":"https:\/\/maybommini.vn\/index.php?rest_route=\/wp\/v2\/media\/258476"}],"wp:attachment":[{"href":"https:\/\/maybommini.vn\/index.php?rest_route=%2Fwp%2Fv2%2Fmedia&parent=256072"}],"wp:term":[{"taxonomy":"product_brand","embeddable":true,"href":"https:\/\/maybommini.vn\/index.php?rest_route=%2Fwp%2Fv2%2Fproduct_brand&post=256072"},{"taxonomy":"product_cat","embeddable":true,"href":"https:\/\/maybommini.vn\/index.php?rest_route=%2Fwp%2Fv2%2Fproduct_cat&post=256072"},{"taxonomy":"product_tag","embeddable":true,"href":"https:\/\/maybommini.vn\/index.php?rest_route=%2Fwp%2Fv2%2Fproduct_tag&post=256072"}],"curies":[{"name":"wp","href":"https:\/\/api.w.org\/{rel}","templated":true}]}}