{"id":256228,"date":"2018-04-12T19:30:49","date_gmt":"2018-04-12T12:30:49","guid":{"rendered":"https:\/\/maybommini.com\/san-pham\/import-placeholder-for-252514"},"modified":"2019-09-05T16:06:07","modified_gmt":"2019-09-05T09:06:07","slug":"pe-8-aks-chia-3-noi-nhanh-8mm","status":"publish","type":"product","link":"https:\/\/maybommini.vn\/?product=pe-8-aks-chia-3-noi-nhanh-8mm","title":{"rendered":"N\u1ed1i nhanh \u1ed1ng n\u01b0\u1edbc kh\u00ed n\u00e9n chia 3 AKS PE-08 8mm"},"content":{"rendered":"<h3><strong>N\u1ed1i nhanh \u1ed1ng n\u01b0\u1edbc kh\u00ed n\u00e9n chia 3 AKS PE-08 8mm\u00a0<em>l\u00e0 n\u1ed1i nhanh th\u01b0\u1eddng d\u00f9ng trong c\u00e1c thi\u1ebft b\u1ecb kh\u00ed n\u00e9n, \u1ed1ng n\u01b0\u1edbc\u00a0\u00e1p l\u1ef1c, n\u1ed1i \u1ed1ng phun s\u01b0\u01a1ng, \u0111\u1ea7u n\u1ed1i chia \u1ed1ng t\u01b0\u1edbi. C\u00f3 ch\u1ee9c n\u0103ng n\u1ed1i\u00a0\u1ed1ng chia nh\u00e1nh ki\u1ec3u g\u00e0i \u1ed1ng c\u00f3 \u0111\u01b0\u1eddng k\u00ednh ngo\u00e0i 8mm.<\/em><\/strong><\/h3>\n<p><a href=\"https:\/\/maybommini.com\/wp-content\/uploads\/2018\/04\/AKS-PE-08.jpg\" target=\"_blank\" rel=\"noopener\"><img decoding=\"async\" class=\"size-full wp-image-263388 aligncenter\" src=\"https:\/\/maybommini.com\/wp-content\/uploads\/2018\/04\/AKS-PE-08.jpg\" alt=\"AKS PE 08\" width=\"750\" height=\"750\" srcset=\"https:\/\/maybommini.vn\/wp-content\/uploads\/2018\/04\/AKS-PE-08.jpg 750w, https:\/\/maybommini.vn\/wp-content\/uploads\/2018\/04\/AKS-PE-08-300x300.jpg 300w, https:\/\/maybommini.vn\/wp-content\/uploads\/2018\/04\/AKS-PE-08-150x150.jpg 150w, https:\/\/maybommini.vn\/wp-content\/uploads\/2018\/04\/AKS-PE-08-600x600.jpg 600w\" sizes=\"(max-width: 750px) 100vw, 750px\" \/><\/a><\/p>\n<p><strong>TH\u00d4NG S\u1ed0 K\u1ef8\u00a0THU\u1eacT<\/strong><br \/>\nTh\u01b0\u01a1ng hi\u1ec7u: AKS<br \/>\nModel: PE-08<br \/>\nLo\u1ea1i \u1ed1ng s\u1eed d\u1ee5ng: 8 mm.<br \/>\n\u00c1p l\u1ef1c: 1 Mpa<br \/>\nNhi\u1ec7t\u00a0\u0111\u1ed9: 0 ~ 60 \u0111\u1ed9 C<br \/>\nLo\u1ea1i kh\u1edbp\u00a0n\u1ed1i nhanh.<br \/>\nCh\u1ea5t li\u1ec7u: Nh\u1ef1a PVC &#8211; Inox<br \/>\nChi\u1ec1u d\u00e0i: 45 mm.<br \/>\nTr\u1ecdng l\u01b0\u1ee3ng: 8 gam.<\/p>\n<p><a href=\"https:\/\/maybommini.com\/wp-content\/uploads\/2018\/04\/AKS-PE-chi-tiet.jpg\" target=\"_blank\" rel=\"noopener\"><img decoding=\"async\" class=\"size-full wp-image-263392 aligncenter\" src=\"https:\/\/maybommini.com\/wp-content\/uploads\/2018\/04\/AKS-PE-chi-tiet.jpg\" alt=\"AKS PE Chi Tiet\" width=\"750\" height=\"750\" srcset=\"https:\/\/maybommini.vn\/wp-content\/uploads\/2018\/04\/AKS-PE-chi-tiet.jpg 750w, https:\/\/maybommini.vn\/wp-content\/uploads\/2018\/04\/AKS-PE-chi-tiet-300x300.jpg 300w, https:\/\/maybommini.vn\/wp-content\/uploads\/2018\/04\/AKS-PE-chi-tiet-150x150.jpg 150w, https:\/\/maybommini.vn\/wp-content\/uploads\/2018\/04\/AKS-PE-chi-tiet-600x600.jpg 600w\" sizes=\"(max-width: 750px) 100vw, 750px\" \/><\/a> <a href=\"https:\/\/maybommini.com\/wp-content\/uploads\/2018\/04\/PV-AKS-connector.jpg\" target=\"_blank\" rel=\"noopener\"><img decoding=\"async\" class=\"size-full wp-image-263399 aligncenter\" src=\"https:\/\/maybommini.com\/wp-content\/uploads\/2018\/04\/PV-AKS-connector.jpg\" alt=\"PV AKS Connector\" width=\"750\" height=\"750\" srcset=\"https:\/\/maybommini.vn\/wp-content\/uploads\/2018\/04\/PV-AKS-connector.jpg 750w, https:\/\/maybommini.vn\/wp-content\/uploads\/2018\/04\/PV-AKS-connector-300x300.jpg 300w, https:\/\/maybommini.vn\/wp-content\/uploads\/2018\/04\/PV-AKS-connector-150x150.jpg 150w, https:\/\/maybommini.vn\/wp-content\/uploads\/2018\/04\/PV-AKS-connector-600x600.jpg 600w\" sizes=\"(max-width: 750px) 100vw, 750px\" \/><\/a> <a href=\"https:\/\/maybommini.com\/wp-content\/uploads\/2018\/04\/noi-nhanh-AKS-PE.jpg\" target=\"_blank\" rel=\"noopener\"><img decoding=\"async\" class=\"size-full wp-image-263397 aligncenter\" src=\"https:\/\/maybommini.com\/wp-content\/uploads\/2018\/04\/noi-nhanh-AKS-PE.jpg\" alt=\"Noi Nhanh AKS PE\" width=\"750\" height=\"750\" srcset=\"https:\/\/maybommini.vn\/wp-content\/uploads\/2018\/04\/noi-nhanh-AKS-PE.jpg 750w, https:\/\/maybommini.vn\/wp-content\/uploads\/2018\/04\/noi-nhanh-AKS-PE-300x300.jpg 300w, https:\/\/maybommini.vn\/wp-content\/uploads\/2018\/04\/noi-nhanh-AKS-PE-150x150.jpg 150w, https:\/\/maybommini.vn\/wp-content\/uploads\/2018\/04\/noi-nhanh-AKS-PE-600x600.jpg 600w\" sizes=\"(max-width: 750px) 100vw, 750px\" \/><\/a> <a href=\"https:\/\/maybommini.com\/wp-content\/uploads\/2018\/04\/dau-noi-nhanh-chia-3-ong-nuoc-AKS-PE.jpg\" target=\"_blank\" rel=\"noopener\"><img decoding=\"async\" class=\"size-full wp-image-263394 aligncenter\" src=\"https:\/\/maybommini.com\/wp-content\/uploads\/2018\/04\/dau-noi-nhanh-chia-3-ong-nuoc-AKS-PE.jpg\" alt=\"Dau Noi Nhanh Chia 3 Ong Nuoc AKS PE\" width=\"750\" height=\"750\" srcset=\"https:\/\/maybommini.vn\/wp-content\/uploads\/2018\/04\/dau-noi-nhanh-chia-3-ong-nuoc-AKS-PE.jpg 750w, https:\/\/maybommini.vn\/wp-content\/uploads\/2018\/04\/dau-noi-nhanh-chia-3-ong-nuoc-AKS-PE-300x300.jpg 300w, https:\/\/maybommini.vn\/wp-content\/uploads\/2018\/04\/dau-noi-nhanh-chia-3-ong-nuoc-AKS-PE-150x150.jpg 150w, https:\/\/maybommini.vn\/wp-content\/uploads\/2018\/04\/dau-noi-nhanh-chia-3-ong-nuoc-AKS-PE-600x600.jpg 600w\" sizes=\"(max-width: 750px) 100vw, 750px\" \/><\/a> <a href=\"https:\/\/maybommini.com\/wp-content\/uploads\/2018\/04\/chuyen-ban-noi-chia-3-ong-phun-suong.jpg\" target=\"_blank\" rel=\"noopener\"><img decoding=\"async\" class=\"size-full wp-image-263393 aligncenter\" src=\"https:\/\/maybommini.com\/wp-content\/uploads\/2018\/04\/chuyen-ban-noi-chia-3-ong-phun-suong.jpg\" alt=\"Chuyen Ban Noi Chia 3 Ong Phun Suong\" width=\"750\" height=\"750\" srcset=\"https:\/\/maybommini.vn\/wp-content\/uploads\/2018\/04\/chuyen-ban-noi-chia-3-ong-phun-suong.jpg 750w, https:\/\/maybommini.vn\/wp-content\/uploads\/2018\/04\/chuyen-ban-noi-chia-3-ong-phun-suong-300x300.jpg 300w, https:\/\/maybommini.vn\/wp-content\/uploads\/2018\/04\/chuyen-ban-noi-chia-3-ong-phun-suong-150x150.jpg 150w, https:\/\/maybommini.vn\/wp-content\/uploads\/2018\/04\/chuyen-ban-noi-chia-3-ong-phun-suong-600x600.jpg 600w\" sizes=\"(max-width: 750px) 100vw, 750px\" \/><\/a> <a href=\"https:\/\/maybommini.com\/wp-content\/uploads\/2018\/04\/nha-cung-cap-si-le-AKS-PE.jpg\" target=\"_blank\" rel=\"noopener\"><img decoding=\"async\" class=\"size-full wp-image-263396 aligncenter\" src=\"https:\/\/maybommini.com\/wp-content\/uploads\/2018\/04\/nha-cung-cap-si-le-AKS-PE.jpg\" alt=\"Nha Cung Cap Si Le AKS PE\" width=\"750\" height=\"750\" srcset=\"https:\/\/maybommini.vn\/wp-content\/uploads\/2018\/04\/nha-cung-cap-si-le-AKS-PE.jpg 750w, https:\/\/maybommini.vn\/wp-content\/uploads\/2018\/04\/nha-cung-cap-si-le-AKS-PE-300x300.jpg 300w, https:\/\/maybommini.vn\/wp-content\/uploads\/2018\/04\/nha-cung-cap-si-le-AKS-PE-150x150.jpg 150w, https:\/\/maybommini.vn\/wp-content\/uploads\/2018\/04\/nha-cung-cap-si-le-AKS-PE-600x600.jpg 600w\" sizes=\"(max-width: 750px) 100vw, 750px\" \/><\/a><\/p>\n<p><strong>C\u00c1CH S\u1eec D\u1ee4NG <a href=\"https:\/\/maybommini.com\/danh-muc\/phu-kien-bom-nuoc-mini\/noi-nhanh-aks\" target=\"_blank\" rel=\"noopener\">N\u1ed0I NHANH \u1ed0NG H\u01a0I KH\u00cd N\u00c9N \u1ed0NG N\u01af\u1edaC AKS<\/a><\/strong><br \/>\n\u0110\u1ec3 d\u1ee5ng c\u00e1c lo\u1ea1i \u0111\u1ea7u n\u1ed1i anh \u1ed1ng h\u01a1i \u1ed1ng n\u01b0\u1edbc B\u1ea1n ch\u1ec9 vi\u1ec7c s\u1eed d\u1ee5ng \u0111\u00fang lo\u1ea1i \u1ed1ng c\u00f3 k\u1ecbch th\u01b0\u1edbc \u0111\u01b0\u1eddng k\u00ednh b\u1eb1ng c\u00e1c \u0111\u1ea7u n\u1ed1i.<br \/>\nB\u1ea1n ch\u1ec9 vi\u1ec7c \u0111\u01b0a \u0111\u1ea7u \u1ed1ng v\u00e0o \u0111\u1ea7u n\u1ed1i th\u1eadt s\u00e2u l\u00e0 \u0111\u01b0\u1ee3c.<br \/>\nKhi mu\u1ed1n th\u00e1o \u1ed1ng ra B\u1ea1n ch\u1ec9 vi\u1ec7c nh\u1ea5n vi\u1ec1n m\u00e0y xanh l\u00e0 c\u00f3 th\u1ec3 th\u00e1o \u1ed1ng ra.<\/p>\n<p><a href=\"https:\/\/maybommini.com\/wp-content\/uploads\/2018\/04\/cach-su-dung-dau-noi-nhanh-khi-nen-ong-nuoc-AKS.jpg\" target=\"_blank\" rel=\"noopener\"><img decoding=\"async\" class=\"size-full wp-image-263347 aligncenter\" src=\"https:\/\/maybommini.com\/wp-content\/uploads\/2018\/04\/cach-su-dung-dau-noi-nhanh-khi-nen-ong-nuoc-AKS.jpg\" alt=\"Cach Su Dung Dau Noi Nhanh Khi Nen Ong Nuoc AKS\" width=\"750\" height=\"750\" srcset=\"https:\/\/maybommini.vn\/wp-content\/uploads\/2018\/04\/cach-su-dung-dau-noi-nhanh-khi-nen-ong-nuoc-AKS.jpg 750w, https:\/\/maybommini.vn\/wp-content\/uploads\/2018\/04\/cach-su-dung-dau-noi-nhanh-khi-nen-ong-nuoc-AKS-300x300.jpg 300w, https:\/\/maybommini.vn\/wp-content\/uploads\/2018\/04\/cach-su-dung-dau-noi-nhanh-khi-nen-ong-nuoc-AKS-150x150.jpg 150w, https:\/\/maybommini.vn\/wp-content\/uploads\/2018\/04\/cach-su-dung-dau-noi-nhanh-khi-nen-ong-nuoc-AKS-600x600.jpg 600w\" sizes=\"(max-width: 750px) 100vw, 750px\" \/><\/a> <a href=\"https:\/\/maybommini.com\/wp-content\/uploads\/2018\/04\/nha-cung-cap-noi-nhanh-khi-nen-AKS-PE.jpg\" target=\"_blank\" rel=\"noopener\"><img decoding=\"async\" class=\"size-full wp-image-263395 aligncenter\" src=\"https:\/\/maybommini.com\/wp-content\/uploads\/2018\/04\/nha-cung-cap-noi-nhanh-khi-nen-AKS-PE.jpg\" alt=\"Nha Cung Cap Noi Nhanh Khi Nen AKS PE\" width=\"750\" height=\"750\" srcset=\"https:\/\/maybommini.vn\/wp-content\/uploads\/2018\/04\/nha-cung-cap-noi-nhanh-khi-nen-AKS-PE.jpg 750w, https:\/\/maybommini.vn\/wp-content\/uploads\/2018\/04\/nha-cung-cap-noi-nhanh-khi-nen-AKS-PE-300x300.jpg 300w, https:\/\/maybommini.vn\/wp-content\/uploads\/2018\/04\/nha-cung-cap-noi-nhanh-khi-nen-AKS-PE-150x150.jpg 150w, https:\/\/maybommini.vn\/wp-content\/uploads\/2018\/04\/nha-cung-cap-noi-nhanh-khi-nen-AKS-PE-600x600.jpg 600w\" sizes=\"(max-width: 750px) 100vw, 750px\" \/><\/a><strong>\u1ee8NG D\u1ee4NG N\u1ed0I NHANH \u1ed0NG N\u01af\u1edaC KH\u00cd N\u00c9N AKS<\/strong><br \/>\n&#8211; D\u00f9ng cho c\u00e1c thi\u1ebft b\u1ecb kh\u00ed n\u00e9n.<br \/>\n&#8211; D\u00f9ng cho c\u00e1c thi\u1ebft b\u1ecb h\u1ec7 th\u1ed1ng t\u1ef1 \u0111\u1ed9ng.<br \/>\n&#8211; S\u1eed d\u1ee5ng trong h\u1ec7 th\u1ed1ng b\u01a1m n\u01b0\u1edbc.<br \/>\n&#8211; S\u1eed d\u1ee5ng h\u1ec7 th\u1ed1ng phun s\u01b0\u01a1ng l\u00e0m m\u00e1t.<br \/>\n&#8211; S\u1eed d\u1ee5ng m\u00e1y b\u01a1m n\u01b0\u1edbc mini.<br \/>\n&#8211; S\u1eed d\u1ee5ng m\u00e1y b\u01a1m n\u01b0\u1edbc t\u01b0\u1edbi.<br \/>\nS\u1eed d\u1ee5ng cho c\u00e1c thi\u1ebft b\u1ecb h\u1ec7 th\u1ed1ng t\u1ef1 \u0111\u1ed9ng, m\u00e1y b\u01a1m n\u01b0\u1edbc, m\u00e1y b\u01a1m \u00e1p l\u1ef1c, h\u1ec7 th\u1ed1ng phun s\u01b0\u01a1ng l\u00e0 m\u00e1t s\u1eed d\u1ee5ng n\u1ed1i nhanh r\u1ea5t ph\u1ed5 bi\u1ebfn. V\u00ec t\u00ednh ti\u1ec7n l\u1ee3i v\u00e0 ch\u1ecbu \u0111\u01b0\u1ee3c \u00e1p l\u1ef1c cao, th\u00e1o l\u1eafp nhanh d\u1ec3 d\u00e0ng r\u1ea5t hi\u1ec7u qu\u1ea3 l\u00e2u d\u00e0i.<\/p>\n<p><a href=\"https:\/\/maybommini.com\/wp-content\/uploads\/2018\/04\/su-dung-chia-3-noi-nhanh-AKS-PE.jpg\" target=\"_blank\" rel=\"noopener\"><img decoding=\"async\" class=\"size-full wp-image-263400 aligncenter\" src=\"https:\/\/maybommini.com\/wp-content\/uploads\/2018\/04\/su-dung-chia-3-noi-nhanh-AKS-PE.jpg\" alt=\"Su Dung Chia 3 Noi Nhanh AKS PE\" width=\"750\" height=\"750\" srcset=\"https:\/\/maybommini.vn\/wp-content\/uploads\/2018\/04\/su-dung-chia-3-noi-nhanh-AKS-PE.jpg 750w, https:\/\/maybommini.vn\/wp-content\/uploads\/2018\/04\/su-dung-chia-3-noi-nhanh-AKS-PE-300x300.jpg 300w, https:\/\/maybommini.vn\/wp-content\/uploads\/2018\/04\/su-dung-chia-3-noi-nhanh-AKS-PE-150x150.jpg 150w, https:\/\/maybommini.vn\/wp-content\/uploads\/2018\/04\/su-dung-chia-3-noi-nhanh-AKS-PE-600x600.jpg 600w\" sizes=\"(max-width: 750px) 100vw, 750px\" \/><\/a><\/p>\n<p><strong>NH\u00c0 CUNG C\u1ea4P THI\u1ebeT B\u1eca KH\u00cd N\u00c9N \u1ed0NG N\u01af\u1edaC AKS<br \/>\n<\/strong><a href=\"https:\/\/maybommini.com\/\" target=\"_blank\" rel=\"noopener\"><strong>M\u00e1y B\u01a1m Mini MBM<\/strong><\/a>\u00a0chuy\u00ean b\u00e1n c\u00e1c lo\u1ea1i m\u00e1y b\u01a1m\u00a0\u00e1p l\u1ef1c mini,\u00a0<a href=\"https:\/\/maybommini.com\/danh-muc\/he-thong-phun-suong\" target=\"_blank\" rel=\"noopener\">m\u00e1y phun s\u01b0\u01a1ng<\/a>,\u00a0<a href=\"https:\/\/maybommini.com\/danh-muc\/may-bom-chim\" target=\"_blank\" rel=\"noopener\">m\u00e1y b\u01a1m ch\u00ecm<\/a>,\u00a0<a href=\"https:\/\/maybommini.com\/danh-muc\/may-bom-hoa-chat\" target=\"_blank\" rel=\"noopener\">m\u00e1y b\u01a1m ho\u00e1 ch\u1ea5t<\/a>, m\u00e1y b\u01a1m RO, m\u00e1y b\u01a1m m\u00e0ng, m\u00e1y b\u01a1m\u00a0\u00e1p l\u1ef1c cao v\u00e0 thi\u1ebft b\u1ecb\u00a0\u0111i\u1ec7n t\u1eed \u2026<br \/>\nM\u1ecdi chi ti\u1ebft vui l\u00f2ng li\u00ean h\u1ec7 tr\u1ef1c ti\u1ebfp cho ch\u00fang t\u00f4i \u0111\u1ec3 \u0111\u01b0\u1ee3c t\u01b0 v\u1ea5n theo nhu c\u1ea7u \u0111\u1ec3 c\u00f3 \u0111\u01b0\u1ee3c b\u1ed9 s\u1ea3n ph\u1ea9m t\u1ed1t nh\u1ea5t v\u00e0 ti\u1ebft ki\u1ec7m.<br \/>\nB\u1ea1n \u1edf xa v\u1eabn c\u00f3 th\u1ec3 mua h\u00e0ng v\u00e0 giao to\u00e0n qu\u1ed1c.<br \/>\n<strong>CTY TNHH TH\u01af\u01a0NG M\u1ea0I D\u1ecaCH V\u1ee4 \u0110I\u1ec6N M\u00c1Y TH\u00d4NG MINH<\/strong><br \/>\n<strong>Website<\/strong>:\u00a0<a href=\"https:\/\/maybommini.com\/\" target=\"_blank\" rel=\"noopener\">https:\/\/maybommini.com<\/a><br \/>\n<strong>Email:<\/strong>\u00a0maybommini.com@gmail.com<br \/>\n<strong>Tel Zalo:<\/strong>\u00a002873030399 &#8211; 0907294310<\/p>\n<h3 style=\"text-align: center;\"><strong>Quick Connector Tube Fitting<\/strong><br \/>\n<a href=\"https:\/\/maybommini.com\/san-pham\/pe-4-aks-chia-3-noi-nhanh-4mm\" target=\"_blank\" rel=\"noopener\">N\u1ed1i nhanh \u1ed1ng n\u01b0\u1edbc kh\u00ed n\u00e9n chia 3 AKS PE-04 4mm<\/a><br \/>\n<a href=\"https:\/\/maybommini.com\/san-pham\/pe-6-aks-chia-3-noi-nhanh-6mm\" target=\"_blank\" rel=\"noopener\">N\u1ed1i nhanh \u1ed1ng n\u01b0\u1edbc kh\u00ed n\u00e9n chia 3 AKS PE-06 6mm<\/a><br \/>\n<a href=\"https:\/\/maybommini.com\/san-pham\/pe-8-aks-chia-3-noi-nhanh-8mm\" target=\"_blank\" rel=\"noopener\">N\u1ed1i nhanh \u1ed1ng n\u01b0\u1edbc kh\u00ed n\u00e9n chia 3 AKS PE-08 8mm<\/a><br \/>\n<a href=\"https:\/\/maybommini.com\/san-pham\/pe-10-aks-chia-3-noi-nhanh-10mm\" target=\"_blank\" rel=\"noopener\">N\u1ed1i nhanh \u1ed1ng n\u01b0\u1edbc kh\u00ed n\u00e9n chia 3 AKS PE-10 10mm<\/a><br \/>\n<a href=\"https:\/\/maybommini.com\/san-pham\/pe-12-aks-chia-3-noi-nhanh-12mm\" target=\"_blank\" rel=\"noopener\">N\u1ed1i nhanh \u1ed1ng n\u01b0\u1edbc kh\u00ed n\u00e9n chia 3 AKS PE-12 12mm<\/a><br \/>\nN\u1ed1i nhanh \u1ed1ng n\u01b0\u1edbc kh\u00ed n\u00e9n chia 3 AKS PE-16 16mm<\/h3>\n<p style=\"text-align: left;\"><a href=\"https:\/\/maybommini.com\/wp-content\/uploads\/2018\/04\/phan-phoi-cut-noi-nhanh-chia-3-khi-nen-AKS-PE.jpg\" target=\"_blank\" rel=\"noopener\"><img decoding=\"async\" class=\"size-full wp-image-263398 aligncenter\" src=\"https:\/\/maybommini.com\/wp-content\/uploads\/2018\/04\/phan-phoi-cut-noi-nhanh-chia-3-khi-nen-AKS-PE.jpg\" alt=\"Phan Phoi Cut Noi Nhanh Chia 3 Khi Nen AKS PE\" width=\"750\" height=\"750\" srcset=\"https:\/\/maybommini.vn\/wp-content\/uploads\/2018\/04\/phan-phoi-cut-noi-nhanh-chia-3-khi-nen-AKS-PE.jpg 750w, https:\/\/maybommini.vn\/wp-content\/uploads\/2018\/04\/phan-phoi-cut-noi-nhanh-chia-3-khi-nen-AKS-PE-300x300.jpg 300w, https:\/\/maybommini.vn\/wp-content\/uploads\/2018\/04\/phan-phoi-cut-noi-nhanh-chia-3-khi-nen-AKS-PE-150x150.jpg 150w, https:\/\/maybommini.vn\/wp-content\/uploads\/2018\/04\/phan-phoi-cut-noi-nhanh-chia-3-khi-nen-AKS-PE-600x600.jpg 600w\" sizes=\"(max-width: 750px) 100vw, 750px\" \/><\/a><\/p>\n<p>&nbsp;<\/p>\n<p><strong>PE 8 AKS chia 3 n\u1ed1i nhanh l\u00e0 lo\u1ea1i n\u1ed1i nhanh th\u01b0\u1eddng d\u00f9ng trong c\u00e1c thi\u1ebft b\u1ecb s\u1eed d\u1ee5ng h\u01a1i v\u00e0 b\u01a1m n\u01b0\u1edbc\u00a0\u00e1p l\u1ef1c cao. C\u00f3 ch\u1ee9c n\u0103ng n\u1ed1i\u00a0\u1ed1ng nhanh c\u00e1c lo\u1ea1i\u00a0\u1ed1ng c\u00f3 phi 8mm. Lo\u1ea1i n\u00e0y hay s\u1eed d\u1ee5ng trong h\u1ec7 th\u1ed1ng phun s\u01b0\u01a1ng l\u00e0m m\u00e1t.<\/strong><\/p>\n<p><a href=\"http:\/\/maybommini.com\/wp-content\/uploads\/2016\/06\/AKS-noi-nhanh-PE.jpg\" rel=\"attachment wp-att-245319 noopener\" target=\"_blank\"><img decoding=\"async\" class=\"size-full wp-image-245319 aligncenter\" src=\"http:\/\/maybommini.com\/wp-content\/uploads\/2016\/06\/AKS-noi-nhanh-PE.jpg\" alt=\"AKS-noi-nhanh-PE\" width=\"750\" height=\"750\" srcset=\"https:\/\/maybommini.vn\/wp-content\/uploads\/2016\/06\/AKS-noi-nhanh-PE.jpg 750w, https:\/\/maybommini.vn\/wp-content\/uploads\/2016\/06\/AKS-noi-nhanh-PE-300x300.jpg 300w, https:\/\/maybommini.vn\/wp-content\/uploads\/2016\/06\/AKS-noi-nhanh-PE-600x600.jpg 600w, https:\/\/maybommini.vn\/wp-content\/uploads\/2016\/06\/AKS-noi-nhanh-PE-150x150.jpg 150w\" sizes=\"(max-width: 750px) 100vw, 750px\" \/><\/a><\/p>\n<p><strong>TH\u00d4NG S\u1ed0 K\u1ef8\u00a0THU\u1eacT PE-8 AKS<\/strong><br \/>\nM\u00e3 : PE-08<br \/>\n\u1ed0ng : 8mm<br \/>\n\u00c1p l\u1ef1c: 1 Mpa<br \/>\nNhi\u1ec7t\u00a0\u0111\u1ed9: 0-60\u00a0\u0111\u1ed9 C<br \/>\nLo\u1ea1i kh\u1edbp\u00a0n\u1ed1i nhanh cao c\u1ea5p<br \/>\nCh\u1ea5t li\u1ec7u : Nh\u1ef1a<br \/>\nNh\u00e0 s\u1ea3n xu\u1ea5t: AKS<\/p>\n<p><a href=\"http:\/\/maybommini.com\/wp-content\/uploads\/2016\/06\/noi-nhanh-phun-suong-chia-3.jpg\" rel=\"attachment wp-att-245321 noopener\" target=\"_blank\"><img decoding=\"async\" class=\"size-full wp-image-245321 aligncenter\" src=\"http:\/\/maybommini.com\/wp-content\/uploads\/2016\/06\/noi-nhanh-phun-suong-chia-3.jpg\" alt=\"noi-nhanh-phun-suong-chia-3\" width=\"750\" height=\"750\" srcset=\"https:\/\/maybommini.vn\/wp-content\/uploads\/2016\/06\/noi-nhanh-phun-suong-chia-3.jpg 750w, https:\/\/maybommini.vn\/wp-content\/uploads\/2016\/06\/noi-nhanh-phun-suong-chia-3-300x300.jpg 300w, https:\/\/maybommini.vn\/wp-content\/uploads\/2016\/06\/noi-nhanh-phun-suong-chia-3-600x600.jpg 600w, https:\/\/maybommini.vn\/wp-content\/uploads\/2016\/06\/noi-nhanh-phun-suong-chia-3-150x150.jpg 150w\" sizes=\"(max-width: 750px) 100vw, 750px\" \/><\/a><\/p>\n<p><strong>\u1ee8NG D\u1ee4NG N\u1ed0I NHANH AKS<\/strong><br \/>\n&#8211; D\u00f9ng cho c\u00e1c thi\u1ebft b\u1ecb kh\u00ed n\u00e9n.<br \/>\n&#8211; D\u00f9ng cho c\u00e1c thi\u1ebft b\u1ecb h\u1ec7 th\u1ed1ng t\u1ef1 \u0111\u1ed9ng.<br \/>\n&#8211; S\u1eed d\u1ee5ng trong h\u1ec7 th\u1ed1ng b\u01a1m n\u01b0\u1edbc.<br \/>\n&#8211; S\u1eed d\u1ee5ng h\u1ec7 th\u1ed1ng phun s\u01b0\u01a1ng l\u00e0m m\u00e1t.<br \/>\n&#8211; S\u1eed d\u1ee5ng m\u00e1y b\u01a1m n\u01b0\u1edbc mini.<br \/>\n&#8211; S\u1eed d\u1ee5ng m\u00e1y b\u01a1m n\u01b0\u1edbc t\u01b0\u1edbi.<\/p>\n<p><a href=\"http:\/\/maybommini.com\/wp-content\/uploads\/2016\/02\/co-noi-nhanh-ong-hoi-PE-PU-PV-12-10-8-6.jpg\" rel=\"attachment wp-att-244790 noopener\" target=\"_blank\"><img decoding=\"async\" class=\"size-full wp-image-244790 aligncenter\" src=\"http:\/\/maybommini.com\/wp-content\/uploads\/2016\/02\/co-noi-nhanh-ong-hoi-PE-PU-PV-12-10-8-6.jpg\" alt=\"co-noi-nhanh-ong-hoi-PE-PU-PV-12-10-8-6\" width=\"704\" height=\"892\" srcset=\"https:\/\/maybommini.vn\/wp-content\/uploads\/2016\/02\/co-noi-nhanh-ong-hoi-PE-PU-PV-12-10-8-6.jpg 704w, https:\/\/maybommini.vn\/wp-content\/uploads\/2016\/02\/co-noi-nhanh-ong-hoi-PE-PU-PV-12-10-8-6-600x760.jpg 600w, https:\/\/maybommini.vn\/wp-content\/uploads\/2016\/02\/co-noi-nhanh-ong-hoi-PE-PU-PV-12-10-8-6-237x300.jpg 237w\" sizes=\"(max-width: 704px) 100vw, 704px\" \/><\/a><\/p>\n<p>V\u1edbi c\u00e1c thi\u1ebft b\u1ecb h\u1ec7 th\u1ed1ng t\u1ef1 \u0111\u1ed9ng, m\u00e1y b\u01a1m n\u01b0\u1edbc, m\u00e1y b\u01a1m \u00e1p l\u1ef1c, h\u1ec7 th\u1ed1ng phun s\u01b0\u01a1ng l\u00e0 m\u00e1t s\u1eed d\u1ee5ng n\u1ed1i nhanh r\u1ea5t ph\u1ed5 bi\u1ebfn. V\u00ec t\u00ednh ti\u1ec7n l\u1ee3i v\u00e0 ch\u1ecbu \u0111\u01b0\u1ee3c \u00e1p l\u1ef1c cao, th\u00e1o l\u1eafp nhanh d\u1ec3 d\u00e0ng r\u1ea5t hi\u1ec7u qu\u1ea3 l\u00e2u d\u00e0i.<\/p>\n<p><a href=\"http:\/\/maybommini.com\/wp-content\/uploads\/2016\/06\/chia-3-noi-nhanh-aks.jpg\" rel=\"attachment wp-att-245320 noopener\" target=\"_blank\"><img decoding=\"async\" class=\"size-full wp-image-245320 aligncenter\" src=\"http:\/\/maybommini.com\/wp-content\/uploads\/2016\/06\/chia-3-noi-nhanh-aks.jpg\" alt=\"chia-3-noi-nhanh-aks\" width=\"750\" height=\"750\" srcset=\"https:\/\/maybommini.vn\/wp-content\/uploads\/2016\/06\/chia-3-noi-nhanh-aks.jpg 750w, https:\/\/maybommini.vn\/wp-content\/uploads\/2016\/06\/chia-3-noi-nhanh-aks-300x300.jpg 300w, https:\/\/maybommini.vn\/wp-content\/uploads\/2016\/06\/chia-3-noi-nhanh-aks-600x600.jpg 600w, https:\/\/maybommini.vn\/wp-content\/uploads\/2016\/06\/chia-3-noi-nhanh-aks-150x150.jpg 150w\" sizes=\"(max-width: 750px) 100vw, 750px\" \/><\/a><\/p>\n<p><strong>MUA N\u1ed0I NHANH AKS PV PU PV\u00a0\u1ede\u00a0\u0110\u00c2U ?\u00a0<\/strong><\/p>\n<p><strong>CTY TNHH TH\u01af\u01a0NG M\u1ea0I D\u1ecaCH V\u1ee4 \u0110I\u1ec6N M\u00c1Y TH\u00d4NG MINH<\/strong><br \/>\nHotline : 090 729 4310<br \/>\nEmail : maybommini.com@gmail.com<br \/>\nWebsite : http:\/\/maybommini.com<br \/>\nFacebook : <a href=\"https:\/\/www.facebook.com\/maybommini\" target=\"_blank\" rel=\"noopener\">https:\/\/www.facebook.com\/maybommini<\/a><br \/>\nGoogle : <a href=\"https:\/\/plus.google.com\/ Maybomnuocminiruaxe\" target=\"_blank\" rel=\"noopener\">https:\/\/plus.google.com\/ Maybomnuocminiruaxe<\/a><br \/>\nYoutube demo : <a href=\"https:\/\/www.youtube.com\/bahamasali\" target=\"_blank\" rel=\"noopener\">https:\/\/www.youtube.com\/bahamasali<\/a><\/p>\n<h3 style=\"text-align: center;\">PE 8 AKS chia 3 n\u1ed1i nhanh 8mm<\/h3>\n","protected":false},"excerpt":{"rendered":"<p>Th\u01b0\u01a1ng hi\u1ec7u: AKS<br \/>\nModel: PE-08<br \/>\nLo\u1ea1i \u1ed1ng s\u1eed d\u1ee5ng: 8 mm.<br \/>\n\u00c1p l\u1ef1c: 1 Mpa<br \/>\nNhi\u1ec7t\u00a0\u0111\u1ed9: 0 ~ 60 \u0111\u1ed9 C<br \/>\nLo\u1ea1i kh\u1edbp\u00a0n\u1ed1i nhanh.<br \/>\nCh\u1ea5t li\u1ec7u: Nh\u1ef1a PVC &#8211; Inox<br \/>\nChi\u1ec1u d\u00e0i: 45 mm.<br \/>\nTr\u1ecdng l\u01b0\u1ee3ng: 8 gam.<br \/>\n<strong>H\u00f4\u0309 tr\u01a1\u0323 ky\u0303 thu\u00e2\u0323t vi\u0303nh vi\u00ea\u0303n.<\/strong><br \/>\n<strong>Ph\u00e2n ph\u1ed1i: Maybommini.com<\/strong><br \/>\n<strong>T\u01af V\u1ea4N K\u1ef8 THU\u1eacT \u2013 MUA H\u00c0NG<br \/>\n0908997823 \u2013 0908997872<br \/>\n0907294310 \u2013 02873030399<\/strong><\/p>\n","protected":false},"featured_media":263388,"comment_status":"open","ping_status":"closed","template":"","meta":[],"product_brand":[],"product_cat":[515],"product_tag":[741,739,735,516,742,743,517,731,732,518,733,519,520,481,744,521,745,746,522,249,277,734,740],"class_list":{"0":"post-256228","1":"product","2":"type-product","3":"status-publish","4":"has-post-thumbnail","6":"product_cat-noi-nhanh-aks","7":"product_tag-4mm","8":"product_tag-6mm","9":"product_tag-8mm","10":"product_tag-aks","11":"product_tag-chia-3","12":"product_tag-chia-ba","13":"product_tag-co-noi-nhanh","14":"product_tag-may-thuy-luc","15":"product_tag-nen-khi","16":"product_tag-noi-nhanh","17":"product_tag-noi-nhanh-aks","18":"product_tag-ong-12mm","19":"product_tag-ong-8mm","20":"product_tag-ong-hoi","21":"product_tag-pe","22":"product_tag-pe12-8","23":"product_tag-pe6","24":"product_tag-pe8","25":"product_tag-phu-kien-phun-suong","26":"product_tag-phu-kien-rua-xe","27":"product_tag-phun-suong","28":"product_tag-pv12","29":"product_tag-pv6","31":"first","32":"instock","33":"shipping-taxable","34":"purchasable","35":"product-type-simple"},"_links":{"self":[{"href":"https:\/\/maybommini.vn\/index.php?rest_route=\/wp\/v2\/product\/256228","targetHints":{"allow":["GET"]}}],"collection":[{"href":"https:\/\/maybommini.vn\/index.php?rest_route=\/wp\/v2\/product"}],"about":[{"href":"https:\/\/maybommini.vn\/index.php?rest_route=\/wp\/v2\/types\/product"}],"replies":[{"embeddable":true,"href":"https:\/\/maybommini.vn\/index.php?rest_route=%2Fwp%2Fv2%2Fcomments&post=256228"}],"wp:featuredmedia":[{"embeddable":true,"href":"https:\/\/maybommini.vn\/index.php?rest_route=\/wp\/v2\/media\/263388"}],"wp:attachment":[{"href":"https:\/\/maybommini.vn\/index.php?rest_route=%2Fwp%2Fv2%2Fmedia&parent=256228"}],"wp:term":[{"taxonomy":"product_brand","embeddable":true,"href":"https:\/\/maybommini.vn\/index.php?rest_route=%2Fwp%2Fv2%2Fproduct_brand&post=256228"},{"taxonomy":"product_cat","embeddable":true,"href":"https:\/\/maybommini.vn\/index.php?rest_route=%2Fwp%2Fv2%2Fproduct_cat&post=256228"},{"taxonomy":"product_tag","embeddable":true,"href":"https:\/\/maybommini.vn\/index.php?rest_route=%2Fwp%2Fv2%2Fproduct_tag&post=256228"}],"curies":[{"name":"wp","href":"https:\/\/api.w.org\/{rel}","templated":true}]}}