{"id":256318,"date":"2018-04-12T19:32:07","date_gmt":"2018-04-12T12:32:07","guid":{"rendered":"https:\/\/maybommini.com\/san-pham\/import-placeholder-for-252612"},"modified":"2026-04-18T04:00:00","modified_gmt":"2026-04-17T21:00:00","slug":"may-bom-chim-12v-sfbp1-g2000","status":"publish","type":"product","link":"https:\/\/maybommini.vn\/?product=may-bom-chim-12v-sfbp1-g2000","title":{"rendered":"M\u00e1y b\u01a1m ch\u00ecm 12V 102W 2000GPH G2000"},"content":{"rendered":"<p><strong>Chuy\u00ean cung c\u1ea5p ph\u00e2n ph\u1ed1i m\u00e1y b\u01a1m ch\u00ecm 12V 102W 2000GPH G2000 l\u00e0 lo\u1ea1i m\u00e1y b\u01a1m ch\u00ecm chuy\u00ean d\u1ee5ng\u00a0\u0111\u1ec3 b\u01a1m ch\u1ea5t th\u1ea3i, n\u01b0\u1edbc th\u1ea3i, b\u01a1m n\u01b0\u1edbc tr\u00ean ghe t\u00e0u thuy\u1ec1n can\u00f4\u00a0.\u00a0\u0110\u00e2y l\u00e0 lo\u1ea1i m\u00e1y b\u01a1m ch\u00ecm c\u00f3 c\u00f4ng su\u1ea5t kh\u00e1 l\u1edbn v\u00e0 l\u01b0u l\u01b0\u1ee3ng b\u01a1m m\u1ea1nh\u00a0\u0111\u1ea1t 2000GPH\u00a0m\u00e0 ch\u1ec9 d\u00f9ng ngu\u1ed3n 12V.<\/strong><\/p>\n<p><a href=\"https:\/\/maybommini.com\/wp-content\/uploads\/2018\/04\/May-bom-chim-12V-G2000-Sailflo.jpg\" target=\"_blank\" rel=\"noopener\"><img decoding=\"async\" class=\"size-full wp-image-263877 aligncenter\" src=\"https:\/\/maybommini.com\/wp-content\/uploads\/2018\/04\/May-bom-chim-12V-G2000-Sailflo.jpg\" alt=\"May Bom Chim 12V G2000 Sailflo\" width=\"750\" height=\"750\" srcset=\"https:\/\/maybommini.vn\/wp-content\/uploads\/2018\/04\/May-bom-chim-12V-G2000-Sailflo.jpg 750w, https:\/\/maybommini.vn\/wp-content\/uploads\/2018\/04\/May-bom-chim-12V-G2000-Sailflo-300x300.jpg 300w, https:\/\/maybommini.vn\/wp-content\/uploads\/2018\/04\/May-bom-chim-12V-G2000-Sailflo-150x150.jpg 150w, https:\/\/maybommini.vn\/wp-content\/uploads\/2018\/04\/May-bom-chim-12V-G2000-Sailflo-600x600.jpg 600w\" sizes=\"(max-width: 750px) 100vw, 750px\" \/><\/a><\/p>\n<p><strong>TH\u00d4NG S\u1ed0 K\u1ef8 THU\u1eacT<br \/>\n<\/strong>Th\u01b0\u01a1ng hi\u1ec7u: Sailflo (Singflo)<br \/>\nModel : G2000-01<br \/>\n\u0110i\u1ec7n th\u1ebf: 12V DC<br \/>\nC\u00f4ng su\u1ea5t b\u01a1m: 100W &#8211; 8.5A<br \/>\nL\u01b0u l\u01b0\u1ee3ng b\u01a1m:\u00a02000GPH<br \/>\n\u1ed0ng ra: 29 mm<br \/>\nB\u01a1m \u0111\u1ea9y cao: 4 &#8211; 6 Met.<br \/>\nCh\u1ea5t li\u1ec7u: \u0110\u1ed3ng &#8211; Nh\u1ef1a ABS<br \/>\nMortor l\u00f5i \u0111\u1ed3ng cao c\u1ea5p 100%.<br \/>\nKh\u00f4ng b\u01a1m li\u00ean t\u1ee5c.<br \/>\nK\u00edch th\u01b0\u1edbc: 108 x 129 x 151 mm<br \/>\nTr\u1ecdng l\u01b0\u1ee3ng: 1.2 Kg<br \/>\nB\u1ea3o h\u00e0ng: 3 th\u00e1ng.<br \/>\n<a href=\"https:\/\/maybommini.com\/wp-content\/uploads\/2018\/04\/may-bom-nuoc-thai-ghe-tau-thuyen-cano-12v.jpg\" target=\"_blank\" rel=\"noopener\"><img decoding=\"async\" class=\"size-full wp-image-263878 aligncenter\" src=\"https:\/\/maybommini.com\/wp-content\/uploads\/2018\/04\/may-bom-nuoc-thai-ghe-tau-thuyen-cano-12v.jpg\" alt=\"May Bom Nuoc Thai Ghe Tau Thuyen Cano 12v\" width=\"750\" height=\"750\" srcset=\"https:\/\/maybommini.vn\/wp-content\/uploads\/2018\/04\/may-bom-nuoc-thai-ghe-tau-thuyen-cano-12v.jpg 750w, https:\/\/maybommini.vn\/wp-content\/uploads\/2018\/04\/may-bom-nuoc-thai-ghe-tau-thuyen-cano-12v-300x300.jpg 300w, https:\/\/maybommini.vn\/wp-content\/uploads\/2018\/04\/may-bom-nuoc-thai-ghe-tau-thuyen-cano-12v-150x150.jpg 150w, https:\/\/maybommini.vn\/wp-content\/uploads\/2018\/04\/may-bom-nuoc-thai-ghe-tau-thuyen-cano-12v-600x600.jpg 600w\" sizes=\"(max-width: 750px) 100vw, 750px\" \/><\/a><\/p>\n<p><a href=\"http:\/\/maybommini.com\/wp-content\/uploads\/2016\/07\/thich-thuoc-may-bom-tau-thuyen-cano-12v.jpg\" rel=\"attachment wp-att-245472 noopener\" target=\"_blank\"><img decoding=\"async\" class=\"size-full wp-image-245472 aligncenter\" src=\"http:\/\/maybommini.com\/wp-content\/uploads\/2016\/07\/thich-thuoc-may-bom-tau-thuyen-cano-12v.jpg\" alt=\"thich-thuoc-may-bom-tau-thuyen-cano-12v\" width=\"750\" height=\"398\" srcset=\"https:\/\/maybommini.vn\/wp-content\/uploads\/2016\/07\/thich-thuoc-may-bom-tau-thuyen-cano-12v.jpg 750w, https:\/\/maybommini.vn\/wp-content\/uploads\/2016\/07\/thich-thuoc-may-bom-tau-thuyen-cano-12v-600x318.jpg 600w, https:\/\/maybommini.vn\/wp-content\/uploads\/2016\/07\/thich-thuoc-may-bom-tau-thuyen-cano-12v-300x159.jpg 300w\" sizes=\"(max-width: 750px) 100vw, 750px\" \/><\/a><\/p>\n<p><strong>H\u01af\u1edaNG D\u1eaaN S\u1eec D\u1ee4NG M\u00c1Y B\u01a0M CH\u00ccM 12V<\/strong><br \/>\nS\u1eed d\u1ee5ng ngu\u1ed3n \u0111i\u1ec7n DC 12V \u1eafc quy ho\u1eb7c bi\u1ebfn th\u1ebf adapter 12V 20A tr\u1edf l\u00ean.<br \/>\nS\u1eed d\u1ee5ng b\u01a1m th\u1ea3 ch\u00ecm ho\u00e0n to\u00e0n trong n\u01b0\u1edbc, kh\u00f4ng ch\u1ea1y b\u01a1m khi kh\u00f4ng c\u00f3 n\u01b0\u1edbc.<br \/>\nKh\u00f4ng ch\u1ea1y m\u00e1y b\u01a1m li\u00ean t\u1ee5c 24\/24.<br \/>\nKh\u00f4ng d\u00f9ng b\u01a1m n\u01b0\u1edbc n\u00f3ng, h\u00f3a ch\u1ea5t, x\u0103ng d\u1ea7u nh\u1edbt.<\/p>\n<p><a href=\"https:\/\/maybommini.com\/wp-content\/uploads\/2018\/04\/su-dung-may-bom-chim-12V-G3500.jpg\" target=\"_blank\" rel=\"noopener\"><img decoding=\"async\" class=\"size-full wp-image-263844 aligncenter\" src=\"https:\/\/maybommini.com\/wp-content\/uploads\/2018\/04\/su-dung-may-bom-chim-12V-G3500.jpg\" alt=\"Su Dung May Bom Chim 12V G3500\" width=\"750\" height=\"750\" srcset=\"https:\/\/maybommini.vn\/wp-content\/uploads\/2018\/04\/su-dung-may-bom-chim-12V-G3500.jpg 750w, https:\/\/maybommini.vn\/wp-content\/uploads\/2018\/04\/su-dung-may-bom-chim-12V-G3500-300x300.jpg 300w, https:\/\/maybommini.vn\/wp-content\/uploads\/2018\/04\/su-dung-may-bom-chim-12V-G3500-150x150.jpg 150w, https:\/\/maybommini.vn\/wp-content\/uploads\/2018\/04\/su-dung-may-bom-chim-12V-G3500-600x600.jpg 600w\" sizes=\"(max-width: 750px) 100vw, 750px\" \/><\/a><\/p>\n<p><strong>\u1ee8NG D\u1ee4NG M\u00c1Y B\u01a0M CH\u00ccM<br \/>\n<\/strong>M\u00e1y b\u01a1m n\u01b0\u1edbc ghe t\u00e0u thuy\u1ec1n Cano.<br \/>\nD\u00f9ng \u0111\u1ec3 b\u01a1m n\u01b0\u1edbc ch\u1ea5t th\u1ea3i.<br \/>\nB\u01a1m n\u01b0\u1edbc ng\u1eadp trong nh\u00e0.<br \/>\nB\u01a1m c\u1ea5p n\u01b0\u1edbc t\u01b0\u1edbi c\u00e2y \u0103n tr\u00e1i.<br \/>\nB\u01a1m c\u1ea5p n\u01b0\u1edbc v\u00e0o b\u1ec3 ch\u1ee9a.<br \/>\nM\u00e1y b\u01a1m n\u0103ng l\u01b0\u1ee3ng m\u1eb7t tr\u1eddi.<br \/>\nM\u00e1y b\u01a1m n\u01b0\u1edbc bi\u1ec3n, n\u01b0\u1edbc m\u1eb7n.<br \/>\nV\u00e0 nhi\u1ec1u \u1ee9ng d\u1ee5ng kh\u00e1c \u0111\u1ec3 b\u01a1m ch\u1ea5t l\u1ecfng.<\/p>\n<p>&nbsp;<\/p>\n<p><img decoding=\"async\" class=\"size-full wp-image-245255 aligncenter\" src=\"http:\/\/maybommini.com\/wp-content\/uploads\/2016\/05\/may-bom-cho-tau-thuyen-cano.jpg\" alt=\"may-bom-cho-tau-thuyen-cano\" width=\"750\" height=\"503\" srcset=\"https:\/\/maybommini.vn\/wp-content\/uploads\/2016\/05\/may-bom-cho-tau-thuyen-cano.jpg 750w, https:\/\/maybommini.vn\/wp-content\/uploads\/2016\/05\/may-bom-cho-tau-thuyen-cano-600x402.jpg 600w, https:\/\/maybommini.vn\/wp-content\/uploads\/2016\/05\/may-bom-cho-tau-thuyen-cano-300x201.jpg 300w\" sizes=\"(max-width: 750px) 100vw, 750px\" \/><strong>MUA M\u00c1Y B\u01a0M\u00a0<\/strong><strong>CH\u00ccM\u00a0<\/strong><strong>12V G2000<\/strong><strong>\u00a0\u1ede \u0110\u00c2U ?<br \/>\n<\/strong>M\u1ecdi chi ti\u1ebft vui l\u00f2ng li\u00ean h\u1ec7 tr\u1ef1c ti\u1ebfp cho ch\u00fang t\u00f4i \u0111\u1ec3 \u0111\u01b0\u1ee3c t\u01b0 v\u1ea5n theo nhu c\u1ea7u \u0111\u1ec3 c\u00f3 \u0111\u01b0\u1ee3c b\u1ed9 s\u1ea3n ph\u1ea9m t\u1ed1t nh\u1ea5t v\u00e0 ti\u1ebft ki\u1ec7m.\u00a0B\u1ea1n \u1edf xa v\u1eabn c\u00f3 th\u1ec3 mua h\u00e0ng v\u00e0 giao h\u00e0ng <a title=\"thanh to\u00e1n\" href=\"http:\/\/maybommini.com\/thanh-toan\" target=\"_blank\" rel=\"noopener\">thanh to\u00e1n<\/a> ti\u1ec1n t\u1ea1i nh\u00e0.<br \/>\nKh\u00f4ng th\u1ec3 s\u1eed d\u1ee5ng b\u01a1m c\u00e1c n\u01b0\u1edbc ch\u1ea5t ki\u1ec1m, \u0103n m\u00f2n, ax\u00edt,&#8230; C\u00f3 th\u1ec3 g\u00e2y h\u1ea1i ch\u00e1y m\u00e1y b\u01a1m.<\/p>\n<p><strong>CTY TNHH TMDV \u0110I\u1ec6N M\u00c1Y TH\u00d4NG MINH<\/strong><br \/>\n<strong>Hotline:<\/strong> 02873030399 &#8211; 090 729 4310<br \/>\n<strong>Email:<\/strong> maybommini.com@gmail.com<br \/>\n<strong>Website:<\/strong> <strong>https:\/\/maybommini.com<\/strong><br \/>\n<strong>Facebook:<\/strong> <a href=\"https:\/\/www.facebook.com\/maybommini\" target=\"_blank\" rel=\"noopener\">https:\/\/www.facebook.com\/maybommini<\/a><br \/>\n<strong>Twitter:<\/strong>\u00a0<a href=\"https:\/\/twitter.com\/maybomminimbm\" target=\"_blank\" rel=\"noopener\">https:\/\/twitter.com\/maybomminimbm<\/a><br \/>\n<strong>Youtube demo:<\/strong> https:\/\/www.youtube.com\/bahamasali<\/p>\n<h3 style=\"text-align: center;\">M\u00e1y b\u01a1m ch\u00ecm 12V 102W 2000GPH G2000<\/h3>\n","protected":false},"excerpt":{"rendered":"<p>Th\u01b0\u01a1ng hi\u1ec7u: Sailflo (Singflo)<br \/>\nModel : G2000-01<br \/>\n\u0110i\u1ec7n th\u1ebf: 12V DC<br \/>\nC\u00f4ng su\u1ea5t b\u01a1m: 100W &#8211; 8.5A<br \/>\nL\u01b0u l\u01b0\u1ee3ng b\u01a1m:\u00a02000GPH<br \/>\n\u1ed0ng ra: 29 mm<br \/>\nB\u01a1m \u0111\u1ea9y cao: 4 &#8211; 6 Met.<br \/>\nCh\u1ea5t li\u1ec7u: \u0110\u1ed3ng &#8211; Nh\u1ef1a ABS<br \/>\nMortor l\u00f5i \u0111\u1ed3ng cao c\u1ea5p 100%.<br \/>\nKh\u00f4ng b\u01a1m li\u00ean t\u1ee5c.<br \/>\nK\u00edch th\u01b0\u1edbc: 108 x 129 x 151 mm<br \/>\nTr\u1ecdng l\u01b0\u1ee3ng: 1.2 Kg<br \/>\nB\u1ea3o h\u00e0ng: 3 th\u00e1ng.<br \/>\nH\u00f4\u0309 tr\u01a1\u0323 ky\u0303 thu\u00e2\u0323t vi\u0303nh vi\u00ea\u0303n.<br \/>\n<strong>T\u01af V\u1ea4N K\u1ef8 THU\u1eacT \u2013 MUA H\u00c0NG<br \/>\nMUA S\u1ed0 L\u01af\u1ee2NG C\u00d3 GI\u00c1 S\u1ec8<\/strong><br \/>\n0908997823 \u2013 0908997872<br \/>\n0907294310 \u2013 02873030399<\/p>\n","protected":false},"featured_media":263877,"comment_status":"open","ping_status":"closed","template":"","meta":[],"product_brand":[2223],"product_cat":[382,381,1119],"product_tag":[267,800,391,705,392,393,708,709,235,710,389,231,711,712,394],"class_list":{"0":"post-256318","1":"product","2":"type-product","3":"status-publish","4":"has-post-thumbnail","6":"product_brand-saiflo","7":"product_cat-may-bom-chim-12v","8":"product_cat-may-bom-chim","9":"product_cat-may-bom-nuoc-thai","10":"product_tag-12v","11":"product_tag-2000ghp","12":"product_tag-bom-chat-thai","13":"product_tag-bom-chim","14":"product_tag-bom-chim-12v","15":"product_tag-bom-chim-24v","16":"product_tag-bom-day-tau","17":"product_tag-bom-nuoc-bien","18":"product_tag-bom-nuoc-mini","19":"product_tag-may-bom-cano","20":"product_tag-may-bom-chim","21":"product_tag-may-bom-mini","22":"product_tag-may-bom-tau","23":"product_tag-may-bom-thuyen","24":"product_tag-may-bom-tuoi","26":"first","27":"instock","28":"sale","29":"featured","30":"shipping-taxable","31":"purchasable","32":"product-type-simple"},"_links":{"self":[{"href":"https:\/\/maybommini.vn\/index.php?rest_route=\/wp\/v2\/product\/256318","targetHints":{"allow":["GET"]}}],"collection":[{"href":"https:\/\/maybommini.vn\/index.php?rest_route=\/wp\/v2\/product"}],"about":[{"href":"https:\/\/maybommini.vn\/index.php?rest_route=\/wp\/v2\/types\/product"}],"replies":[{"embeddable":true,"href":"https:\/\/maybommini.vn\/index.php?rest_route=%2Fwp%2Fv2%2Fcomments&post=256318"}],"wp:featuredmedia":[{"embeddable":true,"href":"https:\/\/maybommini.vn\/index.php?rest_route=\/wp\/v2\/media\/263877"}],"wp:attachment":[{"href":"https:\/\/maybommini.vn\/index.php?rest_route=%2Fwp%2Fv2%2Fmedia&parent=256318"}],"wp:term":[{"taxonomy":"product_brand","embeddable":true,"href":"https:\/\/maybommini.vn\/index.php?rest_route=%2Fwp%2Fv2%2Fproduct_brand&post=256318"},{"taxonomy":"product_cat","embeddable":true,"href":"https:\/\/maybommini.vn\/index.php?rest_route=%2Fwp%2Fv2%2Fproduct_cat&post=256318"},{"taxonomy":"product_tag","embeddable":true,"href":"https:\/\/maybommini.vn\/index.php?rest_route=%2Fwp%2Fv2%2Fproduct_tag&post=256318"}],"curies":[{"name":"wp","href":"https:\/\/api.w.org\/{rel}","templated":true}]}}