{"id":256347,"date":"2018-04-12T19:32:31","date_gmt":"2018-04-12T12:32:31","guid":{"rendered":"https:\/\/maybommini.com\/san-pham\/import-placeholder-for-252638"},"modified":"2018-12-04T15:40:43","modified_gmt":"2018-12-04T08:40:43","slug":"may-khoan-van-vit-cam-tay-12v-xanh-option-1","status":"publish","type":"product","link":"https:\/\/maybommini.vn\/?product=may-khoan-van-vit-cam-tay-12v-xanh-option-1","title":{"rendered":"M\u00e1y khoan v\u1eb7n v\u00edt c\u1ea7m tay 12V &#8211; xanh &#8211; option 1"},"content":{"rendered":"<h3><strong>M\u00e1y khoan v\u1eb7n v\u00edt c\u1ea7m tay 12V &#8211; xanh &#8211; option 1 l\u00e0 b\u1ed9 m\u00e1y khoan c\u1ea7m tay d\u00f9ng pin si\u00eau ti\u1ec7n d\u1ee5ng \u0111\u01b0\u1ee3c thi\u1ebft k\u1ebf nh\u1ecf g\u1ecdn, r\u1ea5t nh\u1eb9 nh\u01b0ng l\u00e0m vi\u1ec7c r\u1ea5t hi\u1ec7u qu\u1ea3. B\u1ea1n c\u00f3 th\u1ec3 d\u1ec5 d\u00e0ng b\u1ea3o qu\u1ea3n s\u1ea3n ph\u1ea9m sau khi s\u1eed d\u1ee5ng v\u00e0 mang theo b\u1ea5t k\u00ec n\u01a1i \u0111\u00e2u v\u1edbi chi\u1ebfc vali nh\u1ecf g\u1ecdn \u0111\u1ef1ng to\u00e0n b\u1ed9 s\u1ea3n ph\u1ea9m. Thi\u1ebft k\u1ebf tay c\u1ea7m ch\u1eafc ch\u1eafn, gi\u00fap \u0111\u1ea3m b\u1ea3o \u0111\u01b0\u1ee3c s\u1ef1 an to\u00e0n trong qu\u00e1 tr\u00ecnh l\u00e0m vi\u1ec7c.<\/strong><\/h3>\n<h3><a href=\"http:\/\/maybommini.com\/wp-content\/uploads\/2016\/07\/may-ban-vit-cam-tay.jpg\" rel=\"attachment wp-att-245535 noopener\" target=\"_blank\"><img decoding=\"async\" class=\"size-full wp-image-245535 aligncenter\" src=\"http:\/\/maybommini.com\/wp-content\/uploads\/2016\/07\/may-ban-vit-cam-tay.jpg\" alt=\"may-ban-vit-cam-tay\" width=\"800\" height=\"800\" srcset=\"https:\/\/maybommini.vn\/wp-content\/uploads\/2016\/07\/may-ban-vit-cam-tay.jpg 800w, https:\/\/maybommini.vn\/wp-content\/uploads\/2016\/07\/may-ban-vit-cam-tay-300x300.jpg 300w, https:\/\/maybommini.vn\/wp-content\/uploads\/2016\/07\/may-ban-vit-cam-tay-600x600.jpg 600w, https:\/\/maybommini.vn\/wp-content\/uploads\/2016\/07\/may-ban-vit-cam-tay-150x150.jpg 150w, https:\/\/maybommini.vn\/wp-content\/uploads\/2016\/07\/may-ban-vit-cam-tay-768x768.jpg 768w\" sizes=\"(max-width: 800px) 100vw, 800px\" \/><\/a><strong>TH\u00d4NG S\u1ed0 K\u1ef8 THU\u1eacT<\/strong><br \/>\n\u0110i\u1ec7n \u00e1p : 12V<br \/>\nT\u1ed1c \u0111\u1ed9 t\u1ea3i: 0-700 rpm<br \/>\nLo\u1ea1i pin s\u1ea1c: Pin s\u1ea1c &#8211; c\u00f4ng ngh\u1ec7 lithium<br \/>\nM\u00f4 men xo\u1eafn c\u1ef1c \u0111\u1ea1i: 23 NM<br \/>\nB\u00f3ng LED chi\u1ebfu s\u00e1ng<br \/>\nLeb b\u00e1o dung l\u01b0\u1ee3ng Pin.<br \/>\nTr\u1ecdng l\u01b0\u1ee3ng: 1kg<br \/>\nB\u1ed9 m\u00e1y khoan bao g\u1ed3m:<br \/>\n01 vali sa\u0301ch tay<br \/>\n01 M\u00e1y khoan b\u1eafn v\u00edt<br \/>\n2 \u0111\u1ea7u v\u00edt ng\u1eafn<br \/>\n1 Pin d\u1ef1 ph\u00f2nh<br \/>\n01 c\u1ee5c s\u1ea1c (Adaptor)<\/h3>\n<h3 class=\"mr0\"><b>\u01afu \u0111i\u1ec3m s\u1ea3n ph\u1ea9m<br \/>\n<\/b>H\u1ed9p m\u00e1y khoan c\u1ea7m tay d\u00f9ng pin \u0111\u01b0\u1ee3c thi\u1ebft k\u1ebf v\u1edbi k\u00edch th\u01b0\u1edbc nh\u1ecf g\u1ecdn v\u00e0 tr\u1ecdng l\u01b0\u1ee3ng nh\u1eb9 nh\u00e0ng v\u1eeba tay c\u1ea7m ng\u01b0\u1eddi d\u00f9ng v\u00ec th\u1ebf b\u1ea1n c\u00f3 th\u1ec3 d\u1ec5 d\u00e0ng thao t\u00e1c, di chuy\u1ec3n khi s\u1eed d\u1ee5ng \u0111\u1ec3 c\u00f4ng vi\u1ec7c \u0111\u1ea1t hi\u1ec7u qu\u1ea3 cao nh\u1ea5t.<\/h3>\n<p><img decoding=\"async\" class=\"size-full wp-image-245536 aligncenter\" src=\"http:\/\/maybommini.com\/wp-content\/uploads\/2016\/07\/may-khoan-tay-dung-pin.jpg\" alt=\"may-khoan-tay-dung-pin\" width=\"800\" height=\"800\" srcset=\"https:\/\/maybommini.vn\/wp-content\/uploads\/2016\/07\/may-khoan-tay-dung-pin.jpg 800w, https:\/\/maybommini.vn\/wp-content\/uploads\/2016\/07\/may-khoan-tay-dung-pin-300x300.jpg 300w, https:\/\/maybommini.vn\/wp-content\/uploads\/2016\/07\/may-khoan-tay-dung-pin-600x600.jpg 600w, https:\/\/maybommini.vn\/wp-content\/uploads\/2016\/07\/may-khoan-tay-dung-pin-150x150.jpg 150w, https:\/\/maybommini.vn\/wp-content\/uploads\/2016\/07\/may-khoan-tay-dung-pin-768x768.jpg 768w\" sizes=\"(max-width: 800px) 100vw, 800px\" \/><br \/>\n\u0110i k\u00e8m v\u1edbi m\u00e1y l\u00e0 h\u00e0ng ch\u1ee5c chi ti\u1ebft ph\u1ee5 ki\u1ec7n, gi\u00fap b\u1ea1n c\u00f3 th\u1ec3 l\u00e0m vi\u1ec7c tr\u00ean r\u1ea5t nhi\u1ec1u \u0111i\u1ec1u ki\u1ec7n nh\u01b0 th\u00e1o l\u1eafp v\u00edt, b\u1eaft v\u00edt v\u00e0o g\u1ed7, th\u00e1o l\u1eafp bu-l\u00f4ng b\u1eb1ng b\u1ed9 kh\u1ea9u \u0111i k\u00e8m. Nh\u1eefng ph\u1ee5 ki\u1ec7n tr\u00ean \u0111\u01b0\u1ee3c thi\u1ebft k\u1ebf tinh x\u1ea3o, ch\u1eafc ch\u1eafn v\u1edbi ch\u1ea5t li\u1ec7u l\u00e0 th\u00e9p kh\u00f4ng g\u1ec9 si\u00eau c\u1ee9ng, tr\u00e1nh t\u00ecnh tr\u1ea1ng b\u1ecb tr\u1ea7y x\u01b0\u1edbc, m\u00f3p m\u00e9o trong qu\u00e1 tr\u00ecnh d\u00f9ng.<\/p>\n<p><a href=\"http:\/\/maybommini.com\/wp-content\/uploads\/2016\/07\/dau-may-khoan-tay.jpg\" rel=\"attachment wp-att-245537 noopener\" target=\"_blank\"><img decoding=\"async\" class=\"size-full wp-image-245537 aligncenter\" src=\"http:\/\/maybommini.com\/wp-content\/uploads\/2016\/07\/dau-may-khoan-tay.jpg\" alt=\"dau may khoan tay\" width=\"800\" height=\"800\" srcset=\"https:\/\/maybommini.vn\/wp-content\/uploads\/2016\/07\/dau-may-khoan-tay.jpg 800w, https:\/\/maybommini.vn\/wp-content\/uploads\/2016\/07\/dau-may-khoan-tay-300x300.jpg 300w, https:\/\/maybommini.vn\/wp-content\/uploads\/2016\/07\/dau-may-khoan-tay-600x600.jpg 600w, https:\/\/maybommini.vn\/wp-content\/uploads\/2016\/07\/dau-may-khoan-tay-150x150.jpg 150w, https:\/\/maybommini.vn\/wp-content\/uploads\/2016\/07\/dau-may-khoan-tay-768x768.jpg 768w\" sizes=\"(max-width: 800px) 100vw, 800px\" \/><\/a> <a href=\"http:\/\/maybommini.com\/wp-content\/uploads\/2016\/07\/den-bao-pin-sac-may-khoan.jpg\" rel=\"attachment wp-att-245538 noopener\" target=\"_blank\"><img decoding=\"async\" class=\"size-full wp-image-245538 aligncenter\" src=\"http:\/\/maybommini.com\/wp-content\/uploads\/2016\/07\/den-bao-pin-sac-may-khoan.jpg\" alt=\"den bao pin sac may khoan\" width=\"800\" height=\"800\" srcset=\"https:\/\/maybommini.vn\/wp-content\/uploads\/2016\/07\/den-bao-pin-sac-may-khoan.jpg 800w, https:\/\/maybommini.vn\/wp-content\/uploads\/2016\/07\/den-bao-pin-sac-may-khoan-300x300.jpg 300w, https:\/\/maybommini.vn\/wp-content\/uploads\/2016\/07\/den-bao-pin-sac-may-khoan-600x600.jpg 600w, https:\/\/maybommini.vn\/wp-content\/uploads\/2016\/07\/den-bao-pin-sac-may-khoan-150x150.jpg 150w, https:\/\/maybommini.vn\/wp-content\/uploads\/2016\/07\/den-bao-pin-sac-may-khoan-768x768.jpg 768w\" sizes=\"(max-width: 800px) 100vw, 800px\" \/><\/a> <a href=\"http:\/\/maybommini.com\/wp-content\/uploads\/2016\/07\/khoan-tay-mini.jpg\" rel=\"attachment wp-att-245539 noopener\" target=\"_blank\"><img decoding=\"async\" class=\"size-full wp-image-245539 aligncenter\" src=\"http:\/\/maybommini.com\/wp-content\/uploads\/2016\/07\/khoan-tay-mini.jpg\" alt=\"khoan tay mini\" width=\"800\" height=\"800\" srcset=\"https:\/\/maybommini.vn\/wp-content\/uploads\/2016\/07\/khoan-tay-mini.jpg 800w, https:\/\/maybommini.vn\/wp-content\/uploads\/2016\/07\/khoan-tay-mini-300x300.jpg 300w, https:\/\/maybommini.vn\/wp-content\/uploads\/2016\/07\/khoan-tay-mini-600x600.jpg 600w, https:\/\/maybommini.vn\/wp-content\/uploads\/2016\/07\/khoan-tay-mini-150x150.jpg 150w, https:\/\/maybommini.vn\/wp-content\/uploads\/2016\/07\/khoan-tay-mini-768x768.jpg 768w\" sizes=\"(max-width: 800px) 100vw, 800px\" \/><\/a><br \/>\nNh\u1eefng chi\u1ebfc m\u00e1y v\u1eb7n v\u00edt kh\u00e1c s\u1eed d\u1ee5ng ngu\u1ed3n \u0111i\u1ec7n c\u1eafm tr\u1ef1c ti\u1ebfp th\u00f4ng qua d\u00e2y d\u1eabn, \u0111i\u1ec1u \u0111\u00f3 khi\u1ebfn c\u00f4ng vi\u1ec7c c\u1ee7a b\u1ea1n b\u1ecb h\u1ea1n ch\u1ebf v\u1ec1 ph\u1ea1m vi v\u00e0 g\u00e2y m\u1ea5t th\u1eddi gian c\u1ee7a b\u1ea1n khi ph\u1ea3i t\u00ecm ki\u1ebfm \u1ed5 \u0111i\u1ec7n sao cho c\u00f3 th\u1ec3 d\u1eabn \u0111\u1ebfn n\u01a1i l\u00e0m vi\u1ec7c khi s\u1eed d\u1ee5ng m\u00e0 c\u00f2n kh\u00f4ng an to\u00e0n v\u1ec1 \u0111i\u1ec7n.<\/p>\n<p><a href=\"http:\/\/maybommini.com\/wp-content\/uploads\/2016\/07\/may-ban-vit-mini.jpg\" rel=\"attachment wp-att-245540 noopener\" target=\"_blank\"><img decoding=\"async\" class=\"size-full wp-image-245540 aligncenter\" src=\"http:\/\/maybommini.com\/wp-content\/uploads\/2016\/07\/may-ban-vit-mini.jpg\" alt=\"may ban vit mini\" width=\"800\" height=\"800\" srcset=\"https:\/\/maybommini.vn\/wp-content\/uploads\/2016\/07\/may-ban-vit-mini.jpg 800w, https:\/\/maybommini.vn\/wp-content\/uploads\/2016\/07\/may-ban-vit-mini-300x300.jpg 300w, https:\/\/maybommini.vn\/wp-content\/uploads\/2016\/07\/may-ban-vit-mini-600x600.jpg 600w, https:\/\/maybommini.vn\/wp-content\/uploads\/2016\/07\/may-ban-vit-mini-150x150.jpg 150w, https:\/\/maybommini.vn\/wp-content\/uploads\/2016\/07\/may-ban-vit-mini-768x768.jpg 768w\" sizes=\"(max-width: 800px) 100vw, 800px\" \/><\/a> <a href=\"http:\/\/maybommini.com\/wp-content\/uploads\/2016\/07\/may-khoan-ban-vit-12v.jpg\" rel=\"attachment wp-att-245541 noopener\" target=\"_blank\"><img decoding=\"async\" class=\"size-full wp-image-245541 aligncenter\" src=\"http:\/\/maybommini.com\/wp-content\/uploads\/2016\/07\/may-khoan-ban-vit-12v.jpg\" alt=\"may khoan ban vit 12v\" width=\"800\" height=\"800\" srcset=\"https:\/\/maybommini.vn\/wp-content\/uploads\/2016\/07\/may-khoan-ban-vit-12v.jpg 800w, https:\/\/maybommini.vn\/wp-content\/uploads\/2016\/07\/may-khoan-ban-vit-12v-300x300.jpg 300w, https:\/\/maybommini.vn\/wp-content\/uploads\/2016\/07\/may-khoan-ban-vit-12v-600x600.jpg 600w, https:\/\/maybommini.vn\/wp-content\/uploads\/2016\/07\/may-khoan-ban-vit-12v-150x150.jpg 150w, https:\/\/maybommini.vn\/wp-content\/uploads\/2016\/07\/may-khoan-ban-vit-12v-768x768.jpg 768w\" sizes=\"(max-width: 800px) 100vw, 800px\" \/><\/a> <a href=\"http:\/\/maybommini.com\/wp-content\/uploads\/2016\/07\/may-khoan-mini-12v.jpg\" rel=\"attachment wp-att-245542 noopener\" target=\"_blank\"><img decoding=\"async\" class=\"size-full wp-image-245542 aligncenter\" src=\"http:\/\/maybommini.com\/wp-content\/uploads\/2016\/07\/may-khoan-mini-12v.jpg\" alt=\"may khoan mini 12v\" width=\"800\" height=\"800\" srcset=\"https:\/\/maybommini.vn\/wp-content\/uploads\/2016\/07\/may-khoan-mini-12v.jpg 800w, https:\/\/maybommini.vn\/wp-content\/uploads\/2016\/07\/may-khoan-mini-12v-300x300.jpg 300w, https:\/\/maybommini.vn\/wp-content\/uploads\/2016\/07\/may-khoan-mini-12v-600x600.jpg 600w, https:\/\/maybommini.vn\/wp-content\/uploads\/2016\/07\/may-khoan-mini-12v-150x150.jpg 150w, https:\/\/maybommini.vn\/wp-content\/uploads\/2016\/07\/may-khoan-mini-12v-768x768.jpg 768w\" sizes=\"(max-width: 800px) 100vw, 800px\" \/><\/a><br \/>\nM\u00e1y khoan b\u1eaft v\u00edt d\u00f9ng pin l\u00e0 d\u00f2ng m\u00e1y hi\u1ec7n \u0111ang r\u1ea5t \u0111\u01b0\u1ee3c \u01b0a chu\u1ed9ng tr\u00ean th\u1ecb tr\u01b0\u1eddng nh\u1edd s\u1ef1 hi\u1ec7u qu\u1ea3 trong ch\u1ebf \u0111\u1ed9 l\u00e0m vi\u1ec7c c\u0169ng nh\u01b0 t\u00ednh g\u1ecdn nh\u1eb9, ti\u1ebft ki\u1ec7m \u1edf m\u1ed9t s\u1ea3n ph\u1ea9m d\u1ee5ng c\u1ee5 th\u00f4ng th\u01b0\u1eddng. M\u00e1y s\u1eed d\u1ee5ng c\u01a1 c\u1ea5u \u0111i\u1ec1u khi\u1ec3n t\u1ed1c \u0111\u1ed9 \u0111i\u1ec7n t\u1eed gi\u00fap vi\u1ec7c khoan tr\u1edf n\u00ean t\u1ed1t h\u01a1n bao gi\u1edd h\u1ebft.<\/p>\n<p><a href=\"http:\/\/maybommini.com\/wp-content\/uploads\/2016\/07\/mui-khoan-may-khoan-pin.jpg\" rel=\"attachment wp-att-245544 noopener\" target=\"_blank\"><img decoding=\"async\" class=\"size-full wp-image-245544 aligncenter\" src=\"http:\/\/maybommini.com\/wp-content\/uploads\/2016\/07\/mui-khoan-may-khoan-pin.jpg\" alt=\"mui khoan may khoan pin\" width=\"800\" height=\"800\" srcset=\"https:\/\/maybommini.vn\/wp-content\/uploads\/2016\/07\/mui-khoan-may-khoan-pin.jpg 800w, https:\/\/maybommini.vn\/wp-content\/uploads\/2016\/07\/mui-khoan-may-khoan-pin-300x300.jpg 300w, https:\/\/maybommini.vn\/wp-content\/uploads\/2016\/07\/mui-khoan-may-khoan-pin-600x600.jpg 600w, https:\/\/maybommini.vn\/wp-content\/uploads\/2016\/07\/mui-khoan-may-khoan-pin-150x150.jpg 150w, https:\/\/maybommini.vn\/wp-content\/uploads\/2016\/07\/mui-khoan-may-khoan-pin-768x768.jpg 768w\" sizes=\"(max-width: 800px) 100vw, 800px\" \/><\/a> <a href=\"http:\/\/maybommini.com\/wp-content\/uploads\/2016\/07\/may-khoan-pin.jpg\" rel=\"attachment wp-att-245543 noopener\" target=\"_blank\"><img decoding=\"async\" class=\"size-full wp-image-245543 aligncenter\" src=\"http:\/\/maybommini.com\/wp-content\/uploads\/2016\/07\/may-khoan-pin.jpg\" alt=\"may khoan pin\" width=\"800\" height=\"800\" srcset=\"https:\/\/maybommini.vn\/wp-content\/uploads\/2016\/07\/may-khoan-pin.jpg 800w, https:\/\/maybommini.vn\/wp-content\/uploads\/2016\/07\/may-khoan-pin-300x300.jpg 300w, https:\/\/maybommini.vn\/wp-content\/uploads\/2016\/07\/may-khoan-pin-600x600.jpg 600w, https:\/\/maybommini.vn\/wp-content\/uploads\/2016\/07\/may-khoan-pin-150x150.jpg 150w, https:\/\/maybommini.vn\/wp-content\/uploads\/2016\/07\/may-khoan-pin-768x768.jpg 768w\" sizes=\"(max-width: 800px) 100vw, 800px\" \/><\/a><\/p>\n<p>V\u1eady c\u00f2n ch\u1ea7n ch\u1edd g\u00ec n\u1eefa, h\u00e3y nhanh tay s\u1edf h\u1eefu cho m\u00ecnh H\u1ed9p m\u00e1y khoan c\u1ea7m tay s\u1ea1c pin tuy\u1ec7t v\u1eddi n\u00e0y v\u1edbi khuy\u1ebfn m\u1ea1i c\u1ef1c s\u1ed1c c\u00f9ng ch\u00fang t\u00f4i b\u1ea1n nh\u00e9!<\/p>\n<h2><strong>MUA M\u00c1Y KHOAN B\u1eaeN V\u00cdT C\u1ea6M TAY\u00a0\u1ede \u0110\u00c2U ?<\/strong><\/h2>\n<p><strong>CTY TNHH TH\u01af\u01a0NG M\u1ea0I D\u1ecaCH V\u1ee4 \u0110I\u1ec6N M\u00c1Y TH\u00d4NG MINH<\/strong><br \/>\nHotline : 090 729 4310<br \/>\nEmail : maybommini.com@gmail.com<br \/>\nWebsite : http:\/\/maybommini.com<br \/>\nFacebook : https:\/\/www.facebook.com\/maybommini<br \/>\nGoogle   : https:\/\/plus.google.com\/ Maybomnuocminiruaxe<br \/>\nYoutube demo : https:\/\/www.youtube.com\/bahamasali<\/p>\n","protected":false},"excerpt":{"rendered":"<h3>\u0110i\u1ec7n \u00e1p : 12V<br \/>\nT\u1ed1c \u0111\u1ed9 t\u1ea3i: 0-700 rpm<br \/>\nLo\u1ea1i pin s\u1ea1c: Pin s\u1ea1c &#8211; c\u00f4ng ngh\u1ec7 lithium<br \/>\nM\u00f4 men xo\u1eafn c\u1ef1c \u0111\u1ea1i: 23 NM<br \/>\nB\u00f3ng LED chi\u1ebfu s\u00e1ng<br \/>\nLeb b\u00e1o dung l\u01b0\u1ee3ng Pin.<br \/>\nTr\u1ecdng l\u01b0\u1ee3ng: 1kg<br \/>\nB\u1ed9 m\u00e1y khoan bao g\u1ed3m:<br \/>\n01 vali sa\u0301ch tay<br \/>\n01 M\u00e1y khoan b\u1eafn v\u00edt<br \/>\n2 \u0111\u1ea7u v\u00edt ng\u1eafn<br \/>\n1 Pin d\u1ef1 ph\u00f2nh<br \/>\n01 c\u1ee5c s\u1ea1c (Adaptor)<br \/>\nB\u1ea3o h\u00e0ng : 3 th\u00e1ng ch\u00ednh h\u00e3ng<br \/>\nPh\u00e2n ph\u1ed1i b\u1edfi MBM<\/h3>\n","protected":false},"featured_media":256417,"comment_status":"open","ping_status":"closed","template":"","meta":[],"product_brand":[],"product_cat":[317,828],"product_tag":[267,829,830,831,839,832,833,834,835,840,836,837,838,841],"class_list":{"0":"post-256347","1":"product","2":"type-product","3":"status-publish","4":"has-post-thumbnail","6":"product_cat-thiet-bi-dung-cu","7":"product_cat-may-khoan-ban-vit","8":"product_tag-12v","9":"product_tag-ban-vit","10":"product_tag-ban-vit-ban-pin","11":"product_tag-khoan-pin","12":"product_tag-khoan-sac","13":"product_tag-may-ban-vit-mini","14":"product_tag-may-khaon-tay","15":"product_tag-may-khoan","16":"product_tag-may-khoan-4-8v","17":"product_tag-may-khoan-cam-tay-12v","18":"product_tag-may-khoan-mini","19":"product_tag-may-khoan-pin","20":"product_tag-may-khoan-sac","21":"product_tag-may-khoan-sac-12v","23":"first","24":"instock","25":"sale","26":"shipping-taxable","27":"purchasable","28":"product-type-simple"},"_links":{"self":[{"href":"https:\/\/maybommini.vn\/index.php?rest_route=\/wp\/v2\/product\/256347","targetHints":{"allow":["GET"]}}],"collection":[{"href":"https:\/\/maybommini.vn\/index.php?rest_route=\/wp\/v2\/product"}],"about":[{"href":"https:\/\/maybommini.vn\/index.php?rest_route=\/wp\/v2\/types\/product"}],"replies":[{"embeddable":true,"href":"https:\/\/maybommini.vn\/index.php?rest_route=%2Fwp%2Fv2%2Fcomments&post=256347"}],"wp:featuredmedia":[{"embeddable":true,"href":"https:\/\/maybommini.vn\/index.php?rest_route=\/wp\/v2\/media\/256417"}],"wp:attachment":[{"href":"https:\/\/maybommini.vn\/index.php?rest_route=%2Fwp%2Fv2%2Fmedia&parent=256347"}],"wp:term":[{"taxonomy":"product_brand","embeddable":true,"href":"https:\/\/maybommini.vn\/index.php?rest_route=%2Fwp%2Fv2%2Fproduct_brand&post=256347"},{"taxonomy":"product_cat","embeddable":true,"href":"https:\/\/maybommini.vn\/index.php?rest_route=%2Fwp%2Fv2%2Fproduct_cat&post=256347"},{"taxonomy":"product_tag","embeddable":true,"href":"https:\/\/maybommini.vn\/index.php?rest_route=%2Fwp%2Fv2%2Fproduct_tag&post=256347"}],"curies":[{"name":"wp","href":"https:\/\/api.w.org\/{rel}","templated":true}]}}