{"id":256428,"date":"2018-04-12T19:33:36","date_gmt":"2018-04-12T12:33:36","guid":{"rendered":"https:\/\/maybommini.com\/san-pham\/import-placeholder-for-252709"},"modified":"2018-05-14T11:18:00","modified_gmt":"2018-05-14T04:18:00","slug":"may-bom-xang-dau-nhot-220v-120w-60l","status":"publish","type":"product","link":"https:\/\/maybommini.vn\/?product=may-bom-xang-dau-nhot-220v-120w-60l","title":{"rendered":"M\u00e1y b\u01a1m x\u0103ng d\u1ea7u nh\u1edbt 220V 120W 60L"},"content":{"rendered":"<p><strong>M\u00e1y b\u01a1m x\u0103ng d\u1ea7u nh\u1edbt 220V 120W 60L chuy\u00ean d\u1ee5ng b\u01a1m nhi\u00ean li\u1ec7u c\u00e1c lo\u1ea1i. V\u1edbi v\u1edbi xu\u1ea5t b\u01a1m l\u1edbn v\u00e0 l\u01b0u l\u01b0\u1ee3ng cao th\u00edch h\u1ee3p b\u01a1m nhi\u00ean li\u1ec7u t\u00e0u xe ph\u01b0\u01a1ng ti\u1ec7n&#8230;<\/strong><\/p>\n<p><img decoding=\"async\" class=\"size-full wp-image-246881 aligncenter\" src=\"https:\/\/maybommini.com\/wp-content\/uploads\/2016\/10\/may-bom-xang-dau-nhot-220v-1.jpg\" alt=\"may-bom-xang-dau-nhot-220v-1\" width=\"430\" height=\"430\" srcset=\"https:\/\/maybommini.vn\/wp-content\/uploads\/2016\/10\/may-bom-xang-dau-nhot-220v-1.jpg 430w, https:\/\/maybommini.vn\/wp-content\/uploads\/2016\/10\/may-bom-xang-dau-nhot-220v-1-300x300.jpg 300w, https:\/\/maybommini.vn\/wp-content\/uploads\/2016\/10\/may-bom-xang-dau-nhot-220v-1-150x150.jpg 150w\" sizes=\"(max-width: 430px) 100vw, 430px\" \/><\/p>\n<p><strong>TH\u00d4NG S\u1ed0 K\u1ef8 THU\u1eacT<\/strong><br \/>\n\u0110i\u1ec7n th\u1ebf : 220vV<br \/>\nC\u00f4ng su\u1ea5t : 120W<br \/>\nL\u01b0u l\u01b0\u1ee3ng: 60L\/ph\u00fat<br \/>\nT\u1ef1\u00a0\u0111\u1ed9ng m\u1ed3i<br \/>\nH\u00fat : 3 &#8211; 5 m\u00e9t<br \/>\n\u0110\u1ea9y: 10 &#8211; 15 m\u00e9t<br \/>\nXu\u1ea5t x\u1ee9: CHINA cao c\u1ea5p<br \/>\nT\u00ecnh tr\u1ea1ng: H\u00e0ng m\u1edbi 100%<br \/>\nB\u1ea3o h\u00e0nh: 6 th\u00e1ng (1\u00a0\u0111\u1ed5i 1)<\/p>\n<p><img decoding=\"async\" class=\"size-full wp-image-246880 aligncenter\" src=\"https:\/\/maybommini.com\/wp-content\/uploads\/2016\/10\/may-bom-nhien-lieu.jpg\" alt=\"may-bom-nhien-lieu\" width=\"514\" height=\"502\" srcset=\"https:\/\/maybommini.vn\/wp-content\/uploads\/2016\/10\/may-bom-nhien-lieu.jpg 514w, https:\/\/maybommini.vn\/wp-content\/uploads\/2016\/10\/may-bom-nhien-lieu-300x293.jpg 300w\" sizes=\"(max-width: 514px) 100vw, 514px\" \/><\/p>\n<p><strong>\u1ee8NG D\u1ee4NG M\u00c1Y B\u01a0M X\u0102NG D\u1ea6U NH\u1edaT<\/strong><br \/>\n\u0110\u00e2y l\u00e0 lo\u1ea1i m\u00e1y b\u01a1m chuy\u00ean d\u1ee5ng trong vi\u1ec7c b\u01a1m nhi\u00ean li\u1ec7u cho xe\u00a0\u00d4to, t\u00e0u thuy\u1ec1n v\u00e0 c\u00e1c ph\u01b0\u01a1ng ti\u1ec7n kh\u00e1c.<br \/>\nD\u00f9ng b\u01a1m x\u0103ng d\u1ea7u nh\u00e0 kho.<br \/>\nB\u01a1m x\u0103ng v\u00e0o b\u1ed3n\u00a0ch\u1ee9a.<br \/>\nB\u01a1m nhi\u00ean li\u1ec7u t\u00e0u thuy\u1ec1n, x\u00e0 lan.<br \/>\nB\u01a1m x\u0103ng xe t\u1ea3i.<br \/>\nB\u01a1m nh\u1edbt c\u00e1c lo\u1ea1i.<br \/>\nB\u01a1m sang chi\u1ebft nhi\u00ean li\u1ec7u.<\/p>\n<p><a href=\"https:\/\/maybommini.com\/wp-content\/uploads\/2018\/04\/may-bom-xang-dau-nhot-220v-60l.jpg\" target=\"_blank\" rel=\"noopener\"><img decoding=\"async\" class=\"size-full wp-image-258514 aligncenter\" src=\"https:\/\/maybommini.com\/wp-content\/uploads\/2018\/04\/may-bom-xang-dau-nhot-220v-60l.jpg\" alt=\"May Bom Xang Dau Nhot 220v 60l\" width=\"750\" height=\"750\" srcset=\"https:\/\/maybommini.vn\/wp-content\/uploads\/2018\/04\/may-bom-xang-dau-nhot-220v-60l.jpg 750w, https:\/\/maybommini.vn\/wp-content\/uploads\/2018\/04\/may-bom-xang-dau-nhot-220v-60l-300x300.jpg 300w, https:\/\/maybommini.vn\/wp-content\/uploads\/2018\/04\/may-bom-xang-dau-nhot-220v-60l-150x150.jpg 150w, https:\/\/maybommini.vn\/wp-content\/uploads\/2018\/04\/may-bom-xang-dau-nhot-220v-60l-600x600.jpg 600w\" sizes=\"(max-width: 750px) 100vw, 750px\" \/><\/a><\/p>\n<p><strong>M\u00e1y b\u01a1m x\u0103ng d\u1ea7u nh\u1edbt 220V 120W 60L chuy\u00ean d\u1ee5ng b\u01a1m nhi\u00ean li\u1ec7u c\u00e1c lo\u1ea1i. V\u1edbi v\u1edbi xu\u1ea5t b\u01a1m l\u1edbn v\u00e0 l\u01b0u l\u01b0\u1ee3ng cao th\u00edch h\u1ee3p b\u01a1m nhi\u00ean li\u1ec7u t\u00e0u xe ph\u01b0\u01a1ng ti\u1ec7n&#8230;<\/strong><\/p>\n<p><strong>LI\u00caN H\u1ec6 MUA M\u00c1Y B\u01a0M X\u0102NG D\u1ea6U NH\u1edaT<\/strong><\/p>\n<table style=\"height: 124px;\" width=\"640\">\n<tbody>\n<tr>\n<td><strong>CTY TNHH TH\u01af\u01a0NG M\u1ea0I D\u1ecaCH V\u1ee4 \u0110I\u1ec6N M\u00c1Y TH\u00d4NG MINH<\/strong><\/p>\n<p>18bis\/22\/3 Nguy\u1ec5n Th\u1ecb Minh Khai, Ph\u01b0\u1eddng \u0110akao, Qu\u1eadn 1 , H\u1ed3 Ch\u00ed Minh.<\/p>\n<p><strong>HOTLINE<\/strong>: 090 729 4310<\/p>\n<p><strong>\u0110\u1ea0I L\u00dd C\u00c1C T\u1ec8NH:<\/strong> 090 729 4310<\/p>\n<p><strong>TT B\u1ea2O H\u00c0NH:<\/strong> 09888 080 70<\/td>\n<td><strong>Email :<\/strong> <a href=\"mailto:maybommini.com@gmail.com\" target=\"_blank\" rel=\"noopener\">maybommini.com@gmail.com<\/a><\/p>\n<p><strong>Website :<\/strong> <a href=\"http:\/\/maybommini.com\" target=\"_blank\" rel=\"noopener\">http:\/\/maybommini.com<\/a><\/p>\n<p><strong>Facebook :<\/strong> <a href=\"https:\/\/www.facebook.com\/maybommini\" target=\"_blank\" rel=\"noopener\">https:\/\/www.facebook.com\/maybommini<\/a><\/p>\n<p><strong>Google :<\/strong> <a href=\"https:\/\/plus.google.com\/ Maybomnuocminiruaxe\" target=\"_blank\" rel=\"noopener\">https:\/\/plus.google.com\/ Maybomnuocminiruaxe<\/a><\/p>\n<p><strong>Youtube demo :<\/strong> <a href=\"https:\/\/www.youtube.com\/bahamasali\" target=\"_blank\" rel=\"noopener\">https:\/\/www.youtube.com\/bahamasali<\/a><\/td>\n<\/tr>\n<\/tbody>\n<\/table>\n<h3 style=\"text-align: center;\">M\u00e1y b\u01a1m x\u0103ng d\u1ea7u nh\u1edbt 220V 120W 60L<\/h3>\n","protected":false},"excerpt":{"rendered":"<p>Model: LK-60-220AC<br \/>\n\u0110i\u1ec7n th\u1ebf : 220V<br \/>\nC\u00f4ng su\u1ea5t : 120W<br \/>\nL\u01b0u l\u01b0\u1ee3ng: 60L\/ph\u00fat<br \/>\nT\u1ef1\u00a0\u0111\u1ed9ng m\u1ed3i<br \/>\nH\u00fat : 3 &#8211; 9 m\u00e9t<br \/>\n\u0110\u1ea9y: 10 &#8211; 15 m\u00e9t<br \/>\nXu\u1ea5t x\u1ee9: CHINA cao c\u1ea5p<br \/>\nT\u00ecnh tr\u1ea1ng: H\u00e0ng m\u1edbi 100%<br \/>\nB\u1ea3o h\u00e0nh: 1 n\u0103m ch\u00ednh h\u00e3ng<br \/>\n<span style=\"color: #ff0000;\">(kh\u00f4ng b\u1ea3o h\u00e0nh c\u00e1nh qu\u1ea1t &#8211; m\u00f2n thay m\u1edbi)<\/span><\/p>\n","protected":false},"featured_media":258514,"comment_status":"open","ping_status":"closed","template":"","meta":[],"product_brand":[],"product_cat":[1988],"product_tag":[267,500,888,523,525,859,527],"class_list":{"0":"post-256428","1":"product","2":"type-product","3":"status-publish","4":"has-post-thumbnail","6":"product_cat-may-bom-xang-dau-nhot-220v","7":"product_tag-12v","8":"product_tag-220v","9":"product_tag-bom-xang-dau-nhot","10":"product_tag-may-bom-dau","11":"product_tag-may-bom-nhien-lieu","12":"product_tag-may-bom-nhot","13":"product_tag-may-bom-xang","15":"first","16":"instock","17":"sale","18":"shipping-taxable","19":"purchasable","20":"product-type-simple"},"_links":{"self":[{"href":"https:\/\/maybommini.vn\/index.php?rest_route=\/wp\/v2\/product\/256428","targetHints":{"allow":["GET"]}}],"collection":[{"href":"https:\/\/maybommini.vn\/index.php?rest_route=\/wp\/v2\/product"}],"about":[{"href":"https:\/\/maybommini.vn\/index.php?rest_route=\/wp\/v2\/types\/product"}],"replies":[{"embeddable":true,"href":"https:\/\/maybommini.vn\/index.php?rest_route=%2Fwp%2Fv2%2Fcomments&post=256428"}],"wp:featuredmedia":[{"embeddable":true,"href":"https:\/\/maybommini.vn\/index.php?rest_route=\/wp\/v2\/media\/258514"}],"wp:attachment":[{"href":"https:\/\/maybommini.vn\/index.php?rest_route=%2Fwp%2Fv2%2Fmedia&parent=256428"}],"wp:term":[{"taxonomy":"product_brand","embeddable":true,"href":"https:\/\/maybommini.vn\/index.php?rest_route=%2Fwp%2Fv2%2Fproduct_brand&post=256428"},{"taxonomy":"product_cat","embeddable":true,"href":"https:\/\/maybommini.vn\/index.php?rest_route=%2Fwp%2Fv2%2Fproduct_cat&post=256428"},{"taxonomy":"product_tag","embeddable":true,"href":"https:\/\/maybommini.vn\/index.php?rest_route=%2Fwp%2Fv2%2Fproduct_tag&post=256428"}],"curies":[{"name":"wp","href":"https:\/\/api.w.org\/{rel}","templated":true}]}}