{"id":256561,"date":"2018-04-12T19:35:11","date_gmt":"2018-04-12T12:35:11","guid":{"rendered":"https:\/\/maybommini.com\/san-pham\/import-placeholder-for-252817"},"modified":"2022-09-30T17:54:21","modified_gmt":"2022-09-30T10:54:21","slug":"sac-pin-lithium-ion-12v-1a","status":"publish","type":"product","link":"https:\/\/maybommini.vn\/?product=sac-pin-lithium-ion-12v-1a","title":{"rendered":"S\u1ea1c Pin Lithium ion 12V 1A t\u1ef1 \u0111\u1ed9ng"},"content":{"rendered":"<h4><strong>B\u00e1n s\u1ea1c pin lithium Li-ion 12.6V 1A v\u1edbi \u01b0u \u0111i\u1ec3m th\u00f4ng minh t\u1ef1 \u0111\u1ed9ng ch\u1ea5t l\u01b0\u1ee3ng nh\u1ecf g\u1ecdn \u0111\u01b0\u1ee3c s\u1eed d\u00f9ng nhi\u1ec1u \u0111\u1ec3 s\u1ea1c pin cho c\u00e1c thi\u1ebft b\u1ecb nh\u01b0 m\u00e1y khoan b\u1eafn v\u1ecbt c\u1ea7m tay, \u0111\u00e8n pin led, s\u1ea1c cho pin xe \u0111i\u1ec7n tr\u1ebb em, s\u1ea1c cho pin 3s 12v v\u00e0 nhi\u1ec1u thi\u1ebft b\u1ecb kh\u00e1c.<\/strong><\/h4>\n<p><a href=\"https:\/\/maybommini.com\/wp-content\/uploads\/2018\/04\/12.6V-1A-charger-3S-3.7V-lithium-battery-charger.jpg\" target=\"_blank\" rel=\"noopener\"><img decoding=\"async\" class=\"size-full wp-image-270844 aligncenter\" src=\"https:\/\/maybommini.com\/wp-content\/uploads\/2018\/04\/12.6V-1A-charger-3S-3.7V-lithium-battery-charger.jpg\" alt=\"12.6V 1A Charger 3S 3.7V Lithium Battery Charger\" width=\"750\" height=\"750\" srcset=\"https:\/\/maybommini.vn\/wp-content\/uploads\/2018\/04\/12.6V-1A-charger-3S-3.7V-lithium-battery-charger.jpg 750w, https:\/\/maybommini.vn\/wp-content\/uploads\/2018\/04\/12.6V-1A-charger-3S-3.7V-lithium-battery-charger-300x300.jpg 300w, https:\/\/maybommini.vn\/wp-content\/uploads\/2018\/04\/12.6V-1A-charger-3S-3.7V-lithium-battery-charger-150x150.jpg 150w, https:\/\/maybommini.vn\/wp-content\/uploads\/2018\/04\/12.6V-1A-charger-3S-3.7V-lithium-battery-charger-600x600.jpg 600w\" sizes=\"(max-width: 750px) 100vw, 750px\" \/><\/a><br \/>\n<strong>TH\u00d4NG S\u1ed0 K\u1ef8 THU\u1eacT<\/strong><br \/>\nLo\u1ea1i s\u1ea3n ph\u1ea9m: B\u1ed9 s\u1ea1c pin Lithium 12,6V 1A<br \/>\n\u0110\u1ea7u v\u00e0o: 100-240V AC<br \/>\n\u0110\u1ea7u ra: DC 12,6V 1A DC<br \/>\nD\u00e2y tr\u00f2n d\u00e0i 1m<br \/>\n\u0110\u1ea7u DC: 5.5X2.1 mm<br \/>\nTr\u1ecdng l\u01b0\u1ee3ng \u0111\u00f3ng g\u00f3i: 80g<br \/>\nK\u00edch th\u01b0\u1edbc: 5.5 * 2.1 * 10MM<br \/>\nKhi s\u1ea1c \u0111\u00e8n \u0111\u1ecf, \u0111\u1ea7y \u0111\u00e8n xanh, t\u1ef1 \u0111\u1ed9ng d\u1eebng s\u1ea1c<br \/>\nH\u1ed7 tr\u1ee3 Pin s\u1ea1c \/ G\u00f3i pin 18650 lithium<\/p>\n<p><strong><a href=\"https:\/\/maybommini.com\/wp-content\/uploads\/2018\/04\/sac-pin-thong-minh-tu-dong.jpg\" target=\"_blank\" rel=\"noopener\"><img decoding=\"async\" class=\"size-full wp-image-270843 aligncenter\" src=\"https:\/\/maybommini.com\/wp-content\/uploads\/2018\/04\/sac-pin-thong-minh-tu-dong.jpg\" alt=\"Sac Pin Thong Minh Tu Dong\" width=\"750\" height=\"750\" srcset=\"https:\/\/maybommini.vn\/wp-content\/uploads\/2018\/04\/sac-pin-thong-minh-tu-dong.jpg 750w, https:\/\/maybommini.vn\/wp-content\/uploads\/2018\/04\/sac-pin-thong-minh-tu-dong-300x300.jpg 300w, https:\/\/maybommini.vn\/wp-content\/uploads\/2018\/04\/sac-pin-thong-minh-tu-dong-150x150.jpg 150w, https:\/\/maybommini.vn\/wp-content\/uploads\/2018\/04\/sac-pin-thong-minh-tu-dong-600x600.jpg 600w\" sizes=\"(max-width: 750px) 100vw, 750px\" \/><\/a><a href=\"https:\/\/maybommini.com\/wp-content\/uploads\/2018\/04\/sac-pin-cao-cap-chat-luong-12v-1a.jpg\" target=\"_blank\" rel=\"noopener\"><img decoding=\"async\" class=\"size-full wp-image-270841 aligncenter\" src=\"https:\/\/maybommini.com\/wp-content\/uploads\/2018\/04\/sac-pin-cao-cap-chat-luong-12v-1a.jpg\" alt=\"Sac Pin Cao Cap Chat Luong 12v 1a\" width=\"750\" height=\"750\" srcset=\"https:\/\/maybommini.vn\/wp-content\/uploads\/2018\/04\/sac-pin-cao-cap-chat-luong-12v-1a.jpg 750w, https:\/\/maybommini.vn\/wp-content\/uploads\/2018\/04\/sac-pin-cao-cap-chat-luong-12v-1a-300x300.jpg 300w, https:\/\/maybommini.vn\/wp-content\/uploads\/2018\/04\/sac-pin-cao-cap-chat-luong-12v-1a-150x150.jpg 150w, https:\/\/maybommini.vn\/wp-content\/uploads\/2018\/04\/sac-pin-cao-cap-chat-luong-12v-1a-600x600.jpg 600w\" sizes=\"(max-width: 750px) 100vw, 750px\" \/><\/a><a href=\"https:\/\/maybommini.com\/wp-content\/uploads\/2018\/04\/bo-sac-pin-3s-12v-18650.jpg\" target=\"_blank\" rel=\"noopener\"><img decoding=\"async\" class=\"size-full wp-image-270846 aligncenter\" src=\"https:\/\/maybommini.com\/wp-content\/uploads\/2018\/04\/bo-sac-pin-3s-12v-18650.jpg\" alt=\"Bo Sac Pin 3s 12v 18650\" width=\"750\" height=\"750\" srcset=\"https:\/\/maybommini.vn\/wp-content\/uploads\/2018\/04\/bo-sac-pin-3s-12v-18650.jpg 750w, https:\/\/maybommini.vn\/wp-content\/uploads\/2018\/04\/bo-sac-pin-3s-12v-18650-300x300.jpg 300w, https:\/\/maybommini.vn\/wp-content\/uploads\/2018\/04\/bo-sac-pin-3s-12v-18650-150x150.jpg 150w, https:\/\/maybommini.vn\/wp-content\/uploads\/2018\/04\/bo-sac-pin-3s-12v-18650-600x600.jpg 600w\" sizes=\"(max-width: 750px) 100vw, 750px\" \/><\/a><a href=\"https:\/\/maybommini.com\/wp-content\/uploads\/2018\/04\/ban-sac-pin-12v.jpg\" target=\"_blank\" rel=\"noopener\"><img decoding=\"async\" class=\"size-full wp-image-270845 aligncenter\" src=\"https:\/\/maybommini.com\/wp-content\/uploads\/2018\/04\/ban-sac-pin-12v.jpg\" alt=\"Ban Sac Pin 12v\" width=\"750\" height=\"750\" srcset=\"https:\/\/maybommini.vn\/wp-content\/uploads\/2018\/04\/ban-sac-pin-12v.jpg 750w, https:\/\/maybommini.vn\/wp-content\/uploads\/2018\/04\/ban-sac-pin-12v-300x300.jpg 300w, https:\/\/maybommini.vn\/wp-content\/uploads\/2018\/04\/ban-sac-pin-12v-150x150.jpg 150w, https:\/\/maybommini.vn\/wp-content\/uploads\/2018\/04\/ban-sac-pin-12v-600x600.jpg 600w\" sizes=\"(max-width: 750px) 100vw, 750px\" \/><\/a>S\u1eec D\u1ee4NG S\u1ea0C CHO PIN 12V<\/strong><br \/>\nS\u1ea1c Pin lithium (pin lithium-ion, pin lithium polymer), \u0111i\u1ec7n \u00e1p danh \u0111\u1ecbnh c\u1ee7a b\u1ed9 pin l\u00e0 11,1V-12,6V, d\u1ea3i dung l\u01b0\u1ee3ng<br \/>\n1100 ~ 5500mAh. Nh\u01b0 18650,18490,14650,14500,14430 v\u00e0 c\u00e1c g\u00f3i pin kh\u00e1c,<br \/>\nCH\u1ee8C N\u0102NG S\u1ea0C PIN TH\u00d4NG MINH<br \/>\n1. C\u1eafm s\u1ea1c v\u00e0o ngu\u1ed3n \u0111i\u1ec7n 220V \u0111\u00e8n xanh ch\u01b0a s\u1ea1c.<br \/>\n2. Khi pin \u0111\u01b0\u1ee3c s\u1ea1c \u0111\u00e8n \u0111\u1ecf<br \/>\n3. Khi pin \u0111\u1ea7y ho\u00e0n to\u00e0n t\u1ef1 chuy\u1ec3n sang m\u00e0u xanh l\u1ee5c.<\/p>\n<p><strong><a href=\"https:\/\/maybommini.com\/wp-content\/uploads\/2018\/04\/bo-sac-pin-12v-gia-re-tu-dong.jpg\" target=\"_blank\" rel=\"noopener\"><img decoding=\"async\" class=\"size-full wp-image-270847 aligncenter\" src=\"https:\/\/maybommini.com\/wp-content\/uploads\/2018\/04\/bo-sac-pin-12v-gia-re-tu-dong.jpg\" alt=\"Bo Sac Pin 12v Gia Re Tu Dong\" width=\"750\" height=\"750\" srcset=\"https:\/\/maybommini.vn\/wp-content\/uploads\/2018\/04\/bo-sac-pin-12v-gia-re-tu-dong.jpg 750w, https:\/\/maybommini.vn\/wp-content\/uploads\/2018\/04\/bo-sac-pin-12v-gia-re-tu-dong-300x300.jpg 300w, https:\/\/maybommini.vn\/wp-content\/uploads\/2018\/04\/bo-sac-pin-12v-gia-re-tu-dong-150x150.jpg 150w, https:\/\/maybommini.vn\/wp-content\/uploads\/2018\/04\/bo-sac-pin-12v-gia-re-tu-dong-600x600.jpg 600w\" sizes=\"(max-width: 750px) 100vw, 750px\" \/><\/a><a href=\"https:\/\/maybommini.com\/wp-content\/uploads\/2018\/04\/sac-pin-lithium-li-ion-12v-1000ma-tu-dong-ngat.jpg\" target=\"_blank\" rel=\"noopener\"><img decoding=\"async\" class=\"size-full wp-image-270842 aligncenter\" src=\"https:\/\/maybommini.com\/wp-content\/uploads\/2018\/04\/sac-pin-lithium-li-ion-12v-1000ma-tu-dong-ngat.jpg\" alt=\"Sac Pin Lithium Li Ion 12v 1000ma Tu Dong Ngat\" width=\"750\" height=\"750\" srcset=\"https:\/\/maybommini.vn\/wp-content\/uploads\/2018\/04\/sac-pin-lithium-li-ion-12v-1000ma-tu-dong-ngat.jpg 750w, https:\/\/maybommini.vn\/wp-content\/uploads\/2018\/04\/sac-pin-lithium-li-ion-12v-1000ma-tu-dong-ngat-300x300.jpg 300w, https:\/\/maybommini.vn\/wp-content\/uploads\/2018\/04\/sac-pin-lithium-li-ion-12v-1000ma-tu-dong-ngat-150x150.jpg 150w, https:\/\/maybommini.vn\/wp-content\/uploads\/2018\/04\/sac-pin-lithium-li-ion-12v-1000ma-tu-dong-ngat-600x600.jpg 600w\" sizes=\"(max-width: 750px) 100vw, 750px\" \/><\/a>CH\u1ee8C N\u0102NG B\u1ea2O V\u1ec6 S\u1ea0C PIN<\/strong><br \/>\n1. B\u1ea3o v\u1ec7 qu\u00e1 d\u00f2ng \u0111\u1ea7u v\u00e0o<br \/>\nKhi d\u00f2ng \u0111i\u1ec7n \u0111\u1ea7u v\u00e0o l\u1edbn h\u01a1n 1A trong 0,1S, b\u1ed9 s\u1ea1c s\u1ebd c\u1eaft c\u1ea7u ch\u00ec, b\u1ea3o v\u1ec7 qu\u00e1 d\u00f2ng s\u1ebd b\u1eaft \u0111\u1ea7u ng\u1eaft ngu\u1ed3n \u0111i\u1ec7n<br \/>\nT\u00e1c \u0111\u1ed9ng c\u1ee7a b\u1ed9 s\u1ea1c \u0111\u1ec3 tr\u00e1nh c\u00e1c b\u1ea5t th\u01b0\u1eddng v\u1ec1 m\u1ea1ch b\u00ean trong g\u00e2y ra h\u1ecfa ho\u1ea1n v\u00e0 c\u00e1c r\u1ee7i ro kh\u00e1c.<br \/>\n2. B\u1ea3o v\u1ec7 d\u00f2ng \u0111i\u1ec7n \u0111\u1ea7u ra<br \/>\nB\u1ed9 s\u1ea1c pin Li-ion cho d\u00f2ng \u0111i\u1ec7n s\u1ea1c \u0111\u01b0\u1ee3c gi\u1edbi h\u1ea1n trong ph\u1ea1m vi pin ch\u1ecbu \u0111\u01b0\u1ee3c m\u1ed9t c\u00e1ch an to\u00e0n. Khi pin lithium \u0111\u01b0\u1ee3c x\u1ea3 h\u1ebft, \u0111\u1ea7y.<br \/>\n3. B\u1ea3o v\u1ec7 ng\u1eafn m\u1ea1ch<br \/>\nKhi s\u1eed d\u1ee5ng b\u1ed9 s\u1ea1c kh\u00f4ng \u0111\u00fang c\u00e1ch, d\u1eabn \u0111\u1ebfn \u0111\u1ea7u ra t\u00edch c\u1ef1c v\u00e0 ti\u00eau c\u1ef1c \u0111\u01b0\u1ee3c k\u1ebft n\u1ed1i v\u1edbi b\u1ed9 s\u1ea1c, d\u00f2ng \u0111i\u1ec7n \u0111\u1ea7u ra l\u00e0 200mA tr\u1edf xu\u1ed1ng s\u1ebd \u0111\u1ee7 nh\u1ecf \u0111\u1ec3 b\u1ea3o v\u1ec7 s\u1ea1c<\/p>\n<h3 style=\"text-align: center;\"><strong><a href=\"https:\/\/maybommini.com\/wp-content\/uploads\/2018\/04\/sac-pin-12.6v-1000ma.jpg\" target=\"_blank\" rel=\"noopener\"><img decoding=\"async\" class=\"alignnone size-full wp-image-270840\" src=\"https:\/\/maybommini.com\/wp-content\/uploads\/2018\/04\/sac-pin-12.6v-1000ma.jpg\" alt=\"Sac Pin 12.6v 1000ma\" width=\"750\" height=\"750\" srcset=\"https:\/\/maybommini.vn\/wp-content\/uploads\/2018\/04\/sac-pin-12.6v-1000ma.jpg 750w, https:\/\/maybommini.vn\/wp-content\/uploads\/2018\/04\/sac-pin-12.6v-1000ma-300x300.jpg 300w, https:\/\/maybommini.vn\/wp-content\/uploads\/2018\/04\/sac-pin-12.6v-1000ma-150x150.jpg 150w, https:\/\/maybommini.vn\/wp-content\/uploads\/2018\/04\/sac-pin-12.6v-1000ma-600x600.jpg 600w\" sizes=\"(max-width: 750px) 100vw, 750px\" \/><\/a><a href=\"https:\/\/maybommini.com\/wp-content\/uploads\/2018\/04\/12.6V-1A-charger-3S-3.7V-lithium-battery-charger.jpg\" target=\"_blank\" rel=\"noopener\"><img decoding=\"async\" class=\"size-full wp-image-270844 aligncenter\" src=\"https:\/\/maybommini.com\/wp-content\/uploads\/2018\/04\/12.6V-1A-charger-3S-3.7V-lithium-battery-charger.jpg\" alt=\"12.6V 1A Charger 3S 3.7V Lithium Battery Charger\" width=\"750\" height=\"750\" srcset=\"https:\/\/maybommini.vn\/wp-content\/uploads\/2018\/04\/12.6V-1A-charger-3S-3.7V-lithium-battery-charger.jpg 750w, https:\/\/maybommini.vn\/wp-content\/uploads\/2018\/04\/12.6V-1A-charger-3S-3.7V-lithium-battery-charger-300x300.jpg 300w, https:\/\/maybommini.vn\/wp-content\/uploads\/2018\/04\/12.6V-1A-charger-3S-3.7V-lithium-battery-charger-150x150.jpg 150w, https:\/\/maybommini.vn\/wp-content\/uploads\/2018\/04\/12.6V-1A-charger-3S-3.7V-lithium-battery-charger-600x600.jpg 600w\" sizes=\"(max-width: 750px) 100vw, 750px\" \/><\/a>S\u1ea1c Pin Lithium ion 12V 1A t\u1ef1 \u0111\u1ed9ng<\/strong><\/h3>\n<p><strong>TH\u00d4NG TIN LI\u00caN H\u1ec6<\/strong><br \/>\n<em><strong>Hotline Zalo: <a href=\"tel:0907294310\">0907294310<\/a> &#8211; <a href=\"tel:0908997823\">0908997823<\/a>&#8211; <a href=\"tel:0908997872\">0908997872 <\/a>&#8211; <a href=\"tel:02873030399\">02873030399<\/a><\/strong><\/em><br \/>\n<em><strong>Nh\u1eadn \u0111\u00f3ng pin theo y\u00eau c\u1ea7u, l\u00e0m pin, n\u00e2ng c\u1ea5p pin, s\u1eeda pin cho h\u1ec7 th\u1ed1ng n\u0103ng l\u01b0\u1ee3ng m\u1eb7t tr\u1eddi, pin m\u00e1y khoan, pin robot h\u00fat b\u1ee5i lau nh\u00e0, pin m\u00e1y th\u1ed5i b\u1ee5i, pin \u0111\u00e8n, pin s\u1ea1c d\u1ef1 ph\u00f2ng, pin \u0111\u00e8n n\u0103ng l\u01b0\u1ee3ng m\u1eb7t tr\u1eddi, pin UPS, pin xe \u0111\u1ea1p \u0111i\u1ec7n v\u00e0 c\u00e1c lo\u1ea1i pin kh\u00e1c.<\/strong><\/em><\/p>\n<p><strong><a class=\"swipebox\" title=\"\" href=\"https:\/\/maybommini.com\/wp-content\/uploads\/2022\/09\/chuyen-cung-cap-phan-phoi-pin-sac-may-cam-tay-gia-re.jpg\" data-rel=\"lightbox-image-14\" data-rl_title=\"\" data-rl_caption=\"\" data-rl_ target=\"_blank\" rel=\"noopener\"><img decoding=\"async\" class=\"size-full wp-image-270811 aligncenter lazyloaded\" src=\"https:\/\/maybommini.com\/wp-content\/uploads\/2022\/09\/chuyen-cung-cap-phan-phoi-pin-sac-may-cam-tay-gia-re.jpg\" sizes=\"(max-width: 750px) 100vw, 750px\" srcset=\"https:\/\/maybommini.com\/wp-content\/uploads\/2022\/09\/chuyen-cung-cap-phan-phoi-pin-sac-may-cam-tay-gia-re.jpg 750w, https:\/\/maybommini.com\/wp-content\/uploads\/2022\/09\/chuyen-cung-cap-phan-phoi-pin-sac-may-cam-tay-gia-re-300x300.jpg 300w, https:\/\/maybommini.com\/wp-content\/uploads\/2022\/09\/chuyen-cung-cap-phan-phoi-pin-sac-may-cam-tay-gia-re-150x150.jpg 150w, https:\/\/maybommini.com\/wp-content\/uploads\/2022\/09\/chuyen-cung-cap-phan-phoi-pin-sac-may-cam-tay-gia-re-600x600.jpg 600w\" alt=\"Chuyen Cung Cap Phan Phoi Pin Sac May Cam Tay Gia Re\" width=\"750\" height=\"750\" data-lazy-srcset=\"https:\/\/maybommini.com\/wp-content\/uploads\/2022\/09\/chuyen-cung-cap-phan-phoi-pin-sac-may-cam-tay-gia-re.jpg 750w, https:\/\/maybommini.com\/wp-content\/uploads\/2022\/09\/chuyen-cung-cap-phan-phoi-pin-sac-may-cam-tay-gia-re-300x300.jpg 300w, https:\/\/maybommini.com\/wp-content\/uploads\/2022\/09\/chuyen-cung-cap-phan-phoi-pin-sac-may-cam-tay-gia-re-150x150.jpg 150w, https:\/\/maybommini.com\/wp-content\/uploads\/2022\/09\/chuyen-cung-cap-phan-phoi-pin-sac-may-cam-tay-gia-re-600x600.jpg 600w\" data-lazy-sizes=\"(max-width: 750px) 100vw, 750px\" data-lazy-src=\"https:\/\/maybommini.com\/wp-content\/uploads\/2022\/09\/chuyen-cung-cap-phan-phoi-pin-sac-may-cam-tay-gia-re.jpg\" data-was-processed=\"true\" \/><\/a><\/strong><br \/>\n<strong>CTY TNHH TH\u01af\u01a0NG M\u1ea0I D\u1ecaCH V\u1ee4 \u0110I\u1ec6N M\u00c1Y TH\u00d4NG MINH<\/strong><br \/>\n<strong>Hotline:<\/strong>\u00a002873030399 \u2013 090 729 4310<br \/>\n<strong>Email:<\/strong>\u00a0maybommini.com@gmail.com<br \/>\n<strong>Website:<\/strong>\u00a0https:\/\/maybommini.com<br \/>\n<strong>Youtube demo:<\/strong>\u00a0https:\/\/www.youtube.com\/bahamasali<\/p>\n<p><a href=\"https:\/\/maybommini.com\/wp-content\/uploads\/2022\/07\/thong-tin-lien-he-may-bom-mini.jpg\" target=\"_blank\" rel=\"noopener\"><img decoding=\"async\" class=\"size-full wp-image-270584 aligncenter\" src=\"https:\/\/maybommini.com\/wp-content\/uploads\/2022\/07\/thong-tin-lien-he-may-bom-mini.jpg\" alt=\"Thong Tin Lien He May Bom Mini\" width=\"750\" height=\"506\" srcset=\"https:\/\/maybommini.vn\/wp-content\/uploads\/2022\/07\/thong-tin-lien-he-may-bom-mini.jpg 750w, https:\/\/maybommini.vn\/wp-content\/uploads\/2022\/07\/thong-tin-lien-he-may-bom-mini-150x101.jpg 150w, https:\/\/maybommini.vn\/wp-content\/uploads\/2022\/07\/thong-tin-lien-he-may-bom-mini-600x405.jpg 600w, https:\/\/maybommini.vn\/wp-content\/uploads\/2022\/07\/thong-tin-lien-he-may-bom-mini-300x202.jpg 300w\" sizes=\"(max-width: 750px) 100vw, 750px\" \/><\/a><\/p>\n<p>&nbsp;<\/p>\n<p>&nbsp;<\/p>\n<p><strong>S\u1ea1c Pin Lithium ion 12V 1A chuy\u00ean d\u00f9ng\u00a0\u0111\u1ec3 s\u1ea1c c\u00e1c lo\u1ea1i pin s\u1ea1c. B\u1ea1n c\u0169ng c\u00f3 th\u1ec3 s\u1ea1c cho c\u00e1c lo\u1ea1i pin 2A\u00a0\u0111\u1ebfn 100A 12V c\u00e1c lo\u1ea1i, d\u00f9ng s\u1ea1c cho c\u00e1c thi\u1ebft b\u1ecb d\u00f9ng pin s\u1ea1c\u00a0<\/strong><strong>Lithium ion.<\/strong><\/p>\n<p><a href=\"https:\/\/maybommini.com\/wp-content\/uploads\/2018\/04\/sac-pin-12v-1.jpg\" target=\"_blank\" rel=\"noopener\"><img decoding=\"async\" class=\"size-full wp-image-258430 aligncenter\" src=\"https:\/\/maybommini.com\/wp-content\/uploads\/2018\/04\/sac-pin-12v-1.jpg\" alt=\"Sac Pin 12v\" width=\"750\" height=\"750\" srcset=\"https:\/\/maybommini.vn\/wp-content\/uploads\/2018\/04\/sac-pin-12v-1.jpg 750w, https:\/\/maybommini.vn\/wp-content\/uploads\/2018\/04\/sac-pin-12v-1-300x300.jpg 300w, https:\/\/maybommini.vn\/wp-content\/uploads\/2018\/04\/sac-pin-12v-1-150x150.jpg 150w, https:\/\/maybommini.vn\/wp-content\/uploads\/2018\/04\/sac-pin-12v-1-600x600.jpg 600w\" sizes=\"(max-width: 750px) 100vw, 750px\" \/><\/a><\/p>\n<p style=\"text-align: left;\"><strong>TH\u00d4NG S\u1ed0 K\u1ef8 THU\u1eacT<\/strong><br \/>\n\u0110i\u1ec7n ra: 12.6V 1A<br \/>\n\u0110\u1ec7n v\u00e0o\uff1a100-240VAC 50\/60Hz<br \/>\n\u0110\u00e8n b\u00e1o: Led s\u1ea1c v\u00e0 ng\u01b0ng s\u1ea1c.<br \/>\nT\u1ef1\u00a0\u0111\u1ed9ng ng\u1eaft\u00a0khi Pin\u00a0\u0111\u1ea7y.<br \/>\nJack c\u1ea5m\uff1aDC 5.5*2.1<br \/>\nD\u00e2y d\u00e0i: 1.2 m\u00e9t<br \/>\nS\u1ea1c: Pin\u00a0Lithium ion 12V<br \/>\nTr\u1ecdng l\u01b0\u1ee3ng: 50g<\/p>\n<p><a href=\"https:\/\/maybommini.com\/wp-content\/uploads\/2018\/04\/sac-pin-12v-1.jpg\" target=\"_blank\" rel=\"noopener\"><img decoding=\"async\" class=\"size-full wp-image-258430 aligncenter\" src=\"https:\/\/maybommini.com\/wp-content\/uploads\/2018\/04\/sac-pin-12v-1.jpg\" alt=\"Sac Pin 12v\" width=\"750\" height=\"750\" srcset=\"https:\/\/maybommini.vn\/wp-content\/uploads\/2018\/04\/sac-pin-12v-1.jpg 750w, https:\/\/maybommini.vn\/wp-content\/uploads\/2018\/04\/sac-pin-12v-1-300x300.jpg 300w, https:\/\/maybommini.vn\/wp-content\/uploads\/2018\/04\/sac-pin-12v-1-150x150.jpg 150w, https:\/\/maybommini.vn\/wp-content\/uploads\/2018\/04\/sac-pin-12v-1-600x600.jpg 600w\" sizes=\"(max-width: 750px) 100vw, 750px\" \/><\/a><\/p>\n<p><strong>\u1ee8NG D\u1ee4NG S\u1ea1c Pin Lithium ion 12V 1A<\/strong><br \/>\n&#8211; D\u00f9ng\u00a0\u0111\u1ec3 s\u1ea1c c\u00e1c lo\u1ea1i\u00a0pin\u00a0S\u1ea1c Pin Lithium ion 12V 1A<br \/>\n&#8211; D\u00f9ng s\u1ea1c c\u00e1c lo\u1ea1i thi\u1ebft b\u1ecb d\u00f9ng pin.<br \/>\n&#8211; S\u1ea1c thi\u1ebft b\u1ecb d\u00f9ng n\u0103ng l\u01b0\u1ee3ng Pin.<\/p>\n<p><a href=\"https:\/\/maybommini.com\/wp-content\/uploads\/2018\/04\/sac-pin-12v-1.jpg\" target=\"_blank\" rel=\"noopener\"><img decoding=\"async\" class=\"size-full wp-image-258430 aligncenter\" src=\"https:\/\/maybommini.com\/wp-content\/uploads\/2018\/04\/sac-pin-12v-1.jpg\" alt=\"Sac Pin 12v\" width=\"750\" height=\"750\" srcset=\"https:\/\/maybommini.vn\/wp-content\/uploads\/2018\/04\/sac-pin-12v-1.jpg 750w, https:\/\/maybommini.vn\/wp-content\/uploads\/2018\/04\/sac-pin-12v-1-300x300.jpg 300w, https:\/\/maybommini.vn\/wp-content\/uploads\/2018\/04\/sac-pin-12v-1-150x150.jpg 150w, https:\/\/maybommini.vn\/wp-content\/uploads\/2018\/04\/sac-pin-12v-1-600x600.jpg 600w\" sizes=\"(max-width: 750px) 100vw, 750px\" \/><\/a><\/p>\n<p>V\u1edbi t\u00ednh n\u0103ng ho\u00e0n to\u00e0n t\u1ef1\u00a0\u0111\u1ed9ng B\u1ea1n c\u00f3 th\u1ec3 y\u00ean t\u00e2m s\u1ea1c pin\u00a0c\u1ee7a m\u00ecnh, n\u00e2ng cao tu\u1ed5i th\u1ecd b\u00ecnh\u00a0\u00e1c quy.<\/p>\n<p><strong>MUA S\u1ea0C\u00a0\u00c1C QUY &#8211; Pin 12V\u00a0\u1ede\u00a0\u0110\u00c2U ?<br \/>\nCh\u00fang t\u00f4i chuy\u00ean cung c\u1ea5p v\u00e0 ph\u00e2n ph\u1ed1i to\u00e0n qu\u1ed1c Adapter v\u00e0 s\u1ea1c Pin, s\u1ea1c B\u00ecnh\u00a0\u00e1c qui ch\u00ednh h\u00e3ng. B\u1ea3o h\u00e0nh tr\u00ean to\u00e0n qu\u1ed1c v\u1edbi gi\u00e1 t\u1ed1t nh\u1ea5t hi\u1ec7n nay.<br \/>\n<\/strong><strong><br \/>\nCTY TNHH TH\u01af\u01a0NG M\u1ea0I D\u1ecaCH V\u1ee4 \u0110I\u1ec6N M\u00c1Y TH\u00d4NG MINH<br \/>\nHotline : 090 729 4310<br \/>\nEmail : maybommini.com@gmail.com<br \/>\nWebsite : http:\/\/maybommini.com<br \/>\nFacebook : <a href=\"https:\/\/www.facebook.com\/maybommini\" target=\"_blank\" rel=\"noopener\">https:\/\/www.facebook.com\/maybommini<\/a><br \/>\nGoogle : <a href=\"https:\/\/plus.google.com\/ Maybomnuocminiruaxe\" target=\"_blank\" rel=\"noopener\">https:\/\/plus.google.com\/ Maybomnuocminiruaxe<\/a><br \/>\nYoutube demo : <a href=\"https:\/\/www.youtube.com\/bahamasali\" target=\"_blank\" rel=\"noopener\">https:\/\/www.youtube.com\/bahamasali<\/a><br \/>\n<\/strong><\/p>\n<h3 style=\"text-align: center;\">S\u1ea1c Pin Lithium ion 12V 1A<\/h3>\n","protected":false},"excerpt":{"rendered":"<p style=\"text-align: left;\">Lo\u1ea1i s\u1ea3n ph\u1ea9m: B\u1ed9 s\u1ea1c pin Lithium 12,6V 1A<br \/>\n\u0110\u1ea7u v\u00e0o: 100-240V AC<br \/>\n\u0110\u1ea7u ra: DC 12,6V 1A DC<br \/>\nD\u00e2y tr\u00f2n d\u00e0i 1m.<br \/>\n\u0110\u1ea7u DC: 5.5X2.1 mm<br \/>\nTr\u1ecdng l\u01b0\u1ee3ng: 50g<br \/>\nK\u00edch th\u01b0\u1edbc: 5.5 * 2.1 * 10MM<br \/>\nKhi s\u1ea1c \u0111\u00e8n \u0111\u1ecf, \u0111\u1ea7y \u0111\u00e8n xanh, t\u1ef1 \u0111\u1ed9ng d\u1eebng s\u1ea1c<br \/>\nH\u1ed7 tr\u1ee3 Pin s\u1ea1c \/ G\u00f3i pin 18650 lithium<br \/>\nB\u1ea3o h\u00e0nh: 1 th\u00e1ng<br \/>\n<span style=\"color: #ff0000;\"><em><strong>MUA S\u1ed0 L\u01af\u1ee2NG C\u00d3 GI\u00c1 T\u1ed0T<\/strong><\/em><\/span><\/p>\n","protected":false},"featured_media":270844,"comment_status":"open","ping_status":"closed","template":"","meta":[],"product_brand":[],"product_cat":[214,257],"product_tag":[267,994,426,427,430,431,433,434,435,795,796,436,437,995,797,798,799,996],"class_list":{"0":"post-256561","1":"product","2":"type-product","3":"status-publish","4":"has-post-thumbnail","6":"product_cat-phu-kien-bom-nuoc","7":"product_cat-nguon-dien-adapter-sac-pin-binh","8":"product_tag-12v","9":"product_tag-12v1a","10":"product_tag-ion","11":"product_tag-lithium","12":"product_tag-pin","13":"product_tag-pin-sac","14":"product_tag-sac","15":"product_tag-sac-12v","16":"product_tag-sac-ac-quy","17":"product_tag-sac-binh","18":"product_tag-sac-binh-ac-quy","19":"product_tag-sac-do-choi-tre-em","20":"product_tag-sac-pin","21":"product_tag-sac-pin-12v","22":"product_tag-sac-thong-minh","23":"product_tag-sac-tu-dong","24":"product_tag-sac-tu-ngat","25":"product_tag-sac-xe-dien","27":"first","28":"instock","29":"sale","30":"shipping-taxable","31":"purchasable","32":"product-type-simple"},"_links":{"self":[{"href":"https:\/\/maybommini.vn\/index.php?rest_route=\/wp\/v2\/product\/256561","targetHints":{"allow":["GET"]}}],"collection":[{"href":"https:\/\/maybommini.vn\/index.php?rest_route=\/wp\/v2\/product"}],"about":[{"href":"https:\/\/maybommini.vn\/index.php?rest_route=\/wp\/v2\/types\/product"}],"replies":[{"embeddable":true,"href":"https:\/\/maybommini.vn\/index.php?rest_route=%2Fwp%2Fv2%2Fcomments&post=256561"}],"wp:featuredmedia":[{"embeddable":true,"href":"https:\/\/maybommini.vn\/index.php?rest_route=\/wp\/v2\/media\/270844"}],"wp:attachment":[{"href":"https:\/\/maybommini.vn\/index.php?rest_route=%2Fwp%2Fv2%2Fmedia&parent=256561"}],"wp:term":[{"taxonomy":"product_brand","embeddable":true,"href":"https:\/\/maybommini.vn\/index.php?rest_route=%2Fwp%2Fv2%2Fproduct_brand&post=256561"},{"taxonomy":"product_cat","embeddable":true,"href":"https:\/\/maybommini.vn\/index.php?rest_route=%2Fwp%2Fv2%2Fproduct_cat&post=256561"},{"taxonomy":"product_tag","embeddable":true,"href":"https:\/\/maybommini.vn\/index.php?rest_route=%2Fwp%2Fv2%2Fproduct_tag&post=256561"}],"curies":[{"name":"wp","href":"https:\/\/api.w.org\/{rel}","templated":true}]}}