{"id":256602,"date":"2018-04-12T19:35:36","date_gmt":"2018-04-12T12:35:36","guid":{"rendered":"https:\/\/maybommini.com\/san-pham\/import-placeholder-for-252856"},"modified":"2018-12-04T15:40:35","modified_gmt":"2018-12-04T08:40:35","slug":"dieu-khien-sac-nang-luong-mat-troi-12v-24v-20a","status":"publish","type":"product","link":"https:\/\/maybommini.vn\/?product=dieu-khien-sac-nang-luong-mat-troi-12v-24v-20a","title":{"rendered":"\u0110i\u1ec1u khi\u1ec3n s\u1ea1c n\u0103ng l\u01b0\u1ee3ng m\u1eb7t tr\u1eddi 12V 24V 20A"},"content":{"rendered":"<h3><strong>\u0110i\u1ec1u khi\u1ec3n s\u1ea1c n\u0103ng l\u01b0\u1ee3ng m\u1eb7t tr\u1eddi 12V 24V 20A l\u00e0 m\u1ea1ch \u0111i\u1ec1u khi\u1ec3n s\u1ea1c t\u1eeb t\u1ea5m pin n\u0103ng l\u01b0\u1ee3ng m\u1eb7t tr\u1eddi v\u00e0o b\u00ecnh \u00e1c qui v\u00e0 ra h\u1ec7 th\u1ed1ng \u0111i\u1ec7n 220V.<\/strong><\/h3>\n<h2 style=\"text-align: center;\"><img decoding=\"async\" class=\"size-full wp-image-247419 aligncenter\" src=\"https:\/\/maybommini.com\/wp-content\/uploads\/2016\/12\/sac-nang-luong-mat-troi.jpg\" alt=\"sac-nang-luong-mat-troi\" width=\"550\" height=\"550\" \/><strong>\u0110i\u1ec1u khi\u1ec3n s\u1ea1c n\u0103ng l\u01b0\u1ee3ng m\u1eb7t tr\u1eddi<\/strong><\/h2>\n<p>\u0110\u00e2y l\u00e0 lo\u1ea1i b\u1ea3ng m\u1ea1ch s\u1ea1c th\u00f4ng minh c\u00f3 th\u1ec3 t\u1ef1 ng\u1eaft khi b\u00ecnh \u00e1c qui \u0111\u1ea7y r\u1ea5t t\u1ed1t trong h\u1ec7 th\u1ed1ng n\u0103ng l\u01b0\u1ee3ng m\u1eb7t tr\u1eddi.Gi\u00fap ti\u1ebft ki\u1ec7m chi ph\u00ed \u0111i\u1ec7n sinh ho\u1ea1t h\u1eb1ng ng\u00e0y.<\/p>\n<p><img decoding=\"async\" class=\"size-full wp-image-247417 aligncenter\" src=\"https:\/\/maybommini.com\/wp-content\/uploads\/2016\/12\/bo-dieu-khien-sac-nang-luong-mat-troi-12v-24v.jpg\" alt=\"bo-dieu-khien-sac-nang-luong-mat-troi-12v-24v\" width=\"550\" height=\"550\" \/><\/p>\n<h3><strong>TH\u00d4NG S\u1ed0 K\u1ef8 THU\u1eacT S\u1ea0C N\u0102NG L\u01af\u1ee2NG M\u1eb6T TR\u1edcI<\/strong><br \/>\n\u0110i\u1ec7n \u00e1p v\u00e0o: 12V 24V<br \/>\nC\u00f4ng xu\u1ea5t: 20A<br \/>\nS\u1ea1c: ch\u00ec axit, Ion Lithium, Pin Lithium<br \/>\nB\u1ed9 phim s\u1eed d\u1ee5ng m\u1ed9t t\u00f9y ch\u1ec9nh.<br \/>\n\u0110\u00e8n b\u00e1o t\u00ednh hi\u1ec7u.<br \/>\nTr\u1ecdng l\u01b0\u1ee3ng: 400g<\/h3>\n<h3><img decoding=\"async\" class=\"size-full wp-image-247420 aligncenter\" src=\"https:\/\/maybommini.com\/wp-content\/uploads\/2016\/12\/so-do-lap-he-thong-nang-luong-mat-troi.jpg\" alt=\"so-do-lap-he-thong-nang-luong-mat-troi\" width=\"550\" height=\"550\" \/><br \/>\n<strong>C\u00c1CH L\u1eaeP H\u1ec6 TH\u1ed0NG N\u0102NG L\u01af\u1ee2NG M\u1eb6T TR\u1edcI<\/strong><br \/>\n\u0110i\u1ec7n t\u1eeb c\u00e1c t\u1ea5m n\u0103ng l\u01b0\u1ee3ng m\u1eb7t tr\u1eddi v\u00e0o m\u1ea1ch \u0111i\u1ec1u khi\u1ec3n s\u1ea1c r\u1ed3i v\u00e0o c\u00e1c b\u00ecnh \u00e1c qui, pin l\u01b0u \u0111i\u1ec7n v\u00e0 ra c\u00e1c thi\u1ebft b\u1ecb s\u1eed d\u1ee5ng.<\/h3>\n<p><img decoding=\"async\" class=\"size-full wp-image-247418 aligncenter\" src=\"https:\/\/maybommini.com\/wp-content\/uploads\/2016\/12\/cai-dat-sac-nang-luong-mat-troi-sola.jpg\" alt=\"cai-dat-sac-nang-luong-mat-troi-sola\" width=\"550\" height=\"550\" \/><\/p>\n<p>&nbsp;<\/p>\n<p><a href=\"http:\/\/maybommini.com\/wp-content\/uploads\/2016\/04\/mach-sac-mat-troi.jpg\" rel=\"attachment wp-att-245069 noopener\" target=\"_blank\"><img decoding=\"async\" class=\"size-full wp-image-245069 aligncenter\" src=\"http:\/\/maybommini.com\/wp-content\/uploads\/2016\/04\/mach-sac-mat-troi.jpg\" alt=\"mach-sac-mat-troi\" width=\"650\" height=\"366\" srcset=\"https:\/\/maybommini.vn\/wp-content\/uploads\/2016\/04\/mach-sac-mat-troi.jpg 650w, https:\/\/maybommini.vn\/wp-content\/uploads\/2016\/04\/mach-sac-mat-troi-600x338.jpg 600w, https:\/\/maybommini.vn\/wp-content\/uploads\/2016\/04\/mach-sac-mat-troi-300x169.jpg 300w\" sizes=\"(max-width: 650px) 100vw, 650px\" \/><\/a> <a href=\"http:\/\/maybommini.com\/wp-content\/uploads\/2016\/04\/sac-mat-troi-12v-24v.jpg\" rel=\"attachment wp-att-245071 noopener\" target=\"_blank\"><img decoding=\"async\" class=\"size-full wp-image-245071 aligncenter\" src=\"http:\/\/maybommini.com\/wp-content\/uploads\/2016\/04\/sac-mat-troi-12v-24v.jpg\" alt=\"sac-mat-troi-12v-24v\" width=\"736\" height=\"415\" srcset=\"https:\/\/maybommini.vn\/wp-content\/uploads\/2016\/04\/sac-mat-troi-12v-24v.jpg 736w, https:\/\/maybommini.vn\/wp-content\/uploads\/2016\/04\/sac-mat-troi-12v-24v-600x338.jpg 600w, https:\/\/maybommini.vn\/wp-content\/uploads\/2016\/04\/sac-mat-troi-12v-24v-300x169.jpg 300w\" sizes=\"(max-width: 736px) 100vw, 736px\" \/><\/a> <a href=\"http:\/\/maybommini.com\/wp-content\/uploads\/2016\/04\/he-thong-sac-nang-luong-mat-troi.jpg\" rel=\"attachment wp-att-245066 noopener\" target=\"_blank\"><br \/>\n<\/a> <a href=\"http:\/\/maybommini.com\/wp-content\/uploads\/2016\/04\/bang-dieu-khien-sac-mat-troi.jpg\" rel=\"attachment wp-att-245064 noopener\" target=\"_blank\"><img decoding=\"async\" class=\"size-full wp-image-245064 aligncenter\" src=\"http:\/\/maybommini.com\/wp-content\/uploads\/2016\/04\/bang-dieu-khien-sac-mat-troi.jpg\" alt=\"bang-dieu-khien-sac-mat-troi\" width=\"744\" height=\"458\" srcset=\"https:\/\/maybommini.vn\/wp-content\/uploads\/2016\/04\/bang-dieu-khien-sac-mat-troi.jpg 744w, https:\/\/maybommini.vn\/wp-content\/uploads\/2016\/04\/bang-dieu-khien-sac-mat-troi-600x369.jpg 600w, https:\/\/maybommini.vn\/wp-content\/uploads\/2016\/04\/bang-dieu-khien-sac-mat-troi-300x185.jpg 300w\" sizes=\"(max-width: 744px) 100vw, 744px\" \/><\/a><\/p>\n<h2><strong>MUA H\u1ec6 TH\u1ed0NG N\u0102NG L\u01af\u1ee2NG M\u1eb6T TR\u1edcI \u1ede \u0110\u00c2U ?<\/strong><\/h2>\n<p><span style=\"text-decoration: underline;\"><em><strong>M\u1ecdi chi ti\u1ebft vui l\u00f2ng li\u00ean h\u1ec7 tr\u1ef1c ti\u1ebfp cho ch\u00fang t\u00f4i \u0111\u1ec3 \u0111\u01b0\u1ee3c t\u01b0 v\u1ea5n theo nhu c\u1ea7u \u0111\u1ec3 c\u00f3 \u0111\u01b0\u1ee3c b\u1ed9 s\u1ea3n ph\u1ea9m t\u1ed1t nh\u1ea5t v\u00e0 ti\u1ebft ki\u1ec7m.\u00a0B\u1ea1n \u1edf xa v\u1eabn c\u00f3 th\u1ec3 mua h\u00e0ng v\u00e0 giao h\u00e0ng <a title=\"thanh to\u00e1n\" href=\"http:\/\/maybommini.com\/thanh-toan\" target=\"_blank\" rel=\"noopener\">thanh to\u00e1n<\/a> ti\u1ec1n t\u1ea1i nh\u00e0.<\/strong><\/em><\/span><\/p>\n<p><strong>CTY TNHH TH\u01af\u01a0NG M\u1ea0I D\u1ecaCH V\u1ee4 \u0110I\u1ec6N M\u00c1Y TH\u00d4NG MINH<\/strong><br \/>\nHotline : 090 729 4310<br \/>\nEmail : maybommini.com@gmail.com<br \/>\nWebsite : http:\/\/maybommini.com<br \/>\nFacebook : <a href=\"https:\/\/www.facebook.com\/maybommini\" target=\"_blank\" rel=\"noopener\">https:\/\/www.facebook.com\/maybommini<\/a><br \/>\nGoogle   : <a href=\"https:\/\/plus.google.com\/ Maybomnuocminiruaxe\" target=\"_blank\" rel=\"noopener\">https:\/\/plus.google.com\/ Maybomnuocminiruaxe<\/a><br \/>\nYoutube demo : <a href=\"https:\/\/www.youtube.com\/bahamasali\" target=\"_blank\" rel=\"noopener\">https:\/\/www.youtube.com\/bahamasali<\/a><\/p>\n<p>&nbsp;<\/p>\n","protected":false},"excerpt":{"rendered":"<h3>\u0110i\u1ec7n \u00e1p v\u00e0o: 12V 24V<br \/>\nC\u00f4ng xu\u1ea5t: 20A<br \/>\nS\u1ea1c: ch\u00ec axit, Ion Lithium, Pin Lithium<br \/>\nB\u1ed9 phim s\u1eed d\u1ee5ng m\u1ed9t t\u00f9y ch\u1ec9nh.<br \/>\n\u0110\u00e8n b\u00e1o t\u00ednh hi\u1ec7u.<br \/>\nTr\u1ecdng l\u01b0\u1ee3ng: 400g<br \/>\nHotline: 090 729 4310<br \/>\nB\u1ea3o h\u00e0nh: 6 th\u00e1ng ch\u00ednh h\u00e3ng<br \/>\nS\u1ea3n xu\u1ea5t: Trung Qu\u1ed1c Cao C\u1ea5p<\/h3>\n","protected":false},"featured_media":256718,"comment_status":"open","ping_status":"closed","template":"","meta":[],"product_brand":[],"product_cat":[631,257],"product_tag":[960,632,633,1049,634,409,635,636,437,1050,637],"class_list":{"0":"post-256602","1":"product","2":"type-product","3":"status-publish","4":"has-post-thumbnail","6":"product_cat-nang-luong-mat-troi","7":"product_cat-nguon-dien-adapter-sac-pin-binh","8":"product_tag-12v-20a","9":"product_tag-lap-nang-luong-mat-troi","10":"product_tag-mat-troi","11":"product_tag-mat-troi-sola","12":"product_tag-nang-luong","13":"product_tag-nang-luong-mat-troi","14":"product_tag-sac-ac-qui","15":"product_tag-sac-nang-luong-mat-troi","16":"product_tag-sac-pin","17":"product_tag-solar","18":"product_tag-tam-nang-luong-mat-troi","20":"first","21":"instock","22":"sale","23":"shipping-taxable","24":"purchasable","25":"product-type-simple"},"_links":{"self":[{"href":"https:\/\/maybommini.vn\/index.php?rest_route=\/wp\/v2\/product\/256602","targetHints":{"allow":["GET"]}}],"collection":[{"href":"https:\/\/maybommini.vn\/index.php?rest_route=\/wp\/v2\/product"}],"about":[{"href":"https:\/\/maybommini.vn\/index.php?rest_route=\/wp\/v2\/types\/product"}],"replies":[{"embeddable":true,"href":"https:\/\/maybommini.vn\/index.php?rest_route=%2Fwp%2Fv2%2Fcomments&post=256602"}],"wp:featuredmedia":[{"embeddable":true,"href":"https:\/\/maybommini.vn\/index.php?rest_route=\/wp\/v2\/media\/256718"}],"wp:attachment":[{"href":"https:\/\/maybommini.vn\/index.php?rest_route=%2Fwp%2Fv2%2Fmedia&parent=256602"}],"wp:term":[{"taxonomy":"product_brand","embeddable":true,"href":"https:\/\/maybommini.vn\/index.php?rest_route=%2Fwp%2Fv2%2Fproduct_brand&post=256602"},{"taxonomy":"product_cat","embeddable":true,"href":"https:\/\/maybommini.vn\/index.php?rest_route=%2Fwp%2Fv2%2Fproduct_cat&post=256602"},{"taxonomy":"product_tag","embeddable":true,"href":"https:\/\/maybommini.vn\/index.php?rest_route=%2Fwp%2Fv2%2Fproduct_tag&post=256602"}],"curies":[{"name":"wp","href":"https:\/\/api.w.org\/{rel}","templated":true}]}}