{"id":256624,"date":"2018-04-12T19:36:02","date_gmt":"2018-04-12T12:36:02","guid":{"rendered":"https:\/\/maybommini.com\/san-pham\/import-placeholder-for-252875"},"modified":"2019-10-16T21:08:03","modified_gmt":"2019-10-16T14:08:03","slug":"may-bom-loc-nuoc-ro-24v-50g","status":"publish","type":"product","link":"https:\/\/maybommini.vn\/?product=may-bom-loc-nuoc-ro-24v-50g","title":{"rendered":"M\u00e1y b\u01a1m \u00e1p l\u1ef1c 24V 36L KERTER 50G"},"content":{"rendered":"<h3><strong>M\u00e1y b\u01a1m \u00e1p l\u1ef1c phun s\u01b0\u01a1ng l\u1ecdc n\u01b0\u1edbc RO 24V 36L 50G KERTER l\u00e0 lo\u1ea1i m\u00e1y b\u01a1m \u00e1p l\u1ef1c mini. M\u00e1y n\u00e0y ho\u1ea1t \u0111\u1ed9ng r\u1ea5t im v\u00e0 kh\u00f4ng b\u1ecb n\u00f3ng khi ch\u1ea1y li\u00ean t\u1ee5c th\u1eddi gian d\u00e0i s\u1eed d\u1ee5ng \u0111\u1ec3 phun s\u01b0\u01a1ng l\u00e0m m\u00e1t qu\u00e1n cafe, phun s\u01b0\u01a1ng nh\u00e0 h\u00e0ng, phun s\u01b0\u01a1ng t\u01b0\u1edbi Lan, phun t\u01b0\u1edbi nh\u00e0 n\u1ea5m rau m\u1ea7m, nh\u00e0 y\u1ebfn v\u00e0 l\u1ecdc n\u01b0\u1edbc RO.<\/strong><\/h3>\n<p><a href=\"https:\/\/maybommini.com\/wp-content\/uploads\/2018\/04\/May-bom-ap-luc-24V-phun-suong-RO-50G-chinh-hang.jpg\" target=\"_blank\" rel=\"noopener\"><img decoding=\"async\" class=\"size-full wp-image-263707 aligncenter\" src=\"https:\/\/maybommini.com\/wp-content\/uploads\/2018\/04\/May-bom-ap-luc-24V-phun-suong-RO-50G-chinh-hang.jpg\" alt=\"May Bom Ap Luc 24V Phun Suong RO 50G Chinh Hang\" width=\"750\" height=\"750\" srcset=\"https:\/\/maybommini.vn\/wp-content\/uploads\/2018\/04\/May-bom-ap-luc-24V-phun-suong-RO-50G-chinh-hang.jpg 750w, https:\/\/maybommini.vn\/wp-content\/uploads\/2018\/04\/May-bom-ap-luc-24V-phun-suong-RO-50G-chinh-hang-300x300.jpg 300w, https:\/\/maybommini.vn\/wp-content\/uploads\/2018\/04\/May-bom-ap-luc-24V-phun-suong-RO-50G-chinh-hang-150x150.jpg 150w, https:\/\/maybommini.vn\/wp-content\/uploads\/2018\/04\/May-bom-ap-luc-24V-phun-suong-RO-50G-chinh-hang-600x600.jpg 600w\" sizes=\"(max-width: 750px) 100vw, 750px\" \/><\/a><\/p>\n<p><strong>TH\u00d4NG S\u1ed0 K\u1ef8 THU\u1eacT<\/strong><br \/>\nTh\u01b0\u01a1ng hi\u00ea\u0323u: KERTER<br \/>\nModel: 50G<br \/>\nNgu\u1ed3n: 24V DC<br \/>\nC\u00f4ng su\u00e2\u0301t: 28W<br \/>\nA\u0301p l\u01b0\u0323c: 70 &#8211; 140 PSI<br \/>\nL\u01b0u l\u01b0\u1ee3ng: 36 L\/H<br \/>\nRen n\u1ed1i \u1ed1ng: 17 mm<br \/>\nTi\u1ebfng\u00a0\u1ed3n th\u1ea5p ti\u1ebft ki\u1ec7m \u0111i\u1ec7n.<br \/>\nC\u00f4ng ngh\u00ea\u0323 Japan l\u00f5i \u0111\u1ed3ng cao c\u1ea5p.<br \/>\n\u0110\u1ea7u b\u01a1m \u00e1p l\u1ef1c c\u00f4ng ngh\u1ec7 m\u00e0ng.<br \/>\nK\u00edch th\u01b0\u1edbc: 15 x 10 x 8.5 cm.<br \/>\nTr\u1ecdng l\u01b0\u1ee3ng : 1.5 Kg<br \/>\nK\u00e8m n\u1ed1i \u1ed1ng 8mm.<br \/>\nB\u1ea3o h\u00e0nh: 6 th\u00e1ng<\/p>\n<p><a href=\"https:\/\/maybommini.com\/wp-content\/uploads\/2018\/04\/bom-ap-luc-mini-phun-suong-24V-50G-.jpg\" target=\"_blank\" rel=\"noopener\"><img decoding=\"async\" class=\"size-full wp-image-263703 aligncenter\" src=\"https:\/\/maybommini.com\/wp-content\/uploads\/2018\/04\/bom-ap-luc-mini-phun-suong-24V-50G-.jpg\" alt=\"Bom Ap Luc Mini Phun Suong 24V 50G \" width=\"750\" height=\"750\" srcset=\"https:\/\/maybommini.vn\/wp-content\/uploads\/2018\/04\/bom-ap-luc-mini-phun-suong-24V-50G-.jpg 750w, https:\/\/maybommini.vn\/wp-content\/uploads\/2018\/04\/bom-ap-luc-mini-phun-suong-24V-50G--300x300.jpg 300w, https:\/\/maybommini.vn\/wp-content\/uploads\/2018\/04\/bom-ap-luc-mini-phun-suong-24V-50G--150x150.jpg 150w, https:\/\/maybommini.vn\/wp-content\/uploads\/2018\/04\/bom-ap-luc-mini-phun-suong-24V-50G--600x600.jpg 600w\" sizes=\"(max-width: 750px) 100vw, 750px\" \/><\/a> <a href=\"https:\/\/maybommini.com\/wp-content\/uploads\/2018\/04\/RO-pumps-24V-50G.jpg\" target=\"_blank\" rel=\"noopener\"><img decoding=\"async\" class=\"size-full wp-image-263714 aligncenter\" src=\"https:\/\/maybommini.com\/wp-content\/uploads\/2018\/04\/RO-pumps-24V-50G.jpg\" alt=\"RO Pumps 24V 50G\" width=\"750\" height=\"750\" srcset=\"https:\/\/maybommini.vn\/wp-content\/uploads\/2018\/04\/RO-pumps-24V-50G.jpg 750w, https:\/\/maybommini.vn\/wp-content\/uploads\/2018\/04\/RO-pumps-24V-50G-300x300.jpg 300w, https:\/\/maybommini.vn\/wp-content\/uploads\/2018\/04\/RO-pumps-24V-50G-150x150.jpg 150w, https:\/\/maybommini.vn\/wp-content\/uploads\/2018\/04\/RO-pumps-24V-50G-600x600.jpg 600w\" sizes=\"(max-width: 750px) 100vw, 750px\" \/><\/a> <a href=\"https:\/\/maybommini.com\/wp-content\/uploads\/2018\/04\/bom-ap-luc-mini-24V-50G.jpg\" target=\"_blank\" rel=\"noopener\"><img decoding=\"async\" class=\"size-full wp-image-263702 aligncenter\" src=\"https:\/\/maybommini.com\/wp-content\/uploads\/2018\/04\/bom-ap-luc-mini-24V-50G.jpg\" alt=\"Bom Ap Luc Mini 24V 50G\" width=\"750\" height=\"750\" srcset=\"https:\/\/maybommini.vn\/wp-content\/uploads\/2018\/04\/bom-ap-luc-mini-24V-50G.jpg 750w, https:\/\/maybommini.vn\/wp-content\/uploads\/2018\/04\/bom-ap-luc-mini-24V-50G-300x300.jpg 300w, https:\/\/maybommini.vn\/wp-content\/uploads\/2018\/04\/bom-ap-luc-mini-24V-50G-150x150.jpg 150w, https:\/\/maybommini.vn\/wp-content\/uploads\/2018\/04\/bom-ap-luc-mini-24V-50G-600x600.jpg 600w\" sizes=\"(max-width: 750px) 100vw, 750px\" \/><\/a> <a href=\"https:\/\/maybommini.com\/wp-content\/uploads\/2018\/04\/Kenter-RO-pumps-24v.jpg\" target=\"_blank\" rel=\"noopener\"><img decoding=\"async\" class=\"size-full wp-image-263706 aligncenter\" src=\"https:\/\/maybommini.com\/wp-content\/uploads\/2018\/04\/Kenter-RO-pumps-24v.jpg\" alt=\"Kenter RO Pumps 24v\" width=\"750\" height=\"750\" srcset=\"https:\/\/maybommini.vn\/wp-content\/uploads\/2018\/04\/Kenter-RO-pumps-24v.jpg 750w, https:\/\/maybommini.vn\/wp-content\/uploads\/2018\/04\/Kenter-RO-pumps-24v-300x300.jpg 300w, https:\/\/maybommini.vn\/wp-content\/uploads\/2018\/04\/Kenter-RO-pumps-24v-150x150.jpg 150w, https:\/\/maybommini.vn\/wp-content\/uploads\/2018\/04\/Kenter-RO-pumps-24v-600x600.jpg 600w\" sizes=\"(max-width: 750px) 100vw, 750px\" \/><\/a> <a href=\"https:\/\/maybommini.com\/wp-content\/uploads\/2018\/04\/May-bom-ap-luc-24V-phun-suong-RO-50G-gia-re.jpg\" target=\"_blank\" rel=\"noopener\"><img decoding=\"async\" class=\"size-full wp-image-263708 aligncenter\" src=\"https:\/\/maybommini.com\/wp-content\/uploads\/2018\/04\/May-bom-ap-luc-24V-phun-suong-RO-50G-gia-re.jpg\" alt=\"May Bom Ap Luc 24V Phun Suong RO 50G Gia Re\" width=\"750\" height=\"750\" srcset=\"https:\/\/maybommini.vn\/wp-content\/uploads\/2018\/04\/May-bom-ap-luc-24V-phun-suong-RO-50G-gia-re.jpg 750w, https:\/\/maybommini.vn\/wp-content\/uploads\/2018\/04\/May-bom-ap-luc-24V-phun-suong-RO-50G-gia-re-300x300.jpg 300w, https:\/\/maybommini.vn\/wp-content\/uploads\/2018\/04\/May-bom-ap-luc-24V-phun-suong-RO-50G-gia-re-150x150.jpg 150w, https:\/\/maybommini.vn\/wp-content\/uploads\/2018\/04\/May-bom-ap-luc-24V-phun-suong-RO-50G-gia-re-600x600.jpg 600w\" sizes=\"(max-width: 750px) 100vw, 750px\" \/><\/a> <a href=\"https:\/\/maybommini.com\/wp-content\/uploads\/2018\/04\/nha-cung-cap-may-bom-RO-phun-suong.jpg\" target=\"_blank\" rel=\"noopener\"><img decoding=\"async\" class=\"size-full wp-image-263709 aligncenter\" src=\"https:\/\/maybommini.com\/wp-content\/uploads\/2018\/04\/nha-cung-cap-may-bom-RO-phun-suong.jpg\" alt=\"Nha Cung Cap May Bom RO Phun Suong\" width=\"750\" height=\"750\" srcset=\"https:\/\/maybommini.vn\/wp-content\/uploads\/2018\/04\/nha-cung-cap-may-bom-RO-phun-suong.jpg 750w, https:\/\/maybommini.vn\/wp-content\/uploads\/2018\/04\/nha-cung-cap-may-bom-RO-phun-suong-300x300.jpg 300w, https:\/\/maybommini.vn\/wp-content\/uploads\/2018\/04\/nha-cung-cap-may-bom-RO-phun-suong-150x150.jpg 150w, https:\/\/maybommini.vn\/wp-content\/uploads\/2018\/04\/nha-cung-cap-may-bom-RO-phun-suong-600x600.jpg 600w\" sizes=\"(max-width: 750px) 100vw, 750px\" \/><\/a> <a href=\"https:\/\/maybommini.com\/wp-content\/uploads\/2018\/04\/may-bom-loi-dong-cao-cap-1.jpg\" target=\"_blank\" rel=\"noopener\"><img decoding=\"async\" class=\"size-full wp-image-263718 aligncenter\" src=\"https:\/\/maybommini.com\/wp-content\/uploads\/2018\/04\/may-bom-loi-dong-cao-cap-1.jpg\" alt=\"May Bom Loi Dong Cao Cap\" width=\"750\" height=\"750\" srcset=\"https:\/\/maybommini.vn\/wp-content\/uploads\/2018\/04\/may-bom-loi-dong-cao-cap-1.jpg 750w, https:\/\/maybommini.vn\/wp-content\/uploads\/2018\/04\/may-bom-loi-dong-cao-cap-1-300x300.jpg 300w, https:\/\/maybommini.vn\/wp-content\/uploads\/2018\/04\/may-bom-loi-dong-cao-cap-1-150x150.jpg 150w, https:\/\/maybommini.vn\/wp-content\/uploads\/2018\/04\/may-bom-loi-dong-cao-cap-1-600x600.jpg 600w\" sizes=\"(max-width: 750px) 100vw, 750px\" \/><\/a> <a href=\"https:\/\/maybommini.com\/wp-content\/uploads\/2018\/04\/thong-so-ky-thuat-may-bom-RO-phun-suong-Kenter.jpg\" target=\"_blank\" rel=\"noopener\"><img decoding=\"async\" class=\"size-full wp-image-263717 aligncenter\" src=\"https:\/\/maybommini.com\/wp-content\/uploads\/2018\/04\/thong-so-ky-thuat-may-bom-RO-phun-suong-Kenter.jpg\" alt=\"Thong So Ky Thuat May Bom RO Phun Suong Kenter\" width=\"750\" height=\"750\" srcset=\"https:\/\/maybommini.vn\/wp-content\/uploads\/2018\/04\/thong-so-ky-thuat-may-bom-RO-phun-suong-Kenter.jpg 750w, https:\/\/maybommini.vn\/wp-content\/uploads\/2018\/04\/thong-so-ky-thuat-may-bom-RO-phun-suong-Kenter-300x300.jpg 300w, https:\/\/maybommini.vn\/wp-content\/uploads\/2018\/04\/thong-so-ky-thuat-may-bom-RO-phun-suong-Kenter-150x150.jpg 150w, https:\/\/maybommini.vn\/wp-content\/uploads\/2018\/04\/thong-so-ky-thuat-may-bom-RO-phun-suong-Kenter-600x600.jpg 600w\" sizes=\"(max-width: 750px) 100vw, 750px\" \/><\/a><\/p>\n<p><strong>H\u01af\u1edaNG D\u1ea8N S\u1eec D\u1ee4NG M\u00c1Y B\u01a0M PHUN S\u01af\u01a0NG \u2013 RO<\/strong><br \/>\nB\u00e9c phun s\u01b0\u01a1ng s\u1eed d\u1ee5ng t\u1ed1i \u0111a: 25 b\u00e9c<br \/>\nB\u00e9c phun s\u01b0\u01a1ng s\u1eed d\u1ee5ng t\u1ed1i thi\u1ec3u: 5 b\u00e9c<br \/>\nS\u1eed d\u1ee5ng ngu\u1ed3n \u0111i\u1ec7n 24V 2A tr\u1edf l\u00ean.<br \/>\nD\u00f9ng \u1ed1ng n\u01b0\u1edbc ch\u1ecbu \u00e1p l\u1ef1c.<br \/>\n\u0110\u1eb7t m\u00e1y b\u01a1m n\u01a1i kh\u00f4 r\u00e1o tho\u00e1ng m\u00e1t.<br \/>\nN\u01b0\u1edbc v\u00e0o v\u00e0 n\u01b0\u1edbc ra theo h\u01b0\u1edbng m\u0169i t\u00ean k\u00fd hi\u1ec7u.<br \/>\nC\u1ea5p n\u01b0\u1edbc n\u01b0\u1edbc t\u1edbi m\u00e1y b\u01a1m.<br \/>\nHo\u1ea1t \u0111\u1ed9ng t\u1ed1t 24\/24 ti\u1ebft ki\u1ec7m \u0111i\u1ec7n.<a href=\"https:\/\/maybommini.com\/wp-content\/uploads\/2018\/04\/Bom-ap-luc-24v-RO.jpg\" target=\"_blank\" rel=\"noopener\"><img decoding=\"async\" class=\"size-full wp-image-263701 aligncenter\" src=\"https:\/\/maybommini.com\/wp-content\/uploads\/2018\/04\/Bom-ap-luc-24v-RO.jpg\" alt=\"Bom Ap Luc 24v RO\" width=\"750\" height=\"750\" srcset=\"https:\/\/maybommini.vn\/wp-content\/uploads\/2018\/04\/Bom-ap-luc-24v-RO.jpg 750w, https:\/\/maybommini.vn\/wp-content\/uploads\/2018\/04\/Bom-ap-luc-24v-RO-300x300.jpg 300w, https:\/\/maybommini.vn\/wp-content\/uploads\/2018\/04\/Bom-ap-luc-24v-RO-150x150.jpg 150w, https:\/\/maybommini.vn\/wp-content\/uploads\/2018\/04\/Bom-ap-luc-24v-RO-600x600.jpg 600w\" sizes=\"(max-width: 750px) 100vw, 750px\" \/><\/a><\/p>\n<p><a href=\"https:\/\/maybommini.com\/wp-content\/uploads\/2019\/08\/So-do-lap-rap-he-thong-may-phun-suong.jpg\" target=\"_blank\" rel=\"noopener\"><img decoding=\"async\" class=\"size-full wp-image-263139 aligncenter\" src=\"https:\/\/maybommini.com\/wp-content\/uploads\/2019\/08\/So-do-lap-rap-he-thong-may-phun-suong.jpg\" alt=\"So Do Lap Rap He Thong May Phun Suong\" width=\"750\" height=\"750\" srcset=\"https:\/\/maybommini.vn\/wp-content\/uploads\/2019\/08\/So-do-lap-rap-he-thong-may-phun-suong.jpg 750w, https:\/\/maybommini.vn\/wp-content\/uploads\/2019\/08\/So-do-lap-rap-he-thong-may-phun-suong-300x300.jpg 300w, https:\/\/maybommini.vn\/wp-content\/uploads\/2019\/08\/So-do-lap-rap-he-thong-may-phun-suong-150x150.jpg 150w, https:\/\/maybommini.vn\/wp-content\/uploads\/2019\/08\/So-do-lap-rap-he-thong-may-phun-suong-600x600.jpg 600w\" sizes=\"(max-width: 750px) 100vw, 750px\" \/><\/a><a href=\"https:\/\/maybommini.com\/wp-content\/uploads\/2018\/04\/huong-dan-su-dung-may-bom-RO.jpg\" target=\"_blank\" rel=\"noopener\"><img decoding=\"async\" class=\"size-full wp-image-263719 aligncenter\" src=\"https:\/\/maybommini.com\/wp-content\/uploads\/2018\/04\/huong-dan-su-dung-may-bom-RO.jpg\" alt=\"Huong Dan Su Dung May Bom RO\" width=\"750\" height=\"750\" srcset=\"https:\/\/maybommini.vn\/wp-content\/uploads\/2018\/04\/huong-dan-su-dung-may-bom-RO.jpg 750w, https:\/\/maybommini.vn\/wp-content\/uploads\/2018\/04\/huong-dan-su-dung-may-bom-RO-300x300.jpg 300w, https:\/\/maybommini.vn\/wp-content\/uploads\/2018\/04\/huong-dan-su-dung-may-bom-RO-150x150.jpg 150w, https:\/\/maybommini.vn\/wp-content\/uploads\/2018\/04\/huong-dan-su-dung-may-bom-RO-600x600.jpg 600w\" sizes=\"(max-width: 750px) 100vw, 750px\" \/><\/a><\/p>\n<p><strong>\u1ee8NG D\u1ee4NG M\u00c1Y B\u01a0M \u00c1P L\u1ef0C<\/strong><br \/>\nD\u00f9ng phun s\u01b0\u01a1ng l\u00e0m m\u00e1t kh\u00f4ng kh\u00ed qu\u00e1n cafe<br \/>\nD\u00f9ng phun s\u01b0\u01a1ng Nh\u00e0 h\u00e0ng<br \/>\nD\u00f9ng phun s\u01b0\u01a1ng l\u00e0m m\u00e1t nh\u00e0 s\u00e2n v\u01b0\u1eddn.<br \/>\nPhun s\u01b0\u01a1ng l\u00e0m m\u00e1t chu\u1ed3ng tr\u1ea1i.<br \/>\nPhun s\u01b0\u01a1ng l\u00e0m m\u00e1t t\u1ea1o \u1ea9m nh\u00e0 y\u1ebfn.<br \/>\nPhun s\u01b0\u01a1ng l\u00e0m m\u00e1t ng\u0103n b\u1ee5i nh\u00e0 x\u01b0\u1ee1ng.<br \/>\nD\u00f9ng t\u01b0\u1edbi v\u01b0\u1eddn Lan, nh\u00e0 v\u01b0\u1eddn, nh\u00e0 k\u00edn.<br \/>\nD\u00f9ng phun t\u01b0\u1edbi nh\u00e0 N\u1ea5m, rau m\u1ea7m.<br \/>\nD\u00f9ng b\u01a1m n\u01b0\u1edbc m\u00e1y RO l\u1ecdc n\u01b0\u1edbc\u00a0gia \u0111\u00ecnh v\u00e0 c\u00f4ng nghi\u1ec7p.<br \/>\nD\u00f9ng cho h\u1ec7 th\u1ed1ng b\u01a1m n\u01b0\u1edbc\u00a0s\u1ea1ch.<br \/>\nH\u1ec7 th\u1ed1ng b\u01a1m n\u01b0\u1edbc b\u1eb1ng n\u0103ng l\u01b0\u1ee3ng m\u1eb7t tr\u1eddi.<br \/>\nH\u1ec7 th\u1ed1ng b\u01a1m th\u1ef1c ph\u1ea9m.<br \/>\nD\u00f9ng b\u01a1m m\u1ed9t s\u1ed1 h\u00f3a ch\u1ea5t kh\u00f4ng \u0103n m\u00f2n v\u00e0 y t\u1ebf.<br \/>\nS\u1eed d\u1ee5ng\u00a0 trong h\u1ec7 th\u1ed1ng t\u01b0\u1edbi c\u00e2y t\u1ef1 \u0111\u1ed9ng.<br \/>\nV\u00e0 \u0111\u01b0\u1ee3c \u1ee9ng d\u1ee5ng r\u1ed9ng r\u00e3i trong c\u00e1c l\u0129nh v\u1ef1c kh\u00e1c.<\/p>\n<p><a href=\"https:\/\/maybommini.com\/wp-content\/uploads\/2018\/04\/phun-suong-tuoi-cay-nha-vuon.jpg\" target=\"_blank\" rel=\"noopener\"><img decoding=\"async\" class=\"size-full wp-image-263713 aligncenter\" src=\"https:\/\/maybommini.com\/wp-content\/uploads\/2018\/04\/phun-suong-tuoi-cay-nha-vuon.jpg\" alt=\"Phun Suong Tuoi Cay Nha Vuon\" width=\"750\" height=\"750\" srcset=\"https:\/\/maybommini.vn\/wp-content\/uploads\/2018\/04\/phun-suong-tuoi-cay-nha-vuon.jpg 750w, https:\/\/maybommini.vn\/wp-content\/uploads\/2018\/04\/phun-suong-tuoi-cay-nha-vuon-300x300.jpg 300w, https:\/\/maybommini.vn\/wp-content\/uploads\/2018\/04\/phun-suong-tuoi-cay-nha-vuon-150x150.jpg 150w, https:\/\/maybommini.vn\/wp-content\/uploads\/2018\/04\/phun-suong-tuoi-cay-nha-vuon-600x600.jpg 600w\" sizes=\"(max-width: 750px) 100vw, 750px\" \/><\/a> <a href=\"https:\/\/maybommini.com\/wp-content\/uploads\/2018\/04\/phun-suong-lam-mat-san-vuon.jpg\" target=\"_blank\" rel=\"noopener\"><img decoding=\"async\" class=\"size-full wp-image-263712 aligncenter\" src=\"https:\/\/maybommini.com\/wp-content\/uploads\/2018\/04\/phun-suong-lam-mat-san-vuon.jpg\" alt=\"Phun Suong Lam Mat San Vuon\" width=\"750\" height=\"750\" srcset=\"https:\/\/maybommini.vn\/wp-content\/uploads\/2018\/04\/phun-suong-lam-mat-san-vuon.jpg 750w, https:\/\/maybommini.vn\/wp-content\/uploads\/2018\/04\/phun-suong-lam-mat-san-vuon-300x300.jpg 300w, https:\/\/maybommini.vn\/wp-content\/uploads\/2018\/04\/phun-suong-lam-mat-san-vuon-150x150.jpg 150w, https:\/\/maybommini.vn\/wp-content\/uploads\/2018\/04\/phun-suong-lam-mat-san-vuon-600x600.jpg 600w\" sizes=\"(max-width: 750px) 100vw, 750px\" \/><\/a> <a href=\"https:\/\/maybommini.com\/wp-content\/uploads\/2018\/04\/phun-suong-lam-mat-noi-cong-cong.jpg\" target=\"_blank\" rel=\"noopener\"><img decoding=\"async\" class=\"size-full wp-image-263711 aligncenter\" src=\"https:\/\/maybommini.com\/wp-content\/uploads\/2018\/04\/phun-suong-lam-mat-noi-cong-cong.jpg\" alt=\"Phun Suong Lam Mat Noi Cong Cong\" width=\"750\" height=\"750\" srcset=\"https:\/\/maybommini.vn\/wp-content\/uploads\/2018\/04\/phun-suong-lam-mat-noi-cong-cong.jpg 750w, https:\/\/maybommini.vn\/wp-content\/uploads\/2018\/04\/phun-suong-lam-mat-noi-cong-cong-300x300.jpg 300w, https:\/\/maybommini.vn\/wp-content\/uploads\/2018\/04\/phun-suong-lam-mat-noi-cong-cong-150x150.jpg 150w, https:\/\/maybommini.vn\/wp-content\/uploads\/2018\/04\/phun-suong-lam-mat-noi-cong-cong-600x600.jpg 600w\" sizes=\"(max-width: 750px) 100vw, 750px\" \/><\/a> <a href=\"https:\/\/maybommini.com\/wp-content\/uploads\/2018\/04\/he-thong-phun-suong-chuyen-nghiep.jpg\" target=\"_blank\" rel=\"noopener\"><img decoding=\"async\" class=\"size-full wp-image-263705 aligncenter\" src=\"https:\/\/maybommini.com\/wp-content\/uploads\/2018\/04\/he-thong-phun-suong-chuyen-nghiep.jpg\" alt=\"He Thong Phun Suong Chuyen Nghiep\" width=\"750\" height=\"750\" srcset=\"https:\/\/maybommini.vn\/wp-content\/uploads\/2018\/04\/he-thong-phun-suong-chuyen-nghiep.jpg 750w, https:\/\/maybommini.vn\/wp-content\/uploads\/2018\/04\/he-thong-phun-suong-chuyen-nghiep-300x300.jpg 300w, https:\/\/maybommini.vn\/wp-content\/uploads\/2018\/04\/he-thong-phun-suong-chuyen-nghiep-150x150.jpg 150w, https:\/\/maybommini.vn\/wp-content\/uploads\/2018\/04\/he-thong-phun-suong-chuyen-nghiep-600x600.jpg 600w\" sizes=\"(max-width: 750px) 100vw, 750px\" \/><\/a> <a href=\"https:\/\/maybommini.com\/wp-content\/uploads\/2018\/04\/su-dung-may-bom-nuoc-RO.jpg\" target=\"_blank\" rel=\"noopener\"><img decoding=\"async\" class=\"size-full wp-image-263716 aligncenter\" src=\"https:\/\/maybommini.com\/wp-content\/uploads\/2018\/04\/su-dung-may-bom-nuoc-RO.jpg\" alt=\"Su Dung May Bom Nuoc RO\" width=\"750\" height=\"750\" srcset=\"https:\/\/maybommini.vn\/wp-content\/uploads\/2018\/04\/su-dung-may-bom-nuoc-RO.jpg 750w, https:\/\/maybommini.vn\/wp-content\/uploads\/2018\/04\/su-dung-may-bom-nuoc-RO-300x300.jpg 300w, https:\/\/maybommini.vn\/wp-content\/uploads\/2018\/04\/su-dung-may-bom-nuoc-RO-150x150.jpg 150w, https:\/\/maybommini.vn\/wp-content\/uploads\/2018\/04\/su-dung-may-bom-nuoc-RO-600x600.jpg 600w\" sizes=\"(max-width: 750px) 100vw, 750px\" \/><\/a><\/p>\n<p><strong>MUA M\u00c1Y B\u01a0M \u00c1 L\u1ef0C L\u1eccC N\u01af\u1edaC RO V\u00c0 PHUN S\u01af\u01a0NG \u1ede \u0110\u00c2U ?<\/strong><br \/>\n&#8211; Ch\u00fang t\u00f4i l\u00e0 nh\u00e0 cung c\u1ea5p c\u00e1c lo\u1ea1i m\u00e1y b\u01a1m RO l\u1edbn nh\u1ea5t Vi\u1ec7t Nam tr\u00ean to\u00e0n qu\u1ed1c. Ch\u00fang t\u00f4i ph\u00e2n ph\u1ed1i c\u00e1c lo\u1ea1i m\u00e1y b\u01a1m cho c\u00e1c c\u00e1 nh\u00e2n v\u00e0 doanh nghi\u1ec7p tr\u00ean nhi\u1ec1u l\u0129nh v\u1ef1c kh\u00e1c nhau.<br \/>\n&#8211; V\u1edbi ch\u1ea5t l\u01b0\u1ee3ng v\u00e0 b\u1ea3o h\u00e0nh ch\u00ednh h\u00e3ng \u0111\u01b0\u1ee3c ch\u00fang t\u00f4i cam k\u1ebft l\u00e0 l\u1ef1a ch\u1ecdn h\u00e0ng \u0111\u1ea7u c\u1ee7a kh\u00e1ch h\u00e0ng.<\/p>\n<p><a href=\"https:\/\/maybommini.com\/wp-content\/uploads\/2018\/04\/Nha-cung-cap-may-phun-suong-chinh-hang-gia-tot.jpg\" target=\"_blank\" rel=\"noopener\"><img decoding=\"async\" class=\"size-full wp-image-263710 aligncenter\" src=\"https:\/\/maybommini.com\/wp-content\/uploads\/2018\/04\/Nha-cung-cap-may-phun-suong-chinh-hang-gia-tot.jpg\" alt=\"Nha Cung Cap May Phun Suong Chinh Hang Gia Tot\" width=\"750\" height=\"750\" srcset=\"https:\/\/maybommini.vn\/wp-content\/uploads\/2018\/04\/Nha-cung-cap-may-phun-suong-chinh-hang-gia-tot.jpg 750w, https:\/\/maybommini.vn\/wp-content\/uploads\/2018\/04\/Nha-cung-cap-may-phun-suong-chinh-hang-gia-tot-300x300.jpg 300w, https:\/\/maybommini.vn\/wp-content\/uploads\/2018\/04\/Nha-cung-cap-may-phun-suong-chinh-hang-gia-tot-150x150.jpg 150w, https:\/\/maybommini.vn\/wp-content\/uploads\/2018\/04\/Nha-cung-cap-may-phun-suong-chinh-hang-gia-tot-600x600.jpg 600w\" sizes=\"(max-width: 750px) 100vw, 750px\" \/><\/a> <a href=\"https:\/\/maybommini.com\/wp-content\/uploads\/2018\/04\/san-xuat-may-bom-phun-suong-RO.jpg\" target=\"_blank\" rel=\"noopener\"><img decoding=\"async\" class=\"size-full wp-image-263715 aligncenter\" src=\"https:\/\/maybommini.com\/wp-content\/uploads\/2018\/04\/san-xuat-may-bom-phun-suong-RO.jpg\" alt=\"San Xuat May Bom Phun Suong RO\" width=\"750\" height=\"750\" srcset=\"https:\/\/maybommini.vn\/wp-content\/uploads\/2018\/04\/san-xuat-may-bom-phun-suong-RO.jpg 750w, https:\/\/maybommini.vn\/wp-content\/uploads\/2018\/04\/san-xuat-may-bom-phun-suong-RO-300x300.jpg 300w, https:\/\/maybommini.vn\/wp-content\/uploads\/2018\/04\/san-xuat-may-bom-phun-suong-RO-150x150.jpg 150w, https:\/\/maybommini.vn\/wp-content\/uploads\/2018\/04\/san-xuat-may-bom-phun-suong-RO-600x600.jpg 600w\" sizes=\"(max-width: 750px) 100vw, 750px\" \/><\/a><\/p>\n<p><strong>CTY TNHH TH\u01af\u01a0NG M\u1ea0I D\u1ecaCH V\u1ee4 \u0110I\u1ec6N M\u00c1Y TH\u00d4NG MINH<\/strong><br \/>\n<strong>Hotline:<\/strong> 02873030399 &#8211; 090 729 4310<br \/>\n<strong>Email:<\/strong> maybommini.com@gmail.com<br \/>\n<strong>Website:<\/strong> <a href=\"https:\/\/maybommini.com\" target=\"_blank\" rel=\"noopener\">https\/\/maybommini.com<\/a><br \/>\n<strong>Facebook:<\/strong> <a href=\"https:\/\/www.facebook.com\/maybommini\" target=\"_blank\" rel=\"noopener\">https:\/\/www.facebook.com\/maybommini<\/a><br \/>\n<strong>Youtube:<\/strong> <a href=\"https:\/\/www.youtube.com\/bahamasali\" target=\"_blank\" rel=\"noopener\">https:\/\/www.youtube.com\/bahamasali<\/a><\/p>\n<p>&nbsp;<\/p>\n<h3 style=\"text-align: center;\"><strong>M\u00e1y b\u01a1m \u00e1p l\u1ef1c phun s\u01b0\u01a1ng l\u1ecdc n\u01b0\u1edbc RO 24V 36L 50G KERTER<\/strong><\/h3>\n<p><img decoding=\"async\" class=\"size-full wp-image-255890 aligncenter\" src=\"https:\/\/maybommini.com.vn\/wp-content\/uploads\/2018\/03\/ban-may-bom-loc-nuoc-ro.jpg\" alt=\"Ban May Bom Loc Nuoc Ro\" width=\"800\" height=\"800\" \/> <img decoding=\"async\" class=\"size-full wp-image-255891 aligncenter\" src=\"https:\/\/maybommini.com.vn\/wp-content\/uploads\/2018\/03\/may-bom-loc-nuoc-ro-24v.jpg\" alt=\"May Bom Loc Nuoc Ro 24v\" width=\"800\" height=\"800\" \/> <img decoding=\"async\" class=\"size-full wp-image-255898 aligncenter\" src=\"https:\/\/maybommini.com.vn\/wp-content\/uploads\/2018\/03\/thong-so-may-bom-loc-nuoc-ro-24v.jpg\" alt=\"Thong So May Bom Loc Nuoc Ro 24v\" width=\"800\" height=\"800\" \/><\/p>\n<p>&nbsp;<\/p>\n<p><img decoding=\"async\" class=\"size-full wp-image-255892 aligncenter\" src=\"https:\/\/maybommini.com.vn\/wp-content\/uploads\/2018\/03\/may-bom-loc-nuoc-ro-24v-50g.jpg\" alt=\"May Bom Loc Nuoc Ro 24v 50g\" width=\"800\" height=\"800\" \/><\/p>\n<p>&nbsp;<\/p>\n<h3 style=\"text-align: center;\">M\u00e1y b\u01a1m \u00e1p l\u1ef1c 24V 36L KERTER 50G<\/h3>\n","protected":false},"excerpt":{"rendered":"<p>Th\u01b0\u01a1ng hi\u00ea\u0323u: KERTER<br \/>\nModel: 50G<br \/>\nNgu\u1ed3n: 24V DC<br \/>\nC\u00f4ng su\u00e2\u0301t: 28W<br \/>\nA\u0301p l\u01b0\u0323c: 70 &#8211; 140 PSI<br \/>\nL\u01b0u l\u01b0\u1ee3ng: 36 L\/H<br \/>\nRen n\u1ed1i \u1ed1ng: 17 mm<br \/>\nTi\u1ebfng\u00a0\u1ed3n th\u1ea5p ti\u1ebft ki\u1ec7m \u0111i\u1ec7n.<br \/>\nC\u00f4ng ngh\u00ea\u0323 Japan l\u00f5i \u0111\u1ed3ng cao c\u1ea5p.<br \/>\n\u0110\u1ea7u b\u01a1m \u00e1p l\u1ef1c c\u00f4ng ngh\u1ec7 m\u00e0ng.<br \/>\nK\u00edch th\u01b0\u1edbc: 15 x 10 x 8.5 cm.<br \/>\nTr\u1ecdng l\u01b0\u1ee3ng : 1.5 Kg<br \/>\nK\u00e8m n\u1ed1i \u1ed1ng 8mm.<br \/>\nB\u1ea3o h\u00e0nh: 6 th\u00e1ng<br \/>\nPh\u00e2n ph\u1ed1i: Maybommini.com<br \/>\nH\u00f4\u0309 tr\u01a1\u0323 ky\u0303 thu\u00e2\u0323t vi\u0303nh vi\u00ea\u0303n.<br \/>\n<strong>T\u01af V\u1ea4N K\u1ef8 THU\u1eacT \u2013 MUA H\u00c0NG<br \/>\nMUA S\u1ed0 L\u01af\u1ee2NG C\u00d3 GI\u00c1 S\u1ec8<\/strong><br \/>\n0908997823 \u2013 0908997872<br \/>\n0907294310 \u2013 02873030399<\/p>\n","protected":false},"featured_media":263707,"comment_status":"open","ping_status":"closed","template":"","meta":[],"product_brand":[2968],"product_cat":[1015,367,368,196,485],"product_tag":[488,584,235,1064,2969,3087,289,1019,1065,375,1066,1067,1068,1069,3086,1070,2505],"class_list":{"0":"post-256624","1":"product","2":"type-product","3":"status-publish","4":"has-post-thumbnail","6":"product_brand-kerter","7":"product_cat-may-bom-nuoc-ro","8":"product_cat-he-thong-phun-suong","9":"product_cat-may-phun-suong","10":"product_cat-may-bom-ap-luc-mini","11":"product_cat-may-bom-ap-luc-24v","12":"product_tag-24v","13":"product_tag-50g","14":"product_tag-bom-nuoc-mini","15":"product_tag-bom-nuoc-ro","16":"product_tag-kerter","17":"product_tag-kerter-pump","18":"product_tag-loc-nuoc","19":"product_tag-loc-nuoc-ro","20":"product_tag-may-bom-loc-nuoc","21":"product_tag-may-bom-nuoc","22":"product_tag-may-bom-nuoc-gia-dinh","23":"product_tag-may-bom-ro","24":"product_tag-may-loc-nuoc","25":"product_tag-ro-24v","26":"product_tag-ro-pumps","27":"product_tag-robom-ro","28":"product_tag-water-pump","30":"first","31":"instock","32":"sale","33":"shipping-taxable","34":"purchasable","35":"product-type-simple"},"_links":{"self":[{"href":"https:\/\/maybommini.vn\/index.php?rest_route=\/wp\/v2\/product\/256624","targetHints":{"allow":["GET"]}}],"collection":[{"href":"https:\/\/maybommini.vn\/index.php?rest_route=\/wp\/v2\/product"}],"about":[{"href":"https:\/\/maybommini.vn\/index.php?rest_route=\/wp\/v2\/types\/product"}],"replies":[{"embeddable":true,"href":"https:\/\/maybommini.vn\/index.php?rest_route=%2Fwp%2Fv2%2Fcomments&post=256624"}],"wp:featuredmedia":[{"embeddable":true,"href":"https:\/\/maybommini.vn\/index.php?rest_route=\/wp\/v2\/media\/263707"}],"wp:attachment":[{"href":"https:\/\/maybommini.vn\/index.php?rest_route=%2Fwp%2Fv2%2Fmedia&parent=256624"}],"wp:term":[{"taxonomy":"product_brand","embeddable":true,"href":"https:\/\/maybommini.vn\/index.php?rest_route=%2Fwp%2Fv2%2Fproduct_brand&post=256624"},{"taxonomy":"product_cat","embeddable":true,"href":"https:\/\/maybommini.vn\/index.php?rest_route=%2Fwp%2Fv2%2Fproduct_cat&post=256624"},{"taxonomy":"product_tag","embeddable":true,"href":"https:\/\/maybommini.vn\/index.php?rest_route=%2Fwp%2Fv2%2Fproduct_tag&post=256624"}],"curies":[{"name":"wp","href":"https:\/\/api.w.org\/{rel}","templated":true}]}}