{"id":256820,"date":"2018-04-12T19:38:27","date_gmt":"2018-04-12T12:38:27","guid":{"rendered":"https:\/\/maybommini.com\/san-pham\/import-placeholder-for-253068"},"modified":"2020-01-21T11:47:23","modified_gmt":"2020-01-21T04:47:23","slug":"may-thoi-bui-cam-tay-12v-600w","status":"publish","type":"product","link":"https:\/\/maybommini.vn\/?product=may-thoi-bui-cam-tay-12v-600w","title":{"rendered":"M\u00e1y th\u1ed5i b\u1ee5i c\u1ea7m tay 12V 600W"},"content":{"rendered":"<h3><em><strong>M\u00e1y th\u1ed5i b\u1ee5i c\u1ea7m tay 12V 600W l\u00e0 lo\u1ea1i m\u00e1y d\u00f9ng th\u1ed5i b\u1ee5i v\u1ec7 sinh thi\u1ebft b\u1ecb m\u00e1y vi t\u00ednh, th\u1ed5i b\u1ee5i xe oto v\u00e0 nh\u00e0 c\u1eeda trong gia\u00a0\u0111\u00ecnh. M\u00e1y c\u00f3 thi\u1ebft k\u1ebf g\u1ecdn nh\u1eb9 d\u00f9ng\u00a0\u0111i\u1ec7n 12V an to\u00e0n v\u00e0 c\u00f3 l\u1ef1c th\u1ed5i kh\u00e1 m\u1ea1nh.<br \/>\n<img decoding=\"async\" class=\"size-full wp-image-254192 aligncenter\" src=\"https:\/\/maybommini.com.vn\/wp-content\/uploads\/2018\/01\/may-thoi-bang-binh-ac-quy.jpg\" alt=\"May Thoi Bang Binh Ac Quy\" width=\"750\" height=\"750\" srcset=\"https:\/\/maybommini.vn\/wp-content\/uploads\/2018\/01\/may-thoi-bang-binh-ac-quy.jpg 750w, https:\/\/maybommini.vn\/wp-content\/uploads\/2018\/01\/may-thoi-bang-binh-ac-quy-300x300.jpg 300w, https:\/\/maybommini.vn\/wp-content\/uploads\/2018\/01\/may-thoi-bang-binh-ac-quy-600x600.jpg 600w, https:\/\/maybommini.vn\/wp-content\/uploads\/2018\/01\/may-thoi-bang-binh-ac-quy-150x150.jpg 150w, https:\/\/maybommini.vn\/wp-content\/uploads\/2018\/01\/may-thoi-bang-binh-ac-quy-270x270.jpg 270w, https:\/\/maybommini.vn\/wp-content\/uploads\/2018\/01\/may-thoi-bang-binh-ac-quy-375x375.jpg 375w, https:\/\/maybommini.vn\/wp-content\/uploads\/2018\/01\/may-thoi-bang-binh-ac-quy-140x140.jpg 140w, https:\/\/maybommini.vn\/wp-content\/uploads\/2018\/01\/may-thoi-bang-binh-ac-quy-131x131.jpg 131w, https:\/\/maybommini.vn\/wp-content\/uploads\/2018\/01\/may-thoi-bang-binh-ac-quy-142x142.jpg 142w, https:\/\/maybommini.vn\/wp-content\/uploads\/2018\/01\/may-thoi-bang-binh-ac-quy-164x164.jpg 164w, https:\/\/maybommini.vn\/wp-content\/uploads\/2018\/01\/may-thoi-bang-binh-ac-quy-175x175.jpg 175w, https:\/\/maybommini.vn\/wp-content\/uploads\/2018\/01\/may-thoi-bang-binh-ac-quy-193x193.jpg 193w, https:\/\/maybommini.vn\/wp-content\/uploads\/2018\/01\/may-thoi-bang-binh-ac-quy-200x200.jpg 200w, https:\/\/maybommini.vn\/wp-content\/uploads\/2018\/01\/may-thoi-bang-binh-ac-quy-204x204.jpg 204w, https:\/\/maybommini.vn\/wp-content\/uploads\/2018\/01\/may-thoi-bang-binh-ac-quy-213x213.jpg 213w, https:\/\/maybommini.vn\/wp-content\/uploads\/2018\/01\/may-thoi-bang-binh-ac-quy-248x248.jpg 248w, https:\/\/maybommini.vn\/wp-content\/uploads\/2018\/01\/may-thoi-bang-binh-ac-quy-260x260.jpg 260w\" sizes=\"(max-width: 750px) 100vw, 750px\" \/><br \/>\n<\/strong><\/em><\/h3>\n<p><strong>TH\u00d4NG S\u1ed0 K\u1ef8 THU\u1eacT<\/strong><br \/>\nModel: MTB-12V600W<br \/>\n\u0110i\u1ec7n th\u1ebf: DC 12V<br \/>\nC\u00f4ng su\u1ea5t: 600W<br \/>\nL\u1ef1c th\u1ed5i xa: 3 m\u00e9t<br \/>\nV\u00f2ng t\u01b0a mortor: 24000 R\/M<br \/>\nCh\u1ea5t li\u1ec7u: Nh\u1ef1a ABS &#8211;\u00a0\u0110\u1ed3ng<br \/>\nK\u00edch th\u01b0\u1edbc: 45 x 18 Cm<br \/>\nTr\u1ecdng l\u01b0\u1ee3ng: 1200 Gam<\/p>\n<p><img decoding=\"async\" class=\"size-full wp-image-254194 aligncenter\" src=\"https:\/\/maybommini.com.vn\/wp-content\/uploads\/2018\/01\/may-thoi-bui-2.jpg\" alt=\"May Thoi Bui\" width=\"750\" height=\"750\" srcset=\"https:\/\/maybommini.vn\/wp-content\/uploads\/2018\/01\/may-thoi-bui-2.jpg 750w, https:\/\/maybommini.vn\/wp-content\/uploads\/2018\/01\/may-thoi-bui-2-300x300.jpg 300w, https:\/\/maybommini.vn\/wp-content\/uploads\/2018\/01\/may-thoi-bui-2-600x600.jpg 600w, https:\/\/maybommini.vn\/wp-content\/uploads\/2018\/01\/may-thoi-bui-2-150x150.jpg 150w, https:\/\/maybommini.vn\/wp-content\/uploads\/2018\/01\/may-thoi-bui-2-270x270.jpg 270w, https:\/\/maybommini.vn\/wp-content\/uploads\/2018\/01\/may-thoi-bui-2-375x375.jpg 375w, https:\/\/maybommini.vn\/wp-content\/uploads\/2018\/01\/may-thoi-bui-2-140x140.jpg 140w, https:\/\/maybommini.vn\/wp-content\/uploads\/2018\/01\/may-thoi-bui-2-131x131.jpg 131w, https:\/\/maybommini.vn\/wp-content\/uploads\/2018\/01\/may-thoi-bui-2-142x142.jpg 142w, https:\/\/maybommini.vn\/wp-content\/uploads\/2018\/01\/may-thoi-bui-2-164x164.jpg 164w, https:\/\/maybommini.vn\/wp-content\/uploads\/2018\/01\/may-thoi-bui-2-175x175.jpg 175w, https:\/\/maybommini.vn\/wp-content\/uploads\/2018\/01\/may-thoi-bui-2-193x193.jpg 193w, https:\/\/maybommini.vn\/wp-content\/uploads\/2018\/01\/may-thoi-bui-2-200x200.jpg 200w, https:\/\/maybommini.vn\/wp-content\/uploads\/2018\/01\/may-thoi-bui-2-204x204.jpg 204w, https:\/\/maybommini.vn\/wp-content\/uploads\/2018\/01\/may-thoi-bui-2-213x213.jpg 213w, https:\/\/maybommini.vn\/wp-content\/uploads\/2018\/01\/may-thoi-bui-2-248x248.jpg 248w, https:\/\/maybommini.vn\/wp-content\/uploads\/2018\/01\/may-thoi-bui-2-260x260.jpg 260w\" sizes=\"(max-width: 750px) 100vw, 750px\" \/> <img decoding=\"async\" class=\"size-full wp-image-254191 aligncenter\" src=\"https:\/\/maybommini.com.vn\/wp-content\/uploads\/2018\/01\/may-thoi-12v-600w.jpg\" alt=\"May Thoi 12v 600w\" width=\"750\" height=\"750\" srcset=\"https:\/\/maybommini.vn\/wp-content\/uploads\/2018\/01\/may-thoi-12v-600w.jpg 750w, https:\/\/maybommini.vn\/wp-content\/uploads\/2018\/01\/may-thoi-12v-600w-300x300.jpg 300w, https:\/\/maybommini.vn\/wp-content\/uploads\/2018\/01\/may-thoi-12v-600w-600x600.jpg 600w, https:\/\/maybommini.vn\/wp-content\/uploads\/2018\/01\/may-thoi-12v-600w-150x150.jpg 150w, https:\/\/maybommini.vn\/wp-content\/uploads\/2018\/01\/may-thoi-12v-600w-270x270.jpg 270w, https:\/\/maybommini.vn\/wp-content\/uploads\/2018\/01\/may-thoi-12v-600w-375x375.jpg 375w, https:\/\/maybommini.vn\/wp-content\/uploads\/2018\/01\/may-thoi-12v-600w-140x140.jpg 140w, https:\/\/maybommini.vn\/wp-content\/uploads\/2018\/01\/may-thoi-12v-600w-131x131.jpg 131w, https:\/\/maybommini.vn\/wp-content\/uploads\/2018\/01\/may-thoi-12v-600w-142x142.jpg 142w, https:\/\/maybommini.vn\/wp-content\/uploads\/2018\/01\/may-thoi-12v-600w-164x164.jpg 164w, https:\/\/maybommini.vn\/wp-content\/uploads\/2018\/01\/may-thoi-12v-600w-175x175.jpg 175w, https:\/\/maybommini.vn\/wp-content\/uploads\/2018\/01\/may-thoi-12v-600w-193x193.jpg 193w, https:\/\/maybommini.vn\/wp-content\/uploads\/2018\/01\/may-thoi-12v-600w-200x200.jpg 200w, https:\/\/maybommini.vn\/wp-content\/uploads\/2018\/01\/may-thoi-12v-600w-204x204.jpg 204w, https:\/\/maybommini.vn\/wp-content\/uploads\/2018\/01\/may-thoi-12v-600w-213x213.jpg 213w, https:\/\/maybommini.vn\/wp-content\/uploads\/2018\/01\/may-thoi-12v-600w-248x248.jpg 248w, https:\/\/maybommini.vn\/wp-content\/uploads\/2018\/01\/may-thoi-12v-600w-260x260.jpg 260w\" sizes=\"(max-width: 750px) 100vw, 750px\" \/><\/p>\n<p style=\"text-align: left;\"><strong>\u1ee8NG D\u1ee4NG M\u00c1Y TH\u1ed4I B\u1ee4I C\u1ea6M TAY<\/strong><br \/>\n&#8211; D\u00f9ng th\u1ed5i b\u1ee5i v\u1ec7 sinh m\u00e1y vi t\u00ednh.<br \/>\n&#8211; D\u00f9ng th\u1ed5i b\u1ee5i v\u1ec7 sinh Oto<br \/>\n&#8211; D\u00f9ng th\u1ed5i l\u00e0m kh\u00f4 thi\u1ebft b\u1ecb gia\u00a0\u0111\u00ecnh.<br \/>\n&#8211; D\u00f9ng th\u1ed5i b\u1ee5i v\u1ec7 sinh nh\u00e0 c\u1eeda th\u00fa nu\u00f4i.<br \/>\n&#8211; V\u00e0\u00a0\u0111\u01b0\u1ee3c\u00a0\u1ee9ng d\u1ee5ng trong m\u1ed9t s\u1ed1 l\u0129nh v\u1ef1c kh\u00e1c d\u00f9ng ngu\u1ed3n 12V.<br \/>\n<img decoding=\"async\" class=\"size-full wp-image-254198 aligncenter\" src=\"https:\/\/maybommini.com.vn\/wp-content\/uploads\/2018\/01\/thui-ve-ve-sinh-xe.jpg\" alt=\"Thui Ve Ve Sinh Xe\" width=\"750\" height=\"750\" srcset=\"https:\/\/maybommini.vn\/wp-content\/uploads\/2018\/01\/thui-ve-ve-sinh-xe.jpg 750w, https:\/\/maybommini.vn\/wp-content\/uploads\/2018\/01\/thui-ve-ve-sinh-xe-300x300.jpg 300w, https:\/\/maybommini.vn\/wp-content\/uploads\/2018\/01\/thui-ve-ve-sinh-xe-100x100.jpg 100w, https:\/\/maybommini.vn\/wp-content\/uploads\/2018\/01\/thui-ve-ve-sinh-xe-600x600.jpg 600w, https:\/\/maybommini.vn\/wp-content\/uploads\/2018\/01\/thui-ve-ve-sinh-xe-150x150.jpg 150w, https:\/\/maybommini.vn\/wp-content\/uploads\/2018\/01\/thui-ve-ve-sinh-xe-270x270.jpg 270w, https:\/\/maybommini.vn\/wp-content\/uploads\/2018\/01\/thui-ve-ve-sinh-xe-375x375.jpg 375w, https:\/\/maybommini.vn\/wp-content\/uploads\/2018\/01\/thui-ve-ve-sinh-xe-140x140.jpg 140w, https:\/\/maybommini.vn\/wp-content\/uploads\/2018\/01\/thui-ve-ve-sinh-xe-131x131.jpg 131w, https:\/\/maybommini.vn\/wp-content\/uploads\/2018\/01\/thui-ve-ve-sinh-xe-142x142.jpg 142w, https:\/\/maybommini.vn\/wp-content\/uploads\/2018\/01\/thui-ve-ve-sinh-xe-164x164.jpg 164w, https:\/\/maybommini.vn\/wp-content\/uploads\/2018\/01\/thui-ve-ve-sinh-xe-175x175.jpg 175w, https:\/\/maybommini.vn\/wp-content\/uploads\/2018\/01\/thui-ve-ve-sinh-xe-193x193.jpg 193w, https:\/\/maybommini.vn\/wp-content\/uploads\/2018\/01\/thui-ve-ve-sinh-xe-200x200.jpg 200w, https:\/\/maybommini.vn\/wp-content\/uploads\/2018\/01\/thui-ve-ve-sinh-xe-204x204.jpg 204w, https:\/\/maybommini.vn\/wp-content\/uploads\/2018\/01\/thui-ve-ve-sinh-xe-213x213.jpg 213w, https:\/\/maybommini.vn\/wp-content\/uploads\/2018\/01\/thui-ve-ve-sinh-xe-248x248.jpg 248w, https:\/\/maybommini.vn\/wp-content\/uploads\/2018\/01\/thui-ve-ve-sinh-xe-260x260.jpg 260w\" sizes=\"(max-width: 750px) 100vw, 750px\" \/> <img decoding=\"async\" class=\"size-full wp-image-254197 aligncenter\" src=\"https:\/\/maybommini.com.vn\/wp-content\/uploads\/2018\/01\/may-thoi-12v-dc.jpg\" alt=\"May Thoi 12v Dc\" width=\"750\" height=\"750\" srcset=\"https:\/\/maybommini.vn\/wp-content\/uploads\/2018\/01\/may-thoi-12v-dc.jpg 750w, https:\/\/maybommini.vn\/wp-content\/uploads\/2018\/01\/may-thoi-12v-dc-300x300.jpg 300w, https:\/\/maybommini.vn\/wp-content\/uploads\/2018\/01\/may-thoi-12v-dc-600x600.jpg 600w, https:\/\/maybommini.vn\/wp-content\/uploads\/2018\/01\/may-thoi-12v-dc-150x150.jpg 150w, https:\/\/maybommini.vn\/wp-content\/uploads\/2018\/01\/may-thoi-12v-dc-270x270.jpg 270w, https:\/\/maybommini.vn\/wp-content\/uploads\/2018\/01\/may-thoi-12v-dc-375x375.jpg 375w, https:\/\/maybommini.vn\/wp-content\/uploads\/2018\/01\/may-thoi-12v-dc-140x140.jpg 140w, https:\/\/maybommini.vn\/wp-content\/uploads\/2018\/01\/may-thoi-12v-dc-131x131.jpg 131w, https:\/\/maybommini.vn\/wp-content\/uploads\/2018\/01\/may-thoi-12v-dc-142x142.jpg 142w, https:\/\/maybommini.vn\/wp-content\/uploads\/2018\/01\/may-thoi-12v-dc-164x164.jpg 164w, https:\/\/maybommini.vn\/wp-content\/uploads\/2018\/01\/may-thoi-12v-dc-175x175.jpg 175w, https:\/\/maybommini.vn\/wp-content\/uploads\/2018\/01\/may-thoi-12v-dc-193x193.jpg 193w, https:\/\/maybommini.vn\/wp-content\/uploads\/2018\/01\/may-thoi-12v-dc-200x200.jpg 200w, https:\/\/maybommini.vn\/wp-content\/uploads\/2018\/01\/may-thoi-12v-dc-204x204.jpg 204w, https:\/\/maybommini.vn\/wp-content\/uploads\/2018\/01\/may-thoi-12v-dc-213x213.jpg 213w, https:\/\/maybommini.vn\/wp-content\/uploads\/2018\/01\/may-thoi-12v-dc-248x248.jpg 248w, https:\/\/maybommini.vn\/wp-content\/uploads\/2018\/01\/may-thoi-12v-dc-260x260.jpg 260w\" sizes=\"(max-width: 750px) 100vw, 750px\" \/> <img decoding=\"async\" class=\"size-full wp-image-254196 aligncenter\" src=\"https:\/\/maybommini.com.vn\/wp-content\/uploads\/2018\/01\/thui-bui-ve-sinh-12v.jpg\" alt=\"Thui Bui Ve Sinh 12v\" width=\"750\" height=\"750\" srcset=\"https:\/\/maybommini.vn\/wp-content\/uploads\/2018\/01\/thui-bui-ve-sinh-12v.jpg 750w, https:\/\/maybommini.vn\/wp-content\/uploads\/2018\/01\/thui-bui-ve-sinh-12v-300x300.jpg 300w, https:\/\/maybommini.vn\/wp-content\/uploads\/2018\/01\/thui-bui-ve-sinh-12v-100x100.jpg 100w, https:\/\/maybommini.vn\/wp-content\/uploads\/2018\/01\/thui-bui-ve-sinh-12v-600x600.jpg 600w, https:\/\/maybommini.vn\/wp-content\/uploads\/2018\/01\/thui-bui-ve-sinh-12v-150x150.jpg 150w, https:\/\/maybommini.vn\/wp-content\/uploads\/2018\/01\/thui-bui-ve-sinh-12v-270x270.jpg 270w, https:\/\/maybommini.vn\/wp-content\/uploads\/2018\/01\/thui-bui-ve-sinh-12v-375x375.jpg 375w, https:\/\/maybommini.vn\/wp-content\/uploads\/2018\/01\/thui-bui-ve-sinh-12v-140x140.jpg 140w, https:\/\/maybommini.vn\/wp-content\/uploads\/2018\/01\/thui-bui-ve-sinh-12v-131x131.jpg 131w, https:\/\/maybommini.vn\/wp-content\/uploads\/2018\/01\/thui-bui-ve-sinh-12v-142x142.jpg 142w, https:\/\/maybommini.vn\/wp-content\/uploads\/2018\/01\/thui-bui-ve-sinh-12v-164x164.jpg 164w, https:\/\/maybommini.vn\/wp-content\/uploads\/2018\/01\/thui-bui-ve-sinh-12v-175x175.jpg 175w, https:\/\/maybommini.vn\/wp-content\/uploads\/2018\/01\/thui-bui-ve-sinh-12v-193x193.jpg 193w, https:\/\/maybommini.vn\/wp-content\/uploads\/2018\/01\/thui-bui-ve-sinh-12v-200x200.jpg 200w, https:\/\/maybommini.vn\/wp-content\/uploads\/2018\/01\/thui-bui-ve-sinh-12v-204x204.jpg 204w, https:\/\/maybommini.vn\/wp-content\/uploads\/2018\/01\/thui-bui-ve-sinh-12v-213x213.jpg 213w, https:\/\/maybommini.vn\/wp-content\/uploads\/2018\/01\/thui-bui-ve-sinh-12v-248x248.jpg 248w, https:\/\/maybommini.vn\/wp-content\/uploads\/2018\/01\/thui-bui-ve-sinh-12v-260x260.jpg 260w\" sizes=\"(max-width: 750px) 100vw, 750px\" \/><\/p>\n<h2 style=\"text-align: center;\"><strong>M\u00c1Y TH\u1ed4I B\u1ee4I C\u1ea6M TAY 12V 600W<\/strong><\/h2>\n<p><strong>MUA M\u00c1Y TH\u1ed4I B\u1ee4I C\u1ea6M TAY\u00a0\u1ede\u00a0\u0110\u00c2U ?<br \/>\n<\/strong>Ch\u00fang t\u00f4i chuy\u00ean cung c\u1ea5p c\u00e1c thi\u1ebft b\u1ecb d\u1ee5ng c\u1ee5 c\u1ea7m tay v\u00e0 m\u00e1y m\u00f3c c\u1ea7m tay DC 12V 24V tr\u00ean to\u00e0n qu\u1ed1c. V\u1edbi gi\u00e1 t\u1ed1t h\u00e0ng ch\u00ednh h\u00e3ng t\u1ea1i Vi\u1ec7t Nam MBM MAYBOMMINI l\u00e0 l\u1ef1a ch\u1ecdn h\u00e0ng\u00a0\u0111\u1ea7u c\u1ee7a kh\u00e1ch h\u00e0ng.<\/p>\n<p><strong>CTY TNHH TH\u01af\u01a0NG M\u1ea0I D\u1ecaCH V\u1ee4 \u0110I\u1ec6N M\u00c1Y TH\u00d4NG MINH<\/strong><br \/>\nHotline : 090 729 4310<br \/>\nEmail : maybommini.com@gmail.com<br \/>\nWebsite : http:\/\/maybommini.com<br \/>\nFacebook : <a href=\"https:\/\/www.facebook.com\/maybommini\" target=\"_blank\" rel=\"noopener\">https:\/\/www.facebook.com\/maybommini<\/a><br \/>\nGoogle : <a href=\"https:\/\/plus.google.com\/ Maybomnuocminiruaxe\" target=\"_blank\" rel=\"noopener\">https:\/\/plus.google.com\/ Maybomnuocminiruaxe<\/a><br \/>\nYoutube demo : <a href=\"https:\/\/www.youtube.com\/bahamasali\" target=\"_blank\" rel=\"noopener\">https:\/\/www.youtube.com\/bahamasali<\/a><\/p>\n","protected":false},"excerpt":{"rendered":"<p>Model: MTB-12V600W<br \/>\n\u0110i\u1ec7n th\u1ebf: DC 12V<br \/>\nC\u00f4ng su\u1ea5t: 600W<br \/>\nL\u1ef1c th\u1ed5i xa: 3 m\u00e9t<br \/>\nV\u00f2ng t\u01b0a mortor: 24000 R\/M<br \/>\nCh\u1ea5t li\u1ec7u: Nh\u1ef1a ABS &#8211;\u00a0\u0110\u1ed3ng<br \/>\nK\u00edch th\u01b0\u1edbc: 45 x 18 Cm<br \/>\nTr\u1ecdng l\u01b0\u1ee3ng: 1200 Gam<br \/>\nB\u1ea3o h\u00e0nh: 3 th\u00e1ng<\/p>\n","protected":false},"featured_media":256944,"comment_status":"open","ping_status":"closed","template":"","meta":[],"product_brand":[2227],"product_cat":[1167,317],"product_tag":[267,1168,1169,1170,1171,1172,1173],"class_list":{"0":"post-256820","1":"product","2":"type-product","3":"status-publish","4":"has-post-thumbnail","6":"product_brand-mtm","7":"product_cat-may-thoi-hut-bui","8":"product_cat-thiet-bi-dung-cu","9":"product_tag-12v","10":"product_tag-600w","11":"product_tag-cam-tay","12":"product_tag-may-thoi","13":"product_tag-may-thoi-bui","14":"product_tag-may-thoi-cam-tay","15":"product_tag-may-xit-khi","17":"first","18":"instock","19":"sale","20":"shipping-taxable","21":"purchasable","22":"product-type-simple"},"_links":{"self":[{"href":"https:\/\/maybommini.vn\/index.php?rest_route=\/wp\/v2\/product\/256820","targetHints":{"allow":["GET"]}}],"collection":[{"href":"https:\/\/maybommini.vn\/index.php?rest_route=\/wp\/v2\/product"}],"about":[{"href":"https:\/\/maybommini.vn\/index.php?rest_route=\/wp\/v2\/types\/product"}],"replies":[{"embeddable":true,"href":"https:\/\/maybommini.vn\/index.php?rest_route=%2Fwp%2Fv2%2Fcomments&post=256820"}],"wp:featuredmedia":[{"embeddable":true,"href":"https:\/\/maybommini.vn\/index.php?rest_route=\/wp\/v2\/media\/256944"}],"wp:attachment":[{"href":"https:\/\/maybommini.vn\/index.php?rest_route=%2Fwp%2Fv2%2Fmedia&parent=256820"}],"wp:term":[{"taxonomy":"product_brand","embeddable":true,"href":"https:\/\/maybommini.vn\/index.php?rest_route=%2Fwp%2Fv2%2Fproduct_brand&post=256820"},{"taxonomy":"product_cat","embeddable":true,"href":"https:\/\/maybommini.vn\/index.php?rest_route=%2Fwp%2Fv2%2Fproduct_cat&post=256820"},{"taxonomy":"product_tag","embeddable":true,"href":"https:\/\/maybommini.vn\/index.php?rest_route=%2Fwp%2Fv2%2Fproduct_tag&post=256820"}],"curies":[{"name":"wp","href":"https:\/\/api.w.org\/{rel}","templated":true}]}}