{"id":257005,"date":"2018-04-12T19:41:13","date_gmt":"2018-04-12T12:41:13","guid":{"rendered":"https:\/\/maybommini.com\/san-pham\/import-placeholder-for-253235"},"modified":"2018-04-12T19:42:58","modified_gmt":"2018-04-12T12:42:58","slug":"o-cam-moi-thuoc-la-oto-xe-may-duoi-cai","status":"publish","type":"product","link":"https:\/\/maybommini.vn\/?product=o-cam-moi-thuoc-la-oto-xe-may-duoi-cai","title":{"rendered":"\u1ed4 c\u1eafm m\u00f4\u0300i thu\u00f4\u0301c la\u0301 \u00f4t\u00f4 xe ma\u0301y &#8211; \u0111u\u00f4i ca\u0301i"},"content":{"rendered":"<p style=\"text-align: left;\"><strong>Chuy\u00ean b\u00e1n c\u00e1c lo\u1ea1i \u1ed4 c\u1eafm m\u00f4\u0300i thu\u00f4\u0301c la\u0301 \u00f4t\u00f4 xe ma\u0301y \u0111u\u00f4i ca\u0301i du\u0300ng \u0111i\u00ea\u0323n bi\u0300nh a\u0301c quy 12v du\u0300ng k\u00ea\u0301t h\u01a1\u0323p th\u00eam v\u01a1\u0301i \u0111u\u00f4i \u0111\u01b0\u0323c ta\u0323o l\u01b0\u0309a nhi\u00ea\u0323t \u0111\u00f4\u0301t no\u0301ng d\u00e2y du\u0300ng la\u0300m m\u00f4\u0300i thu\u00f4\u0301c la\u0301 r\u00e2\u0301t ph\u00f4\u0309 bi\u00ea\u0301n tr\u00ean oto va\u0300 ba\u0323n co\u0301 th\u00ea\u0309 t\u01b0\u0323 mi\u0300nh l\u0103\u0301p tr\u00ean xe ma\u0301y va\u0300 co\u0301 th\u00ea\u0309 du\u0300ng la\u0300m \u00f4\u0309 c\u00e2\u0301m ngu\u00f4\u0300n \u0111i\u00ea\u0323n.<\/strong><\/p>\n<p style=\"text-align: left;\"><strong><img decoding=\"async\" class=\"size-full wp-image-248785 aligncenter\" src=\"https:\/\/maybommini.com\/wp-content\/uploads\/2017\/04\/o-cam-moi-thuoc-la-oto-xe-may-1.jpg\" alt=\"O Cam Moi Thuoc La Oto Xe May\" width=\"750\" height=\"750\" srcset=\"https:\/\/maybommini.vn\/wp-content\/uploads\/2017\/04\/o-cam-moi-thuoc-la-oto-xe-may-1.jpg 750w, https:\/\/maybommini.vn\/wp-content\/uploads\/2017\/04\/o-cam-moi-thuoc-la-oto-xe-may-1-300x300.jpg 300w, https:\/\/maybommini.vn\/wp-content\/uploads\/2017\/04\/o-cam-moi-thuoc-la-oto-xe-may-1-600x600.jpg 600w, https:\/\/maybommini.vn\/wp-content\/uploads\/2017\/04\/o-cam-moi-thuoc-la-oto-xe-may-1-150x150.jpg 150w\" sizes=\"(max-width: 750px) 100vw, 750px\" \/><br \/>\n<\/strong>\u00f4\u0309 c\u1eafm m\u00f4\u0300i thu\u00f4\u0301c la\u0301 \u00f4t\u00f4 xe ma\u0301y &#8211; \u0111\u00f4i ca\u0301i<\/p>\n<p><strong>TH\u00d4NG S\u1ed0 K\u1ef8 THU\u1eacT<\/strong><br \/>\n\u0110i\u1ec7n v\u00e0o: 12V<br \/>\n\u1ed4 c\u0103\u0301m \u0111u\u00f4i ca\u0301i<br \/>\nCh\u1ecbu t\u1ea3i : 120W<br \/>\nKi\u1ec3u: Tro\u0300n \u00f4\u0309 c\u00e2\u0301m \u00f4to<br \/>\nCh\u1ea5t li\u1ec7u: Nh\u1ef1a, s\u01b0\u0301 v\u00e0\u00a0\u0111\u1ed3ng<br \/>\nTr\u1ecdng l\u01b0\u1ee3ng: 70g<br \/>\n<strong>\u1ed4 c\u1eafm \u0111u\u00f4i ca\u0301i.<br \/>\nKh\u00f4ng ke\u0300m \u0111u\u00f4i \u0111\u01b0\u0323c ta\u0323o l\u01b0\u0309a.<br \/>\nThi\u00ea\u0301t k\u00ea\u0301 du\u0300ng \u0111\u01b0\u01a1\u0323c cho \u0111u\u00f4i \u0111\u01b0\u0323c ta\u0323o l\u01b0\u0309a m\u00f4\u0300i thu\u00f4\u0301c la\u0301.<br \/>\n<\/strong><img decoding=\"async\" class=\"size-full wp-image-248786 aligncenter\" src=\"https:\/\/maybommini.com\/wp-content\/uploads\/2017\/04\/o-cam-tau-thuoc-la-xe-may-oto.jpg\" alt=\"O Cam Tau Thuoc La Xe May Oto\" width=\"750\" height=\"750\" srcset=\"https:\/\/maybommini.vn\/wp-content\/uploads\/2017\/04\/o-cam-tau-thuoc-la-xe-may-oto.jpg 750w, https:\/\/maybommini.vn\/wp-content\/uploads\/2017\/04\/o-cam-tau-thuoc-la-xe-may-oto-300x300.jpg 300w, https:\/\/maybommini.vn\/wp-content\/uploads\/2017\/04\/o-cam-tau-thuoc-la-xe-may-oto-600x600.jpg 600w, https:\/\/maybommini.vn\/wp-content\/uploads\/2017\/04\/o-cam-tau-thuoc-la-xe-may-oto-150x150.jpg 150w\" sizes=\"(max-width: 750px) 100vw, 750px\" \/> <img decoding=\"async\" class=\"size-full wp-image-248784 aligncenter\" src=\"https:\/\/maybommini.com\/wp-content\/uploads\/2017\/04\/duoi-cai-cam-moi-thuoc-la-oto.jpg\" alt=\"Duoi Cai Cam Moi Thuoc La Oto\" width=\"750\" height=\"750\" srcset=\"https:\/\/maybommini.vn\/wp-content\/uploads\/2017\/04\/duoi-cai-cam-moi-thuoc-la-oto.jpg 750w, https:\/\/maybommini.vn\/wp-content\/uploads\/2017\/04\/duoi-cai-cam-moi-thuoc-la-oto-300x300.jpg 300w, https:\/\/maybommini.vn\/wp-content\/uploads\/2017\/04\/duoi-cai-cam-moi-thuoc-la-oto-600x600.jpg 600w, https:\/\/maybommini.vn\/wp-content\/uploads\/2017\/04\/duoi-cai-cam-moi-thuoc-la-oto-150x150.jpg 150w\" sizes=\"(max-width: 750px) 100vw, 750px\" \/> <img decoding=\"async\" class=\"size-full wp-image-248785 aligncenter\" src=\"https:\/\/maybommini.com\/wp-content\/uploads\/2017\/04\/o-cam-moi-thuoc-la-oto-xe-may-1.jpg\" alt=\"O Cam Moi Thuoc La Oto Xe May\" width=\"750\" height=\"750\" srcset=\"https:\/\/maybommini.vn\/wp-content\/uploads\/2017\/04\/o-cam-moi-thuoc-la-oto-xe-may-1.jpg 750w, https:\/\/maybommini.vn\/wp-content\/uploads\/2017\/04\/o-cam-moi-thuoc-la-oto-xe-may-1-300x300.jpg 300w, https:\/\/maybommini.vn\/wp-content\/uploads\/2017\/04\/o-cam-moi-thuoc-la-oto-xe-may-1-600x600.jpg 600w, https:\/\/maybommini.vn\/wp-content\/uploads\/2017\/04\/o-cam-moi-thuoc-la-oto-xe-may-1-150x150.jpg 150w\" sizes=\"(max-width: 750px) 100vw, 750px\" \/><strong>S\u01af\u0309 DU\u0323NG \u00d4\u0309 C\u00c2\u0301M\u00a0M\u00d4\u0300I THU\u00d4\u0301C LA\u0300 OTO XE MA\u0301Y<br \/>\n<\/strong>&#8211; D\u00f9ng l\u00e0m\u00a0\u1ed5 c\u1eafm ngu\u1ed3n\u00a0\u00f4 t\u00f4.<br \/>\n&#8211; Du\u0300ng la\u0300m \u00f4\u0309 c\u0103\u0301m m\u00f4\u0300i thu\u00f4\u0301c la\u0301.<br \/>\n&#8211; D\u00f9ng n\u1ed1i nhanh ti\u1ebfp\u00a0\u0111i\u1ec7n thi\u1ebft b\u1ecb.<br \/>\n&#8211; D\u00f9ng trong thi\u1ebft b\u1ecb \u00f4\u00a0t\u00f4, xe m\u00e1y, t\u00e0u thuy\u1ec1n&#8230;<br \/>\n&#8211; D\u00f9ng trong thi\u1ebft b\u1ecb gia\u00a0\u0111\u00ecnh.<br \/>\n&#8211; D\u00f9ng l\u00e0m s\u1ea1c tr\u00ean xe m\u00e1y,\u00a0\u00f4 t\u00f4&#8230;<br \/>\n&#8211;\u00a0\u1ed4 c\u1eafm\u00a0\u0111i\u1ec7n 12V 24V DC.<br \/>\n&#8211; La\u0300m ngu\u00f4\u0300n sa\u0323c \u0111i\u00ea\u0323n thoa\u0323i cho xe ma\u0301y cha\u0323y Uber ho\u0103\u0323c Grab va\u0300 xe ma\u0301y gia \u0111i\u0300nh.<br \/>\n&#8211; Du\u0300ng la\u0300m sa\u0323c \u0111i\u00ea\u0323n thoa\u0323i, ma\u0301y ti\u0301nh ba\u0309ng cho xe \u0111i ph\u01b0\u01a1\u0323t \u0111\u01b0\u01a1\u0300ng da\u0300i r\u00e2\u0301t thu\u00e2\u0323n ti\u00ea\u0323n.<br \/>\n&#8211; Ta\u0323o m\u00f4\u0300i l\u01b0\u0309a thu\u00f4\u0301c la\u0301 tr\u00ean xe ma\u0301y.<br \/>\n<img decoding=\"async\" class=\"size-full wp-image-248787 aligncenter\" src=\"https:\/\/maybommini.com\/wp-content\/uploads\/2017\/04\/o-dien-moi-thuoc-la-oto.jpg\" alt=\"O Dien Moi Thuoc La Oto\" width=\"750\" height=\"750\" srcset=\"https:\/\/maybommini.vn\/wp-content\/uploads\/2017\/04\/o-dien-moi-thuoc-la-oto.jpg 750w, https:\/\/maybommini.vn\/wp-content\/uploads\/2017\/04\/o-dien-moi-thuoc-la-oto-300x300.jpg 300w, https:\/\/maybommini.vn\/wp-content\/uploads\/2017\/04\/o-dien-moi-thuoc-la-oto-600x600.jpg 600w, https:\/\/maybommini.vn\/wp-content\/uploads\/2017\/04\/o-dien-moi-thuoc-la-oto-150x150.jpg 150w\" sizes=\"(max-width: 750px) 100vw, 750px\" \/> <img decoding=\"async\" class=\"size-full wp-image-248777 aligncenter\" src=\"https:\/\/maybommini.com\/wp-content\/uploads\/2017\/04\/o-cam-moi-thuoc-la-oto-xe-may.jpg\" alt=\"O Cam Moi Thuoc La Oto Xe May\" width=\"750\" height=\"750\" srcset=\"https:\/\/maybommini.vn\/wp-content\/uploads\/2017\/04\/o-cam-moi-thuoc-la-oto-xe-may.jpg 750w, https:\/\/maybommini.vn\/wp-content\/uploads\/2017\/04\/o-cam-moi-thuoc-la-oto-xe-may-300x300.jpg 300w, https:\/\/maybommini.vn\/wp-content\/uploads\/2017\/04\/o-cam-moi-thuoc-la-oto-xe-may-600x600.jpg 600w, https:\/\/maybommini.vn\/wp-content\/uploads\/2017\/04\/o-cam-moi-thuoc-la-oto-xe-may-150x150.jpg 150w\" sizes=\"(max-width: 750px) 100vw, 750px\" \/><img decoding=\"async\" class=\"size-full wp-image-248773 aligncenter\" src=\"https:\/\/maybommini.com\/wp-content\/uploads\/2017\/04\/moi-thuoc-la-bang-xe-may.jpg\" alt=\"Moi Thuoc La Bang Xe May\" width=\"750\" height=\"750\" srcset=\"https:\/\/maybommini.vn\/wp-content\/uploads\/2017\/04\/moi-thuoc-la-bang-xe-may.jpg 750w, https:\/\/maybommini.vn\/wp-content\/uploads\/2017\/04\/moi-thuoc-la-bang-xe-may-300x300.jpg 300w, https:\/\/maybommini.vn\/wp-content\/uploads\/2017\/04\/moi-thuoc-la-bang-xe-may-600x600.jpg 600w, https:\/\/maybommini.vn\/wp-content\/uploads\/2017\/04\/moi-thuoc-la-bang-xe-may-150x150.jpg 150w\" sizes=\"(max-width: 750px) 100vw, 750px\" \/> <strong>\u00f4\u0309 c\u1eafm m\u00f4\u0300i thu\u00f4\u0301c la\u0300 tr\u00ean xe ma\u0301y<br \/>\n<\/strong><strong>MUA THI\u1ebeT B\u1eca\u00a0\u0110\u1ed2 CH\u01a0I\u00a0\u00d4 T\u00d4\u00a0\u1ede\u00a0\u0110\u00c2U ?<\/strong><br \/>\n<a href=\"https:\/\/maybommini.com\" target=\"_blank\" rel=\"noopener\">Ma\u0301y B\u01a1m Mini<\/a> ch\u00fang t\u00f4i chuy\u00ean cung c\u1ea5p c\u00e1c <a href=\"https:\/\/maybommini.com\/danh-muc\/thiet-bi-do-choi-oto\" target=\"_blank\" rel=\"noopener\">thi\u1ebft b\u1ecb\u00a0\u0111\u1ed3 ch\u01a1i\u00a0\u00d4t\u00f4<\/a> tr\u00ean to\u00e0n qu\u1ed1c. V\u1edbi c\u00e1c s\u1ea3n ph\u1ea9m ch\u1ea5t l\u01b0\u1ee3ng v\u00e0\u00a0\u0111\u01b0\u1ee3c b\u1ea3o h\u00e0nh to\u00e0n qu\u1ed1c theo ti\u00eau chu\u1ea9n nh\u00e0 s\u1ea3n xu\u1ea5t.<br \/>\n\u00d4\u0309 c\u1eafm m\u00f4\u0300i thu\u00f4\u0301c la\u0301 \u00f4t\u00f4 xe ma\u0301y \u0111\u01b0\u01a1\u0323c nh\u00e2\u0323p kh\u00e2\u0309u tr\u01b0\u0323c ti\u00ea\u0301p co\u0301 gia\u0301 t\u00f4\u0301t va\u0300 ch\u00e2\u0301t l\u01b0\u01a1\u0323ng cao ba\u0309o ha\u0300nh chi\u0301nh ha\u0303ng<br \/>\nWebsite:\u00a0<a href=\"https:\/\/maybommini.com\" target=\"_blank\" rel=\"noopener\">https:\/\/maybommini.com<\/a><br \/>\nEmail: maybommini.com@gmail.com<br \/>\nFacebook:\u00a0<a href=\"https:\/\/www.facebook.com\/maybommini\/\" target=\"_blank\" rel=\"noopener\">https:\/\/www.facebook.com\/maybommini\/<\/a><\/p>\n<h3 style=\"text-align: center;\">B\u00e1n \u00f4\u0309 c\u1eafm m\u00f4\u0300i thu\u00f4\u0301c la\u0301 \u00f4t\u00f4 xe ma\u0301y<\/h3>\n","protected":false},"excerpt":{"rendered":"<p>\u0110i\u1ec7n v\u00e0o: 12V<br \/>\n\u1ed4 c\u0103\u0301m \u0111u\u00f4i ca\u0301i<br \/>\nCh\u1ecbu t\u1ea3i : 120W<br \/>\nKi\u1ec3u: Tro\u0300n \u00f4\u0309 c\u00e2\u0301m \u00f4to<br \/>\nCh\u1ea5t li\u1ec7u: Nh\u1ef1a, s\u01b0\u0301 v\u00e0\u00a0\u0111\u1ed3ng<br \/>\nTr\u1ecdng l\u01b0\u1ee3ng: 70g<br \/>\n<strong>\u1ed4 c\u1eafm \u0111u\u00f4i ca\u0301i.<br \/>\nKh\u00f4ng ke\u0300m \u0111u\u00f4i \u0111\u01b0\u0323c ta\u0323o l\u01b0\u0309a.<br \/>\nThi\u00ea\u0301t du\u0300ng \u0111\u01b0\u01a1\u0323c cho \u0111u\u00f4i \u0111\u01b0\u0323c ta\u0323o l\u01b0\u0309a m\u00f4\u0300i thu\u00f4\u0301c la\u0301.<\/strong><br \/>\nBa\u0309o ha\u0300nh: 1 tha\u0301ng<br \/>\nHa\u0300ng nh\u00e2\u0323p kh\u00e2\u0309u<\/p>\n","protected":false},"featured_media":257148,"comment_status":"open","ping_status":"closed","template":"","meta":[],"product_brand":[],"product_cat":[214,257,343],"product_tag":[986,988,987,980,702,541,981,989,982,983,984,985,434,1245,1246,1247,990,991,992,993,1248],"class_list":{"0":"post-257005","1":"product","2":"type-product","3":"status-publish","4":"has-post-thumbnail","6":"product_cat-phu-kien-bom-nuoc","7":"product_cat-nguon-dien-adapter-sac-pin-binh","8":"product_cat-thiet-bi-do-choi-oto","9":"product_tag-12v-120w-cigarette-lighter-power-socket-plug-outlet-for-car-motorcycle-motorbike","10":"product_tag-car-charger","11":"product_tag-cigarette-lighter-power-socket","12":"product_tag-day-nguon-oto","13":"product_tag-duoi-cai","14":"product_tag-jack","15":"product_tag-jack-cam-oto","16":"product_tag-lam-sac-usb","17":"product_tag-o-cam","18":"product_tag-o-cam-dau-tau-thuoc-la","19":"product_tag-o-cam-dien-oto","20":"product_tag-o-cam-thuoc-la","21":"product_tag-sac-12v","22":"product_tag-sac-dien-thoai-bang-xe-may","23":"product_tag-sac-dien-thoai-grab","24":"product_tag-sac-dien-thoai-uber","25":"product_tag-sac-oto","26":"product_tag-sac-usb","27":"product_tag-sac-xe-may","28":"product_tag-usb-sac","29":"product_tag-xe-may-sac-dien-thoai","31":"first","32":"instock","33":"sale","34":"shipping-taxable","35":"purchasable","36":"product-type-simple"},"_links":{"self":[{"href":"https:\/\/maybommini.vn\/index.php?rest_route=\/wp\/v2\/product\/257005","targetHints":{"allow":["GET"]}}],"collection":[{"href":"https:\/\/maybommini.vn\/index.php?rest_route=\/wp\/v2\/product"}],"about":[{"href":"https:\/\/maybommini.vn\/index.php?rest_route=\/wp\/v2\/types\/product"}],"replies":[{"embeddable":true,"href":"https:\/\/maybommini.vn\/index.php?rest_route=%2Fwp%2Fv2%2Fcomments&post=257005"}],"wp:featuredmedia":[{"embeddable":true,"href":"https:\/\/maybommini.vn\/index.php?rest_route=\/wp\/v2\/media\/257148"}],"wp:attachment":[{"href":"https:\/\/maybommini.vn\/index.php?rest_route=%2Fwp%2Fv2%2Fmedia&parent=257005"}],"wp:term":[{"taxonomy":"product_brand","embeddable":true,"href":"https:\/\/maybommini.vn\/index.php?rest_route=%2Fwp%2Fv2%2Fproduct_brand&post=257005"},{"taxonomy":"product_cat","embeddable":true,"href":"https:\/\/maybommini.vn\/index.php?rest_route=%2Fwp%2Fv2%2Fproduct_cat&post=257005"},{"taxonomy":"product_tag","embeddable":true,"href":"https:\/\/maybommini.vn\/index.php?rest_route=%2Fwp%2Fv2%2Fproduct_tag&post=257005"}],"curies":[{"name":"wp","href":"https:\/\/api.w.org\/{rel}","templated":true}]}}