{"id":257175,"date":"2018-04-12T19:43:15","date_gmt":"2018-04-12T12:43:15","guid":{"rendered":"https:\/\/maybommini.com\/san-pham\/import-placeholder-for-253392"},"modified":"2025-09-11T06:33:59","modified_gmt":"2025-09-10T23:33:59","slug":"bo-rua-xe-mini-12v-100w-sung-ap-luc","status":"publish","type":"product","link":"https:\/\/maybommini.vn\/?product=bo-rua-xe-mini-12v-100w-sung-ap-luc","title":{"rendered":"B\u1ed9 r\u1eeda xe mini 12V 100W s\u00fang \u00e1p l\u1ef1c"},"content":{"rendered":"<p style=\"text-align: left;\"><strong>Vi\u1ec7c r\u1eeda xe r\u1eeda m\u00e1y l\u1ea1nh\u00a0ho\u00e0n to\u00e0n d\u1ec3 d\u00e0ng v\u00e0 g\u1ecdn nh\u1eb9 ti\u1ebft ki\u1ec7m \u0111\u01b0\u1ee3c nhi\u1ec1u chi ph\u00ed cho gia \u0111\u00ecnh khi s\u1eed d\u1ee5ng b\u1ed9 r\u1eeda xe mini 12v 100w c\u1ee7a ch\u00fang t\u00f4i.<br \/>\n<img decoding=\"async\" class=\"size-full wp-image-255640 aligncenter\" src=\"https:\/\/maybommini.com.vn\/wp-content\/uploads\/2018\/01\/bo-rua-xe-mini-12v-100w-1.jpg\" alt=\"Bo Rua Xe Mini 12v 100w\" width=\"750\" height=\"750\" \/><br \/>\n<\/strong><\/p>\n<p style=\"text-align: left;\"><strong>TH\u00d4NG S\u00d4\u0301 KY\u0309 THU\u00c2\u0323T<\/strong><br \/>\nModel: B\u00f4\u0323 xi\u0323t a\u0301p l\u01b0\u0323c 12V 100W<br \/>\nMa\u0301y b\u01a1m a\u0301p l\u01b0\u0323c: 12V 100W.<br \/>\nSu\u0301ng xi\u0323t a\u0301p l\u01b0\u0323c kim loa\u0323i.<br \/>\nBe\u0301c xi\u0323t a\u0301p l\u01b0\u0323c b\u0103\u0300ng \u0111\u00f4\u0300ng.<br \/>\nCo n\u00f4\u0301i nhanh 12mm.<br \/>\n\u00d4\u0301ng d\u00e2y ra PU 12mm x 6 met.<br \/>\n\u00d4\u0301ng d\u00e2y va\u0300o 12mm x 2 met.<br \/>\nBi\u00ea\u0301n th\u00ea\u0301 220V ra 12V 10A.<br \/>\nD\u00e2y ngu\u00f4\u0300n cao c\u00e2\u0301p.<\/p>\n<p style=\"text-align: left;\"><img decoding=\"async\" class=\"size-full wp-image-255641 aligncenter\" src=\"https:\/\/maybommini.com.vn\/wp-content\/uploads\/2018\/01\/may-bom-hoa-chat-mini-12-24v-12v-1.jpg\" alt=\"May Bom Hoa Chat Mini 12 24v 12v\" width=\"750\" height=\"750\" \/> <img decoding=\"async\" class=\"size-full wp-image-255642 aligncenter\" src=\"https:\/\/maybommini.com.vn\/wp-content\/uploads\/2018\/01\/may-bom-rua-xe-12v-100w-1.jpg\" alt=\"May Bom Rua Xe 12v 100w\" width=\"750\" height=\"750\" \/> <img decoding=\"async\" class=\"size-full wp-image-255643 aligncenter\" src=\"https:\/\/maybommini.com.vn\/wp-content\/uploads\/2018\/01\/nguon-dien-bien-the-may-bom-mini-12v-10a.jpg\" alt=\"Nguon Dien Bien The May Bom Mini 12v 10a\" width=\"750\" height=\"750\" \/> <img decoding=\"async\" class=\"size-full wp-image-255645 aligncenter\" src=\"https:\/\/maybommini.com.vn\/wp-content\/uploads\/2018\/01\/sung-rua-xe-ap-luc-1.jpg\" alt=\"Sung Rua Xe Ap Luc\" width=\"750\" height=\"750\" \/> <img decoding=\"async\" class=\"size-full wp-image-255646 aligncenter\" src=\"https:\/\/maybommini.com.vn\/wp-content\/uploads\/2018\/01\/sung-xit-ap-luc-rua-xe.jpg\" alt=\"Sung Xit Ap Luc Rua Xe\" width=\"750\" height=\"750\" \/> <img decoding=\"async\" class=\"size-full wp-image-255644 aligncenter\" src=\"https:\/\/maybommini.com.vn\/wp-content\/uploads\/2018\/01\/ong-day-dung-cho-may-bom-mini.jpg\" alt=\"Ong Day Dung Cho May Bom Mini\" width=\"750\" height=\"750\" \/><br \/>\n<strong><br \/>\nS\u01af\u0309 DU\u0323NG B\u00d4\u0323 R\u01af\u0309A XE MINI 12V 100W<br \/>\n<\/strong>\u0110\u00e2y l\u00e0 b\u1ed9 r\u1eeda xe r\u1eeda m\u00e1y l\u1ea1nh ho\u00e0n ch\u1ec9nh c\u00f3 th\u1ec3 s\u1eed d\u1ee5ng \u0111\u01b0\u1ee3c b\u1eb1ng ngu\u1ed3n \u1eafc quy 12v t\u1eeb xe m\u00e1y v\u00e0 ngu\u1ed3n 220v th\u00f4ng qua Adapter 220v ra 12v 10A.<br \/>\nM\u00e1y c\u00f3 thi\u1ebft k\u1ebf nh\u1ecf g\u1ecdn, ti\u1ebfng \u1ed3n nh\u1ecf, d\u1ec3 s\u1eed d\u1ee5ng, l\u1eafp \u0111\u1eb7t \u0111\u01a1n gi\u1ea3n.<br \/>\nB\u1ed9 r\u1eeda xe mini 12V n\u00e0y c\u00f3 k\u00e8m theo <a title=\"S\u00fang x\u1ecbt r\u1eeda xe \u00e1p l\u1ef1c d\u00f9ng cho m\u00e1y b\u01a1m n\u01b0\u1edbc mini\" href=\"http:\/\/maybommini.com\/may-bom-mini\/sung-xit-rua-xe-ap-luc-dung-cho-may-bom-nuoc-mini\" target=\"_blank\" rel=\"noopener\">s\u00fang \u00e1p l\u1ef1c cao c\u1ea5p<\/a> c\u1ee7a \u0110\u00e0i Loan s\u1ea3n xu\u1ea5t.<\/p>\n<p><img decoding=\"async\" class=\"size-full wp-image-255640 aligncenter\" src=\"https:\/\/maybommini.com.vn\/wp-content\/uploads\/2018\/01\/bo-rua-xe-mini-12v-100w-1.jpg\" alt=\"Bo Rua Xe Mini 12v 100w\" width=\"750\" height=\"750\" \/><\/p>\n<p><strong>MUA M\u00c1Y R\u1eecA XE R\u1eecA M\u00c1Y L\u1ea0NH MINI 12V \u1ede \u0110\u00c2U ?<\/strong><br \/>\nM\u1ecdi chi ti\u1ebft vui l\u00f2ng li\u00ean h\u1ec7 tr\u1ef1c ti\u1ebfp cho ch\u00fang t\u00f4i \u0111\u1ec3 \u0111\u01b0\u1ee3c t\u01b0 v\u1ea5n theo nhu c\u1ea7u \u0111\u1ec3 c\u00f3 \u0111\u01b0\u1ee3c b\u1ed9 s\u1ea3n ph\u1ea9m t\u1ed1t nh\u1ea5t v\u00e0 ti\u1ebft ki\u1ec7m. B\u1ea1n \u1edf xa v\u1eabn c\u00f3 th\u1ec3 mua h\u00e0ng v\u00e0 giao to\u00e0n qu\u1ed1c.<br \/>\nWebsite : <a title=\"May bom mini\" href=\"https:\/\/maybommini.com\" target=\"_blank\" rel=\"noopener noreferrer\">https:\/\/maybommini.com<\/a><br \/>\nFacebook :\u00a0<a title=\"m\u00e1y b\u01a1m mini\" href=\"https:\/\/www.facebook.com\/maybommini\" target=\"_blank\" rel=\"noopener noreferrer\">https:\/\/www.facebook.com\/maybommini<\/a><br \/>\nGoogle :\u00a0<a title=\"May bom nuoc mini rua xe\" href=\"https:\/\/plus.google.com\/ Maybomnuocminiruaxe\" target=\"_blank\" rel=\"noopener noreferrer\">https:\/\/plus.google.com\/ Maybomnuocminiruaxe<\/a><br \/>\nYoutube demo :\u00a0<a title=\"Rua xe bang may bom mini\" href=\"https:\/\/www.youtube.com\/bahamasali\" target=\"_blank\" rel=\"noopener noreferrer\">https:\/\/www.youtube.com\/bahamasali<\/a><\/p>\n<h3 style=\"text-align: center;\"><strong>B\u1ed9 r\u1eeda xe mini 12v 100w S\u00fang \u00e1p l\u1ef1c cao c\u1ea5p<\/strong><\/h3>\n","protected":false},"excerpt":{"rendered":"<p>Model: B\u00f4\u0323 xi\u0323t a\u0301p l\u01b0\u0323c 12V 100W<br \/>\nMa\u0301y b\u01a1m a\u0301p l\u01b0\u0323c Smartpumps 12V 100W.<br \/>\nSu\u0301ng xi\u0323t a\u0301p l\u01b0\u0323c kim loa\u0323i.<br \/>\nBe\u0301c xi\u0323t a\u0301p l\u01b0\u0323c b\u0103\u0300ng \u0111\u00f4\u0300ng.<br \/>\nCo n\u00f4\u0301i nhanh 12mm.<br \/>\n\u00d4\u0301ng d\u00e2y ra PU 12mm x 6 met.<br \/>\n\u00d4\u0301ng d\u00e2y va\u0300o 12mm x 2 met.<br \/>\nBi\u00ea\u0301n th\u00ea\u0301 220V ra 12V 10A.<br \/>\nD\u00e2y ngu\u00f4\u0300n cao c\u00e2\u0301p.<br \/>\nTro\u0323ng l\u01b0\u01a1\u0323ng: 3kg<br \/>\nBa\u0309o ha\u0300nh chi\u0301nh ha\u0303ng: 6 tha\u0301ng<br \/>\nS\u1ea3n ph\u1ea9m cao c\u1ea5p<br \/>\nKh\u1eb3ng \u0111\u1ecbnh \u0111\u1ed9 an to\u00e0n<br \/>\nCh\u1ea5t l\u01b0\u1ee3ng s\u1ea3n ph\u1ea9m v\u1edbi ng\u01b0\u1eddi ti\u00eau d\u00f9ng.<br \/>\n<strong>H\u00f4\u0309 tr\u01a1\u0323 ky\u0303 thu\u00e2\u0323t vi\u0303nh vi\u00ea\u0303n.<\/strong><br \/>\n<strong>T\u01af V\u1ea4N K\u1ef8 THU\u1eacT \u2013 MUA H\u00c0NG<br \/>\n0908997823 \u2013 0908997872<br \/>\n0907294310 \u2013 02873030399<\/strong><\/p>\n","protected":false},"featured_media":257316,"comment_status":"open","ping_status":"closed","template":"","meta":[],"product_brand":[44],"product_cat":[293],"product_tag":[419,310,311,1355,1356,199,235,206,312,1357,313,314,315,316],"class_list":{"0":"post-257175","1":"product","2":"type-product","3":"status-publish","4":"has-post-thumbnail","6":"product_brand-smartpumps","7":"product_cat-bo-rua-xe-mini","8":"product_tag-12v-100w","9":"product_tag-12v-80w","10":"product_tag-ap-luc-mini","11":"product_tag-bo-xit-rua-may-lanh","12":"product_tag-bo-xit-rua-xe-12v-100w","13":"product_tag-bom-nuoc-ap-luc-mini","14":"product_tag-bom-nuoc-mini","15":"product_tag-may-bom-12v","16":"product_tag-may-bom-propums","17":"product_tag-may-rua-xe","18":"product_tag-may-xit-rua-may-lanh","19":"product_tag-smart-pumps","20":"product_tag-tron-bo-xit-rua","21":"product_tag-ve-sinh-may-lanh","23":"first","24":"instock","25":"sale","26":"featured","27":"shipping-taxable","28":"purchasable","29":"product-type-simple"},"_links":{"self":[{"href":"https:\/\/maybommini.vn\/index.php?rest_route=\/wp\/v2\/product\/257175","targetHints":{"allow":["GET"]}}],"collection":[{"href":"https:\/\/maybommini.vn\/index.php?rest_route=\/wp\/v2\/product"}],"about":[{"href":"https:\/\/maybommini.vn\/index.php?rest_route=\/wp\/v2\/types\/product"}],"replies":[{"embeddable":true,"href":"https:\/\/maybommini.vn\/index.php?rest_route=%2Fwp%2Fv2%2Fcomments&post=257175"}],"wp:featuredmedia":[{"embeddable":true,"href":"https:\/\/maybommini.vn\/index.php?rest_route=\/wp\/v2\/media\/257316"}],"wp:attachment":[{"href":"https:\/\/maybommini.vn\/index.php?rest_route=%2Fwp%2Fv2%2Fmedia&parent=257175"}],"wp:term":[{"taxonomy":"product_brand","embeddable":true,"href":"https:\/\/maybommini.vn\/index.php?rest_route=%2Fwp%2Fv2%2Fproduct_brand&post=257175"},{"taxonomy":"product_cat","embeddable":true,"href":"https:\/\/maybommini.vn\/index.php?rest_route=%2Fwp%2Fv2%2Fproduct_cat&post=257175"},{"taxonomy":"product_tag","embeddable":true,"href":"https:\/\/maybommini.vn\/index.php?rest_route=%2Fwp%2Fv2%2Fproduct_tag&post=257175"}],"curies":[{"name":"wp","href":"https:\/\/api.w.org\/{rel}","templated":true}]}}