{"id":257178,"date":"2018-04-12T19:43:16","date_gmt":"2018-04-12T12:43:16","guid":{"rendered":"https:\/\/maybommini.com\/san-pham\/import-placeholder-for-253416"},"modified":"2025-05-26T22:16:02","modified_gmt":"2025-05-26T15:16:02","slug":"may-bom-chim-220v-3000l-70w-gp-777","status":"publish","type":"product","link":"https:\/\/maybommini.vn\/?product=may-bom-chim-220v-3000l-70w-gp-777","title":{"rendered":"M\u00e1y b\u01a1m ch\u00ecm 220V 3000L 70W GP-777 (EB-777)"},"content":{"rendered":"<h3><strong><a href=\"https:\/\/maybommini.com\/danh-muc\/may-bom-chim\" target=\"_blank\" rel=\"noopener noreferrer\">M\u00e1y b\u01a1m ch\u00ecm<\/a> 220V 3000L GP-777 (EB-777) l\u00e0 lo\u1ea1i m\u00e1y b\u01a1m ch\u00ecm chuy\u00ean d\u1ee5ng \u0111\u1ec3 b\u01a1m n\u01b0\u1edbc, b\u01a1m ch\u1ea5t th\u1ea3i h\u1ed3 c\u00e1, m\u00e1y b\u01a1m h\u00f2n non b\u1ed9, m\u00e1y b\u01a1m \u0111\u00e0i phun n\u01b0\u1edbc. M\u00e1y b\u01a1m ch\u00ecm 220V 3000L do maybommini.com ph\u00e2n ph\u1ed1i \u0111\u1ed9c quy\u1ec1n to\u00e0n qu\u1ed1c.<br \/>\n<img decoding=\"async\" class=\"size-full wp-image-249115 aligncenter\" src=\"https:\/\/maybommini.com\/wp-content\/uploads\/2017\/05\/may-bom-bom-chim-220v.jpg\" alt=\"May Bom Bom Chim 220v\" width=\"750\" height=\"750\" srcset=\"https:\/\/maybommini.vn\/wp-content\/uploads\/2017\/05\/may-bom-bom-chim-220v.jpg 750w, https:\/\/maybommini.vn\/wp-content\/uploads\/2017\/05\/may-bom-bom-chim-220v-300x300.jpg 300w, https:\/\/maybommini.vn\/wp-content\/uploads\/2017\/05\/may-bom-bom-chim-220v-600x600.jpg 600w, https:\/\/maybommini.vn\/wp-content\/uploads\/2017\/05\/may-bom-bom-chim-220v-150x150.jpg 150w\" sizes=\"(max-width: 750px) 100vw, 750px\" \/><br \/>\n<\/strong><\/h3>\n<p><strong>TH\u00d4NG S\u00d4\u0301 KY\u0303 THU\u00c2\u0323T<\/strong><br \/>\nModel: GP-777 (EB-777)<br \/>\n\u0110i\u1ec7n \u00e1p: 220V AC<br \/>\nC\u00f4ng su\u1ea5t: 70W<br \/>\nL\u01b0u l\u01b0\u1ee3ng: 3000L\/gi\u1edd<br \/>\nB\u01a1m cao: 3.2 m\u00e9t<br \/>\n\u0110\u01b0\u1eddng k\u00ednh \u1ed1ng ra: 19 mm<br \/>\nK\u00edch th\u01b0\u1edbc: 15,5 * 11,5 * 9.5 cm<br \/>\nTro\u0323ng l\u01b0\u01a1\u0323ng: 1Kg<br \/>\nM\u00e0u: \u0111en<br \/>\nCh\u00e2\u0301t li\u00ea\u0323u: Nh\u01b0\u0323a ABS &#8211; Lo\u0309i \u0111\u00f4\u0300ng<br \/>\nC\u00f4ng ngh\u00ea\u0323 ch\u00f4\u0301ng n\u01b0\u01a1\u0301c bu\u0323i IPX8<br \/>\nCha\u0323y \u0111\u01b0\u01a1\u0323c 24\/24.<br \/>\n<img decoding=\"async\" class=\"alignnone size-full wp-image-249105\" src=\"https:\/\/maybommini.com\/wp-content\/uploads\/2017\/05\/bom-nuoc-ho-ca-hon-non-bo.jpg\" alt=\"Bom Nuoc Ho Ca Hon Non Bo\" width=\"750\" height=\"750\" srcset=\"https:\/\/maybommini.vn\/wp-content\/uploads\/2017\/05\/bom-nuoc-ho-ca-hon-non-bo.jpg 750w, https:\/\/maybommini.vn\/wp-content\/uploads\/2017\/05\/bom-nuoc-ho-ca-hon-non-bo-300x300.jpg 300w, https:\/\/maybommini.vn\/wp-content\/uploads\/2017\/05\/bom-nuoc-ho-ca-hon-non-bo-600x600.jpg 600w, https:\/\/maybommini.vn\/wp-content\/uploads\/2017\/05\/bom-nuoc-ho-ca-hon-non-bo-150x150.jpg 150w\" sizes=\"(max-width: 750px) 100vw, 750px\" \/> <img decoding=\"async\" class=\"alignnone size-full wp-image-249104\" src=\"https:\/\/maybommini.com\/wp-content\/uploads\/2017\/05\/bom-nuoc-ho-ca.jpg\" alt=\"Bom Nuoc Ho Ca\" width=\"750\" height=\"750\" srcset=\"https:\/\/maybommini.vn\/wp-content\/uploads\/2017\/05\/bom-nuoc-ho-ca.jpg 750w, https:\/\/maybommini.vn\/wp-content\/uploads\/2017\/05\/bom-nuoc-ho-ca-300x300.jpg 300w, https:\/\/maybommini.vn\/wp-content\/uploads\/2017\/05\/bom-nuoc-ho-ca-600x600.jpg 600w, https:\/\/maybommini.vn\/wp-content\/uploads\/2017\/05\/bom-nuoc-ho-ca-150x150.jpg 150w\" sizes=\"(max-width: 750px) 100vw, 750px\" \/><\/p>\n<p><strong>\u1ee8NG D\u1ee4NG M\u00c1Y B\u01a0M CH\u00ccM<br \/>\n<\/strong>D\u00f9ng b\u01a1m n\u01b0\u1edbc.<br \/>\nD\u00f9ng b\u01a1m n\u01b0\u1edbc h\u1ed3 c\u00e1, ch\u1ea5t th\u1ea3i h\u1ed3 c\u00e1.<br \/>\nB\u01a1m n\u01b0\u1edbc t\u01b0\u1edbi c\u00e2y.<br \/>\nB\u01a1m h\u00f2n non b\u1ed9.<br \/>\nB\u01a1m n\u01b0\u1edbc \u0111\u00e0i phun n\u01b0\u1edbc.<br \/>\nB\u01a1m lo\u0323c n\u01b0\u01a1\u0301c h\u00f4\u0300 ca\u0300 thu\u0309y sinh.<br \/>\nMa\u0301y b\u01a1m n\u01b0\u01a1\u0301c thu\u0309y canh.<br \/>\nB\u01a1m h\u00ea\u0323 th\u00f4\u0301ng cung c\u00e2\u0301p n\u01b0\u01a1\u0301c.<br \/>\nB\u01a1m n\u01b0\u01a1\u0301c ng\u00e2\u0323p m\u01b0a lu\u0303.<br \/>\nCha\u0323y \u0111\u01b0\u01a1\u0323c 24\/24<br \/>\n<img decoding=\"async\" class=\"size-full wp-image-249116 aligncenter\" src=\"https:\/\/maybommini.com\/wp-content\/uploads\/2017\/05\/may-bom-chim-ho-ca-1.jpg\" alt=\"May Bom Chim Ho Ca\" width=\"750\" height=\"750\" srcset=\"https:\/\/maybommini.vn\/wp-content\/uploads\/2017\/05\/may-bom-chim-ho-ca-1.jpg 750w, https:\/\/maybommini.vn\/wp-content\/uploads\/2017\/05\/may-bom-chim-ho-ca-1-300x300.jpg 300w, https:\/\/maybommini.vn\/wp-content\/uploads\/2017\/05\/may-bom-chim-ho-ca-1-600x600.jpg 600w, https:\/\/maybommini.vn\/wp-content\/uploads\/2017\/05\/may-bom-chim-ho-ca-1-150x150.jpg 150w\" sizes=\"(max-width: 750px) 100vw, 750px\" \/> <img decoding=\"async\" class=\"size-full wp-image-249115 aligncenter\" src=\"https:\/\/maybommini.com\/wp-content\/uploads\/2017\/05\/may-bom-bom-chim-220v.jpg\" alt=\"May Bom Bom Chim 220v\" width=\"750\" height=\"750\" srcset=\"https:\/\/maybommini.vn\/wp-content\/uploads\/2017\/05\/may-bom-bom-chim-220v.jpg 750w, https:\/\/maybommini.vn\/wp-content\/uploads\/2017\/05\/may-bom-bom-chim-220v-300x300.jpg 300w, https:\/\/maybommini.vn\/wp-content\/uploads\/2017\/05\/may-bom-bom-chim-220v-600x600.jpg 600w, https:\/\/maybommini.vn\/wp-content\/uploads\/2017\/05\/may-bom-bom-chim-220v-150x150.jpg 150w\" sizes=\"(max-width: 750px) 100vw, 750px\" \/> <img decoding=\"async\" class=\"size-full wp-image-249114 aligncenter\" src=\"https:\/\/maybommini.com\/wp-content\/uploads\/2017\/05\/bom-nuoc-hon-non-bo-ho-ca-nuoc-thai.jpg\" alt=\"Bom Nuoc Hon Non Bo Ho Ca Nuoc Thai\" width=\"750\" height=\"750\" srcset=\"https:\/\/maybommini.vn\/wp-content\/uploads\/2017\/05\/bom-nuoc-hon-non-bo-ho-ca-nuoc-thai.jpg 750w, https:\/\/maybommini.vn\/wp-content\/uploads\/2017\/05\/bom-nuoc-hon-non-bo-ho-ca-nuoc-thai-300x300.jpg 300w, https:\/\/maybommini.vn\/wp-content\/uploads\/2017\/05\/bom-nuoc-hon-non-bo-ho-ca-nuoc-thai-600x600.jpg 600w, https:\/\/maybommini.vn\/wp-content\/uploads\/2017\/05\/bom-nuoc-hon-non-bo-ho-ca-nuoc-thai-150x150.jpg 150w\" sizes=\"(max-width: 750px) 100vw, 750px\" \/><strong>MUA M\u00c1Y B\u01a0M N\u01af\u1edaC MINI\u00a0<\/strong><strong>CH\u00ccM 220V 3000L MA\u0301Y B\u01a0M H\u00d4\u0300 CA\u0301\u00a0<\/strong><strong>\u1ede \u0110\u00c2U ?<br \/>\n<\/strong>M\u1ecdi chi ti\u1ebft vui l\u00f2ng li\u00ean h\u1ec7 tr\u1ef1c ti\u1ebfp cho ch\u00fang t\u00f4i \u0111\u1ec3 \u0111\u01b0\u1ee3c t\u01b0 v\u1ea5n theo nhu c\u1ea7u \u0111\u1ec3 c\u00f3 \u0111\u01b0\u1ee3c b\u1ed9 s\u1ea3n ph\u1ea9m t\u1ed1t nh\u1ea5t v\u00e0 ti\u1ebft ki\u1ec7m.\u00a0B\u1ea1n \u1edf xa v\u1eabn c\u00f3 th\u1ec3 mua h\u00e0ng v\u00e0 giao h\u00e0ng <a title=\"thanh to\u00e1n\" href=\"http:\/\/maybommini.com\/thanh-toan\" target=\"_blank\" rel=\"noopener\">thanh to\u00e1n<\/a> ti\u1ec1n t\u1ea1i nh\u00e0.<br \/>\n<strong>Email :<\/strong> maybommini.com@gmail.com<br \/>\n<strong>Website :<\/strong> <a href=\"https:\/\/maybommini.com\" target=\"_blank\" rel=\"noopener noreferrer\">https:\/\/maybommini.com<\/a><br \/>\n<strong>Facebook :<\/strong> <a href=\"https:\/\/www.facebook.com\/maybommini\" target=\"_blank\" rel=\"noopener noreferrer\">https:\/\/www.facebook.com\/maybommini<\/a><br \/>\n<strong>Google :<\/strong> <a href=\"https:\/\/plus.google.com\/ Maybomnuocminiruaxe\" target=\"_blank\" rel=\"noopener noreferrer\">https:\/\/plus.google.com\/ Maybomnuocminiruaxe<\/a><br \/>\n<strong>Youtube demo :<\/strong> https:\/\/www.youtube.com\/bahamasali<\/p>\n","protected":false},"excerpt":{"rendered":"<p>Model: GP-777 (EB-777)<br \/>\n\u0110i\u1ec7n \u00e1p: 220V AC<br \/>\nC\u00f4ng su\u1ea5t: 70W<br \/>\nL\u01b0u l\u01b0\u1ee3ng: 3000L\/gi\u1edd<br \/>\nB\u01a1m cao: 3.2 m\u00e9t<br \/>\n\u0110\u01b0\u1eddng k\u00ednh \u1ed1ng ra: 19 mm<br \/>\nK\u00edch th\u01b0\u1edbc: 15,5 * 11,5 * 9.5 cm<br \/>\nTro\u0323ng l\u01b0\u01a1\u0323ng: 1 Kg<br \/>\nM\u00e0u: \u0111en<br \/>\nCh\u00e2\u0301t li\u00ea\u0323u: Nh\u01b0\u0323a ABS &#8211; Lo\u0309i \u0111\u00f4\u0300ng<br \/>\nC\u00f4ng ngh\u00ea\u0323 ch\u00f4\u0301ng n\u01b0\u01a1\u0301c bu\u0323i IPX8<br \/>\nCha\u0323y \u0111\u01b0\u01a1\u0323c 24\/24.<br \/>\nBa\u0309o ha\u0300nh: 3 tha\u0301ng<br \/>\nHa\u0300ng nh\u00e2\u0323p kh\u00e2\u0309u<\/p>\n","protected":false},"featured_media":257335,"comment_status":"open","ping_status":"closed","template":"","meta":[],"product_brand":[],"product_cat":[381,775],"product_tag":[1361,384,385,705,235,925,1362,628,1363,629,206,630,389,390],"class_list":{"0":"post-257178","1":"product","2":"type-product","3":"status-publish","4":"has-post-thumbnail","6":"product_cat-may-bom-chim","7":"product_cat-may-bom-chim-220v","8":"product_tag-3000l","9":"product_tag-bom","10":"product_tag-bom-12v-dc","11":"product_tag-bom-chim","12":"product_tag-bom-nuoc-mini","13":"product_tag-bom-nuoc-thai","14":"product_tag-bom-nuoc-thuy-canh","15":"product_tag-dai-phun-nuoc","16":"product_tag-gp-777","17":"product_tag-hon-non-bo","18":"product_tag-may-bom-12v","19":"product_tag-may-bom-220v","20":"product_tag-may-bom-chim","21":"product_tag-may-bom-chim-12v","23":"first","24":"instock","25":"shipping-taxable","26":"purchasable","27":"product-type-simple"},"_links":{"self":[{"href":"https:\/\/maybommini.vn\/index.php?rest_route=\/wp\/v2\/product\/257178","targetHints":{"allow":["GET"]}}],"collection":[{"href":"https:\/\/maybommini.vn\/index.php?rest_route=\/wp\/v2\/product"}],"about":[{"href":"https:\/\/maybommini.vn\/index.php?rest_route=\/wp\/v2\/types\/product"}],"replies":[{"embeddable":true,"href":"https:\/\/maybommini.vn\/index.php?rest_route=%2Fwp%2Fv2%2Fcomments&post=257178"}],"wp:featuredmedia":[{"embeddable":true,"href":"https:\/\/maybommini.vn\/index.php?rest_route=\/wp\/v2\/media\/257335"}],"wp:attachment":[{"href":"https:\/\/maybommini.vn\/index.php?rest_route=%2Fwp%2Fv2%2Fmedia&parent=257178"}],"wp:term":[{"taxonomy":"product_brand","embeddable":true,"href":"https:\/\/maybommini.vn\/index.php?rest_route=%2Fwp%2Fv2%2Fproduct_brand&post=257178"},{"taxonomy":"product_cat","embeddable":true,"href":"https:\/\/maybommini.vn\/index.php?rest_route=%2Fwp%2Fv2%2Fproduct_cat&post=257178"},{"taxonomy":"product_tag","embeddable":true,"href":"https:\/\/maybommini.vn\/index.php?rest_route=%2Fwp%2Fv2%2Fproduct_tag&post=257178"}],"curies":[{"name":"wp","href":"https:\/\/api.w.org\/{rel}","templated":true}]}}