{"id":257306,"date":"2018-04-12T19:45:19","date_gmt":"2018-04-12T12:45:19","guid":{"rendered":"https:\/\/maybommini.com\/san-pham\/import-placeholder-for-253522"},"modified":"2018-12-04T15:40:14","modified_gmt":"2018-12-04T08:40:14","slug":"mang-co-nhiet-pvc-cach-dien-110mm","status":"publish","type":"product","link":"https:\/\/maybommini.vn\/?product=mang-co-nhiet-pvc-cach-dien-110mm","title":{"rendered":"M\u00e0ng co nhi\u1ec7t PVC c\u00e1ch \u0111i\u1ec7n 110mm"},"content":{"rendered":"<h3><strong>M\u00e0ng co nhi\u1ec7t PVC c\u00e1ch \u0111i\u1ec7n 110mm chuy\u00ean du\u0323ng trong nga\u0300nh \u0111i\u00ea\u0323n, ma\u0300ng co du\u0300ng ghe\u0301p pin, du\u0300ng n\u00f4\u0301i m\u00f4\u0301i ha\u0300n \u0111i\u00ea\u0323n, du\u0300ng la\u0300m pin ghe\u0301p v\u01a1\u0301i ch\u01b0\u0301c n\u0103ng co gia\u0303n t\u00f4\u0301t v\u01a1\u0301i nhi\u00ea\u0323t \u0111\u00f4\u0323 cao ch\u00e2\u0301t li\u00ea\u0323u PVC cao c\u00e2\u0301p.<\/strong><\/h3>\n<p style=\"text-align: left;\"><strong><br \/>\n<img decoding=\"async\" class=\"size-full wp-image-249288 aligncenter\" src=\"https:\/\/maybommini.com\/wp-content\/uploads\/2017\/06\/ong-co-nhiet.jpg\" alt=\"Ong Co Nhiet\" width=\"750\" height=\"750\" srcset=\"https:\/\/maybommini.vn\/wp-content\/uploads\/2017\/06\/ong-co-nhiet.jpg 750w, https:\/\/maybommini.vn\/wp-content\/uploads\/2017\/06\/ong-co-nhiet-300x300.jpg 300w, https:\/\/maybommini.vn\/wp-content\/uploads\/2017\/06\/ong-co-nhiet-600x600.jpg 600w, https:\/\/maybommini.vn\/wp-content\/uploads\/2017\/06\/ong-co-nhiet-150x150.jpg 150w\" sizes=\"(max-width: 750px) 100vw, 750px\" \/><\/strong><strong>TH\u00d4NG S\u00d4\u0301 KY\u0303 THU\u00c2\u0323T<\/strong><br \/>\nModel: Ma\u0300ng co nhi\u00ea\u0323t PVC 110mm<br \/>\nKi\u0301ch th\u01b0\u01a1\u0301c r\u00f4\u0323ng: 110 mm<br \/>\nCh\u00e2\u0301t li\u00ea\u0323u: nh\u01b0\u0323a PVC<br \/>\nCa\u0301ch \u0111i\u00ea\u0323n: 600V<br \/>\nCo theo nhi\u00ea\u0323t \u0111\u00f4\u0323: 80 \u0111\u00f4\u0323 C<\/p>\n<h3 style=\"text-align: center;\"><img decoding=\"async\" class=\"size-full wp-image-249290 aligncenter\" src=\"https:\/\/maybommini.com\/wp-content\/uploads\/2017\/06\/ong-nhau-pvc-co-nhiet-ghep-pin.jpg\" alt=\"Ong Nhau Pvc Co Nhiet Ghep Pin\" width=\"750\" height=\"750\" srcset=\"https:\/\/maybommini.vn\/wp-content\/uploads\/2017\/06\/ong-nhau-pvc-co-nhiet-ghep-pin.jpg 750w, https:\/\/maybommini.vn\/wp-content\/uploads\/2017\/06\/ong-nhau-pvc-co-nhiet-ghep-pin-300x300.jpg 300w, https:\/\/maybommini.vn\/wp-content\/uploads\/2017\/06\/ong-nhau-pvc-co-nhiet-ghep-pin-600x600.jpg 600w, https:\/\/maybommini.vn\/wp-content\/uploads\/2017\/06\/ong-nhau-pvc-co-nhiet-ghep-pin-150x150.jpg 150w\" sizes=\"(max-width: 750px) 100vw, 750px\" \/> <img decoding=\"async\" class=\"size-full wp-image-249288 aligncenter\" src=\"https:\/\/maybommini.com\/wp-content\/uploads\/2017\/06\/ong-co-nhiet.jpg\" alt=\"Ong Co Nhiet\" width=\"750\" height=\"750\" srcset=\"https:\/\/maybommini.vn\/wp-content\/uploads\/2017\/06\/ong-co-nhiet.jpg 750w, https:\/\/maybommini.vn\/wp-content\/uploads\/2017\/06\/ong-co-nhiet-300x300.jpg 300w, https:\/\/maybommini.vn\/wp-content\/uploads\/2017\/06\/ong-co-nhiet-600x600.jpg 600w, https:\/\/maybommini.vn\/wp-content\/uploads\/2017\/06\/ong-co-nhiet-150x150.jpg 150w\" sizes=\"(max-width: 750px) 100vw, 750px\" \/><br \/>\n\u00d4\u0301NG CO PVC GHE\u0301P CELL PIN<br \/>\n<img decoding=\"async\" class=\"size-full wp-image-249287 aligncenter\" src=\"https:\/\/maybommini.com\/wp-content\/uploads\/2017\/06\/man-co-nhiet-ghep-pin.jpg\" alt=\"Man Co Nhiet Ghep Pin\" width=\"750\" height=\"750\" srcset=\"https:\/\/maybommini.vn\/wp-content\/uploads\/2017\/06\/man-co-nhiet-ghep-pin.jpg 750w, https:\/\/maybommini.vn\/wp-content\/uploads\/2017\/06\/man-co-nhiet-ghep-pin-300x300.jpg 300w, https:\/\/maybommini.vn\/wp-content\/uploads\/2017\/06\/man-co-nhiet-ghep-pin-600x600.jpg 600w, https:\/\/maybommini.vn\/wp-content\/uploads\/2017\/06\/man-co-nhiet-ghep-pin-150x150.jpg 150w\" sizes=\"(max-width: 750px) 100vw, 750px\" \/><\/h3>\n<p><strong>\u01af\u0301NG DU\u0323NG MA\u0300NG CO NHI\u00ca\u0323T PVC<\/strong><br \/>\n&#8211; Du\u0300ng la\u0300m ca\u0301ch \u0111i\u00ea\u0323n trong h\u00ea\u0323 th\u00f4\u0301ng \u0111i\u00ea\u0323n.<br \/>\n&#8211; Du\u0300ng la\u0300m bao ghe\u0301p ha\u0300n pin.<br \/>\n&#8211; Du\u0300ng trong nga\u0300nh pin.<br \/>\n&#8211; Du\u0300ng la\u0300m ghe\u0301p ca\u0301c loa\u0323i pin sa\u0323c.<br \/>\n&#8211; Du\u0300ng bao m\u00f4\u0301i ha\u0300n \u0111i\u00ea\u0323n.<br \/>\nV\u1edbi b\u1ea3o v\u1ec7 tuy\u1ec7t v\u1eddi m\u00f4i tr\u01b0\u1eddng, v\u1eadt li\u1ec7u c\u00e1ch nhi\u1ec7t, \u1ed5n \u0111\u1ecbnh, co r\u00fat \u1edf nhi\u1ec7t \u0111\u1ed9 th\u1ea5p, thu nh\u1ecf thu\u1eadn l\u1ee3i v\u00e0 nhanh ch\u00f3ng.<br \/>\nS\u1eed d\u1ee5ng r\u1ed9ng r\u00e3i trong t\u1ee5 \u0111i\u1ec7n, pin, linh ki\u1ec7n \u0111i\u1ec7n t\u1eed, \u00e1nh s\u00e1ng , ghim, m\u1ed9t chai \u0111\u00f3ng g\u00f3i k\u1ebft h\u1ee3p LED, \u0111\u1ec3 b\u1ecdc c\u00e1c ch\u1ee9c n\u0103ng l\u00e0m \u0111\u1eb9p, c\u00e1ch nhi\u1ec7t, \u0111\u1ed9 \u1ea9m, \u0103n m\u00f2n, hi\u1ec7u \u1ee9ng ch\u1ed1ng b\u1ee5i. Du\u0300ng du\u0301ng tho\u0309i nhi\u00ea\u0323t \u0111\u00ea\u0309 la\u0300m co ma\u0300n PVC.<br \/>\n<img decoding=\"async\" class=\"alignnone size-full wp-image-247386\" src=\"https:\/\/maybommini.com\/wp-content\/uploads\/2016\/12\/pin-12v-12000mA.jpg\" alt=\"\" width=\"720\" height=\"720\"> <img decoding=\"async\" class=\"alignnone size-full wp-image-247336\" src=\"https:\/\/maybommini.com\/wp-content\/uploads\/2016\/12\/pin-12v-sac-gia-re.jpg\" alt=\"\" width=\"720\" height=\"720\"> <img decoding=\"async\" class=\"alignnone size-full wp-image-247387\" src=\"https:\/\/maybommini.com\/wp-content\/uploads\/2016\/12\/pin-sac-12v-12Ah.jpg\" alt=\"\" width=\"720\" height=\"720\"><br \/>\n<img decoding=\"async\" class=\"alignnone size-full wp-image-249290\" src=\"https:\/\/maybommini.com\/wp-content\/uploads\/2017\/06\/ong-nhau-pvc-co-nhiet-ghep-pin.jpg\" alt=\"Ong Nhau Pvc Co Nhiet Ghep Pin\" width=\"750\" height=\"750\" srcset=\"https:\/\/maybommini.vn\/wp-content\/uploads\/2017\/06\/ong-nhau-pvc-co-nhiet-ghep-pin.jpg 750w, https:\/\/maybommini.vn\/wp-content\/uploads\/2017\/06\/ong-nhau-pvc-co-nhiet-ghep-pin-300x300.jpg 300w, https:\/\/maybommini.vn\/wp-content\/uploads\/2017\/06\/ong-nhau-pvc-co-nhiet-ghep-pin-600x600.jpg 600w, https:\/\/maybommini.vn\/wp-content\/uploads\/2017\/06\/ong-nhau-pvc-co-nhiet-ghep-pin-150x150.jpg 150w\" sizes=\"(max-width: 750px) 100vw, 750px\" \/><\/p>\n<p><strong>BA\u0301N \u00d4\u0301NG CO PVC CA\u0301CH \u0110I\u00ca\u0323N VA\u0300 GHE\u0301P PIN<\/strong><br \/>\nMBM Ma\u0301y B\u01a1m Mini chuy\u00ean ba\u0301n ca\u0301c loa\u0323i ma\u0300n co PVC du\u0300ng ha\u0300n ghe\u0301p pin va\u0300 du\u0300ng la\u0300m ca\u0301ch \u0111i\u00ea\u0323n.<br \/>\nBa\u0301n ca\u0301c loa\u0323i pin du\u0300ng ghe\u0301p pin nh\u01b0 <a href=\"https:\/\/maybommini.com\/san-pham\/pin-sac-18650-2600mah-3-6v\" target=\"_blank\" rel=\"noopener\">pin sa\u0323c Samsung 18650<\/a>&#8230;<br \/>\nBa\u0301n ma\u0301y ha\u0300n pin ghe\u0301p pin cho ca\u0301c thi\u00ea\u0301t bi\u0323 \u0111i\u00ea\u0323n t\u01b0\u0309, pin xe \u0111a\u0323p \u0111i\u00ea\u0323n.<br \/>\nBa\u0301n ma\u0323ch \u0111i\u00ea\u0323n ba\u0309o v\u00ea\u0323 pin 12V 24V.<br \/>\nBa\u0301n ke\u0303m ha\u0300n ghe\u0301p Cell Pin.<br \/>\n<a href=\"https:\/\/maybommini.com\/san-pham\/may-han-cell-pin-jst-3-220v-3kva\" target=\"_blank\" rel=\"noopener\">Ma\u0301y ha\u0300n Cell Pin<\/a>.<br \/>\n<strong>Website:<\/strong>\u00a0<a href=\"https:\/\/maybommini.com\" target=\"_blank\" rel=\"noopener\">https:\/\/maybommini.com<\/a><br \/>\n<strong>Email:<\/strong> maybommini.com@gmail.com<\/p>\n<h3 style=\"text-align: center;\">M\u00e0ng co nhi\u1ec7t PVC gia\u0301 t\u00f4\u0301t du\u0300ng ghe\u0301p Cell Pin<\/h3>\n","protected":false},"excerpt":{"rendered":"<p>Model: Ma\u0300ng co nhi\u00ea\u0323t PVC 110mm<br \/>\nKi\u0301ch th\u01b0\u01a1\u0301c r\u00f4\u0323ng: 110 mm<br \/>\nCh\u00e2\u0301t li\u00ea\u0323u: nh\u01b0\u0323a PVC<br \/>\nCa\u0301ch \u0111i\u00ea\u0323n: 600V<br \/>\nCo theo nhi\u00ea\u0323t \u0111\u00f4\u0323: 80 \u0111\u00f4\u0323 C<br \/>\nGia\u0301 ti\u0301nh theo chi\u00ea\u0300u da\u0300i 1 me\u0301t<\/p>\n","protected":false},"featured_media":257405,"comment_status":"open","ping_status":"closed","template":"","meta":[],"product_brand":[],"product_cat":[1282],"product_tag":[1392,1393,1284,1286,1394,1395,1396,1397,1398],"class_list":{"0":"post-257306","1":"product","2":"type-product","3":"status-publish","4":"has-post-thumbnail","6":"product_cat-han-ghep-pin","7":"product_tag-bao-pin","8":"product_tag-chach-dien","9":"product_tag-ghep-pin","10":"product_tag-han-pin","11":"product_tag-mang-co","12":"product_tag-nhua-co","13":"product_tag-ong-co","14":"product_tag-pin-ghep","15":"product_tag-pvc","17":"first","18":"instock","19":"shipping-taxable","20":"purchasable","21":"product-type-simple"},"_links":{"self":[{"href":"https:\/\/maybommini.vn\/index.php?rest_route=\/wp\/v2\/product\/257306","targetHints":{"allow":["GET"]}}],"collection":[{"href":"https:\/\/maybommini.vn\/index.php?rest_route=\/wp\/v2\/product"}],"about":[{"href":"https:\/\/maybommini.vn\/index.php?rest_route=\/wp\/v2\/types\/product"}],"replies":[{"embeddable":true,"href":"https:\/\/maybommini.vn\/index.php?rest_route=%2Fwp%2Fv2%2Fcomments&post=257306"}],"wp:featuredmedia":[{"embeddable":true,"href":"https:\/\/maybommini.vn\/index.php?rest_route=\/wp\/v2\/media\/257405"}],"wp:attachment":[{"href":"https:\/\/maybommini.vn\/index.php?rest_route=%2Fwp%2Fv2%2Fmedia&parent=257306"}],"wp:term":[{"taxonomy":"product_brand","embeddable":true,"href":"https:\/\/maybommini.vn\/index.php?rest_route=%2Fwp%2Fv2%2Fproduct_brand&post=257306"},{"taxonomy":"product_cat","embeddable":true,"href":"https:\/\/maybommini.vn\/index.php?rest_route=%2Fwp%2Fv2%2Fproduct_cat&post=257306"},{"taxonomy":"product_tag","embeddable":true,"href":"https:\/\/maybommini.vn\/index.php?rest_route=%2Fwp%2Fv2%2Fproduct_tag&post=257306"}],"curies":[{"name":"wp","href":"https:\/\/api.w.org\/{rel}","templated":true}]}}