{"id":257427,"date":"2018-04-12T19:46:52","date_gmt":"2018-04-12T12:46:52","guid":{"rendered":"https:\/\/maybommini.com\/san-pham\/import-placeholder-for-253627"},"modified":"2022-11-23T10:30:33","modified_gmt":"2022-11-23T03:30:33","slug":"may-bom-chim-12v-24w-1000l-jt-550","status":"publish","type":"product","link":"https:\/\/maybommini.vn\/?product=may-bom-chim-12v-24w-1000l-jt-550","title":{"rendered":"M\u00e1y b\u01a1m ch\u00ecm 12V 24W 1000L JT-550"},"content":{"rendered":"<p>Chuy\u00ean cung c\u1ea5p s\u1ec9 v\u00e0 l\u1ebb m\u00e1y b\u01a1m ch\u00ecm 12V 24W 1000L JT-550 l\u00e0 lo\u1ea1i m\u00e1y b\u01a1m ch\u00ecm mini du\u0300ng ngu\u00f4\u0300n \u0111i\u00ea\u0323n DC 6V \u0111\u00ea\u0301n 12V. \u0110\u00e2y l\u00e0 lo\u1ea1i m\u00e1y b\u01a1m ch\u00ecm c\u00f3 c\u00f4ng su\u1ea5t 24W nh\u01b0ng l\u01b0u l\u01b0\u01a1\u0323ng m\u1ea1nh\u00a0\u0111\u1ea1t 1000L\/H s\u1eed d\u1ee5ng b\u01a1m n\u01b0\u1edbc l\u00e0m m\u00e1t m\u00e1y khoan c\u1eaft b\u00ea t\u00f4ng, b\u01a1m n\u01b0\u1edbc m\u00e1y c\u1eeda, b\u01a1m n\u01b0\u1edbc m\u00e1y c\u1eaft g\u1ea1ch, m\u00e1y b\u01a1m h\u1ed3 b\u1ec3 c\u00e1, b\u01a1m n\u01b0\u1edbc h\u00f2n non b\u1ed9, m\u00e1y b\u01a1m \u0111\u00e0i phun n\u01b0\u1edbc ti\u1ec3u c\u1ea3nh phong thu\u1ef7.<\/p>\n<p><img decoding=\"async\" class=\"size-full wp-image-254312 aligncenter\" src=\"https:\/\/maybommini.com.vn\/wp-content\/uploads\/2018\/01\/ban-may-bom-chim-6v-12v-1.jpg\" alt=\"Ban May Bom Chim 6v 12v\" width=\"750\" height=\"750\" srcset=\"https:\/\/maybommini.vn\/wp-content\/uploads\/2018\/01\/ban-may-bom-chim-6v-12v-1.jpg 750w, https:\/\/maybommini.vn\/wp-content\/uploads\/2018\/01\/ban-may-bom-chim-6v-12v-1-300x300.jpg 300w, https:\/\/maybommini.vn\/wp-content\/uploads\/2018\/01\/ban-may-bom-chim-6v-12v-1-600x600.jpg 600w, https:\/\/maybommini.vn\/wp-content\/uploads\/2018\/01\/ban-may-bom-chim-6v-12v-1-150x150.jpg 150w\" sizes=\"(max-width: 750px) 100vw, 750px\" \/><strong>TH\u00d4NG S\u1ed0 K\u1ef8 THU\u1eacT<\/strong><br \/>\nModel: JT-550<br \/>\n\u0110i\u1ec7n th\u1ebf: DC 6V &#8211; 12V<br \/>\nL\u01b0u l\u01b0\u1ee3ng b\u01a1m: 1000 L\/H<br \/>\nC\u00f4ng su\u1ea5t b\u01a1m: 24 W<br \/>\nTr\u1ecdng l\u01b0\u1ee3ng: \u00a00.5 Kg<br \/>\n\u1ed0ng ra: 12 mm<br \/>\nB\u01a1m cao: 5 Met<br \/>\nChu\u00e2\u0300n ch\u00f4\u0301ng n\u01b0\u01a1\u0301c: IP68<br \/>\nMotor lo\u0303i \u0111\u00f4\u0300ng ch\u00f4\u0309i than.<br \/>\nT\u00ecnh tr\u1ea1ng: H\u00e0ng m\u1edbi 100%<br \/>\nB\u1ea3o h\u00e0ng: 3 th\u00e1ng.<\/p>\n<p><img decoding=\"async\" class=\"size-full wp-image-254315 aligncenter\" src=\"https:\/\/maybommini.com.vn\/wp-content\/uploads\/2018\/01\/may-bom-chim-mini-1.jpg\" alt=\"May Bom Chim Mini\" width=\"750\" height=\"750\" srcset=\"https:\/\/maybommini.vn\/wp-content\/uploads\/2018\/01\/may-bom-chim-mini-1.jpg 750w, https:\/\/maybommini.vn\/wp-content\/uploads\/2018\/01\/may-bom-chim-mini-1-300x300.jpg 300w, https:\/\/maybommini.vn\/wp-content\/uploads\/2018\/01\/may-bom-chim-mini-1-600x600.jpg 600w, https:\/\/maybommini.vn\/wp-content\/uploads\/2018\/01\/may-bom-chim-mini-1-150x150.jpg 150w, https:\/\/maybommini.vn\/wp-content\/uploads\/2018\/01\/may-bom-chim-mini-1-270x270.jpg 270w, https:\/\/maybommini.vn\/wp-content\/uploads\/2018\/01\/may-bom-chim-mini-1-375x375.jpg 375w, https:\/\/maybommini.vn\/wp-content\/uploads\/2018\/01\/may-bom-chim-mini-1-140x140.jpg 140w, https:\/\/maybommini.vn\/wp-content\/uploads\/2018\/01\/may-bom-chim-mini-1-131x131.jpg 131w, https:\/\/maybommini.vn\/wp-content\/uploads\/2018\/01\/may-bom-chim-mini-1-142x142.jpg 142w, https:\/\/maybommini.vn\/wp-content\/uploads\/2018\/01\/may-bom-chim-mini-1-164x164.jpg 164w, https:\/\/maybommini.vn\/wp-content\/uploads\/2018\/01\/may-bom-chim-mini-1-175x175.jpg 175w, https:\/\/maybommini.vn\/wp-content\/uploads\/2018\/01\/may-bom-chim-mini-1-193x193.jpg 193w, https:\/\/maybommini.vn\/wp-content\/uploads\/2018\/01\/may-bom-chim-mini-1-200x200.jpg 200w, https:\/\/maybommini.vn\/wp-content\/uploads\/2018\/01\/may-bom-chim-mini-1-204x204.jpg 204w, https:\/\/maybommini.vn\/wp-content\/uploads\/2018\/01\/may-bom-chim-mini-1-213x213.jpg 213w, https:\/\/maybommini.vn\/wp-content\/uploads\/2018\/01\/may-bom-chim-mini-1-248x248.jpg 248w, https:\/\/maybommini.vn\/wp-content\/uploads\/2018\/01\/may-bom-chim-mini-1-260x260.jpg 260w\" sizes=\"(max-width: 750px) 100vw, 750px\" \/> <img decoding=\"async\" class=\"size-full wp-image-254313 aligncenter\" src=\"https:\/\/maybommini.com.vn\/wp-content\/uploads\/2018\/01\/may-bom-chim-4.jpg\" alt=\"May Bom Chim\" width=\"750\" height=\"750\" srcset=\"https:\/\/maybommini.vn\/wp-content\/uploads\/2018\/01\/may-bom-chim-4.jpg 750w, https:\/\/maybommini.vn\/wp-content\/uploads\/2018\/01\/may-bom-chim-4-300x300.jpg 300w, https:\/\/maybommini.vn\/wp-content\/uploads\/2018\/01\/may-bom-chim-4-600x600.jpg 600w, https:\/\/maybommini.vn\/wp-content\/uploads\/2018\/01\/may-bom-chim-4-150x150.jpg 150w, https:\/\/maybommini.vn\/wp-content\/uploads\/2018\/01\/may-bom-chim-4-270x270.jpg 270w, https:\/\/maybommini.vn\/wp-content\/uploads\/2018\/01\/may-bom-chim-4-375x375.jpg 375w, https:\/\/maybommini.vn\/wp-content\/uploads\/2018\/01\/may-bom-chim-4-140x140.jpg 140w, https:\/\/maybommini.vn\/wp-content\/uploads\/2018\/01\/may-bom-chim-4-131x131.jpg 131w, https:\/\/maybommini.vn\/wp-content\/uploads\/2018\/01\/may-bom-chim-4-142x142.jpg 142w, https:\/\/maybommini.vn\/wp-content\/uploads\/2018\/01\/may-bom-chim-4-164x164.jpg 164w, https:\/\/maybommini.vn\/wp-content\/uploads\/2018\/01\/may-bom-chim-4-175x175.jpg 175w, https:\/\/maybommini.vn\/wp-content\/uploads\/2018\/01\/may-bom-chim-4-193x193.jpg 193w, https:\/\/maybommini.vn\/wp-content\/uploads\/2018\/01\/may-bom-chim-4-200x200.jpg 200w, https:\/\/maybommini.vn\/wp-content\/uploads\/2018\/01\/may-bom-chim-4-204x204.jpg 204w, https:\/\/maybommini.vn\/wp-content\/uploads\/2018\/01\/may-bom-chim-4-213x213.jpg 213w, https:\/\/maybommini.vn\/wp-content\/uploads\/2018\/01\/may-bom-chim-4-248x248.jpg 248w, https:\/\/maybommini.vn\/wp-content\/uploads\/2018\/01\/may-bom-chim-4-260x260.jpg 260w\" sizes=\"(max-width: 750px) 100vw, 750px\" \/><strong>\u1ee8NG D\u1ee4NG M\u00c1Y B\u01a0M CH\u00ccM<\/strong><strong><br \/>\n<\/strong>M\u00e1y b\u01a1m n\u01b0\u1edbc cho m\u00e1y khoan.<br \/>\nB\u01a1m n\u01b0\u1edbc l\u00e0m m\u00e1t m\u00e1y c\u1eaft g\u1ea1ch.<br \/>\nB\u01a1m n\u01b0\u1edbc m\u00e1y m\u00e0i.<br \/>\nM\u00e1y b\u01a1m n\u01b0\u1edbc khoan c\u1eaft b\u00ea t\u00f4ng.<br \/>\nB\u01a1m n\u01b0\u1edbc m\u00e1y CNC.<br \/>\nB\u01a1m n\u01b0\u1edbc ti\u1ec3u c\u1ea3nh h\u00f2n non b\u1ed9 phong thu\u1ef7.<br \/>\nD\u00f9ng\u00a0\u0111\u1ec3 b\u01a1m ch\u1ea5t th\u1ea3i.<br \/>\nM\u00e1y b\u01a1m h\u00f2n non b\u1ed9.<br \/>\nM\u00e1y b\u01a1m h\u1ed3 c\u00e1.<br \/>\nM\u00e1y b\u01a1m l\u1ecdc n\u01b0\u1edbc h\u1ed3 c\u00e1.<br \/>\nM\u00e1y b\u01a1m n\u01b0\u1edbc tu\u1ea7n ho\u00e0n.<br \/>\nB\u01a1m n\u01b0\u1edbc ng\u1eadp trong nh\u00e0.<br \/>\nB\u01a1m c\u1ea5p n\u01b0\u1edbc v\u00e0o b\u1ec3 ch\u1ee9a.<\/p>\n<p><img decoding=\"async\" class=\"size-full wp-image-254314 aligncenter\" src=\"https:\/\/maybommini.com.vn\/wp-content\/uploads\/2018\/01\/may-bom-chim-12v-6.jpg\" alt=\"May Bom Chim 12v\" width=\"750\" height=\"750\" srcset=\"https:\/\/maybommini.vn\/wp-content\/uploads\/2018\/01\/may-bom-chim-12v-6.jpg 750w, https:\/\/maybommini.vn\/wp-content\/uploads\/2018\/01\/may-bom-chim-12v-6-300x300.jpg 300w, https:\/\/maybommini.vn\/wp-content\/uploads\/2018\/01\/may-bom-chim-12v-6-600x600.jpg 600w, https:\/\/maybommini.vn\/wp-content\/uploads\/2018\/01\/may-bom-chim-12v-6-150x150.jpg 150w, https:\/\/maybommini.vn\/wp-content\/uploads\/2018\/01\/may-bom-chim-12v-6-270x270.jpg 270w, https:\/\/maybommini.vn\/wp-content\/uploads\/2018\/01\/may-bom-chim-12v-6-375x375.jpg 375w, https:\/\/maybommini.vn\/wp-content\/uploads\/2018\/01\/may-bom-chim-12v-6-140x140.jpg 140w, https:\/\/maybommini.vn\/wp-content\/uploads\/2018\/01\/may-bom-chim-12v-6-131x131.jpg 131w, https:\/\/maybommini.vn\/wp-content\/uploads\/2018\/01\/may-bom-chim-12v-6-142x142.jpg 142w, https:\/\/maybommini.vn\/wp-content\/uploads\/2018\/01\/may-bom-chim-12v-6-164x164.jpg 164w, https:\/\/maybommini.vn\/wp-content\/uploads\/2018\/01\/may-bom-chim-12v-6-175x175.jpg 175w, https:\/\/maybommini.vn\/wp-content\/uploads\/2018\/01\/may-bom-chim-12v-6-193x193.jpg 193w, https:\/\/maybommini.vn\/wp-content\/uploads\/2018\/01\/may-bom-chim-12v-6-200x200.jpg 200w, https:\/\/maybommini.vn\/wp-content\/uploads\/2018\/01\/may-bom-chim-12v-6-204x204.jpg 204w, https:\/\/maybommini.vn\/wp-content\/uploads\/2018\/01\/may-bom-chim-12v-6-213x213.jpg 213w, https:\/\/maybommini.vn\/wp-content\/uploads\/2018\/01\/may-bom-chim-12v-6-248x248.jpg 248w, https:\/\/maybommini.vn\/wp-content\/uploads\/2018\/01\/may-bom-chim-12v-6-260x260.jpg 260w\" sizes=\"(max-width: 750px) 100vw, 750px\" \/><br \/>\n<strong>MUA M\u00c1Y B\u01a0M CHI\u0300M \u00a0<\/strong><strong>\u1ede \u0110\u00c2U ?<br \/>\n<\/strong>M\u1ecdi chi ti\u1ebft vui l\u00f2ng li\u00ean h\u1ec7 tr\u1ef1c ti\u1ebfp cho ch\u00fang t\u00f4i \u0111\u1ec3 \u0111\u01b0\u1ee3c t\u01b0 v\u1ea5n theo nhu c\u1ea7u \u0111\u1ec3 c\u00f3 \u0111\u01b0\u1ee3c b\u1ed9 s\u1ea3n ph\u1ea9m t\u1ed1t nh\u1ea5t v\u00e0 ti\u1ebft ki\u1ec7m.\u00a0B\u1ea1n \u1edf xa v\u1eabn c\u00f3 th\u1ec3 mua h\u00e0ng v\u00e0 giao h\u00e0ng <a title=\"thanh to\u00e1n\" href=\"http:\/\/maybommini.com\/thanh-toan\" target=\"_blank\" rel=\"noopener\">thanh to\u00e1n<\/a> ti\u1ec1n t\u1ea1i nh\u00e0. Kh\u00f4ng th\u1ec3 s\u1eed d\u1ee5ng b\u01a1m c\u00e1c n\u01b0\u1edbc ch\u1ea5t ki\u1ec1m, \u0103n m\u00f2n, ax\u00edt,&#8230; C\u00f3 th\u1ec3 g\u00e2y h\u1ea1i ch\u00e1y m\u00e1y b\u01a1m.<br \/>\n<strong>Website:<\/strong> <a href=\"https:\/\/maybommini.com\" target=\"_blank\" rel=\"noopener\">https:\/\/maybommini.com<\/a><br \/>\nEmail: maybommini.com@gmail.com<br \/>\nFacebook: <a href=\"https:\/\/www.facebook.com\/maybommini\" target=\"_blank\" rel=\"noopener\">https:\/\/www.facebook.com\/maybommini<\/a><br \/>\nGoogle : <a href=\"https:\/\/plus.google.com\/ Maybomnuocminiruaxe\" target=\"_blank\" rel=\"noopener\">https:\/\/plus.google.com\/ Maybomnuocminiruaxe<\/a><br \/>\nYoutube demo: <a href=\"https:\/\/www.youtube.com\/bahamasali\" target=\"_blank\" rel=\"noopener\">https:\/\/www.youtube.com\/bahamasali<\/a><\/p>\n<h3 style=\"text-align: center;\">M\u00e1y b\u01a1m ch\u00ecm 12V 24W 1000L JT-550<\/h3>\n","protected":false},"excerpt":{"rendered":"<p>Model: JT-550<br \/>\n\u0110i\u1ec7n th\u1ebf: DC 6V &#8211; 12V<br \/>\nL\u01b0u l\u01b0\u1ee3ng b\u01a1m: 1000 L\/H<br \/>\nC\u00f4ng su\u1ea5t b\u01a1m: 24 W<br \/>\nTr\u1ecdng l\u01b0\u1ee3ng: \u00a00.5 Kg<br \/>\n\u1ed0ng ra: 12 mm<br \/>\nB\u01a1m cao: 5 Met<br \/>\nChu\u00e2\u0300n ch\u00f4\u0301ng n\u01b0\u01a1\u0301c: IP68<br \/>\nMotor lo\u0303i \u0111\u00f4\u0300ng ch\u00f4\u0309i than.<br \/>\nT\u00ecnh tr\u1ea1ng: H\u00e0ng m\u1edbi 100%<br \/>\nB\u1ea3o h\u00e0ng: 3 th\u00e1ng.<br \/>\n<strong>S\u1ea3n ph\u1ea9m cao c\u1ea5p<\/strong><br \/>\n<strong>Kh\u1eb3ng \u0111\u1ecbnh \u0111\u1ed9 an to\u00e0n, ch\u1ea5t l\u01b0\u1ee3ng s\u1ea3n ph\u1ea9m v\u1edbi ng\u01b0\u1eddi ti\u00eau d\u00f9ng.<\/strong><br \/>\n<strong>H\u00f4\u0309 tr\u01a1\u0323 ky\u0303 thu\u00e2\u0323t vi\u0303nh vi\u00ea\u0303n.<\/strong><br \/>\n<strong>T\u01af V\u1ea4N K\u1ef8 THU\u1eacT \u2013 MUA H\u00c0NG<br \/>\n0908997823 \u2013 0908997872<br \/>\n0907294310 \u2013 0287303039<\/strong><\/p>\n","protected":false},"featured_media":257531,"comment_status":"open","ping_status":"closed","template":"","meta":[],"product_brand":[2227],"product_cat":[382],"product_tag":[1456,267,783,1457,391,705,392,393,2742,2743,713,235,706,629,2727,2553,1458,1459,389,1460,231,394],"class_list":{"0":"post-257427","1":"product","2":"type-product","3":"status-publish","4":"has-post-thumbnail","6":"product_brand-mtm","7":"product_cat-may-bom-chim-12v","8":"product_tag-1000l-h","9":"product_tag-12v","10":"product_tag-2000l-h","11":"product_tag-6v","12":"product_tag-bom-chat-thai","13":"product_tag-bom-chim","14":"product_tag-bom-chim-12v","15":"product_tag-bom-chim-24v","16":"product_tag-bom-nuoc-may-cat-gach","17":"product_tag-bom-nuoc-may-cnc","18":"product_tag-bom-nuoc-may-khoan","19":"product_tag-bom-nuoc-mini","20":"product_tag-ho-ca","21":"product_tag-hon-non-bo","22":"product_tag-jt","23":"product_tag-jt-500","24":"product_tag-jt-550","25":"product_tag-jt550","26":"product_tag-may-bom-chim","27":"product_tag-may-bom-chim-mini","28":"product_tag-may-bom-mini","29":"product_tag-may-bom-tuoi","31":"first","32":"instock","33":"sale","34":"featured","35":"shipping-taxable","36":"purchasable","37":"product-type-simple"},"_links":{"self":[{"href":"https:\/\/maybommini.vn\/index.php?rest_route=\/wp\/v2\/product\/257427","targetHints":{"allow":["GET"]}}],"collection":[{"href":"https:\/\/maybommini.vn\/index.php?rest_route=\/wp\/v2\/product"}],"about":[{"href":"https:\/\/maybommini.vn\/index.php?rest_route=\/wp\/v2\/types\/product"}],"replies":[{"embeddable":true,"href":"https:\/\/maybommini.vn\/index.php?rest_route=%2Fwp%2Fv2%2Fcomments&post=257427"}],"wp:featuredmedia":[{"embeddable":true,"href":"https:\/\/maybommini.vn\/index.php?rest_route=\/wp\/v2\/media\/257531"}],"wp:attachment":[{"href":"https:\/\/maybommini.vn\/index.php?rest_route=%2Fwp%2Fv2%2Fmedia&parent=257427"}],"wp:term":[{"taxonomy":"product_brand","embeddable":true,"href":"https:\/\/maybommini.vn\/index.php?rest_route=%2Fwp%2Fv2%2Fproduct_brand&post=257427"},{"taxonomy":"product_cat","embeddable":true,"href":"https:\/\/maybommini.vn\/index.php?rest_route=%2Fwp%2Fv2%2Fproduct_cat&post=257427"},{"taxonomy":"product_tag","embeddable":true,"href":"https:\/\/maybommini.vn\/index.php?rest_route=%2Fwp%2Fv2%2Fproduct_tag&post=257427"}],"curies":[{"name":"wp","href":"https:\/\/api.w.org\/{rel}","templated":true}]}}