{"id":257512,"date":"2018-04-12T19:47:44","date_gmt":"2018-04-12T12:47:44","guid":{"rendered":"https:\/\/maybommini.com\/san-pham\/import-placeholder-for-253728"},"modified":"2018-04-12T19:50:01","modified_gmt":"2018-04-12T12:50:01","slug":"may-bom-tro-luc-nuoc-nong-220v-120w-18l","status":"publish","type":"product","link":"https:\/\/maybommini.vn\/?product=may-bom-tro-luc-nuoc-nong-220v-120w-18l","title":{"rendered":"M\u00e1y b\u01a1m tr\u1ee3 l\u1ef1c n\u01b0\u1edbc n\u00f3ng 220V 120W 18L"},"content":{"rendered":"<p><em><strong>M\u00e1y b\u01a1m tr\u1ee3 l\u1ef1c n\u01b0\u1edbc n\u00f3ng 220V 120W 18L l\u00e0 lo\u1ea1i m\u00e1y b\u01a1m chuy\u00ean d\u1ee5ng d\u00f9ng\u00a0\u0111\u1ec3 tr\u1ee3 l\u1ef1c m\u00e1y n\u00f3ng l\u1ea1nh gia\u00a0\u0111\u00ecnh. C\u00f3 th\u1ec3 d\u00f9ng tr\u1ee3 l\u1ef1c h\u1ec7 th\u1ed1ng n\u01b0\u1edbc trong gia\u00a0\u0111\u00ecnh do n\u01b0\u1edbc y\u1ebfu v\u00ec h\u1ec7 th\u1ed1ng b\u1ed3n n\u01b0\u1edbc th\u1ea5p ho\u1eb7c n\u01b0\u1edbc thu\u1ef7 c\u1ee5c y\u1ebfu.<\/strong><\/em><\/p>\n<p><img decoding=\"async\" class=\"size-full wp-image-254149 aligncenter\" src=\"https:\/\/maybommini.com.vn\/wp-content\/uploads\/2018\/01\/may-bom-tro-luc-3.jpg\" alt=\"May Bom Tro Luc\" width=\"800\" height=\"800\" srcset=\"https:\/\/maybommini.vn\/wp-content\/uploads\/2018\/01\/may-bom-tro-luc-3.jpg 800w, https:\/\/maybommini.vn\/wp-content\/uploads\/2018\/01\/may-bom-tro-luc-3-300x300.jpg 300w, https:\/\/maybommini.vn\/wp-content\/uploads\/2018\/01\/may-bom-tro-luc-3-600x600.jpg 600w, https:\/\/maybommini.vn\/wp-content\/uploads\/2018\/01\/may-bom-tro-luc-3-150x150.jpg 150w, https:\/\/maybommini.vn\/wp-content\/uploads\/2018\/01\/may-bom-tro-luc-3-768x768.jpg 768w, https:\/\/maybommini.vn\/wp-content\/uploads\/2018\/01\/may-bom-tro-luc-3-270x270.jpg 270w, https:\/\/maybommini.vn\/wp-content\/uploads\/2018\/01\/may-bom-tro-luc-3-375x375.jpg 375w, https:\/\/maybommini.vn\/wp-content\/uploads\/2018\/01\/may-bom-tro-luc-3-140x140.jpg 140w, https:\/\/maybommini.vn\/wp-content\/uploads\/2018\/01\/may-bom-tro-luc-3-131x131.jpg 131w, https:\/\/maybommini.vn\/wp-content\/uploads\/2018\/01\/may-bom-tro-luc-3-142x142.jpg 142w, https:\/\/maybommini.vn\/wp-content\/uploads\/2018\/01\/may-bom-tro-luc-3-164x164.jpg 164w, https:\/\/maybommini.vn\/wp-content\/uploads\/2018\/01\/may-bom-tro-luc-3-175x175.jpg 175w, https:\/\/maybommini.vn\/wp-content\/uploads\/2018\/01\/may-bom-tro-luc-3-193x193.jpg 193w, https:\/\/maybommini.vn\/wp-content\/uploads\/2018\/01\/may-bom-tro-luc-3-200x200.jpg 200w, https:\/\/maybommini.vn\/wp-content\/uploads\/2018\/01\/may-bom-tro-luc-3-204x204.jpg 204w, https:\/\/maybommini.vn\/wp-content\/uploads\/2018\/01\/may-bom-tro-luc-3-213x213.jpg 213w, https:\/\/maybommini.vn\/wp-content\/uploads\/2018\/01\/may-bom-tro-luc-3-248x248.jpg 248w, https:\/\/maybommini.vn\/wp-content\/uploads\/2018\/01\/may-bom-tro-luc-3-260x260.jpg 260w\" sizes=\"(max-width: 800px) 100vw, 800px\" \/><\/p>\n<p><strong>TH\u00d4NG S\u1ed0 K\u1ef8 THU\u1eacT M\u00c1Y B\u01a0M TR\u1ee2 L\u1ef0C<br \/>\n<\/strong>\u0110i\u1ec7n \u00e1p: AC 220V<br \/>\nC\u00f4ng su\u1ea5t (t\u1ed1i \u0111a): 120W<br \/>\nL\u01b0u l\u01b0\u1ee3ng: 18L \/ ph\u00fat<br \/>\nB\u01a1m cao: 10M m\u00e9t<br \/>\nTr\u1ecdng l\u01b0\u1ee3ng: 2 kg<br \/>\nNhi\u1ec7t\u00a0\u0111\u1ed9 n\u01b0\u1edbc: 120\u00a0\u0111\u1ed9 C<br \/>\nCh\u1ea5t li\u1ec7u: Inox &#8211;\u00a0\u0110\u1ed3ng<br \/>\nC\u00f4ng t\u1eaft : van th\u00f4ng minh (v\u1edbi c\u00f4ng t\u1eafc \u00e1p su\u1ea5t)<br \/>\nH\u00e0ng ch\u00ednh h\u00e3ng<br \/>\nB\u1ea3o h\u00e0nh: 6 th\u00e1ng<br \/>\nShip h\u00e0ng \u0111i to\u00e0n qu\u1ed1c<br \/>\nG\u1ecdi : 090 729 4310<\/p>\n<p><img decoding=\"async\" class=\"size-full wp-image-254150 aligncenter\" src=\"https:\/\/maybommini.com.vn\/wp-content\/uploads\/2018\/01\/may-bom-tro-luc-may-nuoc-nong-1.jpg\" alt=\"May Bom Tro Luc May Nuoc Nong\" width=\"800\" height=\"800\" srcset=\"https:\/\/maybommini.vn\/wp-content\/uploads\/2018\/01\/may-bom-tro-luc-may-nuoc-nong-1.jpg 800w, https:\/\/maybommini.vn\/wp-content\/uploads\/2018\/01\/may-bom-tro-luc-may-nuoc-nong-1-300x300.jpg 300w, https:\/\/maybommini.vn\/wp-content\/uploads\/2018\/01\/may-bom-tro-luc-may-nuoc-nong-1-600x600.jpg 600w, https:\/\/maybommini.vn\/wp-content\/uploads\/2018\/01\/may-bom-tro-luc-may-nuoc-nong-1-150x150.jpg 150w, https:\/\/maybommini.vn\/wp-content\/uploads\/2018\/01\/may-bom-tro-luc-may-nuoc-nong-1-768x768.jpg 768w, https:\/\/maybommini.vn\/wp-content\/uploads\/2018\/01\/may-bom-tro-luc-may-nuoc-nong-1-270x270.jpg 270w, https:\/\/maybommini.vn\/wp-content\/uploads\/2018\/01\/may-bom-tro-luc-may-nuoc-nong-1-375x375.jpg 375w, https:\/\/maybommini.vn\/wp-content\/uploads\/2018\/01\/may-bom-tro-luc-may-nuoc-nong-1-140x140.jpg 140w, https:\/\/maybommini.vn\/wp-content\/uploads\/2018\/01\/may-bom-tro-luc-may-nuoc-nong-1-131x131.jpg 131w, https:\/\/maybommini.vn\/wp-content\/uploads\/2018\/01\/may-bom-tro-luc-may-nuoc-nong-1-142x142.jpg 142w, https:\/\/maybommini.vn\/wp-content\/uploads\/2018\/01\/may-bom-tro-luc-may-nuoc-nong-1-164x164.jpg 164w, https:\/\/maybommini.vn\/wp-content\/uploads\/2018\/01\/may-bom-tro-luc-may-nuoc-nong-1-175x175.jpg 175w, https:\/\/maybommini.vn\/wp-content\/uploads\/2018\/01\/may-bom-tro-luc-may-nuoc-nong-1-193x193.jpg 193w, https:\/\/maybommini.vn\/wp-content\/uploads\/2018\/01\/may-bom-tro-luc-may-nuoc-nong-1-200x200.jpg 200w, https:\/\/maybommini.vn\/wp-content\/uploads\/2018\/01\/may-bom-tro-luc-may-nuoc-nong-1-204x204.jpg 204w, https:\/\/maybommini.vn\/wp-content\/uploads\/2018\/01\/may-bom-tro-luc-may-nuoc-nong-1-213x213.jpg 213w, https:\/\/maybommini.vn\/wp-content\/uploads\/2018\/01\/may-bom-tro-luc-may-nuoc-nong-1-248x248.jpg 248w, https:\/\/maybommini.vn\/wp-content\/uploads\/2018\/01\/may-bom-tro-luc-may-nuoc-nong-1-260x260.jpg 260w\" sizes=\"(max-width: 800px) 100vw, 800px\" \/><\/p>\n<p>M\u00e1y c\u00f3 th\u1ec3 d\u00f9ng tr\u1ee3 l\u1ef1c h\u1ec7 th\u1ed1ng n\u01b0\u1edbc gia\u00a0\u0111\u00ecnh do b\u1ecb y\u1ebfu ho\u1eb7c b\u1ed3n ch\u1ee9a n\u01b0\u1edbc th\u1ea5p kh\u00f4ng\u00a0\u0111\u1ee7\u00a0\u00e1p l\u1ef1c\u00a0\u0111\u1ec3 t\u1eafm, m\u00e1y n\u01b0\u1edbc n\u00f3ng, m\u00e1y gi\u1eb7t, t\u01b0\u1edbi c\u00e2y,&#8230;.<\/p>\n<p><img decoding=\"async\" class=\"size-full wp-image-254151 aligncenter\" src=\"https:\/\/maybommini.com.vn\/wp-content\/uploads\/2018\/01\/tro-luc-may-nuoc-nong-lanh-gia-dinh-1.jpg\" alt=\"Tro Luc May Nuoc Nong Lanh Gia Dinh\" width=\"800\" height=\"800\" srcset=\"https:\/\/maybommini.vn\/wp-content\/uploads\/2018\/01\/tro-luc-may-nuoc-nong-lanh-gia-dinh-1.jpg 800w, https:\/\/maybommini.vn\/wp-content\/uploads\/2018\/01\/tro-luc-may-nuoc-nong-lanh-gia-dinh-1-300x300.jpg 300w, https:\/\/maybommini.vn\/wp-content\/uploads\/2018\/01\/tro-luc-may-nuoc-nong-lanh-gia-dinh-1-100x100.jpg 100w, https:\/\/maybommini.vn\/wp-content\/uploads\/2018\/01\/tro-luc-may-nuoc-nong-lanh-gia-dinh-1-600x600.jpg 600w, https:\/\/maybommini.vn\/wp-content\/uploads\/2018\/01\/tro-luc-may-nuoc-nong-lanh-gia-dinh-1-150x150.jpg 150w, https:\/\/maybommini.vn\/wp-content\/uploads\/2018\/01\/tro-luc-may-nuoc-nong-lanh-gia-dinh-1-768x768.jpg 768w, https:\/\/maybommini.vn\/wp-content\/uploads\/2018\/01\/tro-luc-may-nuoc-nong-lanh-gia-dinh-1-270x270.jpg 270w, https:\/\/maybommini.vn\/wp-content\/uploads\/2018\/01\/tro-luc-may-nuoc-nong-lanh-gia-dinh-1-375x375.jpg 375w, https:\/\/maybommini.vn\/wp-content\/uploads\/2018\/01\/tro-luc-may-nuoc-nong-lanh-gia-dinh-1-140x140.jpg 140w, https:\/\/maybommini.vn\/wp-content\/uploads\/2018\/01\/tro-luc-may-nuoc-nong-lanh-gia-dinh-1-131x131.jpg 131w, https:\/\/maybommini.vn\/wp-content\/uploads\/2018\/01\/tro-luc-may-nuoc-nong-lanh-gia-dinh-1-142x142.jpg 142w, https:\/\/maybommini.vn\/wp-content\/uploads\/2018\/01\/tro-luc-may-nuoc-nong-lanh-gia-dinh-1-164x164.jpg 164w, https:\/\/maybommini.vn\/wp-content\/uploads\/2018\/01\/tro-luc-may-nuoc-nong-lanh-gia-dinh-1-175x175.jpg 175w, https:\/\/maybommini.vn\/wp-content\/uploads\/2018\/01\/tro-luc-may-nuoc-nong-lanh-gia-dinh-1-193x193.jpg 193w, https:\/\/maybommini.vn\/wp-content\/uploads\/2018\/01\/tro-luc-may-nuoc-nong-lanh-gia-dinh-1-200x200.jpg 200w, https:\/\/maybommini.vn\/wp-content\/uploads\/2018\/01\/tro-luc-may-nuoc-nong-lanh-gia-dinh-1-204x204.jpg 204w, https:\/\/maybommini.vn\/wp-content\/uploads\/2018\/01\/tro-luc-may-nuoc-nong-lanh-gia-dinh-1-213x213.jpg 213w, https:\/\/maybommini.vn\/wp-content\/uploads\/2018\/01\/tro-luc-may-nuoc-nong-lanh-gia-dinh-1-248x248.jpg 248w, https:\/\/maybommini.vn\/wp-content\/uploads\/2018\/01\/tro-luc-may-nuoc-nong-lanh-gia-dinh-1-260x260.jpg 260w\" sizes=\"(max-width: 800px) 100vw, 800px\" \/><\/p>\n<p><img decoding=\"async\" class=\"size-full wp-image-255318 aligncenter\" src=\"https:\/\/maybommini.com.vn\/wp-content\/uploads\/2018\/01\/bom-tang-ap-220v-18l.jpg\" alt=\"Bom Tang Ap 220v 18l\" width=\"750\" height=\"750\" srcset=\"https:\/\/maybommini.vn\/wp-content\/uploads\/2018\/01\/bom-tang-ap-220v-18l.jpg 750w, https:\/\/maybommini.vn\/wp-content\/uploads\/2018\/01\/bom-tang-ap-220v-18l-300x300.jpg 300w, https:\/\/maybommini.vn\/wp-content\/uploads\/2018\/01\/bom-tang-ap-220v-18l-600x600.jpg 600w, https:\/\/maybommini.vn\/wp-content\/uploads\/2018\/01\/bom-tang-ap-220v-18l-150x150.jpg 150w\" sizes=\"(max-width: 750px) 100vw, 750px\" \/> <img decoding=\"async\" class=\"size-full wp-image-255311 aligncenter\" src=\"https:\/\/maybommini.com.vn\/wp-content\/uploads\/2018\/01\/may-bom-tu-dong-tang-ap.jpg\" alt=\"May Bom Tu Dong Tang Ap\" width=\"750\" height=\"750\" srcset=\"https:\/\/maybommini.vn\/wp-content\/uploads\/2018\/01\/may-bom-tu-dong-tang-ap.jpg 750w, https:\/\/maybommini.vn\/wp-content\/uploads\/2018\/01\/may-bom-tu-dong-tang-ap-300x300.jpg 300w, https:\/\/maybommini.vn\/wp-content\/uploads\/2018\/01\/may-bom-tu-dong-tang-ap-600x600.jpg 600w, https:\/\/maybommini.vn\/wp-content\/uploads\/2018\/01\/may-bom-tu-dong-tang-ap-150x150.jpg 150w\" sizes=\"(max-width: 750px) 100vw, 750px\" \/> <img decoding=\"async\" class=\"size-full wp-image-255305 aligncenter\" src=\"https:\/\/maybommini.com.vn\/wp-content\/uploads\/2018\/01\/cach-tang-ap-luc-nuoc.jpg\" alt=\"Cach Tang Ap Luc Nuoc\" width=\"750\" height=\"750\" srcset=\"https:\/\/maybommini.vn\/wp-content\/uploads\/2018\/01\/cach-tang-ap-luc-nuoc.jpg 750w, https:\/\/maybommini.vn\/wp-content\/uploads\/2018\/01\/cach-tang-ap-luc-nuoc-300x300.jpg 300w, https:\/\/maybommini.vn\/wp-content\/uploads\/2018\/01\/cach-tang-ap-luc-nuoc-600x600.jpg 600w, https:\/\/maybommini.vn\/wp-content\/uploads\/2018\/01\/cach-tang-ap-luc-nuoc-150x150.jpg 150w\" sizes=\"(max-width: 750px) 100vw, 750px\" \/><\/p>\n<h3 style=\"text-align: center;\">M\u00c1Y B\u01a0M TR\u1ee2 L\u1ef0C<\/h3>\n<p><img decoding=\"async\" class=\"size-full wp-image-255313 aligncenter\" src=\"https:\/\/maybommini.com.vn\/wp-content\/uploads\/2018\/01\/tro-luc-may-nuoc-nong.jpg\" alt=\"Tro Luc May Nuoc Nong\" width=\"750\" height=\"750\" srcset=\"https:\/\/maybommini.vn\/wp-content\/uploads\/2018\/01\/tro-luc-may-nuoc-nong.jpg 750w, https:\/\/maybommini.vn\/wp-content\/uploads\/2018\/01\/tro-luc-may-nuoc-nong-150x150.jpg 150w, https:\/\/maybommini.vn\/wp-content\/uploads\/2018\/01\/tro-luc-may-nuoc-nong-300x300.jpg 300w, https:\/\/maybommini.vn\/wp-content\/uploads\/2018\/01\/tro-luc-may-nuoc-nong-600x600.jpg 600w, https:\/\/maybommini.vn\/wp-content\/uploads\/2018\/01\/tro-luc-may-nuoc-nong-100x100.jpg 100w\" sizes=\"(max-width: 750px) 100vw, 750px\" \/><\/p>\n<p>M\u00e1y b\u01a1m tr\u1ee3 l\u1ef1c\u00a0ho\u1ea1t\u00a0\u0111\u1ed9ng ho\u00e0n to\u00e0n t\u1ef1\u00a0\u0111\u1ed9ng v\u00e0 im\u00a0\u00e1i kh\u00f4ng nh\u01b0 c\u00e1c l\u1ea1o m\u00e1y b\u01a1m th\u00f4ng th\u01b0\u1eddng tr\u00ean th\u1ecb tr\u01b0\u1eddng c\u00f3 ti\u1ebfng k\u00eau kh\u00f3 ch\u1ecbu.<\/p>\n<p><img decoding=\"async\" class=\"size-full wp-image-254153 aligncenter\" src=\"https:\/\/maybommini.com.vn\/wp-content\/uploads\/2018\/01\/cach-lap-tro-luc-may-nuoc-nong-lanh-1.jpg\" alt=\"Cach Lap Tro Luc May Nuoc Nong Lanh\" width=\"800\" height=\"800\" srcset=\"https:\/\/maybommini.vn\/wp-content\/uploads\/2018\/01\/cach-lap-tro-luc-may-nuoc-nong-lanh-1.jpg 800w, https:\/\/maybommini.vn\/wp-content\/uploads\/2018\/01\/cach-lap-tro-luc-may-nuoc-nong-lanh-1-300x300.jpg 300w, https:\/\/maybommini.vn\/wp-content\/uploads\/2018\/01\/cach-lap-tro-luc-may-nuoc-nong-lanh-1-600x600.jpg 600w, https:\/\/maybommini.vn\/wp-content\/uploads\/2018\/01\/cach-lap-tro-luc-may-nuoc-nong-lanh-1-150x150.jpg 150w, https:\/\/maybommini.vn\/wp-content\/uploads\/2018\/01\/cach-lap-tro-luc-may-nuoc-nong-lanh-1-768x768.jpg 768w, https:\/\/maybommini.vn\/wp-content\/uploads\/2018\/01\/cach-lap-tro-luc-may-nuoc-nong-lanh-1-270x270.jpg 270w, https:\/\/maybommini.vn\/wp-content\/uploads\/2018\/01\/cach-lap-tro-luc-may-nuoc-nong-lanh-1-375x375.jpg 375w, https:\/\/maybommini.vn\/wp-content\/uploads\/2018\/01\/cach-lap-tro-luc-may-nuoc-nong-lanh-1-140x140.jpg 140w, https:\/\/maybommini.vn\/wp-content\/uploads\/2018\/01\/cach-lap-tro-luc-may-nuoc-nong-lanh-1-131x131.jpg 131w, https:\/\/maybommini.vn\/wp-content\/uploads\/2018\/01\/cach-lap-tro-luc-may-nuoc-nong-lanh-1-142x142.jpg 142w, https:\/\/maybommini.vn\/wp-content\/uploads\/2018\/01\/cach-lap-tro-luc-may-nuoc-nong-lanh-1-164x164.jpg 164w, https:\/\/maybommini.vn\/wp-content\/uploads\/2018\/01\/cach-lap-tro-luc-may-nuoc-nong-lanh-1-175x175.jpg 175w, https:\/\/maybommini.vn\/wp-content\/uploads\/2018\/01\/cach-lap-tro-luc-may-nuoc-nong-lanh-1-193x193.jpg 193w, https:\/\/maybommini.vn\/wp-content\/uploads\/2018\/01\/cach-lap-tro-luc-may-nuoc-nong-lanh-1-200x200.jpg 200w, https:\/\/maybommini.vn\/wp-content\/uploads\/2018\/01\/cach-lap-tro-luc-may-nuoc-nong-lanh-1-204x204.jpg 204w, https:\/\/maybommini.vn\/wp-content\/uploads\/2018\/01\/cach-lap-tro-luc-may-nuoc-nong-lanh-1-213x213.jpg 213w, https:\/\/maybommini.vn\/wp-content\/uploads\/2018\/01\/cach-lap-tro-luc-may-nuoc-nong-lanh-1-248x248.jpg 248w, https:\/\/maybommini.vn\/wp-content\/uploads\/2018\/01\/cach-lap-tro-luc-may-nuoc-nong-lanh-1-260x260.jpg 260w\" sizes=\"(max-width: 800px) 100vw, 800px\" \/><\/p>\n<p><strong>MUA M\u00c1Y B\u01a0M TR\u1ee2 L\u1ef0C N\u00d3NG L\u1ea0NH \u1ede\u00a0\u0110\u00c2U ?<br \/>\n<\/strong>Ch\u00fang t\u00f4i chuy\u00ean b\u00e1n c\u00e1c lo\u1ea1i m\u00e1y b\u01a1m tr\u1ee3 l\u1ef1c m\u00e1y n\u01b0\u1edbc n\u00f3ng l\u1ea1nh, v\u00f2i sen, m\u00e1y gi\u1eb7t v\u1edbi nhi\u1ec1u c\u00f4ng su\u1ea5t kh\u00e1c nhau d\u00f9ng cho gia\u00a0\u0111\u00ecnh v\u00e0 kh\u00e1ch s\u1ea1n&#8230;<br \/>\nM\u00e1y b\u01a1m ho\u00e0n to\u00e0n t\u1ef1\u00a0\u0111\u1ed9ng nh\u1ecf g\u1ecdn ho\u1ea1t\u00a0\u0111\u1ed9ng im\u00a0\u00e1i.<strong><br \/>\nWebsite:\u00a0<\/strong>https:\/\/maybommini.com<strong><br \/>\nEmail: <\/strong>maybommini.com@gmail.com<strong><br \/>\nTel: <\/strong>090 720 4310<strong><br \/>\n<\/strong><\/p>\n","protected":false},"excerpt":{"rendered":"<p>\u0110i\u1ec7n \u00e1p: AC 220V<br \/>\nC\u00f4ng su\u1ea5t: 120W<br \/>\nL\u01b0u l\u01b0\u1ee3ng: 18L \/ ph\u00fat<br \/>\nB\u01a1m cao: 10M m\u00e9t<br \/>\nTr\u1ecdng l\u01b0\u1ee3ng: 2 kg<br \/>\nNhi\u1ec7t\u00a0\u0111\u1ed9 n\u01b0\u1edbc: 120\u00a0\u0111\u1ed9 C<br \/>\nCh\u1ea5t li\u1ec7u: Inox &#8211;\u00a0\u0110\u1ed3ng<br \/>\nC\u00f4ng t\u1eaft : van th\u00f4ng minh (v\u1edbi c\u00f4ng t\u1eafc \u00e1p su\u1ea5t)<br \/>\nH\u00e0ng ch\u00ednh h\u00e3ng<br \/>\nB\u1ea3o h\u00e0nh: 6 th\u00e1ng<br \/>\nShip h\u00e0ng \u0111i to\u00e0n qu\u1ed1c<br \/>\nG\u1ecdi : 090 729 4310<\/p>\n","protected":false},"featured_media":257660,"comment_status":"open","ping_status":"closed","template":"","meta":[],"product_brand":[],"product_cat":[1515],"product_tag":[1516,945,946,500,947,979,948,501,862,337,338,502,503,504,505,506,949,950,507],"class_list":{"0":"post-257512","1":"product","2":"type-product","3":"status-publish","4":"has-post-thumbnail","6":"product_cat-may-bom-tro-luc-220v","7":"product_tag-120v","8":"product_tag-150w","9":"product_tag-18l","10":"product_tag-220v","11":"product_tag-220v-150w","12":"product_tag-280w","13":"product_tag-bom-he-thong-nuoc-nong-mat-troi","14":"product_tag-bom-nuoc-gia-dinh","15":"product_tag-bom-nuoc-nong","16":"product_tag-may-bom-nuoc-nong","17":"product_tag-may-nong-lanh","18":"product_tag-nong-lanh","19":"product_tag-nuoc-yeu","20":"product_tag-tang-ap","21":"product_tag-tang-ap-nong-lanh","22":"product_tag-tro-luc","23":"product_tag-tro-luc-nuoc","24":"product_tag-tro-luc-nuoc-nang-luong-mat-troi","25":"product_tag-voi-sen-yeu","27":"first","28":"instock","29":"sale","30":"shipping-taxable","31":"purchasable","32":"product-type-simple"},"_links":{"self":[{"href":"https:\/\/maybommini.vn\/index.php?rest_route=\/wp\/v2\/product\/257512","targetHints":{"allow":["GET"]}}],"collection":[{"href":"https:\/\/maybommini.vn\/index.php?rest_route=\/wp\/v2\/product"}],"about":[{"href":"https:\/\/maybommini.vn\/index.php?rest_route=\/wp\/v2\/types\/product"}],"replies":[{"embeddable":true,"href":"https:\/\/maybommini.vn\/index.php?rest_route=%2Fwp%2Fv2%2Fcomments&post=257512"}],"wp:featuredmedia":[{"embeddable":true,"href":"https:\/\/maybommini.vn\/index.php?rest_route=\/wp\/v2\/media\/257660"}],"wp:attachment":[{"href":"https:\/\/maybommini.vn\/index.php?rest_route=%2Fwp%2Fv2%2Fmedia&parent=257512"}],"wp:term":[{"taxonomy":"product_brand","embeddable":true,"href":"https:\/\/maybommini.vn\/index.php?rest_route=%2Fwp%2Fv2%2Fproduct_brand&post=257512"},{"taxonomy":"product_cat","embeddable":true,"href":"https:\/\/maybommini.vn\/index.php?rest_route=%2Fwp%2Fv2%2Fproduct_cat&post=257512"},{"taxonomy":"product_tag","embeddable":true,"href":"https:\/\/maybommini.vn\/index.php?rest_route=%2Fwp%2Fv2%2Fproduct_tag&post=257512"}],"curies":[{"name":"wp","href":"https:\/\/api.w.org\/{rel}","templated":true}]}}