{"id":257548,"date":"2018-04-12T19:48:10","date_gmt":"2018-04-12T12:48:10","guid":{"rendered":"https:\/\/maybommini.com\/san-pham\/import-placeholder-for-253768"},"modified":"2025-12-18T00:53:33","modified_gmt":"2025-12-17T17:53:33","slug":"dau-cam-nguon-jack-dc-duc-cai","status":"publish","type":"product","link":"https:\/\/maybommini.vn\/?product=dau-cam-nguon-jack-dc-duc-cai","title":{"rendered":"\u0110\u1ea7u c\u1eafm ngu\u1ed3n Jack DC \u0111\u1ef1c c\u00e1i"},"content":{"rendered":"<h3>Chuy\u00ean b\u00e1n \u0111\u1ea7u c\u1eafm ngu\u1ed3n DC \u0111\u1ef1c c\u00e1i v\u1eb7n v\u00edt kh\u00f4ng c\u1ea7n h\u00e0n, s\u1eed d\u1ee5ng trong c\u00e1c thi\u1ebft b\u1ecb c\u00f3 ngu\u1ed3n DC, m\u00e1y b\u01a1m n\u01b0\u1edbc mini, camera &#8230;<a href=\"http:\/\/maybommini.com\/wp-content\/uploads\/2016\/03\/dau-noi-nguon-may-bom.jpg\" rel=\"attachment wp-att-244807 noopener\" target=\"_blank\"><br \/>\n<\/a>\u00a0<img decoding=\"async\" class=\"size-full wp-image-254236 aligncenter\" src=\"https:\/\/maybommini.com.vn\/wp-content\/uploads\/2018\/01\/dau-cam-nguon-1.jpg\" alt=\"Dau Cam Nguon\" width=\"750\" height=\"750\" srcset=\"https:\/\/maybommini.vn\/wp-content\/uploads\/2018\/01\/dau-cam-nguon-1.jpg 750w, https:\/\/maybommini.vn\/wp-content\/uploads\/2018\/01\/dau-cam-nguon-1-300x300.jpg 300w, https:\/\/maybommini.vn\/wp-content\/uploads\/2018\/01\/dau-cam-nguon-1-600x600.jpg 600w, https:\/\/maybommini.vn\/wp-content\/uploads\/2018\/01\/dau-cam-nguon-1-150x150.jpg 150w, https:\/\/maybommini.vn\/wp-content\/uploads\/2018\/01\/dau-cam-nguon-1-270x270.jpg 270w, https:\/\/maybommini.vn\/wp-content\/uploads\/2018\/01\/dau-cam-nguon-1-375x375.jpg 375w, https:\/\/maybommini.vn\/wp-content\/uploads\/2018\/01\/dau-cam-nguon-1-140x140.jpg 140w, https:\/\/maybommini.vn\/wp-content\/uploads\/2018\/01\/dau-cam-nguon-1-131x131.jpg 131w, https:\/\/maybommini.vn\/wp-content\/uploads\/2018\/01\/dau-cam-nguon-1-142x142.jpg 142w, https:\/\/maybommini.vn\/wp-content\/uploads\/2018\/01\/dau-cam-nguon-1-164x164.jpg 164w, https:\/\/maybommini.vn\/wp-content\/uploads\/2018\/01\/dau-cam-nguon-1-175x175.jpg 175w, https:\/\/maybommini.vn\/wp-content\/uploads\/2018\/01\/dau-cam-nguon-1-193x193.jpg 193w, https:\/\/maybommini.vn\/wp-content\/uploads\/2018\/01\/dau-cam-nguon-1-200x200.jpg 200w, https:\/\/maybommini.vn\/wp-content\/uploads\/2018\/01\/dau-cam-nguon-1-204x204.jpg 204w, https:\/\/maybommini.vn\/wp-content\/uploads\/2018\/01\/dau-cam-nguon-1-213x213.jpg 213w, https:\/\/maybommini.vn\/wp-content\/uploads\/2018\/01\/dau-cam-nguon-1-248x248.jpg 248w, https:\/\/maybommini.vn\/wp-content\/uploads\/2018\/01\/dau-cam-nguon-1-260x260.jpg 260w\" sizes=\"(max-width: 750px) 100vw, 750px\" \/><\/h3>\n<p><strong>TH\u00d4NG S\u1ed0 K\u1ef8\u00a0THU\u1eacT<br \/>\n<\/strong>Model: Jack DC<br \/>\nJack\u00a0\u0111\u1ef1c: 1 c\u00e1i<br \/>\nJack c\u00e1i: 1 c\u00e1i<br \/>\nLo\u1ea1i: k\u1ebft n\u1ed1i d\u00e2y ngu\u1ed3n t\u00edn hi\u1ec7u 5.5 x 2.1<br \/>\nM\u00e0u: Xanh\u00a0\u0111en<br \/>\nK\u00edch th\u01b0\u1edbc s\u1ea3n ph\u1ea9m (L x W x H): 6.50 x 1.50 x 1.20 cm<br \/>\nTr\u1ecdng l\u01b0\u1ee3ng: 2 gam<br \/>\n<img decoding=\"async\" class=\"size-full wp-image-254239 aligncenter\" src=\"https:\/\/maybommini.com.vn\/wp-content\/uploads\/2018\/01\/jack-cam-nguon-1.jpg\" alt=\"Jack Cam Nguon\" width=\"750\" height=\"750\" srcset=\"https:\/\/maybommini.vn\/wp-content\/uploads\/2018\/01\/jack-cam-nguon-1.jpg 750w, https:\/\/maybommini.vn\/wp-content\/uploads\/2018\/01\/jack-cam-nguon-1-300x300.jpg 300w, https:\/\/maybommini.vn\/wp-content\/uploads\/2018\/01\/jack-cam-nguon-1-600x600.jpg 600w, https:\/\/maybommini.vn\/wp-content\/uploads\/2018\/01\/jack-cam-nguon-1-150x150.jpg 150w, https:\/\/maybommini.vn\/wp-content\/uploads\/2018\/01\/jack-cam-nguon-1-270x270.jpg 270w, https:\/\/maybommini.vn\/wp-content\/uploads\/2018\/01\/jack-cam-nguon-1-375x375.jpg 375w, https:\/\/maybommini.vn\/wp-content\/uploads\/2018\/01\/jack-cam-nguon-1-140x140.jpg 140w, https:\/\/maybommini.vn\/wp-content\/uploads\/2018\/01\/jack-cam-nguon-1-131x131.jpg 131w, https:\/\/maybommini.vn\/wp-content\/uploads\/2018\/01\/jack-cam-nguon-1-142x142.jpg 142w, https:\/\/maybommini.vn\/wp-content\/uploads\/2018\/01\/jack-cam-nguon-1-164x164.jpg 164w, https:\/\/maybommini.vn\/wp-content\/uploads\/2018\/01\/jack-cam-nguon-1-175x175.jpg 175w, https:\/\/maybommini.vn\/wp-content\/uploads\/2018\/01\/jack-cam-nguon-1-193x193.jpg 193w, https:\/\/maybommini.vn\/wp-content\/uploads\/2018\/01\/jack-cam-nguon-1-200x200.jpg 200w, https:\/\/maybommini.vn\/wp-content\/uploads\/2018\/01\/jack-cam-nguon-1-204x204.jpg 204w, https:\/\/maybommini.vn\/wp-content\/uploads\/2018\/01\/jack-cam-nguon-1-213x213.jpg 213w, https:\/\/maybommini.vn\/wp-content\/uploads\/2018\/01\/jack-cam-nguon-1-248x248.jpg 248w, https:\/\/maybommini.vn\/wp-content\/uploads\/2018\/01\/jack-cam-nguon-1-260x260.jpg 260w\" sizes=\"(max-width: 750px) 100vw, 750px\" \/> <img decoding=\"async\" class=\"size-full wp-image-254237 aligncenter\" src=\"https:\/\/maybommini.com.vn\/wp-content\/uploads\/2018\/01\/dau-noi-nguon-may-bom-duc.jpg\" alt=\"Dau Noi Nguon May Bom Duc\" width=\"750\" height=\"750\" srcset=\"https:\/\/maybommini.vn\/wp-content\/uploads\/2018\/01\/dau-noi-nguon-may-bom-duc.jpg 750w, https:\/\/maybommini.vn\/wp-content\/uploads\/2018\/01\/dau-noi-nguon-may-bom-duc-300x300.jpg 300w, https:\/\/maybommini.vn\/wp-content\/uploads\/2018\/01\/dau-noi-nguon-may-bom-duc-600x600.jpg 600w, https:\/\/maybommini.vn\/wp-content\/uploads\/2018\/01\/dau-noi-nguon-may-bom-duc-150x150.jpg 150w, https:\/\/maybommini.vn\/wp-content\/uploads\/2018\/01\/dau-noi-nguon-may-bom-duc-270x270.jpg 270w, https:\/\/maybommini.vn\/wp-content\/uploads\/2018\/01\/dau-noi-nguon-may-bom-duc-375x375.jpg 375w, https:\/\/maybommini.vn\/wp-content\/uploads\/2018\/01\/dau-noi-nguon-may-bom-duc-140x140.jpg 140w, https:\/\/maybommini.vn\/wp-content\/uploads\/2018\/01\/dau-noi-nguon-may-bom-duc-131x131.jpg 131w, https:\/\/maybommini.vn\/wp-content\/uploads\/2018\/01\/dau-noi-nguon-may-bom-duc-142x142.jpg 142w, https:\/\/maybommini.vn\/wp-content\/uploads\/2018\/01\/dau-noi-nguon-may-bom-duc-164x164.jpg 164w, https:\/\/maybommini.vn\/wp-content\/uploads\/2018\/01\/dau-noi-nguon-may-bom-duc-175x175.jpg 175w, https:\/\/maybommini.vn\/wp-content\/uploads\/2018\/01\/dau-noi-nguon-may-bom-duc-193x193.jpg 193w, https:\/\/maybommini.vn\/wp-content\/uploads\/2018\/01\/dau-noi-nguon-may-bom-duc-200x200.jpg 200w, https:\/\/maybommini.vn\/wp-content\/uploads\/2018\/01\/dau-noi-nguon-may-bom-duc-204x204.jpg 204w, https:\/\/maybommini.vn\/wp-content\/uploads\/2018\/01\/dau-noi-nguon-may-bom-duc-213x213.jpg 213w, https:\/\/maybommini.vn\/wp-content\/uploads\/2018\/01\/dau-noi-nguon-may-bom-duc-248x248.jpg 248w, https:\/\/maybommini.vn\/wp-content\/uploads\/2018\/01\/dau-noi-nguon-may-bom-duc-260x260.jpg 260w\" sizes=\"(max-width: 750px) 100vw, 750px\" \/> <img decoding=\"async\" class=\"size-full wp-image-254233 aligncenter\" src=\"https:\/\/maybommini.com.vn\/wp-content\/uploads\/2018\/01\/Cau-cam-nguon-DC-cai-oc-vit-1.jpg\" alt=\"Cau Cam Nguon DC Cai Oc Vit\" width=\"750\" height=\"750\" srcset=\"https:\/\/maybommini.vn\/wp-content\/uploads\/2018\/01\/Cau-cam-nguon-DC-cai-oc-vit-1.jpg 750w, https:\/\/maybommini.vn\/wp-content\/uploads\/2018\/01\/Cau-cam-nguon-DC-cai-oc-vit-1-300x300.jpg 300w, https:\/\/maybommini.vn\/wp-content\/uploads\/2018\/01\/Cau-cam-nguon-DC-cai-oc-vit-1-600x600.jpg 600w, https:\/\/maybommini.vn\/wp-content\/uploads\/2018\/01\/Cau-cam-nguon-DC-cai-oc-vit-1-150x150.jpg 150w\" sizes=\"(max-width: 750px) 100vw, 750px\" \/> <img decoding=\"async\" class=\"size-full wp-image-254234 aligncenter\" src=\"https:\/\/maybommini.com.vn\/wp-content\/uploads\/2018\/01\/dau-cai-duc-DC-12v-1.jpg\" alt=\"Dau Cai Duc DC 12v\" width=\"750\" height=\"750\" srcset=\"https:\/\/maybommini.vn\/wp-content\/uploads\/2018\/01\/dau-cai-duc-DC-12v-1.jpg 750w, https:\/\/maybommini.vn\/wp-content\/uploads\/2018\/01\/dau-cai-duc-DC-12v-1-300x300.jpg 300w, https:\/\/maybommini.vn\/wp-content\/uploads\/2018\/01\/dau-cai-duc-DC-12v-1-600x600.jpg 600w, https:\/\/maybommini.vn\/wp-content\/uploads\/2018\/01\/dau-cai-duc-DC-12v-1-150x150.jpg 150w, https:\/\/maybommini.vn\/wp-content\/uploads\/2018\/01\/dau-cai-duc-DC-12v-1-270x270.jpg 270w, https:\/\/maybommini.vn\/wp-content\/uploads\/2018\/01\/dau-cai-duc-DC-12v-1-375x375.jpg 375w, https:\/\/maybommini.vn\/wp-content\/uploads\/2018\/01\/dau-cai-duc-DC-12v-1-140x140.jpg 140w, https:\/\/maybommini.vn\/wp-content\/uploads\/2018\/01\/dau-cai-duc-DC-12v-1-131x131.jpg 131w, https:\/\/maybommini.vn\/wp-content\/uploads\/2018\/01\/dau-cai-duc-DC-12v-1-142x142.jpg 142w, https:\/\/maybommini.vn\/wp-content\/uploads\/2018\/01\/dau-cai-duc-DC-12v-1-164x164.jpg 164w, https:\/\/maybommini.vn\/wp-content\/uploads\/2018\/01\/dau-cai-duc-DC-12v-1-175x175.jpg 175w, https:\/\/maybommini.vn\/wp-content\/uploads\/2018\/01\/dau-cai-duc-DC-12v-1-193x193.jpg 193w, https:\/\/maybommini.vn\/wp-content\/uploads\/2018\/01\/dau-cai-duc-DC-12v-1-200x200.jpg 200w, https:\/\/maybommini.vn\/wp-content\/uploads\/2018\/01\/dau-cai-duc-DC-12v-1-204x204.jpg 204w, https:\/\/maybommini.vn\/wp-content\/uploads\/2018\/01\/dau-cai-duc-DC-12v-1-213x213.jpg 213w, https:\/\/maybommini.vn\/wp-content\/uploads\/2018\/01\/dau-cai-duc-DC-12v-1-248x248.jpg 248w, https:\/\/maybommini.vn\/wp-content\/uploads\/2018\/01\/dau-cai-duc-DC-12v-1-260x260.jpg 260w\" sizes=\"(max-width: 750px) 100vw, 750px\" \/> <img decoding=\"async\" class=\"size-full wp-image-254238 aligncenter\" src=\"https:\/\/maybommini.com.vn\/wp-content\/uploads\/2018\/01\/jack-5.5-DC-1.jpg\" alt=\"Jack 5.5 DC\" width=\"750\" height=\"750\" srcset=\"https:\/\/maybommini.vn\/wp-content\/uploads\/2018\/01\/jack-5.5-DC-1.jpg 750w, https:\/\/maybommini.vn\/wp-content\/uploads\/2018\/01\/jack-5.5-DC-1-300x300.jpg 300w, https:\/\/maybommini.vn\/wp-content\/uploads\/2018\/01\/jack-5.5-DC-1-600x600.jpg 600w, https:\/\/maybommini.vn\/wp-content\/uploads\/2018\/01\/jack-5.5-DC-1-150x150.jpg 150w, https:\/\/maybommini.vn\/wp-content\/uploads\/2018\/01\/jack-5.5-DC-1-270x270.jpg 270w, https:\/\/maybommini.vn\/wp-content\/uploads\/2018\/01\/jack-5.5-DC-1-375x375.jpg 375w, https:\/\/maybommini.vn\/wp-content\/uploads\/2018\/01\/jack-5.5-DC-1-140x140.jpg 140w, https:\/\/maybommini.vn\/wp-content\/uploads\/2018\/01\/jack-5.5-DC-1-131x131.jpg 131w, https:\/\/maybommini.vn\/wp-content\/uploads\/2018\/01\/jack-5.5-DC-1-142x142.jpg 142w, https:\/\/maybommini.vn\/wp-content\/uploads\/2018\/01\/jack-5.5-DC-1-164x164.jpg 164w, https:\/\/maybommini.vn\/wp-content\/uploads\/2018\/01\/jack-5.5-DC-1-175x175.jpg 175w, https:\/\/maybommini.vn\/wp-content\/uploads\/2018\/01\/jack-5.5-DC-1-193x193.jpg 193w, https:\/\/maybommini.vn\/wp-content\/uploads\/2018\/01\/jack-5.5-DC-1-200x200.jpg 200w, https:\/\/maybommini.vn\/wp-content\/uploads\/2018\/01\/jack-5.5-DC-1-204x204.jpg 204w, https:\/\/maybommini.vn\/wp-content\/uploads\/2018\/01\/jack-5.5-DC-1-213x213.jpg 213w, https:\/\/maybommini.vn\/wp-content\/uploads\/2018\/01\/jack-5.5-DC-1-248x248.jpg 248w, https:\/\/maybommini.vn\/wp-content\/uploads\/2018\/01\/jack-5.5-DC-1-260x260.jpg 260w\" sizes=\"(max-width: 750px) 100vw, 750px\" \/><br \/>\nFemale 5.5&#215;2.1mm DC Plug Connector with Screw Terminals<br \/>\n\u0110\u1ea7u c\u1eafm ngu\u1ed3n DC c\u00e1i v\u0103n v\u00edt kh\u00f4ng c\u1ea7n h\u00e0n<br \/>\n\u0110\u1ea7u c\u1eafm ngu\u1ed3n camera<br \/>\nFemale 5.5&#215;2.1mm DC Plug Connector with Screw Terminals<\/p>\n<h3 style=\"text-align: center;\"><strong>\u0110\u1ea6U C\u1eaeM NGU\u1ed2N<br \/>\n<img decoding=\"async\" class=\"size-full wp-image-254238 aligncenter\" src=\"https:\/\/maybommini.com.vn\/wp-content\/uploads\/2018\/01\/jack-5.5-DC-1.jpg\" alt=\"Jack 5.5 DC\" width=\"750\" height=\"750\" srcset=\"https:\/\/maybommini.vn\/wp-content\/uploads\/2018\/01\/jack-5.5-DC-1.jpg 750w, https:\/\/maybommini.vn\/wp-content\/uploads\/2018\/01\/jack-5.5-DC-1-300x300.jpg 300w, https:\/\/maybommini.vn\/wp-content\/uploads\/2018\/01\/jack-5.5-DC-1-600x600.jpg 600w, https:\/\/maybommini.vn\/wp-content\/uploads\/2018\/01\/jack-5.5-DC-1-150x150.jpg 150w, https:\/\/maybommini.vn\/wp-content\/uploads\/2018\/01\/jack-5.5-DC-1-270x270.jpg 270w, https:\/\/maybommini.vn\/wp-content\/uploads\/2018\/01\/jack-5.5-DC-1-375x375.jpg 375w, https:\/\/maybommini.vn\/wp-content\/uploads\/2018\/01\/jack-5.5-DC-1-140x140.jpg 140w, https:\/\/maybommini.vn\/wp-content\/uploads\/2018\/01\/jack-5.5-DC-1-131x131.jpg 131w, https:\/\/maybommini.vn\/wp-content\/uploads\/2018\/01\/jack-5.5-DC-1-142x142.jpg 142w, https:\/\/maybommini.vn\/wp-content\/uploads\/2018\/01\/jack-5.5-DC-1-164x164.jpg 164w, https:\/\/maybommini.vn\/wp-content\/uploads\/2018\/01\/jack-5.5-DC-1-175x175.jpg 175w, https:\/\/maybommini.vn\/wp-content\/uploads\/2018\/01\/jack-5.5-DC-1-193x193.jpg 193w, https:\/\/maybommini.vn\/wp-content\/uploads\/2018\/01\/jack-5.5-DC-1-200x200.jpg 200w, https:\/\/maybommini.vn\/wp-content\/uploads\/2018\/01\/jack-5.5-DC-1-204x204.jpg 204w, https:\/\/maybommini.vn\/wp-content\/uploads\/2018\/01\/jack-5.5-DC-1-213x213.jpg 213w, https:\/\/maybommini.vn\/wp-content\/uploads\/2018\/01\/jack-5.5-DC-1-248x248.jpg 248w, https:\/\/maybommini.vn\/wp-content\/uploads\/2018\/01\/jack-5.5-DC-1-260x260.jpg 260w\" sizes=\"(max-width: 750px) 100vw, 750px\" \/> <img decoding=\"async\" class=\"alignnone size-full wp-image-254232\" src=\"https:\/\/maybommini.com.vn\/wp-content\/uploads\/2018\/01\/2-1-x-5-5mm-DC-Power-Female-Plug-Jac-1.jpg\" alt=\"2 1 X 5 5mm DC Power Female Plug Jac\" width=\"750\" height=\"750\" srcset=\"https:\/\/maybommini.vn\/wp-content\/uploads\/2018\/01\/2-1-x-5-5mm-DC-Power-Female-Plug-Jac-1.jpg 750w, https:\/\/maybommini.vn\/wp-content\/uploads\/2018\/01\/2-1-x-5-5mm-DC-Power-Female-Plug-Jac-1-300x300.jpg 300w, https:\/\/maybommini.vn\/wp-content\/uploads\/2018\/01\/2-1-x-5-5mm-DC-Power-Female-Plug-Jac-1-600x600.jpg 600w, https:\/\/maybommini.vn\/wp-content\/uploads\/2018\/01\/2-1-x-5-5mm-DC-Power-Female-Plug-Jac-1-150x150.jpg 150w\" sizes=\"(max-width: 750px) 100vw, 750px\" \/> <img decoding=\"async\" class=\"alignnone size-full wp-image-254235\" src=\"https:\/\/maybommini.com.vn\/wp-content\/uploads\/2018\/01\/dau-cam-dien-DC-may-bom-mini-1.jpg\" alt=\"Dau Cam Dien DC May Bom Mini\" width=\"750\" height=\"750\" srcset=\"https:\/\/maybommini.vn\/wp-content\/uploads\/2018\/01\/dau-cam-dien-DC-may-bom-mini-1.jpg 750w, https:\/\/maybommini.vn\/wp-content\/uploads\/2018\/01\/dau-cam-dien-DC-may-bom-mini-1-300x300.jpg 300w, https:\/\/maybommini.vn\/wp-content\/uploads\/2018\/01\/dau-cam-dien-DC-may-bom-mini-1-600x600.jpg 600w, https:\/\/maybommini.vn\/wp-content\/uploads\/2018\/01\/dau-cam-dien-DC-may-bom-mini-1-150x150.jpg 150w, https:\/\/maybommini.vn\/wp-content\/uploads\/2018\/01\/dau-cam-dien-DC-may-bom-mini-1-270x270.jpg 270w, https:\/\/maybommini.vn\/wp-content\/uploads\/2018\/01\/dau-cam-dien-DC-may-bom-mini-1-375x375.jpg 375w, https:\/\/maybommini.vn\/wp-content\/uploads\/2018\/01\/dau-cam-dien-DC-may-bom-mini-1-140x140.jpg 140w, https:\/\/maybommini.vn\/wp-content\/uploads\/2018\/01\/dau-cam-dien-DC-may-bom-mini-1-131x131.jpg 131w, https:\/\/maybommini.vn\/wp-content\/uploads\/2018\/01\/dau-cam-dien-DC-may-bom-mini-1-142x142.jpg 142w, https:\/\/maybommini.vn\/wp-content\/uploads\/2018\/01\/dau-cam-dien-DC-may-bom-mini-1-164x164.jpg 164w, https:\/\/maybommini.vn\/wp-content\/uploads\/2018\/01\/dau-cam-dien-DC-may-bom-mini-1-175x175.jpg 175w, https:\/\/maybommini.vn\/wp-content\/uploads\/2018\/01\/dau-cam-dien-DC-may-bom-mini-1-193x193.jpg 193w, https:\/\/maybommini.vn\/wp-content\/uploads\/2018\/01\/dau-cam-dien-DC-may-bom-mini-1-200x200.jpg 200w, https:\/\/maybommini.vn\/wp-content\/uploads\/2018\/01\/dau-cam-dien-DC-may-bom-mini-1-204x204.jpg 204w, https:\/\/maybommini.vn\/wp-content\/uploads\/2018\/01\/dau-cam-dien-DC-may-bom-mini-1-213x213.jpg 213w, https:\/\/maybommini.vn\/wp-content\/uploads\/2018\/01\/dau-cam-dien-DC-may-bom-mini-1-248x248.jpg 248w, https:\/\/maybommini.vn\/wp-content\/uploads\/2018\/01\/dau-cam-dien-DC-may-bom-mini-1-260x260.jpg 260w\" sizes=\"(max-width: 750px) 100vw, 750px\" \/><br \/>\n<\/strong><\/h3>\n<p>\u0110\u1ea5u c\u1eafm ngu\u1ed3n DC l\u00e0 lo\u1ea1i jack c\u1eafm nhanh s\u1eed d\u1ee5ng cho m\u00e1y b\u01a1m\u00a0\u00e1p l\u1ef1c mini 12v 24v, thi\u1ebft b\u1ecb\u00a0\u0111i\u1ec7n 12v 24v kh\u00e1c r\u1ea5t ti\u1ec7n d\u1ee5ng m\u00e0 b\u1ea1n kh\u00f4ng c\u1ea7n ph\u1ea3i h\u00e0n n\u1ed1i d\u00e2y ngu\u1ed3n l\u1ea1i v\u1edbi nhau.<br \/>\nJack n\u00e0y d\u00f9ng\u00a0\u0111\u01b0\u1ee3c cho c\u00e1c thi\u1ebft b\u1ecb c\u00f3 c\u00f4ng su\u1ea5t d\u01b0\u1edbi 100W ch\u1ecbu t\u1ea3i 8A m\u00e0 kh\u00f4ng b\u1ecb n\u00f3ng ch\u1ea3y.<\/p>\n<p><img decoding=\"async\" class=\"size-full wp-image-254241 aligncenter\" src=\"https:\/\/maybommini.com.vn\/wp-content\/uploads\/2018\/01\/jack-cam-nguon-dc-1.jpg\" alt=\"Jack Cam Nguon Dc\" width=\"750\" height=\"750\" srcset=\"https:\/\/maybommini.vn\/wp-content\/uploads\/2018\/01\/jack-cam-nguon-dc-1.jpg 750w, https:\/\/maybommini.vn\/wp-content\/uploads\/2018\/01\/jack-cam-nguon-dc-1-300x300.jpg 300w, https:\/\/maybommini.vn\/wp-content\/uploads\/2018\/01\/jack-cam-nguon-dc-1-600x600.jpg 600w, https:\/\/maybommini.vn\/wp-content\/uploads\/2018\/01\/jack-cam-nguon-dc-1-150x150.jpg 150w, https:\/\/maybommini.vn\/wp-content\/uploads\/2018\/01\/jack-cam-nguon-dc-1-270x270.jpg 270w, https:\/\/maybommini.vn\/wp-content\/uploads\/2018\/01\/jack-cam-nguon-dc-1-375x375.jpg 375w, https:\/\/maybommini.vn\/wp-content\/uploads\/2018\/01\/jack-cam-nguon-dc-1-140x140.jpg 140w, https:\/\/maybommini.vn\/wp-content\/uploads\/2018\/01\/jack-cam-nguon-dc-1-131x131.jpg 131w, https:\/\/maybommini.vn\/wp-content\/uploads\/2018\/01\/jack-cam-nguon-dc-1-142x142.jpg 142w, https:\/\/maybommini.vn\/wp-content\/uploads\/2018\/01\/jack-cam-nguon-dc-1-164x164.jpg 164w, https:\/\/maybommini.vn\/wp-content\/uploads\/2018\/01\/jack-cam-nguon-dc-1-175x175.jpg 175w, https:\/\/maybommini.vn\/wp-content\/uploads\/2018\/01\/jack-cam-nguon-dc-1-193x193.jpg 193w, https:\/\/maybommini.vn\/wp-content\/uploads\/2018\/01\/jack-cam-nguon-dc-1-200x200.jpg 200w, https:\/\/maybommini.vn\/wp-content\/uploads\/2018\/01\/jack-cam-nguon-dc-1-204x204.jpg 204w, https:\/\/maybommini.vn\/wp-content\/uploads\/2018\/01\/jack-cam-nguon-dc-1-213x213.jpg 213w, https:\/\/maybommini.vn\/wp-content\/uploads\/2018\/01\/jack-cam-nguon-dc-1-248x248.jpg 248w, https:\/\/maybommini.vn\/wp-content\/uploads\/2018\/01\/jack-cam-nguon-dc-1-260x260.jpg 260w\" sizes=\"(max-width: 750px) 100vw, 750px\" \/> <img decoding=\"async\" class=\"size-full wp-image-254240 aligncenter\" src=\"https:\/\/maybommini.com.vn\/wp-content\/uploads\/2018\/01\/DC-Power-jack-1.jpg\" alt=\"DC Power Jack\" width=\"750\" height=\"750\" srcset=\"https:\/\/maybommini.vn\/wp-content\/uploads\/2018\/01\/DC-Power-jack-1.jpg 750w, https:\/\/maybommini.vn\/wp-content\/uploads\/2018\/01\/DC-Power-jack-1-300x300.jpg 300w, https:\/\/maybommini.vn\/wp-content\/uploads\/2018\/01\/DC-Power-jack-1-600x600.jpg 600w, https:\/\/maybommini.vn\/wp-content\/uploads\/2018\/01\/DC-Power-jack-1-150x150.jpg 150w\" sizes=\"(max-width: 750px) 100vw, 750px\" \/><br \/>\n<strong>MUA\u00a0<\/strong><strong>B\u1ed8 JACK DC C\u1eaeM NGU\u1ed2N DC<\/strong><strong>\u00a0\u1ede \u0110\u00c2U ?<br \/>\n<\/strong>M\u1ecdi chi ti\u1ebft vui l\u00f2ng li\u00ean h\u1ec7 tr\u1ef1c ti\u1ebfp cho ch\u00fang t\u00f4i \u0111\u1ec3 \u0111\u01b0\u1ee3c t\u01b0 v\u1ea5n theo nhu c\u1ea7u \u0111\u1ec3 c\u00f3 \u0111\u01b0\u1ee3c b\u1ed9 s\u1ea3n ph\u1ea9m t\u1ed1t nh\u1ea5t v\u00e0 ti\u1ebft ki\u1ec7m.\u00a0B\u1ea1n \u1edf xa v\u1eabn c\u00f3 th\u1ec3 mua h\u00e0ng v\u00e0 giao h\u00e0ng thanh to\u00e1n ti\u1ec1n t\u1ea1i nh\u00e0.<br \/>\n<strong>Hotline :<\/strong> 090 729 4310<br \/>\n<strong>Email :<\/strong> maybommini.com@gmail.com<br \/>\n<strong>Website :<\/strong> <a href=\"https:\/\/maybommini.com\" target=\"_blank\" rel=\"noopener\">https:\/\/maybommini.com<\/a><br \/>\n<strong>Facebook :<\/strong> <a href=\"https:\/\/www.facebook.com\/maybommini\" target=\"_blank\" rel=\"noopener\">https:\/\/www.facebook.com\/maybommini<\/a><br \/>\n<strong>Google :<\/strong> <a href=\"https:\/\/plus.google.com\/ Maybomnuocminiruaxe\" target=\"_blank\" rel=\"noopener\">https:\/\/plus.google.com\/ Maybomnuocminiruaxe<\/a><br \/>\n<strong>Youtube demo :<\/strong> <a href=\"https:\/\/www.youtube.com\/bahamasali\" target=\"_blank\" rel=\"noopener\">https:\/\/www.youtube.com\/bahamasali<\/a><\/p>\n","protected":false},"excerpt":{"rendered":"<p>\u0110\u1ea7u c\u1eafm ngu\u1ed3n Jack DC\u00a0\u0111\u1ef1c c\u00e1i<br \/>\nV\u1eb7n v\u00edt kh\u00f4ng c\u1ea7n h\u00e0n<br \/>\nCh\u1ea5t li\u1ec7u nh\u1ef1a cao c\u1ea5p<br \/>\nD\u00f9ng c\u1eafm ngu\u1ed3n DC<br \/>\n\u0110\u1ea7u c\u1eafm ngu\u1ed3n camera<br \/>\nSize: 5.5 x 2.1 mm<br \/>\nS\u1ed1 l\u01b0\u1ee3ng: 2 c\u00e1i<\/p>\n","protected":false},"featured_media":257692,"comment_status":"open","ping_status":"closed","template":"","meta":[],"product_brand":[],"product_cat":[214],"product_tag":[1527,1528,1529,1530,539,1531,540,1532,541,1533,231,260,291,542,1534,1535],"class_list":{"0":"post-257548","1":"product","2":"type-product","3":"status-publish","4":"has-post-thumbnail","6":"product_cat-phu-kien-bom-nuoc","7":"product_tag-12v-24v","8":"product_tag-cai","9":"product_tag-connector","10":"product_tag-converter-line","11":"product_tag-dc","12":"product_tag-duc","13":"product_tag-dau-cam","14":"product_tag-female","15":"product_tag-jack","16":"product_tag-male","17":"product_tag-may-bom-mini","18":"product_tag-nguon","19":"product_tag-phu-kien","20":"product_tag-phu-kien-bom-nuoc-mini","21":"product_tag-power","22":"product_tag-power-cable","24":"first","25":"instock","26":"shipping-taxable","27":"purchasable","28":"product-type-simple"},"_links":{"self":[{"href":"https:\/\/maybommini.vn\/index.php?rest_route=\/wp\/v2\/product\/257548","targetHints":{"allow":["GET"]}}],"collection":[{"href":"https:\/\/maybommini.vn\/index.php?rest_route=\/wp\/v2\/product"}],"about":[{"href":"https:\/\/maybommini.vn\/index.php?rest_route=\/wp\/v2\/types\/product"}],"replies":[{"embeddable":true,"href":"https:\/\/maybommini.vn\/index.php?rest_route=%2Fwp%2Fv2%2Fcomments&post=257548"}],"wp:featuredmedia":[{"embeddable":true,"href":"https:\/\/maybommini.vn\/index.php?rest_route=\/wp\/v2\/media\/257692"}],"wp:attachment":[{"href":"https:\/\/maybommini.vn\/index.php?rest_route=%2Fwp%2Fv2%2Fmedia&parent=257548"}],"wp:term":[{"taxonomy":"product_brand","embeddable":true,"href":"https:\/\/maybommini.vn\/index.php?rest_route=%2Fwp%2Fv2%2Fproduct_brand&post=257548"},{"taxonomy":"product_cat","embeddable":true,"href":"https:\/\/maybommini.vn\/index.php?rest_route=%2Fwp%2Fv2%2Fproduct_cat&post=257548"},{"taxonomy":"product_tag","embeddable":true,"href":"https:\/\/maybommini.vn\/index.php?rest_route=%2Fwp%2Fv2%2Fproduct_tag&post=257548"}],"curies":[{"name":"wp","href":"https:\/\/api.w.org\/{rel}","templated":true}]}}