{"id":257564,"date":"2018-04-12T19:48:33","date_gmt":"2018-04-12T12:48:33","guid":{"rendered":"https:\/\/maybommini.com\/san-pham\/import-placeholder-for-253769"},"modified":"2025-04-20T01:52:12","modified_gmt":"2025-04-19T18:52:12","slug":"ong-day-ap-luc-cao-ren-trong-22mm-14m","status":"publish","type":"product","link":"https:\/\/maybommini.vn\/?product=ong-day-ap-luc-cao-ren-trong-22mm-14m","title":{"rendered":"\u1ed0ng d\u00e2y \u00e1p l\u1ef1c cao ren trong 22MM 14M"},"content":{"rendered":"<p><strong>Chuy\u00ean b\u00e1n c\u00e1c lo\u1ea1i \u1ed1ng d\u00e2y \u00e1p l\u1ef1c cao ren trong 22mm 14m v\u1edbi thi\u1ebft k\u1ebf b\u1eb1ng ch\u1ea5t li\u1ec7u cao c\u1ea5p \u1ed1ng d\u00e2y r\u1eeda xe cho b\u01a1m \u00e1p l\u1ef1c cao\u00a0\u0111\u01b0\u1ee3c s\u1ea3n xu\u1ea5t theo c\u00f4ng ngh\u1ec7 Japan. C\u00f3 kh\u1ea3 n\u0103ng ch\u1ecbu\u00a0\u0111\u01b0\u1ee3c\u00a0\u00e1p l\u1ef1c n\u01b0\u1edbc kh\u00e1 cao t\u1eeb m\u00e1y b\u01a1m \u00e1p l\u1ef1c\u00a0\u0111\u1ec3 r\u1eeda xe r\u1eeda m\u00e1y l\u1ea1nh v\u1ec7 sinh nh\u00e0 c\u1eeda nh\u00e0 h\u00e0ng qu\u00e1n \u0103n.<\/strong><\/p>\n<p><img decoding=\"async\" class=\"size-full wp-image-254243 aligncenter\" src=\"https:\/\/maybommini.com.vn\/wp-content\/uploads\/2018\/01\/ong-day-may-rua-xe-cao-ap-1.jpg\" alt=\"Ong Day May Rua Xe Cao Ap\" width=\"750\" height=\"750\" srcset=\"https:\/\/maybommini.vn\/wp-content\/uploads\/2018\/01\/ong-day-may-rua-xe-cao-ap-1.jpg 750w, https:\/\/maybommini.vn\/wp-content\/uploads\/2018\/01\/ong-day-may-rua-xe-cao-ap-1-300x300.jpg 300w, https:\/\/maybommini.vn\/wp-content\/uploads\/2018\/01\/ong-day-may-rua-xe-cao-ap-1-600x600.jpg 600w, https:\/\/maybommini.vn\/wp-content\/uploads\/2018\/01\/ong-day-may-rua-xe-cao-ap-1-150x150.jpg 150w, https:\/\/maybommini.vn\/wp-content\/uploads\/2018\/01\/ong-day-may-rua-xe-cao-ap-1-270x270.jpg 270w, https:\/\/maybommini.vn\/wp-content\/uploads\/2018\/01\/ong-day-may-rua-xe-cao-ap-1-375x375.jpg 375w, https:\/\/maybommini.vn\/wp-content\/uploads\/2018\/01\/ong-day-may-rua-xe-cao-ap-1-140x140.jpg 140w, https:\/\/maybommini.vn\/wp-content\/uploads\/2018\/01\/ong-day-may-rua-xe-cao-ap-1-131x131.jpg 131w, https:\/\/maybommini.vn\/wp-content\/uploads\/2018\/01\/ong-day-may-rua-xe-cao-ap-1-142x142.jpg 142w, https:\/\/maybommini.vn\/wp-content\/uploads\/2018\/01\/ong-day-may-rua-xe-cao-ap-1-164x164.jpg 164w, https:\/\/maybommini.vn\/wp-content\/uploads\/2018\/01\/ong-day-may-rua-xe-cao-ap-1-175x175.jpg 175w, https:\/\/maybommini.vn\/wp-content\/uploads\/2018\/01\/ong-day-may-rua-xe-cao-ap-1-193x193.jpg 193w, https:\/\/maybommini.vn\/wp-content\/uploads\/2018\/01\/ong-day-may-rua-xe-cao-ap-1-200x200.jpg 200w, https:\/\/maybommini.vn\/wp-content\/uploads\/2018\/01\/ong-day-may-rua-xe-cao-ap-1-204x204.jpg 204w, https:\/\/maybommini.vn\/wp-content\/uploads\/2018\/01\/ong-day-may-rua-xe-cao-ap-1-213x213.jpg 213w, https:\/\/maybommini.vn\/wp-content\/uploads\/2018\/01\/ong-day-may-rua-xe-cao-ap-1-248x248.jpg 248w, https:\/\/maybommini.vn\/wp-content\/uploads\/2018\/01\/ong-day-may-rua-xe-cao-ap-1-260x260.jpg 260w\" sizes=\"(max-width: 750px) 100vw, 750px\" \/><\/p>\n<p><strong>TH\u00d4NG S\u1ed0 K\u1ef8 THU\u1eacT<\/strong><br \/>\nCh\u1ea5t li\u1ec7u: Nh\u1ef1a &#8211; b\u1ed1 &#8211; kim lo\u1ea1i ch\u1ecbu l\u1ef1c<br \/>\n\u00c1p l\u1ef1c:\u00a0 280 Bar<br \/>\nRen g\u1eafn: Ren trong 22mm<br \/>\nChi\u1ec1u d\u00e0i: 14 M\u00e9t<br \/>\n\u0110\u01b0\u1eddng k\u00edn trong: 8.5mm<br \/>\nT\u01b0\u01a1ng th\u00edch: <a href=\"https:\/\/maybommini.com\/danh-muc\/may-phun-rua-cao-ap\" target=\"_blank\" rel=\"noopener\">M\u00e1y b\u01a1m cao \u00e1p<\/a>, <a href=\"https:\/\/maybommini.com\/san-pham\/may-bom-xit-rua-ap-luc-cao-220v-1-5kw-bm-s2\" target=\"_blank\" rel=\"noopener\">M\u00e1y x\u1ecbt r\u1eeda \u00c1P L\u1ef0 CAO<\/a><\/p>\n<h3><img decoding=\"async\" class=\"size-full wp-image-254248 aligncenter\" src=\"https:\/\/maybommini.com.vn\/wp-content\/uploads\/2018\/01\/ren-trong-22mm-ong-ap-luc-cao-2.jpg\" alt=\"Ren Trong 22mm Ong Ap Luc Cao\" width=\"750\" height=\"750\" srcset=\"https:\/\/maybommini.vn\/wp-content\/uploads\/2018\/01\/ren-trong-22mm-ong-ap-luc-cao-2.jpg 750w, https:\/\/maybommini.vn\/wp-content\/uploads\/2018\/01\/ren-trong-22mm-ong-ap-luc-cao-2-300x300.jpg 300w, https:\/\/maybommini.vn\/wp-content\/uploads\/2018\/01\/ren-trong-22mm-ong-ap-luc-cao-2-100x100.jpg 100w, https:\/\/maybommini.vn\/wp-content\/uploads\/2018\/01\/ren-trong-22mm-ong-ap-luc-cao-2-600x600.jpg 600w, https:\/\/maybommini.vn\/wp-content\/uploads\/2018\/01\/ren-trong-22mm-ong-ap-luc-cao-2-150x150.jpg 150w, https:\/\/maybommini.vn\/wp-content\/uploads\/2018\/01\/ren-trong-22mm-ong-ap-luc-cao-2-270x270.jpg 270w, https:\/\/maybommini.vn\/wp-content\/uploads\/2018\/01\/ren-trong-22mm-ong-ap-luc-cao-2-375x375.jpg 375w, https:\/\/maybommini.vn\/wp-content\/uploads\/2018\/01\/ren-trong-22mm-ong-ap-luc-cao-2-140x140.jpg 140w, https:\/\/maybommini.vn\/wp-content\/uploads\/2018\/01\/ren-trong-22mm-ong-ap-luc-cao-2-131x131.jpg 131w, https:\/\/maybommini.vn\/wp-content\/uploads\/2018\/01\/ren-trong-22mm-ong-ap-luc-cao-2-142x142.jpg 142w, https:\/\/maybommini.vn\/wp-content\/uploads\/2018\/01\/ren-trong-22mm-ong-ap-luc-cao-2-164x164.jpg 164w, https:\/\/maybommini.vn\/wp-content\/uploads\/2018\/01\/ren-trong-22mm-ong-ap-luc-cao-2-175x175.jpg 175w, https:\/\/maybommini.vn\/wp-content\/uploads\/2018\/01\/ren-trong-22mm-ong-ap-luc-cao-2-193x193.jpg 193w, https:\/\/maybommini.vn\/wp-content\/uploads\/2018\/01\/ren-trong-22mm-ong-ap-luc-cao-2-200x200.jpg 200w, https:\/\/maybommini.vn\/wp-content\/uploads\/2018\/01\/ren-trong-22mm-ong-ap-luc-cao-2-204x204.jpg 204w, https:\/\/maybommini.vn\/wp-content\/uploads\/2018\/01\/ren-trong-22mm-ong-ap-luc-cao-2-213x213.jpg 213w, https:\/\/maybommini.vn\/wp-content\/uploads\/2018\/01\/ren-trong-22mm-ong-ap-luc-cao-2-248x248.jpg 248w, https:\/\/maybommini.vn\/wp-content\/uploads\/2018\/01\/ren-trong-22mm-ong-ap-luc-cao-2-260x260.jpg 260w\" sizes=\"(max-width: 750px) 100vw, 750px\" \/> <img decoding=\"async\" class=\"size-full wp-image-254247 aligncenter\" src=\"https:\/\/maybommini.com.vn\/wp-content\/uploads\/2018\/01\/ong-rua-xe-ap-luc-2.jpg\" alt=\"Ong Rua Xe Ap Luc\" width=\"750\" height=\"750\" srcset=\"https:\/\/maybommini.vn\/wp-content\/uploads\/2018\/01\/ong-rua-xe-ap-luc-2.jpg 750w, https:\/\/maybommini.vn\/wp-content\/uploads\/2018\/01\/ong-rua-xe-ap-luc-2-300x300.jpg 300w, https:\/\/maybommini.vn\/wp-content\/uploads\/2018\/01\/ong-rua-xe-ap-luc-2-600x600.jpg 600w, https:\/\/maybommini.vn\/wp-content\/uploads\/2018\/01\/ong-rua-xe-ap-luc-2-150x150.jpg 150w, https:\/\/maybommini.vn\/wp-content\/uploads\/2018\/01\/ong-rua-xe-ap-luc-2-270x270.jpg 270w, https:\/\/maybommini.vn\/wp-content\/uploads\/2018\/01\/ong-rua-xe-ap-luc-2-375x375.jpg 375w, https:\/\/maybommini.vn\/wp-content\/uploads\/2018\/01\/ong-rua-xe-ap-luc-2-140x140.jpg 140w, https:\/\/maybommini.vn\/wp-content\/uploads\/2018\/01\/ong-rua-xe-ap-luc-2-131x131.jpg 131w, https:\/\/maybommini.vn\/wp-content\/uploads\/2018\/01\/ong-rua-xe-ap-luc-2-142x142.jpg 142w, https:\/\/maybommini.vn\/wp-content\/uploads\/2018\/01\/ong-rua-xe-ap-luc-2-164x164.jpg 164w, https:\/\/maybommini.vn\/wp-content\/uploads\/2018\/01\/ong-rua-xe-ap-luc-2-175x175.jpg 175w, https:\/\/maybommini.vn\/wp-content\/uploads\/2018\/01\/ong-rua-xe-ap-luc-2-193x193.jpg 193w, https:\/\/maybommini.vn\/wp-content\/uploads\/2018\/01\/ong-rua-xe-ap-luc-2-200x200.jpg 200w, https:\/\/maybommini.vn\/wp-content\/uploads\/2018\/01\/ong-rua-xe-ap-luc-2-204x204.jpg 204w, https:\/\/maybommini.vn\/wp-content\/uploads\/2018\/01\/ong-rua-xe-ap-luc-2-213x213.jpg 213w, https:\/\/maybommini.vn\/wp-content\/uploads\/2018\/01\/ong-rua-xe-ap-luc-2-248x248.jpg 248w, https:\/\/maybommini.vn\/wp-content\/uploads\/2018\/01\/ong-rua-xe-ap-luc-2-260x260.jpg 260w\" sizes=\"(max-width: 750px) 100vw, 750px\" \/> <img decoding=\"async\" class=\"size-full wp-image-254246 aligncenter\" src=\"https:\/\/maybommini.com.vn\/wp-content\/uploads\/2018\/01\/day-noi-sung-xit-rua-xe-2.jpg\" alt=\"Day Noi Sung Xit Rua Xe\" width=\"750\" height=\"750\" srcset=\"https:\/\/maybommini.vn\/wp-content\/uploads\/2018\/01\/day-noi-sung-xit-rua-xe-2.jpg 750w, https:\/\/maybommini.vn\/wp-content\/uploads\/2018\/01\/day-noi-sung-xit-rua-xe-2-300x300.jpg 300w, https:\/\/maybommini.vn\/wp-content\/uploads\/2018\/01\/day-noi-sung-xit-rua-xe-2-600x600.jpg 600w, https:\/\/maybommini.vn\/wp-content\/uploads\/2018\/01\/day-noi-sung-xit-rua-xe-2-150x150.jpg 150w, https:\/\/maybommini.vn\/wp-content\/uploads\/2018\/01\/day-noi-sung-xit-rua-xe-2-270x270.jpg 270w, https:\/\/maybommini.vn\/wp-content\/uploads\/2018\/01\/day-noi-sung-xit-rua-xe-2-375x375.jpg 375w, https:\/\/maybommini.vn\/wp-content\/uploads\/2018\/01\/day-noi-sung-xit-rua-xe-2-140x140.jpg 140w, https:\/\/maybommini.vn\/wp-content\/uploads\/2018\/01\/day-noi-sung-xit-rua-xe-2-131x131.jpg 131w, https:\/\/maybommini.vn\/wp-content\/uploads\/2018\/01\/day-noi-sung-xit-rua-xe-2-142x142.jpg 142w, https:\/\/maybommini.vn\/wp-content\/uploads\/2018\/01\/day-noi-sung-xit-rua-xe-2-164x164.jpg 164w, https:\/\/maybommini.vn\/wp-content\/uploads\/2018\/01\/day-noi-sung-xit-rua-xe-2-175x175.jpg 175w, https:\/\/maybommini.vn\/wp-content\/uploads\/2018\/01\/day-noi-sung-xit-rua-xe-2-193x193.jpg 193w, https:\/\/maybommini.vn\/wp-content\/uploads\/2018\/01\/day-noi-sung-xit-rua-xe-2-200x200.jpg 200w, https:\/\/maybommini.vn\/wp-content\/uploads\/2018\/01\/day-noi-sung-xit-rua-xe-2-204x204.jpg 204w, https:\/\/maybommini.vn\/wp-content\/uploads\/2018\/01\/day-noi-sung-xit-rua-xe-2-213x213.jpg 213w, https:\/\/maybommini.vn\/wp-content\/uploads\/2018\/01\/day-noi-sung-xit-rua-xe-2-248x248.jpg 248w, https:\/\/maybommini.vn\/wp-content\/uploads\/2018\/01\/day-noi-sung-xit-rua-xe-2-260x260.jpg 260w\" sizes=\"(max-width: 750px) 100vw, 750px\" \/> <img decoding=\"async\" class=\"size-full wp-image-254244 aligncenter\" src=\"https:\/\/maybommini.com.vn\/wp-content\/uploads\/2018\/01\/day-ap-luc-dung-cho-may-rua-xe-cao-ap-2.jpg\" alt=\"Day Ap Luc Dung Cho May Rua Xe Cao Ap\" width=\"750\" height=\"750\" srcset=\"https:\/\/maybommini.vn\/wp-content\/uploads\/2018\/01\/day-ap-luc-dung-cho-may-rua-xe-cao-ap-2.jpg 750w, https:\/\/maybommini.vn\/wp-content\/uploads\/2018\/01\/day-ap-luc-dung-cho-may-rua-xe-cao-ap-2-300x300.jpg 300w, https:\/\/maybommini.vn\/wp-content\/uploads\/2018\/01\/day-ap-luc-dung-cho-may-rua-xe-cao-ap-2-600x600.jpg 600w, https:\/\/maybommini.vn\/wp-content\/uploads\/2018\/01\/day-ap-luc-dung-cho-may-rua-xe-cao-ap-2-150x150.jpg 150w, https:\/\/maybommini.vn\/wp-content\/uploads\/2018\/01\/day-ap-luc-dung-cho-may-rua-xe-cao-ap-2-270x270.jpg 270w, https:\/\/maybommini.vn\/wp-content\/uploads\/2018\/01\/day-ap-luc-dung-cho-may-rua-xe-cao-ap-2-375x375.jpg 375w, https:\/\/maybommini.vn\/wp-content\/uploads\/2018\/01\/day-ap-luc-dung-cho-may-rua-xe-cao-ap-2-140x140.jpg 140w, https:\/\/maybommini.vn\/wp-content\/uploads\/2018\/01\/day-ap-luc-dung-cho-may-rua-xe-cao-ap-2-131x131.jpg 131w, https:\/\/maybommini.vn\/wp-content\/uploads\/2018\/01\/day-ap-luc-dung-cho-may-rua-xe-cao-ap-2-142x142.jpg 142w, https:\/\/maybommini.vn\/wp-content\/uploads\/2018\/01\/day-ap-luc-dung-cho-may-rua-xe-cao-ap-2-164x164.jpg 164w, https:\/\/maybommini.vn\/wp-content\/uploads\/2018\/01\/day-ap-luc-dung-cho-may-rua-xe-cao-ap-2-175x175.jpg 175w, https:\/\/maybommini.vn\/wp-content\/uploads\/2018\/01\/day-ap-luc-dung-cho-may-rua-xe-cao-ap-2-193x193.jpg 193w, https:\/\/maybommini.vn\/wp-content\/uploads\/2018\/01\/day-ap-luc-dung-cho-may-rua-xe-cao-ap-2-200x200.jpg 200w, https:\/\/maybommini.vn\/wp-content\/uploads\/2018\/01\/day-ap-luc-dung-cho-may-rua-xe-cao-ap-2-204x204.jpg 204w, https:\/\/maybommini.vn\/wp-content\/uploads\/2018\/01\/day-ap-luc-dung-cho-may-rua-xe-cao-ap-2-213x213.jpg 213w, https:\/\/maybommini.vn\/wp-content\/uploads\/2018\/01\/day-ap-luc-dung-cho-may-rua-xe-cao-ap-2-248x248.jpg 248w, https:\/\/maybommini.vn\/wp-content\/uploads\/2018\/01\/day-ap-luc-dung-cho-may-rua-xe-cao-ap-2-260x260.jpg 260w\" sizes=\"(max-width: 750px) 100vw, 750px\" \/><\/h3>\n<h3>S\u1eec D\u1ee4NG D\u00c2Y\u00a0\u00c1P L\u1ef0C CAO REN TRONG 22MM 14M<\/h3>\n<p>D\u00f9ng thay th\u1ebf d\u00e2y\u00a0\u00e1p l\u1ef1c cao theo m\u00e1y.<br \/>\n\u0110\u00e2y l\u00e0 lo\u1ea1i d\u00e2y si\u00eau b\u1ec1n d\u00f9ng r\u1eeda xe k\u00e8m v\u1edbi m\u00e1y b\u01a1m n\u01b0\u1edbc, m\u00e1y \u00e1p l\u1ef1c cao\u00a0m\u00e0 ch\u00fang t\u00f4i cung c\u1ea5p.<br \/>\n\u1ed0ng d\u00e2y r\u1eeda xe cho b\u01a1m n\u01b0\u1edbc mini c\u00f3 thi\u1ebft k\u1ebf van n\u1ed1i cao c\u1ea5p, d\u1ec3 d\u00e0ng th\u00e1o l\u1eafp, nh\u1ea5t l\u00e0 ch\u1ecbu\u00a0\u0111\u01b0\u1ee3c\u00a0\u00e1p l\u1ef1c n\u01b0\u1edbc cao m\u00e0 kh\u00f4ng b\u1ecb r\u1ec9 n\u01b0\u1edbc ra ngo\u00e0i khi r\u1eeda xe b\u1eb1ng b\u01a1m n\u01b0\u1edbc cao \u00e1p.<br \/>\n\u0110\u00e2y c\u00f3 m\u00e0u v\u00e0ng d\u1ec3 nh\u1eadn bi\u1ebft. H\u00e0ng\u00a0\u0111\u01b0\u1ee3c ch\u00fang t\u00f4i nh\u1eadp kh\u1ea9u tr\u1ef1c ti\u1ebfp theo c\u00f4ng ngh\u1ec7 s\u1ea3n xu\u1ea5t c\u1ee7a Japan.<br \/>\n\u0110\u1ec3 tr\u00e1nh mua h\u00e0ng gi\u1ea3 hay h\u00e0ng k\u00e9m ch\u1ea5t l\u01b0\u1ee3ng vui l\u00f2ng g\u1ecdi 090 729 4310\u00a0\u0111\u1ec3\u00a0\u0111\u01b0\u1ee3c t\u01b0 v\u1ea5n.<br \/>\n<img decoding=\"async\" class=\"size-full wp-image-254242 aligncenter\" src=\"https:\/\/maybommini.com.vn\/wp-content\/uploads\/2018\/01\/ong-day-may-rua-xe-ap-luc-cao-ren-22m-14m-1.jpg\" alt=\"Ong Day May Rua Xe Ap Luc Cao Ren 22m 14m\" width=\"750\" height=\"750\" srcset=\"https:\/\/maybommini.vn\/wp-content\/uploads\/2018\/01\/ong-day-may-rua-xe-ap-luc-cao-ren-22m-14m-1.jpg 750w, https:\/\/maybommini.vn\/wp-content\/uploads\/2018\/01\/ong-day-may-rua-xe-ap-luc-cao-ren-22m-14m-1-300x300.jpg 300w, https:\/\/maybommini.vn\/wp-content\/uploads\/2018\/01\/ong-day-may-rua-xe-ap-luc-cao-ren-22m-14m-1-600x600.jpg 600w, https:\/\/maybommini.vn\/wp-content\/uploads\/2018\/01\/ong-day-may-rua-xe-ap-luc-cao-ren-22m-14m-1-150x150.jpg 150w, https:\/\/maybommini.vn\/wp-content\/uploads\/2018\/01\/ong-day-may-rua-xe-ap-luc-cao-ren-22m-14m-1-270x270.jpg 270w, https:\/\/maybommini.vn\/wp-content\/uploads\/2018\/01\/ong-day-may-rua-xe-ap-luc-cao-ren-22m-14m-1-375x375.jpg 375w, https:\/\/maybommini.vn\/wp-content\/uploads\/2018\/01\/ong-day-may-rua-xe-ap-luc-cao-ren-22m-14m-1-140x140.jpg 140w, https:\/\/maybommini.vn\/wp-content\/uploads\/2018\/01\/ong-day-may-rua-xe-ap-luc-cao-ren-22m-14m-1-131x131.jpg 131w, https:\/\/maybommini.vn\/wp-content\/uploads\/2018\/01\/ong-day-may-rua-xe-ap-luc-cao-ren-22m-14m-1-142x142.jpg 142w, https:\/\/maybommini.vn\/wp-content\/uploads\/2018\/01\/ong-day-may-rua-xe-ap-luc-cao-ren-22m-14m-1-164x164.jpg 164w, https:\/\/maybommini.vn\/wp-content\/uploads\/2018\/01\/ong-day-may-rua-xe-ap-luc-cao-ren-22m-14m-1-175x175.jpg 175w, https:\/\/maybommini.vn\/wp-content\/uploads\/2018\/01\/ong-day-may-rua-xe-ap-luc-cao-ren-22m-14m-1-193x193.jpg 193w, https:\/\/maybommini.vn\/wp-content\/uploads\/2018\/01\/ong-day-may-rua-xe-ap-luc-cao-ren-22m-14m-1-200x200.jpg 200w, https:\/\/maybommini.vn\/wp-content\/uploads\/2018\/01\/ong-day-may-rua-xe-ap-luc-cao-ren-22m-14m-1-204x204.jpg 204w, https:\/\/maybommini.vn\/wp-content\/uploads\/2018\/01\/ong-day-may-rua-xe-ap-luc-cao-ren-22m-14m-1-213x213.jpg 213w, https:\/\/maybommini.vn\/wp-content\/uploads\/2018\/01\/ong-day-may-rua-xe-ap-luc-cao-ren-22m-14m-1-248x248.jpg 248w, https:\/\/maybommini.vn\/wp-content\/uploads\/2018\/01\/ong-day-may-rua-xe-ap-luc-cao-ren-22m-14m-1-260x260.jpg 260w\" sizes=\"(max-width: 750px) 100vw, 750px\" \/><\/p>\n<h3>MUA\u00a0\u1ed0NG D\u00c2Y\u00a0\u00c1P L\u1ef0C CAO R\u1eecA XE\u00a0\u1ede\u00a0\u0110\u00c2U ?<\/h3>\n<p>M\u1ecdi chi ti\u1ebft vui l\u00f2ng li\u00ean h\u1ec7 tr\u1ef1c ti\u1ebfp cho ch\u00fang t\u00f4i \u0111\u1ec3 \u0111\u01b0\u1ee3c t\u01b0 v\u1ea5n theo nhu c\u1ea7u \u0111\u1ec3 c\u00f3 \u0111\u01b0\u1ee3c b\u1ed9 s\u1ea3n ph\u1ea9m t\u1ed1t nh\u1ea5t v\u00e0 ti\u1ebft ki\u1ec7m.\u00a0B\u1ea1n \u1edf xa v\u1eabn c\u00f3 th\u1ec3 mua h\u00e0ng v\u00e0 giao h\u00e0ng thanh to\u00e1n ti\u1ec1n t\u1ea1i nh\u00e0.<br \/>\n<strong>Hotline :<\/strong>\u00a0090 729 4310<br \/>\n<strong>Email :<\/strong>\u00a0maybommini.com@gmail.com<br \/>\n<strong>Website :<\/strong>\u00a0<a href=\"https:\/\/maybommini.com\/\" target=\"_blank\" rel=\"noopener\">https:\/\/maybommini.com<\/a><br \/>\n<strong>Facebook :<\/strong>\u00a0<a href=\"https:\/\/www.facebook.com\/maybommini\" target=\"_blank\" rel=\"noopener\">https:\/\/www.facebook.com\/maybommini<\/a><br \/>\n<strong>Google :<\/strong>\u00a0<a href=\"https:\/\/plus.google.com\/ Maybomnuocminiruaxe\" target=\"_blank\" rel=\"noopener\">https:\/\/plus.google.com\/ Maybomnuocminiruaxe<\/a><br \/>\n<strong>Youtube demo :<\/strong>\u00a0<a href=\"https:\/\/www.youtube.com\/bahamasali\" target=\"_blank\" rel=\"noopener\">https:\/\/www.youtube.com\/bahamasali<\/a><\/p>\n<p><a href=\"https:\/\/maybommini.com\/wp-content\/uploads\/2017\/10\/may-bom-mini-shop-ban-hang-uy-tin.jpg\" target=\"_blank\" rel=\"noopener\"><img decoding=\"async\" class=\"size-full wp-image-249726 aligncenter\" src=\"https:\/\/maybommini.com\/wp-content\/uploads\/2017\/10\/may-bom-mini-shop-ban-hang-uy-tin.jpg\" alt=\"May Bom Mini Shop Ban Hang Uy Tin\" width=\"570\" height=\"140\" srcset=\"https:\/\/maybommini.vn\/wp-content\/uploads\/2017\/10\/may-bom-mini-shop-ban-hang-uy-tin.jpg 570w, https:\/\/maybommini.vn\/wp-content\/uploads\/2017\/10\/may-bom-mini-shop-ban-hang-uy-tin-300x74.jpg 300w\" sizes=\"(max-width: 570px) 100vw, 570px\" \/><\/a><\/p>\n","protected":false},"excerpt":{"rendered":"<p>Ch\u1ea5t li\u1ec7u: Nh\u1ef1a &#8211; b\u1ed1 &#8211; kim lo\u1ea1i ch\u1ecbu l\u1ef1c<br \/>\n\u00c1p l\u1ef1c:\u00a0 280 Bar<br \/>\nRen g\u1eafn: Ren trong 22mm<br \/>\nChi\u1ec1u d\u00e0i: 14 M\u00e9t<br \/>\n\u0110\u01b0\u1eddng k\u00edn trong: 8.5mm<br \/>\nT\u01b0\u01a1ng th\u00edch: M\u00e1y b\u01a1m cao \u00e1p, M\u00e1y x\u1ecbt r\u1eeda \u00c1P L\u1ef0 CAO<\/p>\n","protected":false},"featured_media":257705,"comment_status":"open","ping_status":"closed","template":"","meta":[],"product_brand":[],"product_cat":[215],"product_tag":[372,235,802,889,908,1536,478,245,759,246,247,923,248,249,1537,1538,924,250,253],"class_list":{"0":"post-257564","1":"product","2":"type-product","3":"status-publish","4":"has-post-thumbnail","6":"product_cat-phu-kien-xit-rua-ap-luc","7":"product_tag-ap-luc-cao","8":"product_tag-bom-nuoc-mini","9":"product_tag-cao-ap","10":"product_tag-day-ap-luc","11":"product_tag-day-ca-sau","12":"product_tag-day-may-rua-xe","13":"product_tag-day-rua-xe","14":"product_tag-mua-bom-nuoc-mini","15":"product_tag-ong-ap-luc","16":"product_tag-ong-day","17":"product_tag-ong-day-rua-xe","18":"product_tag-ong-nuoc","19":"product_tag-ong-nuoc-ap-luc","20":"product_tag-phu-kien-rua-xe","21":"product_tag-ren-22","22":"product_tag-ruaxe","23":"product_tag-s2","24":"product_tag-sung-phun-nuoc-ap-luc","25":"product_tag-sung-xit","27":"first","28":"instock","29":"sale","30":"featured","31":"shipping-taxable","32":"purchasable","33":"product-type-simple"},"_links":{"self":[{"href":"https:\/\/maybommini.vn\/index.php?rest_route=\/wp\/v2\/product\/257564","targetHints":{"allow":["GET"]}}],"collection":[{"href":"https:\/\/maybommini.vn\/index.php?rest_route=\/wp\/v2\/product"}],"about":[{"href":"https:\/\/maybommini.vn\/index.php?rest_route=\/wp\/v2\/types\/product"}],"replies":[{"embeddable":true,"href":"https:\/\/maybommini.vn\/index.php?rest_route=%2Fwp%2Fv2%2Fcomments&post=257564"}],"wp:featuredmedia":[{"embeddable":true,"href":"https:\/\/maybommini.vn\/index.php?rest_route=\/wp\/v2\/media\/257705"}],"wp:attachment":[{"href":"https:\/\/maybommini.vn\/index.php?rest_route=%2Fwp%2Fv2%2Fmedia&parent=257564"}],"wp:term":[{"taxonomy":"product_brand","embeddable":true,"href":"https:\/\/maybommini.vn\/index.php?rest_route=%2Fwp%2Fv2%2Fproduct_brand&post=257564"},{"taxonomy":"product_cat","embeddable":true,"href":"https:\/\/maybommini.vn\/index.php?rest_route=%2Fwp%2Fv2%2Fproduct_cat&post=257564"},{"taxonomy":"product_tag","embeddable":true,"href":"https:\/\/maybommini.vn\/index.php?rest_route=%2Fwp%2Fv2%2Fproduct_tag&post=257564"}],"curies":[{"name":"wp","href":"https:\/\/api.w.org\/{rel}","templated":true}]}}