{"id":257611,"date":"2018-04-12T19:49:18","date_gmt":"2018-04-12T12:49:18","guid":{"rendered":"https:\/\/maybommini.com\/san-pham\/import-placeholder-for-253792"},"modified":"2018-04-12T19:51:07","modified_gmt":"2018-04-12T12:51:07","slug":"may-bom-nuoc-cao-tang-220v-1-1kw-3500l-h","status":"publish","type":"product","link":"https:\/\/maybommini.vn\/?product=may-bom-nuoc-cao-tang-220v-1-1kw-3500l-h","title":{"rendered":"M\u00e1y b\u01a1m n\u01b0\u1edbc cao t\u1ea7ng 220V 1.1Kw 3500L\/h"},"content":{"rendered":"<h3>Ph\u00e2n ph\u1ed1i c\u00e1c lo\u1ea1i m\u00e1y b\u01a1m n\u01b0\u1edbc cao t\u1ea7ng \u0111a n\u0103ng \u00e1p l\u1ef1c cao l\u01b0u l\u01b0\u1ee3ng l\u1edbn t\u1ea1i Vi\u1ec7t Nam b\u1ea3o h\u00e0nh ch\u00ednh h\u00e3ng l\u00e2u d\u00e0i. V\u1edbi nhi\u1ec1u chu\u1ea9n lo\u1ea1i v\u00e0 c\u00f4ng su\u1ea5t kh\u00e1c nhau \u0111\u00e1p \u1ee9ng m\u1ecdi nhu c\u1ea7u nh\u01b0 c\u00f4ng tr\u00ecnh, nh\u00e0 \u1edf, chung c\u01b0, c\u0103n h\u1ed9, b\u01a1m n\u01b0\u1edbc t\u01b0\u1edbi, h\u1ec7 th\u1ed1ng c\u1ea5p n\u01b0\u1edbc.<\/h3>\n<p><img decoding=\"async\" class=\"size-full wp-image-254141 aligncenter\" src=\"https:\/\/maybommini.com.vn\/wp-content\/uploads\/2018\/01\/may-bom-nuoc-toa-nha-1100w-2.jpg\" alt=\"May Bom Nuoc Toa Nha 1100w\" width=\"900\" height=\"900\" srcset=\"https:\/\/maybommini.vn\/wp-content\/uploads\/2018\/01\/may-bom-nuoc-toa-nha-1100w-2.jpg 900w, https:\/\/maybommini.vn\/wp-content\/uploads\/2018\/01\/may-bom-nuoc-toa-nha-1100w-2-300x300.jpg 300w, https:\/\/maybommini.vn\/wp-content\/uploads\/2018\/01\/may-bom-nuoc-toa-nha-1100w-2-600x600.jpg 600w, https:\/\/maybommini.vn\/wp-content\/uploads\/2018\/01\/may-bom-nuoc-toa-nha-1100w-2-150x150.jpg 150w, https:\/\/maybommini.vn\/wp-content\/uploads\/2018\/01\/may-bom-nuoc-toa-nha-1100w-2-768x768.jpg 768w, https:\/\/maybommini.vn\/wp-content\/uploads\/2018\/01\/may-bom-nuoc-toa-nha-1100w-2-270x270.jpg 270w, https:\/\/maybommini.vn\/wp-content\/uploads\/2018\/01\/may-bom-nuoc-toa-nha-1100w-2-375x375.jpg 375w, https:\/\/maybommini.vn\/wp-content\/uploads\/2018\/01\/may-bom-nuoc-toa-nha-1100w-2-140x140.jpg 140w, https:\/\/maybommini.vn\/wp-content\/uploads\/2018\/01\/may-bom-nuoc-toa-nha-1100w-2-131x131.jpg 131w, https:\/\/maybommini.vn\/wp-content\/uploads\/2018\/01\/may-bom-nuoc-toa-nha-1100w-2-142x142.jpg 142w, https:\/\/maybommini.vn\/wp-content\/uploads\/2018\/01\/may-bom-nuoc-toa-nha-1100w-2-164x164.jpg 164w, https:\/\/maybommini.vn\/wp-content\/uploads\/2018\/01\/may-bom-nuoc-toa-nha-1100w-2-175x175.jpg 175w, https:\/\/maybommini.vn\/wp-content\/uploads\/2018\/01\/may-bom-nuoc-toa-nha-1100w-2-193x193.jpg 193w, https:\/\/maybommini.vn\/wp-content\/uploads\/2018\/01\/may-bom-nuoc-toa-nha-1100w-2-200x200.jpg 200w, https:\/\/maybommini.vn\/wp-content\/uploads\/2018\/01\/may-bom-nuoc-toa-nha-1100w-2-204x204.jpg 204w, https:\/\/maybommini.vn\/wp-content\/uploads\/2018\/01\/may-bom-nuoc-toa-nha-1100w-2-213x213.jpg 213w, https:\/\/maybommini.vn\/wp-content\/uploads\/2018\/01\/may-bom-nuoc-toa-nha-1100w-2-248x248.jpg 248w, https:\/\/maybommini.vn\/wp-content\/uploads\/2018\/01\/may-bom-nuoc-toa-nha-1100w-2-260x260.jpg 260w\" sizes=\"(max-width: 900px) 100vw, 900px\" \/><\/p>\n<p><strong>TH\u00d4NG S\u1ed0 K\u1ef8 THU\u1eacT<\/strong><br \/>\nModel : JET-1.1KW<br \/>\n\u0110i\u1ec7n th\u1ebf: 220V<br \/>\nC\u00f4ng su\u1ea5t : 1.1Kw &#8211; 1100Wat<br \/>\nV\u00f2ng t\u01b0a: 2860 r\/min<br \/>\nL\u01b0u l\u01b0\u1ee3ng: 3500 L\/h<br \/>\nB\u01a1m cao: 48 M<br \/>\n\u1ed0ng ra v\u00e0o: 25 Mm<br \/>\nCh\u1ea5t li\u1ec7u: Gang Th\u00e9p<br \/>\nTr\u1ecdng l\u01b0\u1ee3ng: 15 Kg<br \/>\nKi\u1ec1u b\u01a1m: N\u1eb1m ngang.<br \/>\nNguy\u00ean t\u1eafc: Ph\u1ea3n l\u1ef1c.<br \/>\nS\u1eed d\u1ee5ng: B\u01a1m t\u1ef1 m\u1ed3i.<br \/>\nS\u1ea3n su\u1ea5t: Taiwan &#8211; C\u00f4ng ngh\u1ec7 Nh\u1eadt.<br \/>\n<img decoding=\"async\" class=\"size-full wp-image-254137 aligncenter\" src=\"https:\/\/maybommini.com.vn\/wp-content\/uploads\/2018\/01\/may-bom-cao-tang-2.jpg\" alt=\"May Bom Cao Tang\" width=\"750\" height=\"750\" srcset=\"https:\/\/maybommini.vn\/wp-content\/uploads\/2018\/01\/may-bom-cao-tang-2.jpg 750w, https:\/\/maybommini.vn\/wp-content\/uploads\/2018\/01\/may-bom-cao-tang-2-300x300.jpg 300w, https:\/\/maybommini.vn\/wp-content\/uploads\/2018\/01\/may-bom-cao-tang-2-600x600.jpg 600w, https:\/\/maybommini.vn\/wp-content\/uploads\/2018\/01\/may-bom-cao-tang-2-150x150.jpg 150w, https:\/\/maybommini.vn\/wp-content\/uploads\/2018\/01\/may-bom-cao-tang-2-270x270.jpg 270w, https:\/\/maybommini.vn\/wp-content\/uploads\/2018\/01\/may-bom-cao-tang-2-375x375.jpg 375w, https:\/\/maybommini.vn\/wp-content\/uploads\/2018\/01\/may-bom-cao-tang-2-140x140.jpg 140w, https:\/\/maybommini.vn\/wp-content\/uploads\/2018\/01\/may-bom-cao-tang-2-131x131.jpg 131w, https:\/\/maybommini.vn\/wp-content\/uploads\/2018\/01\/may-bom-cao-tang-2-142x142.jpg 142w, https:\/\/maybommini.vn\/wp-content\/uploads\/2018\/01\/may-bom-cao-tang-2-164x164.jpg 164w, https:\/\/maybommini.vn\/wp-content\/uploads\/2018\/01\/may-bom-cao-tang-2-175x175.jpg 175w, https:\/\/maybommini.vn\/wp-content\/uploads\/2018\/01\/may-bom-cao-tang-2-193x193.jpg 193w, https:\/\/maybommini.vn\/wp-content\/uploads\/2018\/01\/may-bom-cao-tang-2-200x200.jpg 200w, https:\/\/maybommini.vn\/wp-content\/uploads\/2018\/01\/may-bom-cao-tang-2-204x204.jpg 204w, https:\/\/maybommini.vn\/wp-content\/uploads\/2018\/01\/may-bom-cao-tang-2-213x213.jpg 213w, https:\/\/maybommini.vn\/wp-content\/uploads\/2018\/01\/may-bom-cao-tang-2-248x248.jpg 248w, https:\/\/maybommini.vn\/wp-content\/uploads\/2018\/01\/may-bom-cao-tang-2-260x260.jpg 260w\" sizes=\"(max-width: 750px) 100vw, 750px\" \/> <img decoding=\"async\" class=\"size-full wp-image-254143 aligncenter\" src=\"https:\/\/maybommini.com.vn\/wp-content\/uploads\/2018\/01\/mortor-loi-dong-cao-cap-2.jpg\" alt=\"Mortor Loi Dong Cao Cap\" width=\"900\" height=\"900\" srcset=\"https:\/\/maybommini.vn\/wp-content\/uploads\/2018\/01\/mortor-loi-dong-cao-cap-2.jpg 900w, https:\/\/maybommini.vn\/wp-content\/uploads\/2018\/01\/mortor-loi-dong-cao-cap-2-300x300.jpg 300w, https:\/\/maybommini.vn\/wp-content\/uploads\/2018\/01\/mortor-loi-dong-cao-cap-2-600x600.jpg 600w, https:\/\/maybommini.vn\/wp-content\/uploads\/2018\/01\/mortor-loi-dong-cao-cap-2-150x150.jpg 150w, https:\/\/maybommini.vn\/wp-content\/uploads\/2018\/01\/mortor-loi-dong-cao-cap-2-768x768.jpg 768w, https:\/\/maybommini.vn\/wp-content\/uploads\/2018\/01\/mortor-loi-dong-cao-cap-2-270x270.jpg 270w, https:\/\/maybommini.vn\/wp-content\/uploads\/2018\/01\/mortor-loi-dong-cao-cap-2-375x375.jpg 375w, https:\/\/maybommini.vn\/wp-content\/uploads\/2018\/01\/mortor-loi-dong-cao-cap-2-140x140.jpg 140w, https:\/\/maybommini.vn\/wp-content\/uploads\/2018\/01\/mortor-loi-dong-cao-cap-2-131x131.jpg 131w, https:\/\/maybommini.vn\/wp-content\/uploads\/2018\/01\/mortor-loi-dong-cao-cap-2-142x142.jpg 142w, https:\/\/maybommini.vn\/wp-content\/uploads\/2018\/01\/mortor-loi-dong-cao-cap-2-164x164.jpg 164w, https:\/\/maybommini.vn\/wp-content\/uploads\/2018\/01\/mortor-loi-dong-cao-cap-2-175x175.jpg 175w, https:\/\/maybommini.vn\/wp-content\/uploads\/2018\/01\/mortor-loi-dong-cao-cap-2-193x193.jpg 193w, https:\/\/maybommini.vn\/wp-content\/uploads\/2018\/01\/mortor-loi-dong-cao-cap-2-200x200.jpg 200w, https:\/\/maybommini.vn\/wp-content\/uploads\/2018\/01\/mortor-loi-dong-cao-cap-2-204x204.jpg 204w, https:\/\/maybommini.vn\/wp-content\/uploads\/2018\/01\/mortor-loi-dong-cao-cap-2-213x213.jpg 213w, https:\/\/maybommini.vn\/wp-content\/uploads\/2018\/01\/mortor-loi-dong-cao-cap-2-248x248.jpg 248w, https:\/\/maybommini.vn\/wp-content\/uploads\/2018\/01\/mortor-loi-dong-cao-cap-2-260x260.jpg 260w\" sizes=\"(max-width: 900px) 100vw, 900px\" \/> <img decoding=\"async\" class=\"size-full wp-image-254140 aligncenter\" src=\"https:\/\/maybommini.com.vn\/wp-content\/uploads\/2018\/01\/may-bom-nuoc-cao-cap-2.jpg\" alt=\"May Bom Nuoc Cao Cap\" width=\"900\" height=\"900\" srcset=\"https:\/\/maybommini.vn\/wp-content\/uploads\/2018\/01\/may-bom-nuoc-cao-cap-2.jpg 900w, https:\/\/maybommini.vn\/wp-content\/uploads\/2018\/01\/may-bom-nuoc-cao-cap-2-300x300.jpg 300w, https:\/\/maybommini.vn\/wp-content\/uploads\/2018\/01\/may-bom-nuoc-cao-cap-2-600x600.jpg 600w, https:\/\/maybommini.vn\/wp-content\/uploads\/2018\/01\/may-bom-nuoc-cao-cap-2-150x150.jpg 150w, https:\/\/maybommini.vn\/wp-content\/uploads\/2018\/01\/may-bom-nuoc-cao-cap-2-768x768.jpg 768w, https:\/\/maybommini.vn\/wp-content\/uploads\/2018\/01\/may-bom-nuoc-cao-cap-2-270x270.jpg 270w, https:\/\/maybommini.vn\/wp-content\/uploads\/2018\/01\/may-bom-nuoc-cao-cap-2-375x375.jpg 375w, https:\/\/maybommini.vn\/wp-content\/uploads\/2018\/01\/may-bom-nuoc-cao-cap-2-140x140.jpg 140w, https:\/\/maybommini.vn\/wp-content\/uploads\/2018\/01\/may-bom-nuoc-cao-cap-2-131x131.jpg 131w, https:\/\/maybommini.vn\/wp-content\/uploads\/2018\/01\/may-bom-nuoc-cao-cap-2-142x142.jpg 142w, https:\/\/maybommini.vn\/wp-content\/uploads\/2018\/01\/may-bom-nuoc-cao-cap-2-164x164.jpg 164w, https:\/\/maybommini.vn\/wp-content\/uploads\/2018\/01\/may-bom-nuoc-cao-cap-2-175x175.jpg 175w, https:\/\/maybommini.vn\/wp-content\/uploads\/2018\/01\/may-bom-nuoc-cao-cap-2-193x193.jpg 193w, https:\/\/maybommini.vn\/wp-content\/uploads\/2018\/01\/may-bom-nuoc-cao-cap-2-200x200.jpg 200w, https:\/\/maybommini.vn\/wp-content\/uploads\/2018\/01\/may-bom-nuoc-cao-cap-2-204x204.jpg 204w, https:\/\/maybommini.vn\/wp-content\/uploads\/2018\/01\/may-bom-nuoc-cao-cap-2-213x213.jpg 213w, https:\/\/maybommini.vn\/wp-content\/uploads\/2018\/01\/may-bom-nuoc-cao-cap-2-248x248.jpg 248w, https:\/\/maybommini.vn\/wp-content\/uploads\/2018\/01\/may-bom-nuoc-cao-cap-2-260x260.jpg 260w\" sizes=\"(max-width: 900px) 100vw, 900px\" \/> <img decoding=\"async\" class=\"size-full wp-image-254139 aligncenter\" src=\"https:\/\/maybommini.com.vn\/wp-content\/uploads\/2018\/01\/may-bom-nuoc-ap-luc-cao-2.jpg\" alt=\"May Bom Nuoc Ap Luc Cao\" width=\"900\" height=\"900\" srcset=\"https:\/\/maybommini.vn\/wp-content\/uploads\/2018\/01\/may-bom-nuoc-ap-luc-cao-2.jpg 900w, https:\/\/maybommini.vn\/wp-content\/uploads\/2018\/01\/may-bom-nuoc-ap-luc-cao-2-300x300.jpg 300w, https:\/\/maybommini.vn\/wp-content\/uploads\/2018\/01\/may-bom-nuoc-ap-luc-cao-2-600x600.jpg 600w, https:\/\/maybommini.vn\/wp-content\/uploads\/2018\/01\/may-bom-nuoc-ap-luc-cao-2-150x150.jpg 150w, https:\/\/maybommini.vn\/wp-content\/uploads\/2018\/01\/may-bom-nuoc-ap-luc-cao-2-768x768.jpg 768w, https:\/\/maybommini.vn\/wp-content\/uploads\/2018\/01\/may-bom-nuoc-ap-luc-cao-2-270x270.jpg 270w, https:\/\/maybommini.vn\/wp-content\/uploads\/2018\/01\/may-bom-nuoc-ap-luc-cao-2-375x375.jpg 375w, https:\/\/maybommini.vn\/wp-content\/uploads\/2018\/01\/may-bom-nuoc-ap-luc-cao-2-140x140.jpg 140w, https:\/\/maybommini.vn\/wp-content\/uploads\/2018\/01\/may-bom-nuoc-ap-luc-cao-2-131x131.jpg 131w, https:\/\/maybommini.vn\/wp-content\/uploads\/2018\/01\/may-bom-nuoc-ap-luc-cao-2-142x142.jpg 142w, https:\/\/maybommini.vn\/wp-content\/uploads\/2018\/01\/may-bom-nuoc-ap-luc-cao-2-164x164.jpg 164w, https:\/\/maybommini.vn\/wp-content\/uploads\/2018\/01\/may-bom-nuoc-ap-luc-cao-2-175x175.jpg 175w, https:\/\/maybommini.vn\/wp-content\/uploads\/2018\/01\/may-bom-nuoc-ap-luc-cao-2-193x193.jpg 193w, https:\/\/maybommini.vn\/wp-content\/uploads\/2018\/01\/may-bom-nuoc-ap-luc-cao-2-200x200.jpg 200w, https:\/\/maybommini.vn\/wp-content\/uploads\/2018\/01\/may-bom-nuoc-ap-luc-cao-2-204x204.jpg 204w, https:\/\/maybommini.vn\/wp-content\/uploads\/2018\/01\/may-bom-nuoc-ap-luc-cao-2-213x213.jpg 213w, https:\/\/maybommini.vn\/wp-content\/uploads\/2018\/01\/may-bom-nuoc-ap-luc-cao-2-248x248.jpg 248w, https:\/\/maybommini.vn\/wp-content\/uploads\/2018\/01\/may-bom-nuoc-ap-luc-cao-2-260x260.jpg 260w\" sizes=\"(max-width: 900px) 100vw, 900px\" \/><br \/>\n<strong>\u1ee8NG D\u1ee4NG M\u00c1Y B\u01a0M N\u01af\u1edaC CAO T\u1ea6NG &#8211; \u00c1P L\u1ef0C CAO<\/strong><br \/>\n&#8211; S\u1eed d\u1ee5ng b\u01a1m n\u01b0\u1edbc t\u00f2a nh\u00e0 cao t\u1ea7ng.<br \/>\n&#8211; D\u00f9ng b\u01a1m n\u01b0\u1edbc gia \u0111\u00ecnh.<br \/>\n&#8211; D\u00f9ng b\u01a1m n\u01b0\u1edbc chung c\u01b0.<br \/>\n&#8211; B\u01a1m t\u0103ng \u00e1p h\u1ec7 th\u1ed1ng c\u1ea5p n\u01b0\u1edbc.<br \/>\n&#8211; D\u00f9ng b\u01a1m cho h\u1ec7 th\u1ed1ng t\u01b0\u1edbi n\u00f4ng nghi\u1ec7p.<br \/>\n&#8211; D\u00f9ng cho h\u1ec7 th\u1ed1ng t\u01b0\u1edbi t\u1ef1 \u0111\u1ed9ng nh\u1ecf gi\u1ecdt.<br \/>\n&#8211; D\u00f9ng cho d\u1ef1 \u00e1n nh\u00e0 \u1edf chung c\u01b0 b\u01a1m n\u01b0\u1edbc l\u00ean cao.<br \/>\n&#8211; D\u00f9ng cho b\u01a1m n\u01b0\u1edbc h\u1ed3 b\u01a1i, b\u1ec1 n\u01b0\u1edbc&#8230;<br \/>\n&#8211; V\u00e0 d\u00f9ng trong nh\u1ec1u \u1ee9ng d\u1ee5ng kh\u00e1c trong c\u00f4ng nghi\u1ec7p.<\/p>\n<p><img decoding=\"async\" class=\"size-full wp-image-254144 aligncenter\" src=\"https:\/\/maybommini.com.vn\/wp-content\/uploads\/2018\/01\/su-dung-may-bom-nuoc-2.jpg\" alt=\"Su Dung May Bom Nuoc\" width=\"900\" height=\"900\" srcset=\"https:\/\/maybommini.vn\/wp-content\/uploads\/2018\/01\/su-dung-may-bom-nuoc-2.jpg 900w, https:\/\/maybommini.vn\/wp-content\/uploads\/2018\/01\/su-dung-may-bom-nuoc-2-300x300.jpg 300w, https:\/\/maybommini.vn\/wp-content\/uploads\/2018\/01\/su-dung-may-bom-nuoc-2-100x100.jpg 100w, https:\/\/maybommini.vn\/wp-content\/uploads\/2018\/01\/su-dung-may-bom-nuoc-2-600x600.jpg 600w, https:\/\/maybommini.vn\/wp-content\/uploads\/2018\/01\/su-dung-may-bom-nuoc-2-150x150.jpg 150w, https:\/\/maybommini.vn\/wp-content\/uploads\/2018\/01\/su-dung-may-bom-nuoc-2-768x768.jpg 768w, https:\/\/maybommini.vn\/wp-content\/uploads\/2018\/01\/su-dung-may-bom-nuoc-2-270x270.jpg 270w, https:\/\/maybommini.vn\/wp-content\/uploads\/2018\/01\/su-dung-may-bom-nuoc-2-375x375.jpg 375w, https:\/\/maybommini.vn\/wp-content\/uploads\/2018\/01\/su-dung-may-bom-nuoc-2-140x140.jpg 140w, https:\/\/maybommini.vn\/wp-content\/uploads\/2018\/01\/su-dung-may-bom-nuoc-2-131x131.jpg 131w, https:\/\/maybommini.vn\/wp-content\/uploads\/2018\/01\/su-dung-may-bom-nuoc-2-142x142.jpg 142w, https:\/\/maybommini.vn\/wp-content\/uploads\/2018\/01\/su-dung-may-bom-nuoc-2-164x164.jpg 164w, https:\/\/maybommini.vn\/wp-content\/uploads\/2018\/01\/su-dung-may-bom-nuoc-2-175x175.jpg 175w, https:\/\/maybommini.vn\/wp-content\/uploads\/2018\/01\/su-dung-may-bom-nuoc-2-193x193.jpg 193w, https:\/\/maybommini.vn\/wp-content\/uploads\/2018\/01\/su-dung-may-bom-nuoc-2-200x200.jpg 200w, https:\/\/maybommini.vn\/wp-content\/uploads\/2018\/01\/su-dung-may-bom-nuoc-2-204x204.jpg 204w, https:\/\/maybommini.vn\/wp-content\/uploads\/2018\/01\/su-dung-may-bom-nuoc-2-213x213.jpg 213w, https:\/\/maybommini.vn\/wp-content\/uploads\/2018\/01\/su-dung-may-bom-nuoc-2-248x248.jpg 248w, https:\/\/maybommini.vn\/wp-content\/uploads\/2018\/01\/su-dung-may-bom-nuoc-2-260x260.jpg 260w\" sizes=\"(max-width: 900px) 100vw, 900px\" \/><\/p>\n<p><strong>MUA M\u00c1Y B\u01a0M N\u01af\u1edaC CAO T\u1ea6NG \u00c1P L\u1ef0C CAO L\u01afU L\u01af\u1ee2NG L\u1edaN \u1ede \u0110\u00c2U ?<\/strong><br \/>\nCh\u00fang t\u00f4i chuy\u00ean ph\u00e2n ph\u1ed1i s\u1ec9 l\u1ebb c\u00e1c lo\u1ea1i m\u00e1y b\u01a1m cao t\u1ea7ng, m\u00e1y b\u01a1m tr\u1ee3 l\u1ef1c gia \u0111\u00ecnh, m\u00e1y b\u01a1m h\u1ec7 th\u1ed1ng c\u1ea5p n\u01b0\u1edbc, b\u01a1m ch\u1ed1ng ng\u1eadp v\u1edbi nhi\u1ec1u ch\u1eedng lo\u1ea1i ch\u00ednh h\u00e3ng t\u1ea1i Vi\u1ec7t Nam.<br \/>\n<strong>Website:<\/strong>\u00a0https:\/\/maybommini.com<br \/>\n<strong>Email:<\/strong> maybommini.com@gmail.com<br \/>\n<strong>Tel:<\/strong> 0907294310<\/p>\n","protected":false},"excerpt":{"rendered":"<p>Model : JET-1.1KW<br \/>\n\u0110i\u1ec7n th\u1ebf: 220V<br \/>\nC\u00f4ng su\u1ea5t : 1.1Kw &#8211; 1100Wat<br \/>\nV\u00f2ng t\u01b0a: 2860 r\/min<br \/>\nL\u01b0u l\u01b0\u1ee3ng: 3500 L\/h<br \/>\nB\u01a1m cao: 48 M<br \/>\n\u1ed0ng ra v\u00e0o: 25 Mm<br \/>\nCh\u1ea5t li\u1ec7u: Gang Th\u00e9p<br \/>\nTr\u1ecdng l\u01b0\u1ee3ng: 15 Kg<br \/>\nKi\u1ec1u b\u01a1m: N\u1eb1m ngang.<br \/>\nNguy\u00ean t\u1eafc: Ph\u1ea3n l\u1ef1c.<br \/>\nS\u1eed d\u1ee5ng: B\u01a1m t\u1ef1 m\u1ed3i.<br \/>\nS\u1ea3n su\u1ea5t: Taiwan &#8211; C\u00f4ng ngh\u1ec7 Nh\u1eadt.<br \/>\nB\u1ea3o h\u00e0nh: 12 th\u00e1ng<br \/>\n<span style=\"color: #ff0000;\"><strong>C\u00d3 GI\u00c1 T\u1ed0T D\u1ef0 \u00c1N L\u1ea4Y S\u1ed0 L\u01af\u1ee2NG<\/strong><\/span><\/p>\n","protected":false},"featured_media":257752,"comment_status":"open","ping_status":"closed","template":"","meta":[],"product_brand":[],"product_cat":[1546],"product_tag":[285,1547,1548,1549,1550,335,336,1551,1552,1553],"class_list":{"0":"post-257611","1":"product","2":"type-product","3":"status-publish","4":"has-post-thumbnail","6":"product_cat-may-bom-cao-tang","7":"product_tag-bom-ap-luc","8":"product_tag-bom-cao","9":"product_tag-bom-cao-tang","10":"product_tag-bom-cap-nuoc","11":"product_tag-bom-len-cao","12":"product_tag-bom-tang-ap","13":"product_tag-bom-tro-luc","14":"product_tag-bom-tuoi","15":"product_tag-may-bom-cao-tang","16":"product_tag-may-bom-he-thong-cap-nuoc","18":"first","19":"instock","20":"sale","21":"shipping-taxable","22":"purchasable","23":"product-type-simple"},"_links":{"self":[{"href":"https:\/\/maybommini.vn\/index.php?rest_route=\/wp\/v2\/product\/257611","targetHints":{"allow":["GET"]}}],"collection":[{"href":"https:\/\/maybommini.vn\/index.php?rest_route=\/wp\/v2\/product"}],"about":[{"href":"https:\/\/maybommini.vn\/index.php?rest_route=\/wp\/v2\/types\/product"}],"replies":[{"embeddable":true,"href":"https:\/\/maybommini.vn\/index.php?rest_route=%2Fwp%2Fv2%2Fcomments&post=257611"}],"wp:featuredmedia":[{"embeddable":true,"href":"https:\/\/maybommini.vn\/index.php?rest_route=\/wp\/v2\/media\/257752"}],"wp:attachment":[{"href":"https:\/\/maybommini.vn\/index.php?rest_route=%2Fwp%2Fv2%2Fmedia&parent=257611"}],"wp:term":[{"taxonomy":"product_brand","embeddable":true,"href":"https:\/\/maybommini.vn\/index.php?rest_route=%2Fwp%2Fv2%2Fproduct_brand&post=257611"},{"taxonomy":"product_cat","embeddable":true,"href":"https:\/\/maybommini.vn\/index.php?rest_route=%2Fwp%2Fv2%2Fproduct_cat&post=257611"},{"taxonomy":"product_tag","embeddable":true,"href":"https:\/\/maybommini.vn\/index.php?rest_route=%2Fwp%2Fv2%2Fproduct_tag&post=257611"}],"curies":[{"name":"wp","href":"https:\/\/api.w.org\/{rel}","templated":true}]}}