{"id":257837,"date":"2018-04-12T19:52:14","date_gmt":"2018-04-12T12:52:14","guid":{"rendered":"https:\/\/maybommini.com\/san-pham\/import-placeholder-for-255593"},"modified":"2025-10-19T11:12:42","modified_gmt":"2025-10-19T04:12:42","slug":"ong-day-cap-nuoc-17mm","status":"publish","type":"product","link":"https:\/\/maybommini.vn\/?product=ong-day-cap-nuoc-17mm","title":{"rendered":"\u1ed0ng d\u00e2y c\u1ea5p n\u01b0\u1edbc 17MM"},"content":{"rendered":"<p><strong>Chuy\u00ean b\u00e1n c\u00e1c lo\u1ea1i \u1ed1ng d\u00e2y 17mm v\u1edbi thi\u1ebft k\u1ebf b\u1eb1ng ch\u1ea5t li\u1ec7u cao c\u1ea5p \u1ed1ng d\u00e2y r\u1eeda xe cho b\u01a1m \u00e1p l\u1ef1c \u0111\u01b0\u1ee3c s\u1ea3n xu\u1ea5t theo c\u00f4ng ngh\u1ec7 Japan. C\u00f3 kh\u1ea3 n\u0103ng ch\u1ecbu\u00a0\u0111\u01b0\u1ee3c\u00a0\u00e1p l\u1ef1c n\u01b0\u1edbc t\u1eeb m\u00e1y b\u01a1m \u00e1p l\u1ef1c\u00a0\u0111\u1ec3 r\u1eeda xe r\u1eeda m\u00e1y l\u1ea1nh v\u1ec7 sinh nh\u00e0 c\u1eeda nh\u00e0 h\u00e0ng qu\u00e1n \u0103n.<\/strong><\/p>\n<p><img decoding=\"async\" class=\"size-full wp-image-255597 aligncenter\" src=\"https:\/\/maybommini.com.vn\/wp-content\/uploads\/2018\/03\/ong-nuoc-ruot-ga.jpg\" alt=\"Ong Nuoc Ruot Ga\" width=\"750\" height=\"750\" \/><\/p>\n<p><strong>TH\u00d4NG S\u1ed0 K\u1ef8 THU\u1eacT<\/strong><br \/>\nCh\u1ea5t li\u1ec7u: Nh\u1ef1a<br \/>\n\u0110\u01b0\u1eddng k\u00edn: 17mm<br \/>\nM\u00e0u s\u1eafc: \u0111\u1ecf<br \/>\nLo\u1ea1i d\u00e2y: Xo\u1eafn ru\u1ed9t g\u00e0<br \/>\n<img decoding=\"async\" class=\"size-full wp-image-255596 aligncenter\" src=\"https:\/\/maybommini.com.vn\/wp-content\/uploads\/2018\/03\/ong-nuoc-may-bom-mini.jpg\" alt=\"Ong Nuoc May Bom Mini\" width=\"750\" height=\"750\" \/> <img decoding=\"async\" class=\"size-full wp-image-255595 aligncenter\" src=\"https:\/\/maybommini.com.vn\/wp-content\/uploads\/2018\/03\/ong-day-17mm.jpg\" alt=\"Ong Day 17mm\" width=\"750\" height=\"750\" \/><\/p>\n<p><strong>S\u1eec D\u1ee4NG D\u00c2Y 17M<\/strong><\/p>\n<p>D\u00f9ng thay th\u1ebf d\u00e2y c\u1ea5p n\u01b0\u1edbc<br \/>\n\u0110\u00e2y l\u00e0 lo\u1ea1i d\u00e2y si\u00eau b\u1ec1n d\u00f9ng r\u1eeda xe k\u00e8m v\u1edbi m\u00e1y b\u01a1m n\u01b0\u1edbc, m\u00e1y \u00e1p l\u1ef1c cao\u00a0m\u00e0 ch\u00fang t\u00f4i cung c\u1ea5p.<br \/>\n\u1ed0ng d\u00e2y r\u1eeda xe cho b\u01a1m n\u01b0\u1edbc mini c\u00f3 thi\u1ebft k\u1ebf van n\u1ed1i cao c\u1ea5p, d\u1ec3 d\u00e0ng th\u00e1o l\u1eafp, nh\u1ea5t l\u00e0 ch\u1ecbu\u00a0\u0111\u01b0\u1ee3c\u00a0\u00e1p l\u1ef1c n\u01b0\u1edbc cao m\u00e0 kh\u00f4ng b\u1ecb r\u1ec9 n\u01b0\u1edbc ra ngo\u00e0i khi r\u1eeda xe b\u1eb1ng b\u01a1m n\u01b0\u1edbc cao \u00e1p.<br \/>\n\u0110\u00e2y c\u00f3 m\u00e0u v\u00e0ng d\u1ec3 nh\u1eadn bi\u1ebft. H\u00e0ng\u00a0\u0111\u01b0\u1ee3c ch\u00fang t\u00f4i nh\u1eadp kh\u1ea9u tr\u1ef1c ti\u1ebfp theo c\u00f4ng ngh\u1ec7 s\u1ea3n xu\u1ea5t c\u1ee7a Japan.<br \/>\n\u0110\u1ec3 tr\u00e1nh mua h\u00e0ng gi\u1ea3 hay h\u00e0ng k\u00e9m ch\u1ea5t l\u01b0\u1ee3ng vui l\u00f2ng g\u1ecdi 090 729 4310\u00a0\u0111\u1ec3\u00a0\u0111\u01b0\u1ee3c t\u01b0 v\u1ea5n.<\/p>\n<p><img decoding=\"async\" class=\"size-full wp-image-255594 aligncenter\" src=\"https:\/\/maybommini.com.vn\/wp-content\/uploads\/2018\/03\/ong-17.jpg\" alt=\"Ong 17\" width=\"750\" height=\"750\" \/><\/p>\n<p><strong>MUA\u00a0\u1ed0NG D\u00c2Y \u1ede\u00a0\u0110\u00c2U ?<\/strong><\/p>\n<p>M\u1ecdi chi ti\u1ebft vui l\u00f2ng li\u00ean h\u1ec7 tr\u1ef1c ti\u1ebfp cho ch\u00fang t\u00f4i \u0111\u1ec3 \u0111\u01b0\u1ee3c t\u01b0 v\u1ea5n theo nhu c\u1ea7u \u0111\u1ec3 c\u00f3 \u0111\u01b0\u1ee3c b\u1ed9 s\u1ea3n ph\u1ea9m t\u1ed1t nh\u1ea5t v\u00e0 ti\u1ebft ki\u1ec7m.\u00a0B\u1ea1n \u1edf xa v\u1eabn c\u00f3 th\u1ec3 mua h\u00e0ng v\u00e0 giao h\u00e0ng thanh to\u00e1n ti\u1ec1n t\u1ea1i nh\u00e0.<br \/>\n<strong>Hotline :<\/strong>\u00a0090 729 4310<br \/>\n<strong>Email :<\/strong>\u00a0maybommini.com@gmail.com<br \/>\n<strong>Website :<\/strong>\u00a0<a href=\"https:\/\/maybommini.com\/\" target=\"_blank\" rel=\"noopener\">https:\/\/maybommini.com<\/a><br \/>\n<strong>Facebook :<\/strong>\u00a0<a href=\"https:\/\/www.facebook.com\/maybommini\" target=\"_blank\" rel=\"noopener\">https:\/\/www.facebook.com\/maybommini<\/a><br \/>\n<strong>Google :<\/strong>\u00a0<a href=\"https:\/\/plus.google.com\/ Maybomnuocminiruaxe\" target=\"_blank\" rel=\"noopener\">https:\/\/plus.google.com\/ Maybomnuocminiruaxe<\/a><br \/>\n<strong>Youtube demo :<\/strong>\u00a0<a href=\"https:\/\/www.youtube.com\/bahamasali\" target=\"_blank\" rel=\"noopener\">https:\/\/www.youtube.com\/bahamasali<\/a><\/p>\n<p><a href=\"https:\/\/maybommini.com\/wp-content\/uploads\/2017\/10\/may-bom-mini-shop-ban-hang-uy-tin.jpg\" target=\"_blank\" rel=\"noopener\"><img decoding=\"async\" class=\"size-full wp-image-249726 aligncenter\" src=\"https:\/\/maybommini.com\/wp-content\/uploads\/2017\/10\/may-bom-mini-shop-ban-hang-uy-tin.jpg\" alt=\"May Bom Mini Shop Ban Hang Uy Tin\" width=\"570\" height=\"140\" srcset=\"https:\/\/maybommini.vn\/wp-content\/uploads\/2017\/10\/may-bom-mini-shop-ban-hang-uy-tin.jpg 570w, https:\/\/maybommini.vn\/wp-content\/uploads\/2017\/10\/may-bom-mini-shop-ban-hang-uy-tin-300x74.jpg 300w\" sizes=\"(max-width: 570px) 100vw, 570px\" \/><\/a><\/p>\n","protected":false},"excerpt":{"rendered":"<p>Ch\u1ea5t li\u1ec7u: Nh\u1ef1a<br \/>\n\u0110\u01b0\u1eddng k\u00edn: 17mm<br \/>\nM\u00e0u s\u1eafc: \u0111\u1ecf<br \/>\nLo\u1ea1i d\u00e2y: Xo\u1eafn ru\u1ed9t g\u00e0<\/p>\n","protected":false},"featured_media":257924,"comment_status":"open","ping_status":"closed","template":"","meta":[],"product_brand":[],"product_cat":[2034],"product_tag":[1214,372,235,802,889,908,1536,478,245,2046,759,246,247,923,248,249,1537,1538,924,250,253],"class_list":{"0":"post-257837","1":"product","2":"type-product","3":"status-publish","4":"has-post-thumbnail","6":"product_cat-ong-day","7":"product_tag-17mm","8":"product_tag-ap-luc-cao","9":"product_tag-bom-nuoc-mini","10":"product_tag-cao-ap","11":"product_tag-day-ap-luc","12":"product_tag-day-ca-sau","13":"product_tag-day-may-rua-xe","14":"product_tag-day-rua-xe","15":"product_tag-mua-bom-nuoc-mini","16":"product_tag-ong-17mm","17":"product_tag-ong-ap-luc","18":"product_tag-ong-day","19":"product_tag-ong-day-rua-xe","20":"product_tag-ong-nuoc","21":"product_tag-ong-nuoc-ap-luc","22":"product_tag-phu-kien-rua-xe","23":"product_tag-ren-22","24":"product_tag-ruaxe","25":"product_tag-s2","26":"product_tag-sung-phun-nuoc-ap-luc","27":"product_tag-sung-xit","29":"first","30":"instock","31":"featured","32":"shipping-taxable","33":"purchasable","34":"product-type-simple"},"_links":{"self":[{"href":"https:\/\/maybommini.vn\/index.php?rest_route=\/wp\/v2\/product\/257837","targetHints":{"allow":["GET"]}}],"collection":[{"href":"https:\/\/maybommini.vn\/index.php?rest_route=\/wp\/v2\/product"}],"about":[{"href":"https:\/\/maybommini.vn\/index.php?rest_route=\/wp\/v2\/types\/product"}],"replies":[{"embeddable":true,"href":"https:\/\/maybommini.vn\/index.php?rest_route=%2Fwp%2Fv2%2Fcomments&post=257837"}],"wp:featuredmedia":[{"embeddable":true,"href":"https:\/\/maybommini.vn\/index.php?rest_route=\/wp\/v2\/media\/257924"}],"wp:attachment":[{"href":"https:\/\/maybommini.vn\/index.php?rest_route=%2Fwp%2Fv2%2Fmedia&parent=257837"}],"wp:term":[{"taxonomy":"product_brand","embeddable":true,"href":"https:\/\/maybommini.vn\/index.php?rest_route=%2Fwp%2Fv2%2Fproduct_brand&post=257837"},{"taxonomy":"product_cat","embeddable":true,"href":"https:\/\/maybommini.vn\/index.php?rest_route=%2Fwp%2Fv2%2Fproduct_cat&post=257837"},{"taxonomy":"product_tag","embeddable":true,"href":"https:\/\/maybommini.vn\/index.php?rest_route=%2Fwp%2Fv2%2Fproduct_tag&post=257837"}],"curies":[{"name":"wp","href":"https:\/\/api.w.org\/{rel}","templated":true}]}}