{"id":257841,"date":"2018-04-12T19:52:15","date_gmt":"2018-04-12T12:52:15","guid":{"rendered":"https:\/\/maybommini.com\/san-pham\/import-placeholder-for-255629"},"modified":"2025-08-20T14:26:25","modified_gmt":"2025-08-20T07:26:25","slug":"may-bom-chim-220v-200l-at-1020","status":"publish","type":"product","link":"https:\/\/maybommini.vn\/?product=may-bom-chim-220v-200l-at-1020","title":{"rendered":"M\u00e1y b\u01a1m ch\u00ecm 220V 200L AT-1020"},"content":{"rendered":"<p><strong>Chuy\u00ean b\u00e1n m\u00e1y b\u01a1m ch\u00ecm 220V 200L AT-1020 l\u00e0 lo\u1ea1i m\u00e1y b\u01a1m ch\u00ecm chuy\u00ean d\u1ee5ng\u00a0\u0111\u1ec3 b\u01a1m ch\u1ea5t th\u1ea3i, n\u01b0\u1edbc h\u1ed3 c\u00e1, b\u01a1m n\u01b0\u1edbc h\u00f2n non b\u1ed9.\u00a0\u0110\u00e2y l\u00e0 lo\u1ea1i m\u00e1y b\u01a1m ch\u00ecm c\u00f3 c\u00f4ng su\u1ea5t nh\u1ecf v\u00e0 l\u01b0u l\u01b0\u1ee3ng b\u01a1m 200L\/H ph\u00f9 h\u1ee3p b\u01a1m th\u1ee7y sinh, h\u1ed3 c\u00e1 nh\u1ecf, h\u00f2n non b\u1ed9 phong th\u1ee7y trong nh\u00e0.<br \/>\n<\/strong><\/p>\n<p><img decoding=\"async\" class=\"size-full wp-image-255624 aligncenter\" src=\"https:\/\/maybommini.com.vn\/wp-content\/uploads\/2018\/03\/may-bom-chim-220v.jpg\" alt=\"May Bom Chim 220v\" width=\"750\" height=\"750\" \/><\/p>\n<p><strong>TH\u00d4NG S\u1ed0 K\u1ef8 THU\u1eacT<br \/>\n<\/strong>Model: AT-1020<br \/>\nT\u00ecnh tr\u1ea1ng: H\u00e0ng m\u1edbi 100%<br \/>\n\u0110i\u1ec7n th\u1ebf: 220V<br \/>\nL\u01b0u l\u01b0\u1ee3ng b\u01a1m: 200 L\/H<br \/>\nC\u00f4ng su\u1ea5t b\u01a1m: 3W<br \/>\nTr\u1ecdng l\u01b0\u1ee3ng: 100g<br \/>\n\u1ed0ng ra: 12mm<br \/>\nB\u01a1m cao: 0.4 m<br \/>\nB\u1ea3o h\u00e0ng: 3 th\u00e1ng<br \/>\nPh\u00e2n ph\u1ed1i: M\u00c1Y B\u01a0M MINI MBM<\/p>\n<p><img decoding=\"async\" class=\"size-full wp-image-255622 aligncenter\" src=\"https:\/\/maybommini.com.vn\/wp-content\/uploads\/2018\/03\/bom-nuoc-mini-1.jpg\" alt=\"Bom Nuoc Mini\" width=\"750\" height=\"750\" \/> <img decoding=\"async\" class=\"size-full wp-image-255626 aligncenter\" src=\"https:\/\/maybommini.com.vn\/wp-content\/uploads\/2018\/03\/may-bom-hon-non-bo.jpg\" alt=\"May Bom Hon Non Bo\" width=\"750\" height=\"750\" \/> <img decoding=\"async\" class=\"size-full wp-image-255625 aligncenter\" src=\"https:\/\/maybommini.com.vn\/wp-content\/uploads\/2018\/03\/may-bom-chim-ho-ca.jpg\" alt=\"May Bom Chim Ho Ca\" width=\"750\" height=\"750\" \/> <img decoding=\"async\" class=\"size-full wp-image-255623 aligncenter\" src=\"https:\/\/maybommini.com.vn\/wp-content\/uploads\/2018\/03\/may-bom-chim.jpg\" alt=\"May Bom Chim\" width=\"750\" height=\"750\" \/><\/p>\n<p><strong>S\u1eec D\u1ee4NG M\u00c1Y B\u01a0M CH\u00ccM 220V<br \/>\n<\/strong>D\u00f9ng\u00a0\u0111\u1ec3 b\u01a1m ch\u1ea5t th\u1ea3i.<br \/>\nM\u00e1y b\u01a1m h\u00f2n non b\u1ed9.<br \/>\nM\u00e1y b\u01a1m h\u1ed3 c\u00e1.<br \/>\nM\u00e1y b\u01a1m l\u1ecdc n\u01b0\u1edbc h\u1ed3 c\u00e1.<br \/>\nM\u00e1y b\u01a1m n\u01b0\u1edbc tu\u1ea7n ho\u00e0n.<br \/>\nB\u01a1m n\u01b0\u1edbc ng\u1eadp trong nh\u00e0.<br \/>\nB\u01a1m c\u1ea5p n\u01b0\u1edbc v\u00e0o b\u1ec3 ch\u1ee9a.<br \/>\nB\u01a1m h\u00f2n non b\u1ed9 phon th\u1ee7y trong nh\u00e0<\/p>\n<p><img decoding=\"async\" class=\"size-full wp-image-255627 aligncenter\" src=\"https:\/\/maybommini.com.vn\/wp-content\/uploads\/2018\/03\/may-bom-mini-220v.jpg\" alt=\"May Bom Mini 220v\" width=\"750\" height=\"750\" \/><\/p>\n<p><strong>MUA M\u00c1Y B\u01a0M ch\u00ecm\u00a0<\/strong><strong>\u1ede \u0110\u00c2U ?<\/strong><\/p>\n<p>M\u1ecdi chi ti\u1ebft vui l\u00f2ng li\u00ean h\u1ec7 tr\u1ef1c ti\u1ebfp cho ch\u00fang t\u00f4i \u0111\u1ec3 \u0111\u01b0\u1ee3c t\u01b0 v\u1ea5n theo nhu c\u1ea7u \u0111\u1ec3 c\u00f3 \u0111\u01b0\u1ee3c b\u1ed9 s\u1ea3n ph\u1ea9m t\u1ed1t nh\u1ea5t v\u00e0 ti\u1ebft ki\u1ec7m.<br \/>\nB\u1ea1n \u1edf xa v\u1eabn c\u00f3 th\u1ec3 mua h\u00e0ng v\u00e0 giao h\u00e0ng <a title=\"thanh to\u00e1n\" href=\"https:\/\/maybommini.com\/thanh-toan\" target=\"_blank\" rel=\"noopener\">thanh to\u00e1n<\/a> ti\u1ec1n t\u1ea1i nh\u00e0.<br \/>\nKh\u00f4ng th\u1ec3 s\u1eed d\u1ee5ng b\u01a1m c\u00e1c n\u01b0\u1edbc ch\u1ea5t ki\u1ec1m, \u0103n m\u00f2n, ax\u00edt,&#8230; C\u00f3 th\u1ec3 g\u00e2y h\u1ea1i ch\u00e1y m\u00e1y b\u01a1m.<\/p>\n<p><img decoding=\"async\" class=\"size-full wp-image-255624 aligncenter\" src=\"https:\/\/maybommini.com.vn\/wp-content\/uploads\/2018\/03\/may-bom-chim-220v.jpg\" alt=\"May Bom Chim 220v\" width=\"750\" height=\"750\" \/><\/p>\n<p>Email : maybommini.com@gmail.com<br \/>\nWebsite : <a href=\"https:\/\/maybommini.com.vn\" target=\"_blank\" rel=\"noopener\">https:\/\/maybommini.com.vn<\/a><br \/>\nFacebook : <a href=\"https:\/\/www.facebook.com\/maybommini\" target=\"_blank\" rel=\"noopener\">https:\/\/www.facebook.com\/maybommini<\/a><br \/>\nGoogle : https:\/\/plus.google.com\/ Maybomnuocminiruaxe<br \/>\nYoutube demo : <a href=\"https:\/\/www.youtube.com\/bahamasali\" target=\"_blank\" rel=\"noopener\">https:\/\/www.youtube.com\/bahamasali<\/a><\/p>\n<h4 style=\"text-align: center;\"><strong>B\u00c1N M\u00c1Y B\u01a0M CH\u00ccM H\u1ed2 C\u00c1 &#8211; H\u00d2N NON B\u1ed8 &#8211; TH\u1ee6Y SINH<\/strong><\/h4>\n","protected":false},"excerpt":{"rendered":"<p>Model: AT-1020<br \/>\nT\u00ecnh tr\u1ea1ng: H\u00e0ng m\u1edbi 100%<br \/>\n\u0110i\u1ec7n th\u1ebf: 220V<br \/>\nL\u01b0u l\u01b0\u1ee3ng b\u01a1m: 200 L\/H<br \/>\nC\u00f4ng su\u1ea5t b\u01a1m: 3W<br \/>\nTr\u1ecdng l\u01b0\u1ee3ng: 100g<br \/>\n\u1ed0ng ra: 12mm<br \/>\nB\u01a1m cao: 0.4 m<br \/>\nB\u1ea3o h\u00e0ng: 3 th\u00e1ng<br \/>\nPh\u00e2n ph\u1ed1i: M\u00c1Y B\u01a0M MINI MBM<\/p>\n","protected":false},"featured_media":257942,"comment_status":"open","ping_status":"closed","template":"","meta":[],"product_brand":[],"product_cat":[775],"product_tag":[2053,2054,391,705,392,393,235,706,629,389,902,231],"class_list":{"0":"post-257841","1":"product","2":"type-product","3":"status-publish","4":"has-post-thumbnail","6":"product_cat-may-bom-chim-220v","7":"product_tag-200l-h","8":"product_tag-at-1020","9":"product_tag-bom-chat-thai","10":"product_tag-bom-chim","11":"product_tag-bom-chim-12v","12":"product_tag-bom-chim-24v","13":"product_tag-bom-nuoc-mini","14":"product_tag-ho-ca","15":"product_tag-hon-non-bo","16":"product_tag-may-bom-chim","17":"product_tag-may-bom-chim-220v","18":"product_tag-may-bom-mini","20":"first","21":"instock","22":"sale","23":"featured","24":"shipping-taxable","25":"purchasable","26":"product-type-simple"},"_links":{"self":[{"href":"https:\/\/maybommini.vn\/index.php?rest_route=\/wp\/v2\/product\/257841","targetHints":{"allow":["GET"]}}],"collection":[{"href":"https:\/\/maybommini.vn\/index.php?rest_route=\/wp\/v2\/product"}],"about":[{"href":"https:\/\/maybommini.vn\/index.php?rest_route=\/wp\/v2\/types\/product"}],"replies":[{"embeddable":true,"href":"https:\/\/maybommini.vn\/index.php?rest_route=%2Fwp%2Fv2%2Fcomments&post=257841"}],"wp:featuredmedia":[{"embeddable":true,"href":"https:\/\/maybommini.vn\/index.php?rest_route=\/wp\/v2\/media\/257942"}],"wp:attachment":[{"href":"https:\/\/maybommini.vn\/index.php?rest_route=%2Fwp%2Fv2%2Fmedia&parent=257841"}],"wp:term":[{"taxonomy":"product_brand","embeddable":true,"href":"https:\/\/maybommini.vn\/index.php?rest_route=%2Fwp%2Fv2%2Fproduct_brand&post=257841"},{"taxonomy":"product_cat","embeddable":true,"href":"https:\/\/maybommini.vn\/index.php?rest_route=%2Fwp%2Fv2%2Fproduct_cat&post=257841"},{"taxonomy":"product_tag","embeddable":true,"href":"https:\/\/maybommini.vn\/index.php?rest_route=%2Fwp%2Fv2%2Fproduct_tag&post=257841"}],"curies":[{"name":"wp","href":"https:\/\/api.w.org\/{rel}","templated":true}]}}