{"id":258204,"date":"2018-04-19T23:23:06","date_gmt":"2018-04-19T16:23:06","guid":{"rendered":"https:\/\/maybommini.com\/?post_type=product&#038;p=258204"},"modified":"2025-10-31T19:24:55","modified_gmt":"2025-10-31T12:24:55","slug":"may-bom-mini-ap-luc-12v-10w-2l","status":"publish","type":"product","link":"https:\/\/maybommini.vn\/?product=may-bom-mini-ap-luc-12v-10w-2l","title":{"rendered":"M\u00e1y b\u01a1m mini \u00e1p l\u1ef1c 12V 10W 2L"},"content":{"rendered":"<p><strong>M\u00e1y b\u01a1m mini \u00e1p l\u1ef1c 12V 10W 2L l\u00e0 d\u00f2ng m\u00e1y b\u01a1m n\u01b0\u1edbc mini 12v c\u00f3 c\u00f4ng xu\u1ea5t nh\u1ecf nh\u1ea5t, m\u00e1y b\u01a1m mini nh\u1ea5t\u00a0hi\u1ec7n nay do maybommini.com\u00a0\u0111\u1ed9c quy\u1ec1n ph\u00e2n ph\u1ed1i t\u1ea1i Vi\u1ec7t Nam. Gi\u00e1 t\u1ed1t nh\u1ea5t giao h\u00e0ng to\u00e0n qu\u1ed1c b\u1ea3o h\u00e0nh v\u00e0 h\u1ed5 tr\u1ee3 l\u00e2u d\u00e0i cho kh\u00e1ch h\u00e0ng.<\/strong><\/p>\n<p><a href=\"https:\/\/maybommini.com\/wp-content\/uploads\/2018\/04\/lmay-bom-ap-luc-mini-12v-2l-10w.jpg\" target=\"_blank\" rel=\"noopener\"><img decoding=\"async\" class=\"size-full wp-image-258208 aligncenter\" src=\"https:\/\/maybommini.com\/wp-content\/uploads\/2018\/04\/lmay-bom-ap-luc-mini-12v-2l-10w.jpg\" alt=\"Lmay Bom Ap Luc Mini 12v 2l 10w\" width=\"820\" height=\"820\" srcset=\"https:\/\/maybommini.vn\/wp-content\/uploads\/2018\/04\/lmay-bom-ap-luc-mini-12v-2l-10w.jpg 820w, https:\/\/maybommini.vn\/wp-content\/uploads\/2018\/04\/lmay-bom-ap-luc-mini-12v-2l-10w-300x300.jpg 300w, https:\/\/maybommini.vn\/wp-content\/uploads\/2018\/04\/lmay-bom-ap-luc-mini-12v-2l-10w-150x150.jpg 150w, https:\/\/maybommini.vn\/wp-content\/uploads\/2018\/04\/lmay-bom-ap-luc-mini-12v-2l-10w-600x600.jpg 600w\" sizes=\"(max-width: 820px) 100vw, 820px\" \/><\/a><\/p>\n<p><strong>TH\u00d4NG S\u1ed0 K\u1ef8 THU\u1eacT<br \/>\n<\/strong>Model: DP-545<br \/>\n\u0110i\u1ec7n\u00a0\u00e1p : 12V<br \/>\nC\u00f4ng xu\u1ea5t : 10W<br \/>\n\u00c1p l\u1ef1c : 0.2 Mpa<br \/>\nL\u01b0u l\u01b0\u1ee3ng : 2 L\/ph\u00fat<br \/>\nLo\u1ea1i m\u00e1y b\u01a1m m\u00e0ng<br \/>\nT\u1ef1\u00a0\u0111\u1ed9ng t\u1eafc : kh\u00f4ng<br \/>\nB\u01a1m\u00a0\u0111\u1ea9y cao :\u00a0 4 m\u00e9t<br \/>\nD\u00f9ng\u00a0\u1ed1ng n\u01b0\u1edbc : 12mm<br \/>\nTr\u1ecdng l\u01b0\u1ee3ng : 0.3 Kg<br \/>\nTrung Qu\u1ed1c Cao C\u1ea5p.<\/p>\n<p><a href=\"https:\/\/maybommini.com\/wp-content\/uploads\/2018\/04\/bom-nuoc-mini-12v-24v.jpg\" target=\"_blank\" rel=\"noopener\"><img decoding=\"async\" class=\"size-full wp-image-258206 aligncenter\" src=\"https:\/\/maybommini.com\/wp-content\/uploads\/2018\/04\/bom-nuoc-mini-12v-24v.jpg\" alt=\"Bom Nuoc Mini 12v 24v\" width=\"820\" height=\"820\" srcset=\"https:\/\/maybommini.vn\/wp-content\/uploads\/2018\/04\/bom-nuoc-mini-12v-24v.jpg 820w, https:\/\/maybommini.vn\/wp-content\/uploads\/2018\/04\/bom-nuoc-mini-12v-24v-300x300.jpg 300w, https:\/\/maybommini.vn\/wp-content\/uploads\/2018\/04\/bom-nuoc-mini-12v-24v-150x150.jpg 150w, https:\/\/maybommini.vn\/wp-content\/uploads\/2018\/04\/bom-nuoc-mini-12v-24v-600x600.jpg 600w\" sizes=\"(max-width: 820px) 100vw, 820px\" \/><\/a> <a href=\"https:\/\/maybommini.com\/wp-content\/uploads\/2018\/04\/may-bom-mini-1.jpg\" target=\"_blank\" rel=\"noopener\"><img decoding=\"async\" class=\"size-full wp-image-258209 aligncenter\" src=\"https:\/\/maybommini.com\/wp-content\/uploads\/2018\/04\/may-bom-mini-1.jpg\" alt=\"May Bom Mini\" width=\"820\" height=\"820\" srcset=\"https:\/\/maybommini.vn\/wp-content\/uploads\/2018\/04\/may-bom-mini-1.jpg 820w, https:\/\/maybommini.vn\/wp-content\/uploads\/2018\/04\/may-bom-mini-1-300x300.jpg 300w, https:\/\/maybommini.vn\/wp-content\/uploads\/2018\/04\/may-bom-mini-1-150x150.jpg 150w, https:\/\/maybommini.vn\/wp-content\/uploads\/2018\/04\/may-bom-mini-1-600x600.jpg 600w, https:\/\/maybommini.vn\/wp-content\/uploads\/2018\/04\/may-bom-mini-1-768x768.jpg 768w\" sizes=\"(max-width: 820px) 100vw, 820px\" \/><\/a> <a href=\"https:\/\/maybommini.com\/wp-content\/uploads\/2018\/04\/ban-may-bom-mini-12v-24v.jpg\" target=\"_blank\" rel=\"noopener\"><img decoding=\"async\" class=\"size-full wp-image-258205 aligncenter\" src=\"https:\/\/maybommini.com\/wp-content\/uploads\/2018\/04\/ban-may-bom-mini-12v-24v.jpg\" alt=\"Ban May Bom Mini 12v 24v\" width=\"820\" height=\"820\" srcset=\"https:\/\/maybommini.vn\/wp-content\/uploads\/2018\/04\/ban-may-bom-mini-12v-24v.jpg 820w, https:\/\/maybommini.vn\/wp-content\/uploads\/2018\/04\/ban-may-bom-mini-12v-24v-300x300.jpg 300w, https:\/\/maybommini.vn\/wp-content\/uploads\/2018\/04\/ban-may-bom-mini-12v-24v-150x150.jpg 150w, https:\/\/maybommini.vn\/wp-content\/uploads\/2018\/04\/ban-may-bom-mini-12v-24v-600x600.jpg 600w\" sizes=\"(max-width: 820px) 100vw, 820px\" \/><\/a> <a href=\"https:\/\/maybommini.com\/wp-content\/uploads\/2018\/04\/thong-so-ky-thuat-may-bom-mini-1.jpg\" target=\"_blank\" rel=\"noopener\"><img decoding=\"async\" class=\"size-full wp-image-258210 aligncenter\" src=\"https:\/\/maybommini.com\/wp-content\/uploads\/2018\/04\/thong-so-ky-thuat-may-bom-mini-1.jpg\" alt=\"Thong So Ky Thuat May Bom Mini\" width=\"820\" height=\"820\" srcset=\"https:\/\/maybommini.vn\/wp-content\/uploads\/2018\/04\/thong-so-ky-thuat-may-bom-mini-1.jpg 820w, https:\/\/maybommini.vn\/wp-content\/uploads\/2018\/04\/thong-so-ky-thuat-may-bom-mini-1-300x300.jpg 300w, https:\/\/maybommini.vn\/wp-content\/uploads\/2018\/04\/thong-so-ky-thuat-may-bom-mini-1-150x150.jpg 150w, https:\/\/maybommini.vn\/wp-content\/uploads\/2018\/04\/thong-so-ky-thuat-may-bom-mini-1-600x600.jpg 600w\" sizes=\"(max-width: 820px) 100vw, 820px\" \/><\/a><\/p>\n<p><strong>S\u1eec D\u1ee4NG M\u00c1Y B\u01a0M MINI\u00a0\u00c1P L\u1ef0C 12V 24V<\/strong><\/p>\n<ul>\n<li>D\u00f9ng b\u01a1m n\u01b0\u1edbc v\u00e0 dung d\u1ecbch.<\/li>\n<li>D\u00f9ng b\u01a1m h\u00f3a ch\u1ea5t kh\u00f4ng\u00a0\u0103n m\u00f2n.<\/li>\n<li>D\u00f9ng b\u01a1m n\u01b0\u1edbc u\u1ed1ng.<\/li>\n<li>D\u00f9ng b\u01a1m n\u01b0\u1edbc l\u1ecdc n\u01b0\u1edbc RO.<\/li>\n<li>D\u00f9ng b\u01a1m n\u01b0\u1edbc t\u1ee7 l\u1ea1nh t\u1ef1\u00a0\u0111\u1ed9ng.<\/li>\n<li>D\u00f9ng b\u01a1m dung d\u1ecbch th\u1ef1c ph\u1ea9m ph\u00f2ng th\u00ed nghi\u1ec7m.<\/li>\n<li>D\u00f9ng trong c\u00e1c\u00a0\u0111\u1ed3\u00a0\u00e1n th\u00ed nghi\u1ec7m t\u1ed1t nghi\u1ec7p.<\/li>\n<li>D\u00f9ng trong h\u1ec7 th\u1ed1ng m\u00e1y m\u00f3c t\u01b0\u1ef1\u00a0\u0111\u1ed9ng.<\/li>\n<li>D\u00f9ng trong m\u00e1y phun thu\u1ed1c h\u00f3a ch\u1ea5t.<\/li>\n<\/ul>\n<p><a href=\"https:\/\/maybommini.com\/wp-content\/uploads\/2018\/04\/lmay-bom-ap-luc-mini-12v-2l-10w.jpg\" target=\"_blank\" rel=\"noopener\"><img decoding=\"async\" class=\"size-full wp-image-258208 aligncenter\" src=\"https:\/\/maybommini.com\/wp-content\/uploads\/2018\/04\/lmay-bom-ap-luc-mini-12v-2l-10w.jpg\" alt=\"Lmay Bom Ap Luc Mini 12v 2l 10w\" width=\"820\" height=\"820\" srcset=\"https:\/\/maybommini.vn\/wp-content\/uploads\/2018\/04\/lmay-bom-ap-luc-mini-12v-2l-10w.jpg 820w, https:\/\/maybommini.vn\/wp-content\/uploads\/2018\/04\/lmay-bom-ap-luc-mini-12v-2l-10w-300x300.jpg 300w, https:\/\/maybommini.vn\/wp-content\/uploads\/2018\/04\/lmay-bom-ap-luc-mini-12v-2l-10w-150x150.jpg 150w, https:\/\/maybommini.vn\/wp-content\/uploads\/2018\/04\/lmay-bom-ap-luc-mini-12v-2l-10w-600x600.jpg 600w\" sizes=\"(max-width: 820px) 100vw, 820px\" \/><\/a><\/p>\n<p><strong>MUA M\u00c1Y B\u01a0M N\u01af\u1edaC MINI 12V 24V \u1ede \u0110\u00c2U ?<\/strong><\/p>\n<p>M\u1ecdi chi ti\u1ebft vui l\u00f2ng li\u00ean h\u1ec7 tr\u1ef1c ti\u1ebfp cho ch\u00fang t\u00f4i \u0111\u1ec3 \u0111\u01b0\u1ee3c t\u01b0 v\u1ea5n theo nhu c\u1ea7u \u0111\u1ec3 c\u00f3 \u0111\u01b0\u1ee3c b\u1ed9 s\u1ea3n ph\u1ea9m t\u1ed1t nh\u1ea5t v\u00e0 ti\u1ebft ki\u1ec7m.\u00a0B\u1ea1n \u1edf xa v\u1eabn c\u00f3 th\u1ec3 mua h\u00e0ng v\u00e0 giao h\u00e0ng thanh to\u00e1n ti\u1ec1n t\u1ea1i nh\u00e0.<\/p>\n<p><strong>CTY TNHH TH\u01af\u01a0NG M\u1ea0I D\u1ecaCH V\u1ee4 \u0110I\u1ec6N M\u00c1Y TH\u00d4NG MINH<\/strong><br \/>\nHotline : 090 729 4310<br \/>\nEmail : maybommini.com@gmail.com<br \/>\nWebsite : http:\/\/maybommini.com<br \/>\nFacebook : <a href=\"https:\/\/www.facebook.com\/maybommini\" target=\"_blank\" rel=\"noopener\">https:\/\/www.facebook.com\/maybommini<\/a><br \/>\nGoogle + : <a href=\"https:\/\/plus.google.com\/+Maybomnuocminiruaxe\" target=\"_blank\" rel=\"noopener\">https:\/\/plus.google.com\/+Maybomnuocminiruaxe<\/a><br \/>\nYoutube demo : <a href=\"https:\/\/www.youtube.com\/bahamasali\" target=\"_blank\" rel=\"noopener\">https:\/\/www.youtube.com\/bahamasali<\/a><\/p>\n<h3 style=\"text-align: center;\">\u00a0<strong>B\u00e1n M\u00e1y b\u01a1m mini \u00e1p l\u1ef1c 12V 10W 2L<\/strong><\/h3>\n","protected":false},"excerpt":{"rendered":"<p>Model: DP-545<br \/>\n\u0110i\u1ec7n\u00a0\u00e1p : 12V<br \/>\nC\u00f4ng xu\u1ea5t : 10W<br \/>\n\u00c1p l\u1ef1c : 0.2 Mpa<br \/>\nL\u01b0u l\u01b0\u1ee3ng : 2 L\/ph\u00fat<br \/>\nLo\u1ea1i m\u00e1y b\u01a1m m\u00e0ng<br \/>\nT\u1ef1\u00a0\u0111\u1ed9ng t\u1eafc : kh\u00f4ng<br \/>\nB\u01a1m\u00a0\u0111\u1ea9y cao :\u00a0 4 m\u00e9t<br \/>\nD\u00f9ng\u00a0\u1ed1ng n\u01b0\u1edbc : 12mm<br \/>\nTr\u1ecdng l\u01b0\u1ee3ng : 0.3 Kg<br \/>\nTrung Qu\u1ed1c Cao C\u1ea5p.<br \/>\nB\u1ea3o h\u00e0nh : 3 th\u00e1ng<\/p>\n","protected":false},"featured_media":258208,"comment_status":"open","ping_status":"closed","template":"","meta":[],"product_brand":[],"product_cat":[197,225],"product_tag":[267,488,2092,244,235,2105,570,207,231,1332,360,361,304,362,2107,2106,363],"class_list":{"0":"post-258204","1":"product","2":"type-product","3":"status-publish","4":"has-post-thumbnail","6":"product_cat-may-bom-ap-luc-12v","7":"product_cat-may-bom-nuoc-mini-12v","8":"product_tag-12v","9":"product_tag-24v","10":"product_tag-24v-220w","11":"product_tag-bom-nuoc-12v","12":"product_tag-bom-nuoc-mini","13":"product_tag-dp-545","14":"product_tag-may-bom-24v","15":"product_tag-may-bom-ap-luc","16":"product_tag-may-bom-mini","17":"product_tag-may-bom-mini-nhat","18":"product_tag-may-bom-ve-sinh-may-lanh","19":"product_tag-may-phun-suong","20":"product_tag-may-rua-xe-mini","21":"product_tag-may-rua-xe-oto","22":"product_tag-motor-12v","23":"product_tag-motor-545","24":"product_tag-phun-thuoc-tru-sau","26":"first","27":"instock","28":"sale","29":"featured","30":"shipping-taxable","31":"purchasable","32":"product-type-simple"},"_links":{"self":[{"href":"https:\/\/maybommini.vn\/index.php?rest_route=\/wp\/v2\/product\/258204","targetHints":{"allow":["GET"]}}],"collection":[{"href":"https:\/\/maybommini.vn\/index.php?rest_route=\/wp\/v2\/product"}],"about":[{"href":"https:\/\/maybommini.vn\/index.php?rest_route=\/wp\/v2\/types\/product"}],"replies":[{"embeddable":true,"href":"https:\/\/maybommini.vn\/index.php?rest_route=%2Fwp%2Fv2%2Fcomments&post=258204"}],"wp:featuredmedia":[{"embeddable":true,"href":"https:\/\/maybommini.vn\/index.php?rest_route=\/wp\/v2\/media\/258208"}],"wp:attachment":[{"href":"https:\/\/maybommini.vn\/index.php?rest_route=%2Fwp%2Fv2%2Fmedia&parent=258204"}],"wp:term":[{"taxonomy":"product_brand","embeddable":true,"href":"https:\/\/maybommini.vn\/index.php?rest_route=%2Fwp%2Fv2%2Fproduct_brand&post=258204"},{"taxonomy":"product_cat","embeddable":true,"href":"https:\/\/maybommini.vn\/index.php?rest_route=%2Fwp%2Fv2%2Fproduct_cat&post=258204"},{"taxonomy":"product_tag","embeddable":true,"href":"https:\/\/maybommini.vn\/index.php?rest_route=%2Fwp%2Fv2%2Fproduct_tag&post=258204"}],"curies":[{"name":"wp","href":"https:\/\/api.w.org\/{rel}","templated":true}]}}