{"id":258246,"date":"2018-04-24T12:08:26","date_gmt":"2018-04-24T05:08:26","guid":{"rendered":"https:\/\/maybommini.com\/?post_type=product&#038;p=258246"},"modified":"2018-04-24T12:19:43","modified_gmt":"2018-04-24T05:19:43","slug":"may-bom-nuoc-nong-mini-12v-10l-3m","status":"publish","type":"product","link":"https:\/\/maybommini.vn\/?product=may-bom-nuoc-nong-mini-12v-10l-3m","title":{"rendered":"M\u00e1y b\u01a1m n\u01b0\u1edbc n\u00f3ng mini 12V 10L 3M"},"content":{"rendered":"<p><strong>B\u00e1n m\u00e1y b\u01a1m n\u01b0\u1edbc n\u00f3ng mini 12V 10L 3M l\u00e0 lo\u1ea1i m\u00e1y b\u01a1m n\u01b0\u1edbc c\u00f3 thi\u1ebft k\u1ebf nh\u1ecf g\u1ecdn d\u00f9ng\u00a0\u0111i\u1ec7n DC 12V\u00a0\u0111\u1ec3 b\u01a1m n\u01b0\u1edbc n\u00f3ng l\u1ea1nh, b\u01a1m th\u1ef1c ph\u1ea9m, b\u01a1m tr\u1ee3 l\u1ef1c m\u00e1y n\u01b0\u1edbc n\u00f3ng v\u00e0 b\u01a1m tu\u1ea7n ho\u00e0n n\u01b0\u1edbc t\u1ea3n nhi\u1ec7t trong h\u1ec7 th\u1ed1ng v\u1edbi\u00a0\u0111\u1eb7c t\u00ednh ch\u1ecbu\u00a0\u0111\u01b0\u1ee3c nhi\u1ec7t\u00a0\u0111\u1ed9 cao.<\/strong><\/p>\n<p><a href=\"https:\/\/maybommini.com\/wp-content\/uploads\/2018\/04\/lazada-bom-nuoc-mini-tro-luc-12v.jpg\" target=\"_blank\" rel=\"noopener\"><img decoding=\"async\" class=\"size-full wp-image-258250 aligncenter\" src=\"https:\/\/maybommini.com\/wp-content\/uploads\/2018\/04\/lazada-bom-nuoc-mini-tro-luc-12v.jpg\" alt=\"Lazada Bom Nuoc Mini Tro Luc 12v\" width=\"820\" height=\"820\" srcset=\"https:\/\/maybommini.vn\/wp-content\/uploads\/2018\/04\/lazada-bom-nuoc-mini-tro-luc-12v.jpg 820w, https:\/\/maybommini.vn\/wp-content\/uploads\/2018\/04\/lazada-bom-nuoc-mini-tro-luc-12v-300x300.jpg 300w, https:\/\/maybommini.vn\/wp-content\/uploads\/2018\/04\/lazada-bom-nuoc-mini-tro-luc-12v-150x150.jpg 150w, https:\/\/maybommini.vn\/wp-content\/uploads\/2018\/04\/lazada-bom-nuoc-mini-tro-luc-12v-600x600.jpg 600w\" sizes=\"(max-width: 820px) 100vw, 820px\" \/><\/a><\/p>\n<p><strong>TH\u00d4NG S\u1ed0 K\u1ef8 THU\u1eacT<\/strong><br \/>\n\u0110i\u1ec7n th\u1ebf: DC 12V<br \/>\nC\u00f4ng su\u1ea5t: 10 W<br \/>\nL\u01b0u l\u01b0\u1ee3ng: 10 L\/Ph\u00fat<br \/>\nB\u01a1m cao: 3 M\u00e9t<br \/>\nRen g\u1eafn \u1ed1ng: 21 mm<br \/>\nNhi\u1ec7t\u00a0\u0111\u1ed9 n\u01b0\u1edbc t\u1ed1i\u00a0\u0111a: 130\u00a0\u0110\u1ed9 C<br \/>\nCh\u1ea5t li\u1ec7u: Nh\u1ef1a ch\u1ecbu nhi\u1ec7t &#8211;\u00a0\u0110\u1ed3ng<br \/>\nLo\u1ea1i m\u00e1y b\u01a1m c\u00e1nh qu\u1ea1t.<br \/>\nMotor d\u00f9ng c\u00f4ng ngh\u1ec7 \u0111i\u1ec7n t\u1eeb.<br \/>\nTr\u1ecdng l\u01b0\u1ee3ng: 300g<\/p>\n<p><a href=\"https:\/\/maybommini.com\/wp-content\/uploads\/2018\/04\/may-bom-tro-luc-nuoc-12v.jpg\" target=\"_blank\" rel=\"noopener\"><img decoding=\"async\" class=\"size-full wp-image-258255 aligncenter\" src=\"https:\/\/maybommini.com\/wp-content\/uploads\/2018\/04\/may-bom-tro-luc-nuoc-12v.jpg\" alt=\"May Bom Tro Luc Nuoc 12v\" width=\"820\" height=\"820\" srcset=\"https:\/\/maybommini.vn\/wp-content\/uploads\/2018\/04\/may-bom-tro-luc-nuoc-12v.jpg 820w, https:\/\/maybommini.vn\/wp-content\/uploads\/2018\/04\/may-bom-tro-luc-nuoc-12v-300x300.jpg 300w, https:\/\/maybommini.vn\/wp-content\/uploads\/2018\/04\/may-bom-tro-luc-nuoc-12v-150x150.jpg 150w, https:\/\/maybommini.vn\/wp-content\/uploads\/2018\/04\/may-bom-tro-luc-nuoc-12v-600x600.jpg 600w\" sizes=\"(max-width: 820px) 100vw, 820px\" \/><\/a> <a href=\"https:\/\/maybommini.com\/wp-content\/uploads\/2018\/04\/may-bom-tro-luc-nong-lanh-12v.jpg\" target=\"_blank\" rel=\"noopener\"><img decoding=\"async\" class=\"size-full wp-image-258254 aligncenter\" src=\"https:\/\/maybommini.com\/wp-content\/uploads\/2018\/04\/may-bom-tro-luc-nong-lanh-12v.jpg\" alt=\"May Bom Tro Luc Nong Lanh 12v\" width=\"820\" height=\"820\" srcset=\"https:\/\/maybommini.vn\/wp-content\/uploads\/2018\/04\/may-bom-tro-luc-nong-lanh-12v.jpg 820w, https:\/\/maybommini.vn\/wp-content\/uploads\/2018\/04\/may-bom-tro-luc-nong-lanh-12v-300x300.jpg 300w, https:\/\/maybommini.vn\/wp-content\/uploads\/2018\/04\/may-bom-tro-luc-nong-lanh-12v-150x150.jpg 150w, https:\/\/maybommini.vn\/wp-content\/uploads\/2018\/04\/may-bom-tro-luc-nong-lanh-12v-600x600.jpg 600w\" sizes=\"(max-width: 820px) 100vw, 820px\" \/><\/a> <a href=\"https:\/\/maybommini.com\/wp-content\/uploads\/2018\/04\/may-bom-mini-12v-10L.jpg\" target=\"_blank\" rel=\"noopener\"><img decoding=\"async\" class=\"size-full wp-image-258251 aligncenter\" src=\"https:\/\/maybommini.com\/wp-content\/uploads\/2018\/04\/may-bom-mini-12v-10L.jpg\" alt=\"May Bom Mini 12v 10L\" width=\"820\" height=\"820\" srcset=\"https:\/\/maybommini.vn\/wp-content\/uploads\/2018\/04\/may-bom-mini-12v-10L.jpg 820w, https:\/\/maybommini.vn\/wp-content\/uploads\/2018\/04\/may-bom-mini-12v-10L-300x300.jpg 300w, https:\/\/maybommini.vn\/wp-content\/uploads\/2018\/04\/may-bom-mini-12v-10L-150x150.jpg 150w, https:\/\/maybommini.vn\/wp-content\/uploads\/2018\/04\/may-bom-mini-12v-10L-600x600.jpg 600w\" sizes=\"(max-width: 820px) 100vw, 820px\" \/><\/a> <a href=\"https:\/\/maybommini.com\/wp-content\/uploads\/2018\/04\/lazada-bom-nuoc-mini-tro-luc-12v.jpg\" target=\"_blank\" rel=\"noopener\"><img decoding=\"async\" class=\"size-full wp-image-258250 aligncenter\" src=\"https:\/\/maybommini.com\/wp-content\/uploads\/2018\/04\/lazada-bom-nuoc-mini-tro-luc-12v.jpg\" alt=\"Lazada Bom Nuoc Mini Tro Luc 12v\" width=\"820\" height=\"820\" srcset=\"https:\/\/maybommini.vn\/wp-content\/uploads\/2018\/04\/lazada-bom-nuoc-mini-tro-luc-12v.jpg 820w, https:\/\/maybommini.vn\/wp-content\/uploads\/2018\/04\/lazada-bom-nuoc-mini-tro-luc-12v-300x300.jpg 300w, https:\/\/maybommini.vn\/wp-content\/uploads\/2018\/04\/lazada-bom-nuoc-mini-tro-luc-12v-150x150.jpg 150w, https:\/\/maybommini.vn\/wp-content\/uploads\/2018\/04\/lazada-bom-nuoc-mini-tro-luc-12v-600x600.jpg 600w\" sizes=\"(max-width: 820px) 100vw, 820px\" \/><\/a><\/p>\n<p><strong>\u1ee8NG D\u1ee4NG<\/strong><br \/>\n&#8211; D\u00f9ng b\u01a1m tr\u1ee3 l\u1ef1c n\u00f3ng l\u1ea1nh.<br \/>\n&#8211; D\u00f9ng b\u01a1m n\u01b0\u1edbc tr\u1ee3 l\u1ef1c m\u00e1y n\u01b0\u1edbc n\u00f3ng.<br \/>\n&#8211; D\u00f9ng b\u01a1m tr\u1ee3 l\u1ef1c n\u01b0\u1edbc n\u00f3ng n\u0103ng l\u01b0\u1ee3ng m\u1eb7t tr\u1eddi.<br \/>\n&#8211; D\u00f9ng b\u01a1m tu\u1ea7n ho\u00e0n t\u1ea3n nhi\u1ec7t.<br \/>\n&#8211; D\u00f9ng b\u01a1m n\u01b0\u1edbc tu\u1ea7n ho\u00e0n t\u1ea3n nhi\u1ec7t h\u1ec7 th\u1ed1ng.<br \/>\n&#8211; D\u00f9ng b\u01a1m tu\u1ea7n ho\u00e0n t\u1ea3n nhi\u1ec7t xe\u00a0\u0111\u1ed9, xe oto, xe t\u1ea3i.<br \/>\n&#8211; D\u00f9ng b\u01a1m n\u01b0\u1edbc tu\u1ea7n ho\u00e0n t\u1ea3n nhi\u1ec7t m\u00e1y t\u00ednh.<br \/>\n&#8211; D\u00f9ng b\u01a1m n\u01b0\u1edbc.<br \/>\n&#8211; D\u00f9ng b\u01a1m th\u1ef1c ph\u1ea9m, b\u01a1m n\u1ea5u bia,&#8230;<\/p>\n<p><a href=\"https:\/\/maybommini.com\/wp-content\/uploads\/2018\/04\/may-bom-nuoc-nong-1.jpg\" target=\"_blank\" rel=\"noopener\"><img decoding=\"async\" class=\"size-full wp-image-258252 aligncenter\" src=\"https:\/\/maybommini.com\/wp-content\/uploads\/2018\/04\/may-bom-nuoc-nong-1.jpg\" alt=\"May Bom Nuoc Nong\" width=\"820\" height=\"820\" srcset=\"https:\/\/maybommini.vn\/wp-content\/uploads\/2018\/04\/may-bom-nuoc-nong-1.jpg 820w, https:\/\/maybommini.vn\/wp-content\/uploads\/2018\/04\/may-bom-nuoc-nong-1-300x300.jpg 300w, https:\/\/maybommini.vn\/wp-content\/uploads\/2018\/04\/may-bom-nuoc-nong-1-150x150.jpg 150w, https:\/\/maybommini.vn\/wp-content\/uploads\/2018\/04\/may-bom-nuoc-nong-1-600x600.jpg 600w\" sizes=\"(max-width: 820px) 100vw, 820px\" \/><\/a> <a href=\"https:\/\/maybommini.com\/wp-content\/uploads\/2018\/04\/gna-may-bom-tro-luc-nuoc.jpg\" target=\"_blank\" rel=\"noopener\"><img decoding=\"async\" class=\"size-full wp-image-258249 aligncenter\" src=\"https:\/\/maybommini.com\/wp-content\/uploads\/2018\/04\/gna-may-bom-tro-luc-nuoc.jpg\" alt=\"Gna May Bom Tro Luc Nuoc\" width=\"820\" height=\"820\" srcset=\"https:\/\/maybommini.vn\/wp-content\/uploads\/2018\/04\/gna-may-bom-tro-luc-nuoc.jpg 820w, https:\/\/maybommini.vn\/wp-content\/uploads\/2018\/04\/gna-may-bom-tro-luc-nuoc-300x300.jpg 300w, https:\/\/maybommini.vn\/wp-content\/uploads\/2018\/04\/gna-may-bom-tro-luc-nuoc-150x150.jpg 150w, https:\/\/maybommini.vn\/wp-content\/uploads\/2018\/04\/gna-may-bom-tro-luc-nuoc-600x600.jpg 600w\" sizes=\"(max-width: 820px) 100vw, 820px\" \/><\/a> <a href=\"https:\/\/maybommini.com\/wp-content\/uploads\/2018\/04\/may-bom-tang-ap-tro-luc-mini.jpg\" target=\"_blank\" rel=\"noopener\"><img decoding=\"async\" class=\"size-full wp-image-258253 aligncenter\" src=\"https:\/\/maybommini.com\/wp-content\/uploads\/2018\/04\/may-bom-tang-ap-tro-luc-mini.jpg\" alt=\"May Bom Tang Ap Tro Luc Mini\" width=\"820\" height=\"820\" srcset=\"https:\/\/maybommini.vn\/wp-content\/uploads\/2018\/04\/may-bom-tang-ap-tro-luc-mini.jpg 820w, https:\/\/maybommini.vn\/wp-content\/uploads\/2018\/04\/may-bom-tang-ap-tro-luc-mini-300x300.jpg 300w, https:\/\/maybommini.vn\/wp-content\/uploads\/2018\/04\/may-bom-tang-ap-tro-luc-mini-150x150.jpg 150w, https:\/\/maybommini.vn\/wp-content\/uploads\/2018\/04\/may-bom-tang-ap-tro-luc-mini-600x600.jpg 600w\" sizes=\"(max-width: 820px) 100vw, 820px\" \/><\/a> <a href=\"https:\/\/maybommini.com\/wp-content\/uploads\/2018\/04\/tro-luc-nuoc-voi-sen.jpg\" target=\"_blank\" rel=\"noopener\"><img decoding=\"async\" class=\"size-full wp-image-258257 aligncenter\" src=\"https:\/\/maybommini.com\/wp-content\/uploads\/2018\/04\/tro-luc-nuoc-voi-sen.jpg\" alt=\"Tro Luc Nuoc Voi Sen\" width=\"820\" height=\"820\" srcset=\"https:\/\/maybommini.vn\/wp-content\/uploads\/2018\/04\/tro-luc-nuoc-voi-sen.jpg 820w, https:\/\/maybommini.vn\/wp-content\/uploads\/2018\/04\/tro-luc-nuoc-voi-sen-300x300.jpg 300w, https:\/\/maybommini.vn\/wp-content\/uploads\/2018\/04\/tro-luc-nuoc-voi-sen-150x150.jpg 150w, https:\/\/maybommini.vn\/wp-content\/uploads\/2018\/04\/tro-luc-nuoc-voi-sen-600x600.jpg 600w\" sizes=\"(max-width: 820px) 100vw, 820px\" \/><\/a> <a href=\"https:\/\/maybommini.com\/wp-content\/uploads\/2018\/04\/cach-gan-tang-ap-gia-dinh-mini.jpg\" target=\"_blank\" rel=\"noopener\"><img decoding=\"async\" class=\"size-full wp-image-258248 aligncenter\" src=\"https:\/\/maybommini.com\/wp-content\/uploads\/2018\/04\/cach-gan-tang-ap-gia-dinh-mini.jpg\" alt=\"Cach Gan Tang Ap Gia Dinh Mini\" width=\"820\" height=\"820\" srcset=\"https:\/\/maybommini.vn\/wp-content\/uploads\/2018\/04\/cach-gan-tang-ap-gia-dinh-mini.jpg 820w, https:\/\/maybommini.vn\/wp-content\/uploads\/2018\/04\/cach-gan-tang-ap-gia-dinh-mini-300x300.jpg 300w, https:\/\/maybommini.vn\/wp-content\/uploads\/2018\/04\/cach-gan-tang-ap-gia-dinh-mini-150x150.jpg 150w, https:\/\/maybommini.vn\/wp-content\/uploads\/2018\/04\/cach-gan-tang-ap-gia-dinh-mini-600x600.jpg 600w, https:\/\/maybommini.vn\/wp-content\/uploads\/2018\/04\/cach-gan-tang-ap-gia-dinh-mini-768x768.jpg 768w\" sizes=\"(max-width: 820px) 100vw, 820px\" \/><\/a><\/p>\n<p><strong>MUA M\u00c1Y B\u01a0M N\u01af\u1edaC N\u00d3NG\u00a0\u1ede\u00a0\u0110\u00c2U ?<br \/>\n<\/strong>Ch\u00fang t\u00f4i l\u00e0 cung c\u1ea5p m\u00e1y b\u01a1m n\u01b0\u1edbc n\u00f3ng h\u00e0ng\u00a0\u0111\u1ea7u t\u1ea1i Vi\u1ec7t Nam v\u1ec1 m\u00e1y b\u01a1m mini, m\u00e1y b\u01a1m n\u01b0\u1edbc n\u00f3ng v\u00e0 c\u00e1c lo\u1ea1i m\u00e1y b\u01a1m kh\u00e1c. V\u1edbi s\u1ea3n ph\u1ea9m ch\u00ednh h\u00e3ng v\u00e0 b\u1ea3o h\u00e0ng tr\u00ean to\u00e0n qu\u1ed1c, ch\u00fang t\u00f4i lu\u00f4n c\u00e1 gi\u00e1 t\u1ed1t cho kh\u00e1ch h\u00e0ng.<\/p>\n<p><a href=\"https:\/\/maybommini.com\/wp-content\/uploads\/2018\/04\/may-bom-tro-luc-nong-lanh-12v.jpg\" target=\"_blank\" rel=\"noopener\"><img decoding=\"async\" class=\"size-full wp-image-258254 aligncenter\" src=\"https:\/\/maybommini.com\/wp-content\/uploads\/2018\/04\/may-bom-tro-luc-nong-lanh-12v.jpg\" alt=\"May Bom Tro Luc Nong Lanh 12v\" width=\"820\" height=\"820\" srcset=\"https:\/\/maybommini.vn\/wp-content\/uploads\/2018\/04\/may-bom-tro-luc-nong-lanh-12v.jpg 820w, https:\/\/maybommini.vn\/wp-content\/uploads\/2018\/04\/may-bom-tro-luc-nong-lanh-12v-300x300.jpg 300w, https:\/\/maybommini.vn\/wp-content\/uploads\/2018\/04\/may-bom-tro-luc-nong-lanh-12v-150x150.jpg 150w, https:\/\/maybommini.vn\/wp-content\/uploads\/2018\/04\/may-bom-tro-luc-nong-lanh-12v-600x600.jpg 600w\" sizes=\"(max-width: 820px) 100vw, 820px\" \/><\/a><\/p>\n<p><a href=\"https:\/\/maybommini.com\/\" target=\"_blank\" rel=\"noopener\"><strong>MBM M\u00e1y B\u01a1m Mini<\/strong><\/a>\u00a0chuy\u00ean b\u00e1n c\u00e1c lo\u1ea1i m\u00e1y b\u01a1m\u00a0\u00e1p l\u1ef1c mini,\u00a0<a href=\"https:\/\/maybommini.com\/danh-muc\/he-thong-phun-suong\" target=\"_blank\" rel=\"noopener\">m\u00e1y phun s\u01b0\u01a1ng<\/a>,\u00a0<a href=\"https:\/\/maybommini.com\/danh-muc\/may-bom-chim\" target=\"_blank\" rel=\"noopener\">m\u00e1y b\u01a1m ch\u00ecm<\/a>,\u00a0<a href=\"https:\/\/maybommini.com\/danh-muc\/may-bom-hoa-chat\" target=\"_blank\" rel=\"noopener\">m\u00e1y b\u01a1m ho\u00e1 ch\u1ea5t<\/a>, m\u00e1y b\u01a1m RO, m\u00e1y b\u01a1m m\u00e0ng, m\u00e1y b\u01a1m\u00a0\u00e1p l\u1ef1c cao v\u00e0 thi\u1ebft b\u1ecb\u00a0\u0111i\u1ec7n t\u1eed \u2026<br \/>\nM\u1ecdi chi ti\u1ebft vui l\u00f2ng li\u00ean h\u1ec7 tr\u1ef1c ti\u1ebfp cho ch\u00fang t\u00f4i \u0111\u1ec3 \u0111\u01b0\u1ee3c t\u01b0 v\u1ea5n theo nhu c\u1ea7u \u0111\u1ec3 c\u00f3 \u0111\u01b0\u1ee3c b\u1ed9 s\u1ea3n ph\u1ea9m t\u1ed1t nh\u1ea5t v\u00e0 ti\u1ebft ki\u1ec7m.<br \/>\nB\u1ea1n \u1edf xa v\u1eabn c\u00f3 th\u1ec3 mua h\u00e0ng v\u00e0 giao to\u00e0n qu\u1ed1c.<br \/>\n<strong>Website<\/strong>:\u00a0<a href=\"https:\/\/maybommini.com\" target=\"_blank\" rel=\"noopener\">https:\/\/maybommini.com<\/a><br \/>\n<strong>Email:<\/strong> maybommini.com@gmail.com<br \/>\n<strong>Tel:<\/strong> 0907294310<\/p>\n<h3 style=\"text-align: center;\">M\u00e1y b\u01a1m n\u01b0\u1edbc n\u00f3ng mini 12V 10L 3M<\/h3>\n","protected":false},"excerpt":{"rendered":"<p>\u0110i\u1ec7n th\u1ebf: DC 12V<br \/>\nC\u00f4ng su\u1ea5t: 10 W<br \/>\nL\u01b0u l\u01b0\u1ee3ng: 10 L\/Ph\u00fat<br \/>\nB\u01a1m cao: 3 M\u00e9t<br \/>\nRen g\u1eafn \u1ed1ng: 21 mm<br \/>\nNhi\u1ec7t\u00a0\u0111\u1ed9 n\u01b0\u1edbc t\u1ed1i\u00a0\u0111a: 130\u00a0\u0110\u1ed9 C<br \/>\nCh\u1ea5t li\u1ec7u: Nh\u1ef1a ch\u1ecbu nhi\u1ec7t &#8211;\u00a0\u0110\u1ed3ng<br \/>\nLo\u1ea1i m\u00e1y b\u01a1m c\u00e1nh qu\u1ea1t.<br \/>\nMotor d\u00f9ng c\u00f4ng ngh\u1ec7 \u0111i\u1ec7n t\u1eeb.<br \/>\nTr\u1ecdng l\u01b0\u1ee3ng: 300g<br \/>\n<strong>Tel: 0907294310<\/strong><\/p>\n","protected":false},"featured_media":258250,"comment_status":"open","ping_status":"closed","template":"","meta":[],"product_brand":[],"product_cat":[1442,225],"product_tag":[267,2120,488,2117,862,336,2118,1443,337,1093,420,2119],"class_list":{"0":"post-258246","1":"product","2":"type-product","3":"status-publish","4":"has-post-thumbnail","6":"product_cat-may-bom-tro-luc-12v","7":"product_cat-may-bom-nuoc-mini-12v","8":"product_tag-12v","9":"product_tag-12v-10l","10":"product_tag-24v","11":"product_tag-bom-mini-nuoc-nong","12":"product_tag-bom-nuoc-nong","13":"product_tag-bom-tro-luc","14":"product_tag-bom-tro-luc-voi-sen","15":"product_tag-may-bom-may-nong-lanh","16":"product_tag-may-bom-nuoc-nong","17":"product_tag-may-bom-tuan-hoan","18":"product_tag-smartpumps","19":"product_tag-tro-luc-may-nong-lanh","21":"first","22":"instock","23":"sale","24":"shipping-taxable","25":"purchasable","26":"product-type-simple"},"_links":{"self":[{"href":"https:\/\/maybommini.vn\/index.php?rest_route=\/wp\/v2\/product\/258246","targetHints":{"allow":["GET"]}}],"collection":[{"href":"https:\/\/maybommini.vn\/index.php?rest_route=\/wp\/v2\/product"}],"about":[{"href":"https:\/\/maybommini.vn\/index.php?rest_route=\/wp\/v2\/types\/product"}],"replies":[{"embeddable":true,"href":"https:\/\/maybommini.vn\/index.php?rest_route=%2Fwp%2Fv2%2Fcomments&post=258246"}],"wp:featuredmedia":[{"embeddable":true,"href":"https:\/\/maybommini.vn\/index.php?rest_route=\/wp\/v2\/media\/258250"}],"wp:attachment":[{"href":"https:\/\/maybommini.vn\/index.php?rest_route=%2Fwp%2Fv2%2Fmedia&parent=258246"}],"wp:term":[{"taxonomy":"product_brand","embeddable":true,"href":"https:\/\/maybommini.vn\/index.php?rest_route=%2Fwp%2Fv2%2Fproduct_brand&post=258246"},{"taxonomy":"product_cat","embeddable":true,"href":"https:\/\/maybommini.vn\/index.php?rest_route=%2Fwp%2Fv2%2Fproduct_cat&post=258246"},{"taxonomy":"product_tag","embeddable":true,"href":"https:\/\/maybommini.vn\/index.php?rest_route=%2Fwp%2Fv2%2Fproduct_tag&post=258246"}],"curies":[{"name":"wp","href":"https:\/\/api.w.org\/{rel}","templated":true}]}}