{"id":259349,"date":"2018-07-02T11:30:03","date_gmt":"2018-07-02T04:30:03","guid":{"rendered":"https:\/\/maybommini.com\/?post_type=product&#038;p=259349"},"modified":"2020-12-16T15:20:55","modified_gmt":"2020-12-16T08:20:55","slug":"may-bom-chim-220v-2500l-45w-eb-555","status":"publish","type":"product","link":"https:\/\/maybommini.vn\/?product=may-bom-chim-220v-2500l-45w-eb-555","title":{"rendered":"M\u00e1y b\u01a1m ch\u00ecm 220V 2500L 45W EB-555"},"content":{"rendered":"<h3><strong>Nh\u00e0 cung c\u1ea5p b\u00e1n\u00a0<a href=\"https:\/\/maybommini.com\/danh-muc\/may-bom-chim\" target=\"_blank\" rel=\"noopener noreferrer\">m\u00e1y b\u01a1m ch\u00ecm<\/a> 220V 2500L EB-555 l\u00e0 lo\u1ea1i m\u00e1y b\u01a1m ch\u00ecm chuy\u00ean d\u1ee5ng\u00a0\u0111\u1ec3 b\u01a1m n\u01b0\u1edbc, b\u01a1m ch\u1ea5t th\u1ea3i h\u1ed3 c\u00e1, m\u00e1y b\u01a1m h\u00f2n non b\u1ed9, m\u00e1y b\u01a1m \u0111\u00e0i phun n\u01b0\u1edbc. M\u00e1y b\u01a1m ch\u00ecm 220V 2500L do maybommini.com ph\u00e2n ph\u1ed1i\u00a0\u0111\u1ed9c quy\u1ec1n to\u00e0n qu\u1ed1c.<\/p>\n<p><\/strong><\/h3>\n<p><a href=\"https:\/\/maybommini.com\/wp-content\/uploads\/2018\/07\/bom-nuoc-tha-chim-220v-EB-555.jpg\" target=\"_blank\" rel=\"noopener\"><img decoding=\"async\" class=\"size-full wp-image-259350 aligncenter\" src=\"https:\/\/maybommini.com\/wp-content\/uploads\/2018\/07\/bom-nuoc-tha-chim-220v-EB-555.jpg\" alt=\"Bom Nuoc Tha Chim 220v EB 555\" width=\"820\" height=\"820\" srcset=\"https:\/\/maybommini.vn\/wp-content\/uploads\/2018\/07\/bom-nuoc-tha-chim-220v-EB-555.jpg 820w, https:\/\/maybommini.vn\/wp-content\/uploads\/2018\/07\/bom-nuoc-tha-chim-220v-EB-555-300x300.jpg 300w, https:\/\/maybommini.vn\/wp-content\/uploads\/2018\/07\/bom-nuoc-tha-chim-220v-EB-555-150x150.jpg 150w, https:\/\/maybommini.vn\/wp-content\/uploads\/2018\/07\/bom-nuoc-tha-chim-220v-EB-555-600x600.jpg 600w\" sizes=\"(max-width: 820px) 100vw, 820px\" \/><\/a><\/p>\n<p><strong>TH\u00d4NG S\u00d4\u0301 KY\u0303 THU\u00c2\u0323T<\/strong><br \/>\nModel: EB-555<br \/>\n\u0110i\u1ec7n \u00e1p: 220V AC<br \/>\nC\u00f4ng su\u1ea5t: 45W<br \/>\nL\u01b0u l\u01b0\u1ee3ng: 2500L\/gi\u1edd<br \/>\nB\u01a1m cao: 2.5 m\u00e9t<br \/>\n\u0110\u01b0\u1eddng k\u00ednh \u1ed1ng ra: 19 mm<br \/>\nK\u00edch th\u01b0\u1edbc: 15,5 * 11,5 * 9.5 cm<br \/>\nTro\u0323ng l\u01b0\u01a1\u0323ng: 0.9 Kg<br \/>\nCh\u00e2\u0301t li\u00ea\u0323u: Nh\u01b0\u0323a ABS &#8211; Lo\u0309i \u0111\u00f4\u0300ng<br \/>\nC\u00f4ng ngh\u00ea\u0323 ch\u00f4\u0301ng n\u01b0\u01a1\u0301c bu\u0323i IPX8<br \/>\nCha\u0323y \u0111\u01b0\u01a1\u0323c 24\/24.<\/p>\n<p><a href=\"https:\/\/maybommini.com\/wp-content\/uploads\/2018\/04\/may-bom-chim-hon-non-bo-3.jpg\" target=\"_blank\" rel=\"noopener\"><img decoding=\"async\" class=\"size-full wp-image-259347 aligncenter\" src=\"https:\/\/maybommini.com\/wp-content\/uploads\/2018\/04\/may-bom-chim-hon-non-bo-3.jpg\" alt=\"May Bom Chim Hon Non Bo\" width=\"820\" height=\"820\" srcset=\"https:\/\/maybommini.vn\/wp-content\/uploads\/2018\/04\/may-bom-chim-hon-non-bo-3.jpg 820w, https:\/\/maybommini.vn\/wp-content\/uploads\/2018\/04\/may-bom-chim-hon-non-bo-3-300x300.jpg 300w, https:\/\/maybommini.vn\/wp-content\/uploads\/2018\/04\/may-bom-chim-hon-non-bo-3-150x150.jpg 150w, https:\/\/maybommini.vn\/wp-content\/uploads\/2018\/04\/may-bom-chim-hon-non-bo-3-600x600.jpg 600w\" sizes=\"(max-width: 820px) 100vw, 820px\" \/><\/a> <a href=\"https:\/\/maybommini.com\/wp-content\/uploads\/2018\/07\/chuyen-ban-mya-bom-quat-hoi-nuoc.jpg\" target=\"_blank\" rel=\"noopener\"><img decoding=\"async\" class=\"size-full wp-image-259351 aligncenter\" src=\"https:\/\/maybommini.com\/wp-content\/uploads\/2018\/07\/chuyen-ban-mya-bom-quat-hoi-nuoc.jpg\" alt=\"Chuyen Ban Mya Bom Quat Hoi Nuoc\" width=\"820\" height=\"820\" srcset=\"https:\/\/maybommini.vn\/wp-content\/uploads\/2018\/07\/chuyen-ban-mya-bom-quat-hoi-nuoc.jpg 820w, https:\/\/maybommini.vn\/wp-content\/uploads\/2018\/07\/chuyen-ban-mya-bom-quat-hoi-nuoc-300x300.jpg 300w, https:\/\/maybommini.vn\/wp-content\/uploads\/2018\/07\/chuyen-ban-mya-bom-quat-hoi-nuoc-150x150.jpg 150w, https:\/\/maybommini.vn\/wp-content\/uploads\/2018\/07\/chuyen-ban-mya-bom-quat-hoi-nuoc-600x600.jpg 600w, https:\/\/maybommini.vn\/wp-content\/uploads\/2018\/07\/chuyen-ban-mya-bom-quat-hoi-nuoc-768x768.jpg 768w\" sizes=\"(max-width: 820px) 100vw, 820px\" \/><\/a><\/p>\n<p><strong>\u1ee8NG D\u1ee4NG M\u00c1Y B\u01a0M CH\u00ccM<br \/>\n<\/strong>M\u00e1y b\u01a1m cho qu\u1ea1t h\u01a1i n\u01b0\u1edbc.<br \/>\nB\u01a1m cho m\u00e1y qu\u1ea1t h\u01a1i n\u01b0\u1edbc l\u00e0m m\u00e1t.0<br \/>\nD\u00f9ng b\u01a1m n\u01b0\u1edbc.<br \/>\nD\u00f9ng b\u01a1m n\u01b0\u1edbc h\u1ed3 c\u00e1, ch\u1ea5t th\u1ea3i h\u1ed3 c\u00e1.<br \/>\nB\u01a1m n\u01b0\u1edbc t\u01b0\u1edbi c\u00e2y.<br \/>\nB\u01a1m h\u00f2n non b\u1ed9.<br \/>\nB\u01a1m n\u01b0\u1edbc \u0111\u00e0i phun n\u01b0\u1edbc.<br \/>\nB\u01a1m lo\u0323c n\u01b0\u01a1\u0301c h\u00f4\u0300 ca\u0300 thu\u0309y sinh.<br \/>\nMa\u0301y b\u01a1m n\u01b0\u01a1\u0301c thu\u0309y canh.<br \/>\nB\u01a1m h\u00ea\u0323 th\u00f4\u0301ng cung c\u00e2\u0301p n\u01b0\u01a1\u0301c.<br \/>\nB\u01a1m n\u01b0\u01a1\u0301c ng\u00e2\u0323p m\u01b0a lu\u0303.<br \/>\nCha\u0323y \u0111\u01b0\u01a1\u0323c 24\/24<\/p>\n<p><a href=\"https:\/\/maybommini.com\/wp-content\/uploads\/2018\/07\/may-bom-cho-quat-hoi-nuoc-lam-mat-220v.jpg\" target=\"_blank\" rel=\"noopener\"><img decoding=\"async\" class=\"size-full wp-image-259353 aligncenter\" src=\"https:\/\/maybommini.com\/wp-content\/uploads\/2018\/07\/may-bom-cho-quat-hoi-nuoc-lam-mat-220v.jpg\" alt=\"May Bom Cho Quat Hoi Nuoc Lam Mat 220v\" width=\"820\" height=\"820\" srcset=\"https:\/\/maybommini.vn\/wp-content\/uploads\/2018\/07\/may-bom-cho-quat-hoi-nuoc-lam-mat-220v.jpg 820w, https:\/\/maybommini.vn\/wp-content\/uploads\/2018\/07\/may-bom-cho-quat-hoi-nuoc-lam-mat-220v-300x300.jpg 300w, https:\/\/maybommini.vn\/wp-content\/uploads\/2018\/07\/may-bom-cho-quat-hoi-nuoc-lam-mat-220v-150x150.jpg 150w, https:\/\/maybommini.vn\/wp-content\/uploads\/2018\/07\/may-bom-cho-quat-hoi-nuoc-lam-mat-220v-600x600.jpg 600w\" sizes=\"(max-width: 820px) 100vw, 820px\" \/><\/a><strong>MUA M\u00c1Y B\u01a0M QU\u1ea0T H\u01a0I N\u01af\u1edaC<\/strong><strong>\u00a0<\/strong><strong>\u1ede \u0110\u00c2U ?<br \/>\n<\/strong>M\u1ecdi chi ti\u1ebft vui l\u00f2ng li\u00ean h\u1ec7 tr\u1ef1c ti\u1ebfp cho ch\u00fang t\u00f4i \u0111\u1ec3 \u0111\u01b0\u1ee3c t\u01b0 v\u1ea5n theo nhu c\u1ea7u \u0111\u1ec3 c\u00f3 \u0111\u01b0\u1ee3c b\u1ed9 s\u1ea3n ph\u1ea9m t\u1ed1t nh\u1ea5t v\u00e0 ti\u1ebft ki\u1ec7m.\u00a0B\u1ea1n \u1edf xa v\u1eabn c\u00f3 th\u1ec3 mua h\u00e0ng v\u00e0 giao h\u00e0ng <a title=\"thanh to\u00e1n\" href=\"http:\/\/maybommini.com\/thanh-toan\" target=\"_blank\" rel=\"noopener\">thanh to\u00e1n<\/a> ti\u1ec1n t\u1ea1i nh\u00e0.<br \/>\n<strong>Email :<\/strong> maybommini.com@gmail.com<br \/>\n<strong>Website :<\/strong> <a href=\"https:\/\/maybommini.com\" target=\"_blank\" rel=\"noopener noreferrer\">https:\/\/maybommini.com<\/a><br \/>\n<strong>Facebook :<\/strong> <a href=\"https:\/\/www.facebook.com\/maybommini\" target=\"_blank\" rel=\"noopener noreferrer\">https:\/\/www.facebook.com\/maybommini<\/a><br \/>\n<strong>Google :<\/strong> <a href=\"https:\/\/plus.google.com\/ Maybomnuocminiruaxe\" target=\"_blank\" rel=\"noopener noreferrer\">https:\/\/plus.google.com\/ Maybomnuocminiruaxe<\/a><br \/>\n<strong>Youtube demo :<\/strong> https:\/\/www.youtube.com\/bahamasali<\/p>\n<h3 style=\"text-align: center;\"><strong>M\u00c1Y B\u01a0M CHO QU\u1ea0T H\u01a0I N\u01af\u1edaC<\/strong><\/h3>\n","protected":false},"excerpt":{"rendered":"<p>Model: EB-555<br \/>\n\u0110i\u1ec7n \u00e1p: 220V AC<br \/>\nC\u00f4ng su\u1ea5t: 45W<br \/>\nL\u01b0u l\u01b0\u1ee3ng: 2500L\/gi\u1edd<br \/>\nB\u01a1m cao: 2.5 m\u00e9t<br \/>\n\u0110\u01b0\u1eddng k\u00ednh \u1ed1ng ra: 19 mm<br \/>\nK\u00edch th\u01b0\u1edbc: 15,5 * 11,5 * 9.5 cm<br \/>\nTro\u0323ng l\u01b0\u01a1\u0323ng: 0.9 Kg<br \/>\nCh\u00e2\u0301t li\u00ea\u0323u: Nh\u01b0\u0323a ABS &#8211; Lo\u0309i \u0111\u00f4\u0300ng<br \/>\nC\u00f4ng ngh\u00ea\u0323 ch\u00f4\u0301ng n\u01b0\u01a1\u0301c bu\u0323i IPX8<br \/>\nCha\u0323y \u0111\u01b0\u01a1\u0323c 24\/24.<br \/>\nB\u1ea3o h\u00e0nh: 3 th\u00e1ng<br \/>\n<strong>Tel: 0907294310<\/strong><\/p>\n","protected":false},"featured_media":259350,"comment_status":"open","ping_status":"closed","template":"","meta":[],"product_brand":[2227],"product_cat":[775,381],"product_tag":[627,500,2299,384,385,2302,386,387,388,2300,628,2298,2297,629,206,630,389,390,2301],"class_list":{"0":"post-259349","1":"product","2":"type-product","3":"status-publish","4":"has-post-thumbnail","6":"product_brand-mtm","7":"product_cat-may-bom-chim-220v","8":"product_cat-may-bom-chim","9":"product_tag-2200l","10":"product_tag-220v","11":"product_tag-2500l","12":"product_tag-bom","13":"product_tag-bom-12v-dc","14":"product_tag-bom-cap-nuoc-may-quat","15":"product_tag-bom-chi","16":"product_tag-bom-dau","17":"product_tag-bom-dau-diesel","18":"product_tag-bom-may-quat-hoi-nuoc","19":"product_tag-dai-phun-nuoc","20":"product_tag-eb-555","21":"product_tag-gp-555","22":"product_tag-hon-non-bo","23":"product_tag-may-bom-12v","24":"product_tag-may-bom-220v","25":"product_tag-may-bom-chim","26":"product_tag-may-bom-chim-12v","27":"product_tag-may-bom-quat-nuoc","29":"first","30":"instock","31":"sale","32":"shipping-taxable","33":"purchasable","34":"product-type-simple"},"_links":{"self":[{"href":"https:\/\/maybommini.vn\/index.php?rest_route=\/wp\/v2\/product\/259349","targetHints":{"allow":["GET"]}}],"collection":[{"href":"https:\/\/maybommini.vn\/index.php?rest_route=\/wp\/v2\/product"}],"about":[{"href":"https:\/\/maybommini.vn\/index.php?rest_route=\/wp\/v2\/types\/product"}],"replies":[{"embeddable":true,"href":"https:\/\/maybommini.vn\/index.php?rest_route=%2Fwp%2Fv2%2Fcomments&post=259349"}],"wp:featuredmedia":[{"embeddable":true,"href":"https:\/\/maybommini.vn\/index.php?rest_route=\/wp\/v2\/media\/259350"}],"wp:attachment":[{"href":"https:\/\/maybommini.vn\/index.php?rest_route=%2Fwp%2Fv2%2Fmedia&parent=259349"}],"wp:term":[{"taxonomy":"product_brand","embeddable":true,"href":"https:\/\/maybommini.vn\/index.php?rest_route=%2Fwp%2Fv2%2Fproduct_brand&post=259349"},{"taxonomy":"product_cat","embeddable":true,"href":"https:\/\/maybommini.vn\/index.php?rest_route=%2Fwp%2Fv2%2Fproduct_cat&post=259349"},{"taxonomy":"product_tag","embeddable":true,"href":"https:\/\/maybommini.vn\/index.php?rest_route=%2Fwp%2Fv2%2Fproduct_tag&post=259349"}],"curies":[{"name":"wp","href":"https:\/\/api.w.org\/{rel}","templated":true}]}}