{"id":259487,"date":"2018-07-17T00:03:06","date_gmt":"2018-07-16T17:03:06","guid":{"rendered":"https:\/\/maybommini.com\/?post_type=product&#038;p=259487"},"modified":"2019-09-19T09:28:11","modified_gmt":"2019-09-19T02:28:11","slug":"bo-dung-cu-do-gas-dien-lanh","status":"publish","type":"product","link":"https:\/\/maybommini.vn\/?product=bo-dung-cu-do-gas-dien-lanh","title":{"rendered":"B\u1ed9 d\u1ee5ng c\u1ee5 \u0111o gas \u0111i\u1ec7n l\u1ea1nh"},"content":{"rendered":"<p><strong>Chuy\u00ean cung c\u1ea5p c\u00e1c thi\u1ec7t b\u1ecb b\u1ed9 d\u1ee5ng c\u1ee5 \u0111o gas \u0111i\u1ec7n l\u1ea1nh chuy\u00ean nghi\u1ec7p ch\u1ea5t l\u01b0\u1ee3ng cao nh\u1eadp kh\u1ea9u b\u1ea3o h\u00e0nh ch\u00ednh h\u00e3ng. \u0110\u00e2y l\u00e0 b\u1ed9 d\u1ee5ng c\u1ee5 \u0111o gas c\u00e1c thi\u1ebft b\u1ecb \u0111i\u1ec7n l\u1ea1nh nh\u01b0 m\u00e1y l\u1ea1nh, t\u1ee7 l\u1ea1nh, m\u00e1y l\u1ea1nh qu\u1ea1t v\u00e0 c\u00e1c thi\u1ebft b\u1ecb kh\u00e1c d\u00f9ng c\u00e1c lo\u1ea1i gas kh\u00e1c nhau c\u00f2 tr\u00ean th\u1ecb tr\u01b0\u1eddng.<\/strong><\/p>\n<p><a href=\"https:\/\/maybommini.com\/wp-content\/uploads\/2018\/07\/bo-nap-do-gas-may-lanh.jpeg\" target=\"_blank\" rel=\"noopener\"><img decoding=\"async\" class=\"size-full wp-image-263505 aligncenter\" src=\"https:\/\/maybommini.com\/wp-content\/uploads\/2018\/07\/bo-nap-do-gas-may-lanh.jpeg\" alt=\"Bo Nap Do Gas May Lanh\" width=\"750\" height=\"750\" srcset=\"https:\/\/maybommini.vn\/wp-content\/uploads\/2018\/07\/bo-nap-do-gas-may-lanh.jpeg 750w, https:\/\/maybommini.vn\/wp-content\/uploads\/2018\/07\/bo-nap-do-gas-may-lanh-300x300.jpeg 300w, https:\/\/maybommini.vn\/wp-content\/uploads\/2018\/07\/bo-nap-do-gas-may-lanh-150x150.jpeg 150w, https:\/\/maybommini.vn\/wp-content\/uploads\/2018\/07\/bo-nap-do-gas-may-lanh-600x600.jpeg 600w\" sizes=\"(max-width: 750px) 100vw, 750px\" \/><\/a><\/p>\n<p><strong>TH\u00d4NG S\u1ed0 K\u1ef8 THU\u1eacT<\/strong><br \/>\nModel: TBDC-DO-GAS<br \/>\n\u0110\u1ed3ng h\u1ed3 \u0111o gas<br \/>\n\u1ed0ng d\u00e2y \u0111o gas<br \/>\nVan kho\u00e1 \u0111o gas<br \/>\nM\u00f3c \u0111\u1ed3ng h\u1ed3<br \/>\nTh\u00f9ng vali<br \/>\nCh\u1ea5t li\u1ec7u: \u0110\u1ed3ng, h\u1ee3p kim v\u00e0 nh\u1ef1a ABS<br \/>\nBao g\u1ed3m 5 thi\u1ebft b\u1ecb.<br \/>\nTr\u1ecdng l\u01b0\u1ee3ng: 1.5 Kg<\/p>\n<p><a href=\"https:\/\/maybommini.com\/wp-content\/uploads\/2018\/07\/bo-nap-gas-may-lanh.jpg\" target=\"_blank\" rel=\"noopener\"><img decoding=\"async\" class=\"size-full wp-image-263508 aligncenter\" src=\"https:\/\/maybommini.com\/wp-content\/uploads\/2018\/07\/bo-nap-gas-may-lanh.jpg\" alt=\"Bo Nap Gas May Lanh\" width=\"750\" height=\"750\" srcset=\"https:\/\/maybommini.vn\/wp-content\/uploads\/2018\/07\/bo-nap-gas-may-lanh.jpg 750w, https:\/\/maybommini.vn\/wp-content\/uploads\/2018\/07\/bo-nap-gas-may-lanh-300x300.jpg 300w, https:\/\/maybommini.vn\/wp-content\/uploads\/2018\/07\/bo-nap-gas-may-lanh-150x150.jpg 150w, https:\/\/maybommini.vn\/wp-content\/uploads\/2018\/07\/bo-nap-gas-may-lanh-600x600.jpg 600w\" sizes=\"(max-width: 750px) 100vw, 750px\" \/><\/a> <a href=\"https:\/\/maybommini.com\/wp-content\/uploads\/2018\/07\/bo-ngap-gas-may-dieu-hoa.jpg\" target=\"_blank\" rel=\"noopener\"><img decoding=\"async\" class=\"size-full wp-image-263509 aligncenter\" src=\"https:\/\/maybommini.com\/wp-content\/uploads\/2018\/07\/bo-ngap-gas-may-dieu-hoa.jpg\" alt=\"Bo Ngap Gas May Dieu Hoa\" width=\"750\" height=\"750\" srcset=\"https:\/\/maybommini.vn\/wp-content\/uploads\/2018\/07\/bo-ngap-gas-may-dieu-hoa.jpg 750w, https:\/\/maybommini.vn\/wp-content\/uploads\/2018\/07\/bo-ngap-gas-may-dieu-hoa-300x300.jpg 300w, https:\/\/maybommini.vn\/wp-content\/uploads\/2018\/07\/bo-ngap-gas-may-dieu-hoa-150x150.jpg 150w, https:\/\/maybommini.vn\/wp-content\/uploads\/2018\/07\/bo-ngap-gas-may-dieu-hoa-600x600.jpg 600w\" sizes=\"(max-width: 750px) 100vw, 750px\" \/><\/a> <a href=\"https:\/\/maybommini.com\/wp-content\/uploads\/2018\/07\/bo-dung-cu-do-gas.jpg\" target=\"_blank\" rel=\"noopener\"><img decoding=\"async\" class=\"size-full wp-image-263507 aligncenter\" src=\"https:\/\/maybommini.com\/wp-content\/uploads\/2018\/07\/bo-dung-cu-do-gas.jpg\" alt=\"Bo Dung Cu Do Gas\" width=\"750\" height=\"750\" srcset=\"https:\/\/maybommini.vn\/wp-content\/uploads\/2018\/07\/bo-dung-cu-do-gas.jpg 750w, https:\/\/maybommini.vn\/wp-content\/uploads\/2018\/07\/bo-dung-cu-do-gas-300x300.jpg 300w, https:\/\/maybommini.vn\/wp-content\/uploads\/2018\/07\/bo-dung-cu-do-gas-150x150.jpg 150w, https:\/\/maybommini.vn\/wp-content\/uploads\/2018\/07\/bo-dung-cu-do-gas-600x600.jpg 600w\" sizes=\"(max-width: 750px) 100vw, 750px\" \/><\/a><\/p>\n<p><a href=\"https:\/\/maybommini.com\/wp-content\/uploads\/2018\/07\/vali-bo-do-gas.jpg\" target=\"_blank\" rel=\"noopener\"><img decoding=\"async\" class=\"size-full wp-image-263510 aligncenter\" src=\"https:\/\/maybommini.com\/wp-content\/uploads\/2018\/07\/vali-bo-do-gas.jpg\" alt=\"Vali Bo Do Gas\" width=\"750\" height=\"750\" srcset=\"https:\/\/maybommini.vn\/wp-content\/uploads\/2018\/07\/vali-bo-do-gas.jpg 750w, https:\/\/maybommini.vn\/wp-content\/uploads\/2018\/07\/vali-bo-do-gas-300x300.jpg 300w, https:\/\/maybommini.vn\/wp-content\/uploads\/2018\/07\/vali-bo-do-gas-150x150.jpg 150w, https:\/\/maybommini.vn\/wp-content\/uploads\/2018\/07\/vali-bo-do-gas-600x600.jpg 600w\" sizes=\"(max-width: 750px) 100vw, 750px\" \/><\/a><\/p>\n<p><strong>S\u1eec D\u1ee4NG B\u1ed8 D\u1ee4NG C\u1ee4 \u0110O GAS \u0110I\u1ec6N L\u1ea0NH<\/strong><br \/>\nD\u00f9ng cho th\u1ee3 \u0111i\u1ec7n l\u1ea1nh chuy\u00ean nghi\u1ec7p d\u00f9ng \u0111\u1ec3 ki\u1ec3m tra gas c\u00e1c thi\u1ebft b\u1ecb nh\u01b0 m\u00e1y l\u1ea1nh, t\u1ee7 l\u1ea1nh, qu\u1ea1t l\u1ea1nh, m\u00e1y l\u1ea1nh c\u00f4ng nghi\u1ec7p, m\u00e1y l\u1ea1nh \u00e2m tr\u1ea7n v\u00e0 nhi\u1ec1u thi\u1ebft b\u1ecb kh\u00e1c.<br \/>\nVi\u1ec7c s\u1eed d\u1ee5ng ph\u1ea3i tu\u00e2n th\u1ee7 \u0111\u00fang c\u00e1c quy tr\u00ecnh m\u00e0 thi\u1ebft b\u1ecb c\u1ea7n ki\u1ec3m tra \u0111\u01b0a ra \u0111\u1ec3 tr\u00e1nh th\u1ea5t tho\u00e1t gas.<br \/>\n\u0110\u00e2y l\u00e0 b\u1ed9 \u0111o gas chuy\u00ean nghi\u1ec7p v\u1edbi c\u00e1c thi\u1ebft b\u1ecb v\u00e0 \u0111\u1ed3ng h\u1ed3 theo ti\u00eau chu\u1ea7n cao.<\/p>\n<p><a href=\"https:\/\/maybommini.com\/wp-content\/uploads\/2018\/07\/bo-dung-cu-do-bom-gas-dien-lanh-lazada-1.jpg\" target=\"_blank\" rel=\"noopener\"><img decoding=\"async\" class=\"size-full wp-image-263506 aligncenter\" src=\"https:\/\/maybommini.com\/wp-content\/uploads\/2018\/07\/bo-dung-cu-do-bom-gas-dien-lanh-lazada-1.jpg\" alt=\"Bo Dung Cu Do Bom Gas Dien Lanh Lazada\" width=\"750\" height=\"750\" srcset=\"https:\/\/maybommini.vn\/wp-content\/uploads\/2018\/07\/bo-dung-cu-do-bom-gas-dien-lanh-lazada-1.jpg 750w, https:\/\/maybommini.vn\/wp-content\/uploads\/2018\/07\/bo-dung-cu-do-bom-gas-dien-lanh-lazada-1-300x300.jpg 300w, https:\/\/maybommini.vn\/wp-content\/uploads\/2018\/07\/bo-dung-cu-do-bom-gas-dien-lanh-lazada-1-150x150.jpg 150w, https:\/\/maybommini.vn\/wp-content\/uploads\/2018\/07\/bo-dung-cu-do-bom-gas-dien-lanh-lazada-1-600x600.jpg 600w\" sizes=\"(max-width: 750px) 100vw, 750px\" \/><\/a><\/p>\n<p><strong>MUA B\u1ed8 D\u1ee4NG C\u1ee4 \u0110O GAS \u1ede \u0110\u00c2U ?<\/strong><br \/>\nM\u00e1y B\u01a1m Mini l\u00e0 nh\u00e0 cung c\u1ea5p c\u00e1c thi\u1ebft b\u1ecb \u0111i\u1ec7n l\u1ea1nh h\u00e0ng \u0111\u1ea7u ch\u00ednh h\u00e3ng t\u1ea1i Vi\u1ec7t Nam nh\u01b0 b\u1ed9 \u0111o gas m\u00e1y l\u1ea1nh, \u00e1o v\u1ec7 sinh m\u00e1y l\u1ea1nh, m\u00e1y b\u01a1m ch\u00e2n kh\u00f4ng \u0111i\u1ec7n l\u1ea1nh v\u00e0 nhi\u1ec1u d\u1ee5ng c\u1ee5 kh\u00e1c.<br \/>\nWebsite:\u00a0https:\/\/maybommini.com<br \/>\nEmail: maybommini.com@gmail.com<br \/>\nTel: 0907294310<\/p>\n<p><a href=\"https:\/\/maybommini.com\/wp-content\/uploads\/2018\/07\/bo-nap-do-gas-may-lanh.jpeg\" target=\"_blank\" rel=\"noopener\"><img decoding=\"async\" class=\"alignnone size-full wp-image-263505\" src=\"https:\/\/maybommini.com\/wp-content\/uploads\/2018\/07\/bo-nap-do-gas-may-lanh.jpeg\" alt=\"Bo Nap Do Gas May Lanh\" width=\"750\" height=\"750\" srcset=\"https:\/\/maybommini.vn\/wp-content\/uploads\/2018\/07\/bo-nap-do-gas-may-lanh.jpeg 750w, https:\/\/maybommini.vn\/wp-content\/uploads\/2018\/07\/bo-nap-do-gas-may-lanh-300x300.jpeg 300w, https:\/\/maybommini.vn\/wp-content\/uploads\/2018\/07\/bo-nap-do-gas-may-lanh-150x150.jpeg 150w, https:\/\/maybommini.vn\/wp-content\/uploads\/2018\/07\/bo-nap-do-gas-may-lanh-600x600.jpeg 600w\" sizes=\"(max-width: 750px) 100vw, 750px\" \/><\/a><\/p>\n<p>&nbsp;<\/p>\n<p>&nbsp;<\/p>\n<p>&nbsp;<\/p>\n<p>&nbsp;<\/p>\n<p><a href=\"https:\/\/maybommini.com\/wp-content\/uploads\/2018\/07\/bo-dung-cu-do-bom-gas-dien-lanh.jpg\" target=\"_blank\" rel=\"noopener\"><img decoding=\"async\" class=\"size-full wp-image-260927 aligncenter\" src=\"https:\/\/maybommini.com\/wp-content\/uploads\/2018\/07\/bo-dung-cu-do-bom-gas-dien-lanh.jpg\" alt=\"Bo Dung Cu Do Bom Gas Dien Lanh\" width=\"750\" height=\"750\" srcset=\"https:\/\/maybommini.vn\/wp-content\/uploads\/2018\/07\/bo-dung-cu-do-bom-gas-dien-lanh.jpg 750w, https:\/\/maybommini.vn\/wp-content\/uploads\/2018\/07\/bo-dung-cu-do-bom-gas-dien-lanh-300x300.jpg 300w, https:\/\/maybommini.vn\/wp-content\/uploads\/2018\/07\/bo-dung-cu-do-bom-gas-dien-lanh-150x150.jpg 150w, https:\/\/maybommini.vn\/wp-content\/uploads\/2018\/07\/bo-dung-cu-do-bom-gas-dien-lanh-600x600.jpg 600w\" sizes=\"(max-width: 750px) 100vw, 750px\" \/><\/a><\/p>\n<h3 style=\"text-align: center;\"><em><strong>B\u1ed9 d\u1ee5ng c\u1ee5 \u0111o gas \u0111i\u1ec7n l\u1ea1nh<\/strong><\/em><\/h3>\n<p>&nbsp;<\/p>\n<p>&nbsp;<\/p>\n<p><a href=\"https:\/\/maybommini.com\/wp-content\/uploads\/2018\/07\/bo-dung-cu-day-du-phu-kien-bom-gas-do-gas-may-lanh.jpg\" target=\"_blank\" rel=\"noopener\"><img decoding=\"async\" class=\"size-full wp-image-260926 aligncenter\" src=\"https:\/\/maybommini.com\/wp-content\/uploads\/2018\/07\/bo-dung-cu-day-du-phu-kien-bom-gas-do-gas-may-lanh.jpg\" alt=\"Bo Dung Cu Day Du Phu Kien Bom Gas Do Gas May Lanh\" width=\"750\" height=\"750\" srcset=\"https:\/\/maybommini.vn\/wp-content\/uploads\/2018\/07\/bo-dung-cu-day-du-phu-kien-bom-gas-do-gas-may-lanh.jpg 750w, https:\/\/maybommini.vn\/wp-content\/uploads\/2018\/07\/bo-dung-cu-day-du-phu-kien-bom-gas-do-gas-may-lanh-300x300.jpg 300w, https:\/\/maybommini.vn\/wp-content\/uploads\/2018\/07\/bo-dung-cu-day-du-phu-kien-bom-gas-do-gas-may-lanh-150x150.jpg 150w, https:\/\/maybommini.vn\/wp-content\/uploads\/2018\/07\/bo-dung-cu-day-du-phu-kien-bom-gas-do-gas-may-lanh-600x600.jpg 600w\" sizes=\"(max-width: 750px) 100vw, 750px\" \/><\/a> <a href=\"https:\/\/maybommini.com\/wp-content\/uploads\/2018\/07\/dung-cu-do-gas-may-lanh.jpg\" target=\"_blank\" rel=\"noopener\"><img decoding=\"async\" class=\"size-full wp-image-260931 aligncenter\" src=\"https:\/\/maybommini.com\/wp-content\/uploads\/2018\/07\/dung-cu-do-gas-may-lanh.jpg\" alt=\"Dung Cu Do Gas May Lanh\" width=\"750\" height=\"750\" srcset=\"https:\/\/maybommini.vn\/wp-content\/uploads\/2018\/07\/dung-cu-do-gas-may-lanh.jpg 750w, https:\/\/maybommini.vn\/wp-content\/uploads\/2018\/07\/dung-cu-do-gas-may-lanh-300x300.jpg 300w, https:\/\/maybommini.vn\/wp-content\/uploads\/2018\/07\/dung-cu-do-gas-may-lanh-150x150.jpg 150w, https:\/\/maybommini.vn\/wp-content\/uploads\/2018\/07\/dung-cu-do-gas-may-lanh-600x600.jpg 600w\" sizes=\"(max-width: 750px) 100vw, 750px\" \/><\/a> <a href=\"https:\/\/maybommini.com\/wp-content\/uploads\/2018\/07\/dong-ho-do-gas-may-lanh-tu-lanh.jpg\" target=\"_blank\" rel=\"noopener\"><img decoding=\"async\" class=\"size-full wp-image-260930 aligncenter\" src=\"https:\/\/maybommini.com\/wp-content\/uploads\/2018\/07\/dong-ho-do-gas-may-lanh-tu-lanh.jpg\" alt=\"Dong Ho Do Gas May Lanh Tu Lanh\" width=\"750\" height=\"750\" srcset=\"https:\/\/maybommini.vn\/wp-content\/uploads\/2018\/07\/dong-ho-do-gas-may-lanh-tu-lanh.jpg 750w, https:\/\/maybommini.vn\/wp-content\/uploads\/2018\/07\/dong-ho-do-gas-may-lanh-tu-lanh-300x300.jpg 300w, https:\/\/maybommini.vn\/wp-content\/uploads\/2018\/07\/dong-ho-do-gas-may-lanh-tu-lanh-150x150.jpg 150w, https:\/\/maybommini.vn\/wp-content\/uploads\/2018\/07\/dong-ho-do-gas-may-lanh-tu-lanh-600x600.jpg 600w\" sizes=\"(max-width: 750px) 100vw, 750px\" \/><\/a> <a href=\"https:\/\/maybommini.com\/wp-content\/uploads\/2018\/07\/ong-do-gas-bom-gas-may-lanh.jpg\" target=\"_blank\" rel=\"noopener\"><img decoding=\"async\" class=\"size-full wp-image-260924 aligncenter\" src=\"https:\/\/maybommini.com\/wp-content\/uploads\/2018\/07\/ong-do-gas-bom-gas-may-lanh.jpg\" alt=\"Ong Do Gas Bom Gas May Lanh\" width=\"750\" height=\"750\" srcset=\"https:\/\/maybommini.vn\/wp-content\/uploads\/2018\/07\/ong-do-gas-bom-gas-may-lanh.jpg 750w, https:\/\/maybommini.vn\/wp-content\/uploads\/2018\/07\/ong-do-gas-bom-gas-may-lanh-300x300.jpg 300w, https:\/\/maybommini.vn\/wp-content\/uploads\/2018\/07\/ong-do-gas-bom-gas-may-lanh-150x150.jpg 150w, https:\/\/maybommini.vn\/wp-content\/uploads\/2018\/07\/ong-do-gas-bom-gas-may-lanh-600x600.jpg 600w\" sizes=\"(max-width: 750px) 100vw, 750px\" \/><\/a> <a href=\"https:\/\/maybommini.com\/wp-content\/uploads\/2018\/07\/dau-vit-do-gas.jpg\" target=\"_blank\" rel=\"noopener\"><img decoding=\"async\" class=\"size-full wp-image-260929 aligncenter\" src=\"https:\/\/maybommini.com\/wp-content\/uploads\/2018\/07\/dau-vit-do-gas.jpg\" alt=\"Dau Vit Do Gas\" width=\"750\" height=\"750\" srcset=\"https:\/\/maybommini.vn\/wp-content\/uploads\/2018\/07\/dau-vit-do-gas.jpg 750w, https:\/\/maybommini.vn\/wp-content\/uploads\/2018\/07\/dau-vit-do-gas-300x300.jpg 300w, https:\/\/maybommini.vn\/wp-content\/uploads\/2018\/07\/dau-vit-do-gas-150x150.jpg 150w, https:\/\/maybommini.vn\/wp-content\/uploads\/2018\/07\/dau-vit-do-gas-600x600.jpg 600w\" sizes=\"(max-width: 750px) 100vw, 750px\" \/><\/a> <a href=\"https:\/\/maybommini.com\/wp-content\/uploads\/2018\/07\/vali-dung-cu-bom-gas-may-lanh.jpg\" target=\"_blank\" rel=\"noopener\"><img decoding=\"async\" class=\"size-full wp-image-260925 aligncenter\" src=\"https:\/\/maybommini.com\/wp-content\/uploads\/2018\/07\/vali-dung-cu-bom-gas-may-lanh.jpg\" alt=\"Vali Dung Cu Bom Gas May Lanh\" width=\"750\" height=\"750\" srcset=\"https:\/\/maybommini.vn\/wp-content\/uploads\/2018\/07\/vali-dung-cu-bom-gas-may-lanh.jpg 750w, https:\/\/maybommini.vn\/wp-content\/uploads\/2018\/07\/vali-dung-cu-bom-gas-may-lanh-300x300.jpg 300w, https:\/\/maybommini.vn\/wp-content\/uploads\/2018\/07\/vali-dung-cu-bom-gas-may-lanh-150x150.jpg 150w, https:\/\/maybommini.vn\/wp-content\/uploads\/2018\/07\/vali-dung-cu-bom-gas-may-lanh-600x600.jpg 600w\" sizes=\"(max-width: 750px) 100vw, 750px\" \/><\/a><\/p>\n<p><a href=\"https:\/\/maybommini.com\/wp-content\/uploads\/2018\/07\/bo-dung-cu-do-bom-gas-dien-lanh.jpg\" target=\"_blank\" rel=\"noopener\"><img decoding=\"async\" class=\"size-full wp-image-260927 aligncenter\" src=\"https:\/\/maybommini.com\/wp-content\/uploads\/2018\/07\/bo-dung-cu-do-bom-gas-dien-lanh.jpg\" alt=\"Bo Dung Cu Do Bom Gas Dien Lanh\" width=\"750\" height=\"750\" srcset=\"https:\/\/maybommini.vn\/wp-content\/uploads\/2018\/07\/bo-dung-cu-do-bom-gas-dien-lanh.jpg 750w, https:\/\/maybommini.vn\/wp-content\/uploads\/2018\/07\/bo-dung-cu-do-bom-gas-dien-lanh-300x300.jpg 300w, https:\/\/maybommini.vn\/wp-content\/uploads\/2018\/07\/bo-dung-cu-do-bom-gas-dien-lanh-150x150.jpg 150w, https:\/\/maybommini.vn\/wp-content\/uploads\/2018\/07\/bo-dung-cu-do-bom-gas-dien-lanh-600x600.jpg 600w\" sizes=\"(max-width: 750px) 100vw, 750px\" \/><\/a><\/p>\n<p>&nbsp;<\/p>\n","protected":false},"excerpt":{"rendered":"<p>Model: TBDC-DO-GAS<br \/>\n\u0110\u1ed3ng h\u1ed3 \u0111o gas<br \/>\n\u1ed0ng d\u00e2y \u0111o gas<br \/>\nVan kho\u00e1 \u0111o gas<br \/>\nM\u00f3c \u0111\u1ed3ng h\u1ed3<br \/>\nTh\u00f9ng vali<br \/>\nCh\u1ea5t li\u1ec7u: \u0110\u1ed3ng, h\u1ee3p kim v\u00e0 nh\u1ef1a ABS<br \/>\nBao g\u1ed3m 5 thi\u1ebft b\u1ecb.<br \/>\nTr\u1ecdng l\u01b0\u1ee3ng: 1.5 Kg<br \/>\nB\u1ea3o h\u00e0nh: 1 th\u00e1ng<br \/>\nPh\u00e2n ph\u1ed1i:\u00a0<a href=\"https:\/\/maybommini.com\/\" target=\"_blank\" rel=\"noopener\">Maybommini.com<\/a><br \/>\nS\u1ea3n ph\u1ea9m cao c\u1ea5p<br \/>\nKh\u1eb3ng \u0111\u1ecbnh \u0111\u1ed9 an to\u00e0n v\u00e0 ch\u1ea5t l\u01b0\u1ee3ng.<br \/>\n<strong>H\u00f4\u0309 tr\u01a1\u0323 ky\u0303 thu\u00e2\u0323t vi\u0303nh vi\u00ea\u0303n.<\/strong><br \/>\n<strong>T\u01af V\u1ea4N K\u1ef8 THU\u1eacT \u2013 MUA H\u00c0NG<br \/>\n0908997823 \u2013 0908997872<br \/>\n0907294310 \u2013 02873030399<\/strong><\/p>\n","protected":false},"featured_media":263505,"comment_status":"open","ping_status":"closed","template":"","meta":[],"product_brand":[2227],"product_cat":[317],"product_tag":[2329,2331,2332,2330,2333],"class_list":{"0":"post-259487","1":"product","2":"type-product","3":"status-publish","4":"has-post-thumbnail","6":"product_brand-mtm","7":"product_cat-thiet-bi-dung-cu","8":"product_tag-do-gas","9":"product_tag-do-gas-may-lanh","10":"product_tag-dung-cu-dien-lanh","11":"product_tag-dung-cu-do-gas","12":"product_tag-thiet-bi-do-gas","14":"first","15":"instock","16":"sale","17":"shipping-taxable","18":"purchasable","19":"product-type-simple"},"_links":{"self":[{"href":"https:\/\/maybommini.vn\/index.php?rest_route=\/wp\/v2\/product\/259487","targetHints":{"allow":["GET"]}}],"collection":[{"href":"https:\/\/maybommini.vn\/index.php?rest_route=\/wp\/v2\/product"}],"about":[{"href":"https:\/\/maybommini.vn\/index.php?rest_route=\/wp\/v2\/types\/product"}],"replies":[{"embeddable":true,"href":"https:\/\/maybommini.vn\/index.php?rest_route=%2Fwp%2Fv2%2Fcomments&post=259487"}],"wp:featuredmedia":[{"embeddable":true,"href":"https:\/\/maybommini.vn\/index.php?rest_route=\/wp\/v2\/media\/263505"}],"wp:attachment":[{"href":"https:\/\/maybommini.vn\/index.php?rest_route=%2Fwp%2Fv2%2Fmedia&parent=259487"}],"wp:term":[{"taxonomy":"product_brand","embeddable":true,"href":"https:\/\/maybommini.vn\/index.php?rest_route=%2Fwp%2Fv2%2Fproduct_brand&post=259487"},{"taxonomy":"product_cat","embeddable":true,"href":"https:\/\/maybommini.vn\/index.php?rest_route=%2Fwp%2Fv2%2Fproduct_cat&post=259487"},{"taxonomy":"product_tag","embeddable":true,"href":"https:\/\/maybommini.vn\/index.php?rest_route=%2Fwp%2Fv2%2Fproduct_tag&post=259487"}],"curies":[{"name":"wp","href":"https:\/\/api.w.org\/{rel}","templated":true}]}}