{"id":259706,"date":"2018-08-04T12:21:26","date_gmt":"2018-08-04T05:21:26","guid":{"rendered":"https:\/\/maybommini.com\/?post_type=product&#038;p=259706"},"modified":"2019-07-25T08:54:17","modified_gmt":"2019-07-25T01:54:17","slug":"may-bom-nuoc-mini-ap-luc-12v-100w-8l-yd","status":"publish","type":"product","link":"https:\/\/maybommini.vn\/?product=may-bom-nuoc-mini-ap-luc-12v-100w-8l-yd","title":{"rendered":"M\u00e1y b\u01a1m n\u01b0\u1edbc mini \u00e1p l\u1ef1c 12V 100W 8L YD"},"content":{"rendered":"<p><strong>Chuy\u00ean cung c\u1ea5p m\u00e1y b\u01a1m n\u01b0\u1edbc mini \u00e1p l\u1ef1c 12V 100W 8L YD\u00a0r\u1ea5t th\u00edch h\u1ee3p phun thu\u1ed1c tr\u1eeb s\u00e2u, phun s\u01b0\u01a1ng t\u01b0\u1edbi lan v\u00e0 v\u1ec7 sinh m\u00e1y l\u1ea1nh, r\u1eeda xe m\u00e1y v\u00e0 \u00f4t\u00f4.\u00a0\u00a0M\u00e1y b\u01a1m n\u01b0\u1edbc mini 12v 100w\u00a0do maybommini.com\u00a0\u0111\u1ed9c quy\u1ec1n ph\u00e2n ph\u1ed1i t\u1ea1i Vi\u1ec7t Nam v\u1edbi th\u01b0\u01a1ng hi\u1ec7u SmartPumps.<\/strong><\/p>\n<p><a href=\"https:\/\/maybommini.com\/wp-content\/uploads\/2018\/08\/may-bom-ap-luc-mini-100W-12V.jpg\" target=\"_blank\" rel=\"noopener\"><img decoding=\"async\" class=\"size-full wp-image-261311 aligncenter\" src=\"https:\/\/maybommini.com\/wp-content\/uploads\/2018\/08\/may-bom-ap-luc-mini-100W-12V.jpg\" alt=\"May Bom Ap Luc Mini 100W 12V\" width=\"750\" height=\"750\" srcset=\"https:\/\/maybommini.vn\/wp-content\/uploads\/2018\/08\/may-bom-ap-luc-mini-100W-12V.jpg 750w, https:\/\/maybommini.vn\/wp-content\/uploads\/2018\/08\/may-bom-ap-luc-mini-100W-12V-300x300.jpg 300w, https:\/\/maybommini.vn\/wp-content\/uploads\/2018\/08\/may-bom-ap-luc-mini-100W-12V-150x150.jpg 150w, https:\/\/maybommini.vn\/wp-content\/uploads\/2018\/08\/may-bom-ap-luc-mini-100W-12V-600x600.jpg 600w\" sizes=\"(max-width: 750px) 100vw, 750px\" \/><\/a><\/p>\n<p><strong>TH\u00d4NG S\u1ed0 K\u1ef8 THU\u1eacT M\u00c1Y B\u01a0M\u00a0\u00c1P L\u1ef0C 12V 100W 8L<br \/>\n<\/strong>Model: 12V-100W-YD<br \/>\n\u0110i\u1ec7n\u00a0\u00e1p : 12V DC<br \/>\nC\u00f4ng xu\u1ea5t : 100W<br \/>\n\u00c1p l\u1ef1c : 1.1 Mpa<br \/>\nL\u01b0u l\u01b0\u1ee3ng : 8L\/ph\u00fat<br \/>\nC\u00f4ng t\u1eaft\u00a0\u00e1p l\u1ef1c t\u1ef1\u00a0\u0111\u1ed9ng.<br \/>\nAuto On Off<br \/>\nT\u1ef1 h\u00fat n\u01b0\u1edbc s\u00e2u : 1.5 m\u00e9t<br \/>\nCh\u1ea5t li\u1ec7u: \u0110\u1ed3ng &#8211; Gang &#8211; Nh\u1ef1a ABS<br \/>\nMotor : l\u00f5i d\u00e2y \u0111\u1ed3ng 100%<br \/>\nRen n\u1ed1i \u1ed1ng: 21mm<br \/>\nTr\u1ecdng l\u01b0\u1ee3ng : 1.2 Kg<br \/>\nK\u00edch th\u01b0\u1edbc : 183 x 73 x 30 mm<\/p>\n<p><a href=\"https:\/\/maybommini.com\/wp-content\/uploads\/2018\/08\/may-bom-ren-21mm-tu-dong-tang-ap.jpg\" target=\"_blank\" rel=\"noopener\"><img decoding=\"async\" class=\"size-full wp-image-261313 aligncenter\" src=\"https:\/\/maybommini.com\/wp-content\/uploads\/2018\/08\/may-bom-ren-21mm-tu-dong-tang-ap.jpg\" alt=\"May Bom Ren 21mm Tu Dong Tang Ap\" width=\"750\" height=\"750\" srcset=\"https:\/\/maybommini.vn\/wp-content\/uploads\/2018\/08\/may-bom-ren-21mm-tu-dong-tang-ap.jpg 750w, https:\/\/maybommini.vn\/wp-content\/uploads\/2018\/08\/may-bom-ren-21mm-tu-dong-tang-ap-300x300.jpg 300w, https:\/\/maybommini.vn\/wp-content\/uploads\/2018\/08\/may-bom-ren-21mm-tu-dong-tang-ap-150x150.jpg 150w, https:\/\/maybommini.vn\/wp-content\/uploads\/2018\/08\/may-bom-ren-21mm-tu-dong-tang-ap-600x600.jpg 600w\" sizes=\"(max-width: 750px) 100vw, 750px\" \/><\/a> <a href=\"https:\/\/maybommini.com\/wp-content\/uploads\/2018\/08\/may-bom-mini-ap-luc-12V-100W-YD-Smartpumps.jpg\" target=\"_blank\" rel=\"noopener\"><img decoding=\"async\" class=\"size-full wp-image-261312 aligncenter\" src=\"https:\/\/maybommini.com\/wp-content\/uploads\/2018\/08\/may-bom-mini-ap-luc-12V-100W-YD-Smartpumps.jpg\" alt=\"May Bom Mini Ap Luc 12V 100W YD Smartpumps\" width=\"750\" height=\"750\" srcset=\"https:\/\/maybommini.vn\/wp-content\/uploads\/2018\/08\/may-bom-mini-ap-luc-12V-100W-YD-Smartpumps.jpg 750w, https:\/\/maybommini.vn\/wp-content\/uploads\/2018\/08\/may-bom-mini-ap-luc-12V-100W-YD-Smartpumps-300x300.jpg 300w, https:\/\/maybommini.vn\/wp-content\/uploads\/2018\/08\/may-bom-mini-ap-luc-12V-100W-YD-Smartpumps-150x150.jpg 150w, https:\/\/maybommini.vn\/wp-content\/uploads\/2018\/08\/may-bom-mini-ap-luc-12V-100W-YD-Smartpumps-600x600.jpg 600w\" sizes=\"(max-width: 750px) 100vw, 750px\" \/><\/a> <a href=\"https:\/\/maybommini.com\/wp-content\/uploads\/2018\/08\/may-bom-rua-xe-mini-12v.jpg\" target=\"_blank\" rel=\"noopener\"><img decoding=\"async\" class=\"size-full wp-image-261314 aligncenter\" src=\"https:\/\/maybommini.com\/wp-content\/uploads\/2018\/08\/may-bom-rua-xe-mini-12v.jpg\" alt=\"May Bom Rua Xe Mini 12v\" width=\"750\" height=\"750\" srcset=\"https:\/\/maybommini.vn\/wp-content\/uploads\/2018\/08\/may-bom-rua-xe-mini-12v.jpg 750w, https:\/\/maybommini.vn\/wp-content\/uploads\/2018\/08\/may-bom-rua-xe-mini-12v-300x300.jpg 300w, https:\/\/maybommini.vn\/wp-content\/uploads\/2018\/08\/may-bom-rua-xe-mini-12v-150x150.jpg 150w, https:\/\/maybommini.vn\/wp-content\/uploads\/2018\/08\/may-bom-rua-xe-mini-12v-600x600.jpg 600w\" sizes=\"(max-width: 750px) 100vw, 750px\" \/><\/a> <a href=\"https:\/\/maybommini.com\/wp-content\/uploads\/2018\/08\/may-bom-tro-luc-may-giat-tu-dong.jpg\" target=\"_blank\" rel=\"noopener\"><img decoding=\"async\" class=\"aligncenter wp-image-261315 size-full\" src=\"https:\/\/maybommini.com\/wp-content\/uploads\/2018\/08\/may-bom-tro-luc-may-giat-tu-dong.jpg\" alt=\"May Bom Tro Luc May Giat Tu Dong\" width=\"750\" height=\"750\" srcset=\"https:\/\/maybommini.vn\/wp-content\/uploads\/2018\/08\/may-bom-tro-luc-may-giat-tu-dong.jpg 750w, https:\/\/maybommini.vn\/wp-content\/uploads\/2018\/08\/may-bom-tro-luc-may-giat-tu-dong-300x300.jpg 300w, https:\/\/maybommini.vn\/wp-content\/uploads\/2018\/08\/may-bom-tro-luc-may-giat-tu-dong-150x150.jpg 150w, https:\/\/maybommini.vn\/wp-content\/uploads\/2018\/08\/may-bom-tro-luc-may-giat-tu-dong-600x600.jpg 600w\" sizes=\"(max-width: 750px) 100vw, 750px\" \/><\/a><\/p>\n<p><strong><a href=\"https:\/\/maybommini.com\/wp-content\/uploads\/2018\/09\/sung-dung-may-bom-ap-luc-mini12v-24v-tien-loi.jpg\" target=\"_blank\" rel=\"noopener\"><img decoding=\"async\" class=\"wp-image-260112 aligncenter\" src=\"https:\/\/maybommini.com\/wp-content\/uploads\/2018\/09\/sung-dung-may-bom-ap-luc-mini12v-24v-tien-loi.jpg\" alt=\"Sung Dung May Bom Ap Luc Mini12v 24v Tien Loi\" width=\"750\" height=\"750\" srcset=\"https:\/\/maybommini.vn\/wp-content\/uploads\/2018\/09\/sung-dung-may-bom-ap-luc-mini12v-24v-tien-loi.jpg 820w, https:\/\/maybommini.vn\/wp-content\/uploads\/2018\/09\/sung-dung-may-bom-ap-luc-mini12v-24v-tien-loi-300x300.jpg 300w, https:\/\/maybommini.vn\/wp-content\/uploads\/2018\/09\/sung-dung-may-bom-ap-luc-mini12v-24v-tien-loi-150x150.jpg 150w, https:\/\/maybommini.vn\/wp-content\/uploads\/2018\/09\/sung-dung-may-bom-ap-luc-mini12v-24v-tien-loi-600x600.jpg 600w\" sizes=\"(max-width: 750px) 100vw, 750px\" \/><\/a><a href=\"https:\/\/maybommini.com\/wp-content\/uploads\/2018\/09\/ve-sinh-may-lanh-bang-may-ap-luc-mini.jpg\" target=\"_blank\" rel=\"noopener\"><img decoding=\"async\" class=\"aligncenter wp-image-260208\" src=\"https:\/\/maybommini.com\/wp-content\/uploads\/2018\/09\/ve-sinh-may-lanh-bang-may-ap-luc-mini.jpg\" alt=\"Ve Sinh May Lanh Bang May Ap Luc Mini\" width=\"750\" height=\"750\" srcset=\"https:\/\/maybommini.vn\/wp-content\/uploads\/2018\/09\/ve-sinh-may-lanh-bang-may-ap-luc-mini.jpg 820w, https:\/\/maybommini.vn\/wp-content\/uploads\/2018\/09\/ve-sinh-may-lanh-bang-may-ap-luc-mini-300x300.jpg 300w, https:\/\/maybommini.vn\/wp-content\/uploads\/2018\/09\/ve-sinh-may-lanh-bang-may-ap-luc-mini-150x150.jpg 150w, https:\/\/maybommini.vn\/wp-content\/uploads\/2018\/09\/ve-sinh-may-lanh-bang-may-ap-luc-mini-600x600.jpg 600w\" sizes=\"(max-width: 750px) 100vw, 750px\" \/><\/a><a href=\"https:\/\/maybommini.com\/wp-content\/uploads\/2018\/05\/he-thong-phun-thuoc-tru-sau.jpg\" target=\"_blank\" rel=\"noopener\"><img decoding=\"async\" class=\"aligncenter wp-image-258623\" src=\"https:\/\/maybommini.com\/wp-content\/uploads\/2018\/05\/he-thong-phun-thuoc-tru-sau.jpg\" alt=\"He Thong Phun Thuoc Tru Sau\" width=\"750\" height=\"750\" srcset=\"https:\/\/maybommini.vn\/wp-content\/uploads\/2018\/05\/he-thong-phun-thuoc-tru-sau.jpg 820w, https:\/\/maybommini.vn\/wp-content\/uploads\/2018\/05\/he-thong-phun-thuoc-tru-sau-300x300.jpg 300w, https:\/\/maybommini.vn\/wp-content\/uploads\/2018\/05\/he-thong-phun-thuoc-tru-sau-150x150.jpg 150w, https:\/\/maybommini.vn\/wp-content\/uploads\/2018\/05\/he-thong-phun-thuoc-tru-sau-600x600.jpg 600w\" sizes=\"(max-width: 750px) 100vw, 750px\" \/><\/a> <a href=\"https:\/\/maybommini.com\/wp-content\/uploads\/2018\/09\/phun-xit-thuoc-tru-sau-bang-may-bom-ap-luc-mini.jpg\" target=\"_blank\" rel=\"noopener\"><img decoding=\"async\" class=\"wp-image-260110 aligncenter\" src=\"https:\/\/maybommini.com\/wp-content\/uploads\/2018\/09\/phun-xit-thuoc-tru-sau-bang-may-bom-ap-luc-mini.jpg\" alt=\"Phun Xit Thuoc Tru Sau Bang May Bom Ap Luc Mini\" width=\"750\" height=\"750\" srcset=\"https:\/\/maybommini.vn\/wp-content\/uploads\/2018\/09\/phun-xit-thuoc-tru-sau-bang-may-bom-ap-luc-mini.jpg 820w, https:\/\/maybommini.vn\/wp-content\/uploads\/2018\/09\/phun-xit-thuoc-tru-sau-bang-may-bom-ap-luc-mini-300x300.jpg 300w, https:\/\/maybommini.vn\/wp-content\/uploads\/2018\/09\/phun-xit-thuoc-tru-sau-bang-may-bom-ap-luc-mini-150x150.jpg 150w, https:\/\/maybommini.vn\/wp-content\/uploads\/2018\/09\/phun-xit-thuoc-tru-sau-bang-may-bom-ap-luc-mini-600x600.jpg 600w, https:\/\/maybommini.vn\/wp-content\/uploads\/2018\/09\/phun-xit-thuoc-tru-sau-bang-may-bom-ap-luc-mini-768x768.jpg 768w\" sizes=\"(max-width: 750px) 100vw, 750px\" \/><\/a><br \/>\nMUA M\u00c1Y B\u01a0M N\u01af\u1edaC MINI 12V 100W \u1ede \u0110\u00c2U ?<br \/>\n<\/strong>M\u1ecdi chi ti\u1ebft vui l\u00f2ng li\u00ean h\u1ec7 tr\u1ef1c ti\u1ebfp cho ch\u00fang t\u00f4i \u0111\u1ec3 \u0111\u01b0\u1ee3c t\u01b0 v\u1ea5n theo nhu c\u1ea7u \u0111\u1ec3 c\u00f3 \u0111\u01b0\u1ee3c b\u1ed9 s\u1ea3n ph\u1ea9m t\u1ed1t nh\u1ea5t v\u00e0 ti\u1ebft ki\u1ec7m.\u00a0B\u1ea1n \u1edf xa v\u1eabn c\u00f3 th\u1ec3 mua h\u00e0ng v\u00e0 giao h\u00e0ng thanh to\u00e1n ti\u1ec1n t\u1ea1i nh\u00e0.<\/p>\n<p><img decoding=\"async\" class=\"size-full wp-image-254389 aligncenter\" src=\"https:\/\/maybommini.com.vn\/wp-content\/uploads\/2018\/01\/bom-nuoc-mini-12v-24-100w-banner.jpg\" alt=\"Bom Nuoc Mini 12v 24 100w Banner\" width=\"880\" height=\"454\" srcset=\"https:\/\/maybommini.vn\/wp-content\/uploads\/2018\/01\/bom-nuoc-mini-12v-24-100w-banner.jpg 880w, https:\/\/maybommini.vn\/wp-content\/uploads\/2018\/01\/bom-nuoc-mini-12v-24-100w-banner-600x310.jpg 600w, https:\/\/maybommini.vn\/wp-content\/uploads\/2018\/01\/bom-nuoc-mini-12v-24-100w-banner-300x155.jpg 300w, https:\/\/maybommini.vn\/wp-content\/uploads\/2018\/01\/bom-nuoc-mini-12v-24-100w-banner-768x396.jpg 768w\" sizes=\"(max-width: 880px) 100vw, 880px\" \/> Ch\u00fang t\u00f4i l\u00e0 nh\u00e0 cung c\u1ea5p m\u00e1y b\u01a1m\u00a0\u00e1p l\u1ef1c mini 12V 24V h\u00e0ng\u00a0\u0111\u1ea7u Vi\u1ec7t Nam. C\u00e1c s\u1ea3n ph\u1ea9m \u0111\u01b0\u1ee3c b\u1ea3o h\u00e0nh ch\u00ednh h\u00e3ng v\u00e0 h\u1ed5 tr\u1ee3 K\u1ef9 Thu\u1eadt v\u0129nh vi\u1ec5n.<\/p>\n<p><strong>CTY TNHH TH\u01af\u01a0NG M\u1ea0I D\u1ecaCH V\u1ee4 \u0110I\u1ec6N M\u00c1Y TH\u00d4NG MINH<\/strong><br \/>\nHotline : 090 729 4310<br \/>\nEmail : maybommini.com@gmail.com<br \/>\nWebsite : http:\/\/maybommini.com<br \/>\nFacebook : <a href=\"https:\/\/www.facebook.com\/maybommini\" target=\"_blank\" rel=\"noopener\">https:\/\/www.facebook.com\/maybommini<\/a><br \/>\nGoogle : <a href=\"https:\/\/plus.google.com\/ Maybomnuocminiruaxe\" target=\"_blank\" rel=\"noopener\">https:\/\/plus.google.com\/ Maybomnuocminiruaxe<\/a><br \/>\nYoutube demo : <a href=\"https:\/\/www.youtube.com\/bahamasali\" target=\"_blank\" rel=\"noopener\">https:\/\/www.youtube.com\/bahamasali<\/a><\/p>\n<h2><a href=\"https:\/\/maybommini.com\/wp-content\/uploads\/2018\/08\/may-bom-ap-luc-12v-100W-YD.jpg\" target=\"_blank\" rel=\"noopener\"><img decoding=\"async\" class=\"aligncenter wp-image-259709\" src=\"https:\/\/maybommini.com\/wp-content\/uploads\/2018\/08\/may-bom-ap-luc-12v-100W-YD.jpg\" alt=\"May Bom Ap Luc 12v 100W YD\" width=\"750\" height=\"750\" srcset=\"https:\/\/maybommini.vn\/wp-content\/uploads\/2018\/08\/may-bom-ap-luc-12v-100W-YD.jpg 820w, https:\/\/maybommini.vn\/wp-content\/uploads\/2018\/08\/may-bom-ap-luc-12v-100W-YD-300x300.jpg 300w, https:\/\/maybommini.vn\/wp-content\/uploads\/2018\/08\/may-bom-ap-luc-12v-100W-YD-150x150.jpg 150w, https:\/\/maybommini.vn\/wp-content\/uploads\/2018\/08\/may-bom-ap-luc-12v-100W-YD-600x600.jpg 600w\" sizes=\"(max-width: 750px) 100vw, 750px\" \/><\/a><\/h2>\n<h2 style=\"text-align: center;\">M\u00e1y b\u01a1m n\u01b0\u1edbc mini \u00e1p l\u1ef1c 12V 100W 8L YD<\/h2>\n","protected":false},"excerpt":{"rendered":"<p>Model: 12V-100W-YD<br \/>\n\u0110i\u1ec7n\u00a0\u00e1p : 12V DC<br \/>\nC\u00f4ng xu\u1ea5t : 100W<br \/>\n\u00c1p l\u1ef1c : 1.1 Mpa<br \/>\nL\u01b0u l\u01b0\u1ee3ng : 8L\/ph\u00fat<br \/>\nC\u00f4ng t\u1eaft\u00a0\u00e1p l\u1ef1c t\u1ef1\u00a0\u0111\u1ed9ng.<br \/>\nAuto On Off<br \/>\nT\u1ef1 h\u00fat n\u01b0\u1edbc s\u00e2u : 1.5 m\u00e9t<br \/>\nCh\u1ea5t li\u1ec7u: \u0110\u1ed3ng &#8211; Gang &#8211; Nh\u1ef1a ABS<br \/>\nMotor : l\u00f5i d\u00e2y \u0111\u1ed3ng 100%<br \/>\nRen n\u1ed1i \u1ed1ng: 21mm<br \/>\nTr\u1ecdng l\u01b0\u1ee3ng : 1.2 Kg<br \/>\nK\u00edch th\u01b0\u1edbc : 183 x 73 x 30 mm<br \/>\nB\u1ea3o h\u00e0nh: 6 th\u00e1ng<br \/>\nS\u1ea3n ph\u1ea9m cao c\u1ea5p<br \/>\nKh\u1eb3ng \u0111\u1ecbnh \u0111\u1ed9 an to\u00e0n<br \/>\nCh\u1ea5t l\u01b0\u1ee3ng s\u1ea3n ph\u1ea9m v\u1edbi ng\u01b0\u1eddi ti\u00eau d\u00f9ng.<br \/>\n<strong>H\u00f4\u0309 tr\u01a1\u0323 ky\u0303 thu\u00e2\u0323t vi\u0303nh vi\u00ea\u0303n.<\/strong><br \/>\n<strong>T\u01af V\u1ea4N K\u1ef8 THU\u1eacT \u2013 MUA H\u00c0NG<br \/>\n0908997823 \u2013 0908997872<br \/>\n0907294310 \u2013 02873030399<\/strong><\/p>\n","protected":false},"featured_media":261311,"comment_status":"open","ping_status":"closed","template":"","meta":[],"product_brand":[44],"product_cat":[197,225],"product_tag":[2381,419,2380,235,359,375,2382,420],"class_list":{"0":"post-259706","1":"product","2":"type-product","3":"status-publish","4":"has-post-thumbnail","6":"product_brand-smartpumps","7":"product_cat-may-bom-ap-luc-12v","8":"product_cat-may-bom-nuoc-mini-12v","9":"product_tag-100w-yd","10":"product_tag-12v-100w","11":"product_tag-12v100w","12":"product_tag-bom-nuoc-mini","13":"product_tag-may-bom-ap-luc-12v","14":"product_tag-may-bom-nuoc","15":"product_tag-may-bom-yd-10w","16":"product_tag-smartpumps","18":"first","19":"instock","20":"sale","21":"shipping-taxable","22":"purchasable","23":"product-type-simple"},"_links":{"self":[{"href":"https:\/\/maybommini.vn\/index.php?rest_route=\/wp\/v2\/product\/259706","targetHints":{"allow":["GET"]}}],"collection":[{"href":"https:\/\/maybommini.vn\/index.php?rest_route=\/wp\/v2\/product"}],"about":[{"href":"https:\/\/maybommini.vn\/index.php?rest_route=\/wp\/v2\/types\/product"}],"replies":[{"embeddable":true,"href":"https:\/\/maybommini.vn\/index.php?rest_route=%2Fwp%2Fv2%2Fcomments&post=259706"}],"wp:featuredmedia":[{"embeddable":true,"href":"https:\/\/maybommini.vn\/index.php?rest_route=\/wp\/v2\/media\/261311"}],"wp:attachment":[{"href":"https:\/\/maybommini.vn\/index.php?rest_route=%2Fwp%2Fv2%2Fmedia&parent=259706"}],"wp:term":[{"taxonomy":"product_brand","embeddable":true,"href":"https:\/\/maybommini.vn\/index.php?rest_route=%2Fwp%2Fv2%2Fproduct_brand&post=259706"},{"taxonomy":"product_cat","embeddable":true,"href":"https:\/\/maybommini.vn\/index.php?rest_route=%2Fwp%2Fv2%2Fproduct_cat&post=259706"},{"taxonomy":"product_tag","embeddable":true,"href":"https:\/\/maybommini.vn\/index.php?rest_route=%2Fwp%2Fv2%2Fproduct_tag&post=259706"}],"curies":[{"name":"wp","href":"https:\/\/api.w.org\/{rel}","templated":true}]}}