{"id":260159,"date":"2018-09-08T16:09:05","date_gmt":"2018-09-08T09:09:05","guid":{"rendered":"https:\/\/maybommini.com\/?post_type=product&#038;p=260159"},"modified":"2026-02-07T06:24:43","modified_gmt":"2026-02-06T23:24:43","slug":"may-bom-xang-dau-nhot-220v-380w-50l-red-smartpumps","status":"publish","type":"product","link":"https:\/\/maybommini.vn\/?product=may-bom-xang-dau-nhot-220v-380w-50l-red-smartpumps","title":{"rendered":"M\u00e1y b\u01a1m x\u0103ng d\u1ea7u nh\u1edbt 220V 380W 50L RED SMARTPUMPS"},"content":{"rendered":"<p><strong>Chuy\u00ean ph\u00e2n ph\u1ed1i m\u00e1y b\u01a1m x\u0103ng d\u1ea7u nh\u1edbt 220V 380W 50L RED SMARTPUMPS chuy\u00ean d\u1ee5ng b\u01a1m nhi\u00ean li\u1ec7u. V\u1edbi v\u1edbi c\u00f4ng xu\u1ea5t b\u01a1m l\u1edbn v\u00e0 l\u01b0u l\u01b0\u1ee3ng cao th\u00edch h\u1ee3p b\u01a1m nhi\u00ean li\u1ec7u t\u00e0u xe ph\u01b0\u01a1ng ti\u1ec7n b\u01a1m sang chi\u1ebft ch\u1ea5t l\u1ecfng.<\/strong><\/p>\n<p><a href=\"https:\/\/maybommini.com\/wp-content\/uploads\/2018\/09\/may-bom-xang-dau-nhot-220V-380W-50L-red.jpg\" target=\"_blank\" rel=\"noopener\"><img decoding=\"async\" class=\"size-full wp-image-260137 aligncenter\" src=\"https:\/\/maybommini.com\/wp-content\/uploads\/2018\/09\/may-bom-xang-dau-nhot-220V-380W-50L-red.jpg\" alt=\"May Bom Xang Dau Nhot 220V 380W 50L Red\" width=\"820\" height=\"820\" srcset=\"https:\/\/maybommini.vn\/wp-content\/uploads\/2018\/09\/may-bom-xang-dau-nhot-220V-380W-50L-red.jpg 820w, https:\/\/maybommini.vn\/wp-content\/uploads\/2018\/09\/may-bom-xang-dau-nhot-220V-380W-50L-red-300x300.jpg 300w, https:\/\/maybommini.vn\/wp-content\/uploads\/2018\/09\/may-bom-xang-dau-nhot-220V-380W-50L-red-150x150.jpg 150w, https:\/\/maybommini.vn\/wp-content\/uploads\/2018\/09\/may-bom-xang-dau-nhot-220V-380W-50L-red-600x600.jpg 600w\" sizes=\"(max-width: 820px) 100vw, 820px\" \/><\/a><\/p>\n<p><strong>TH\u00d4NG S\u1ed0 K\u1ef8 THU\u1eacT<br \/>\n<\/strong>Th\u01b0\u01a1ng hi\u1ec7u: Smartpumps<br \/>\nModel: XD-RED-50-220-380<br \/>\n\u0110i\u1ec7n th\u1ebf : 220V AC<br \/>\nC\u00f4ng su\u1ea5t : 380W<br \/>\nL\u01b0u l\u01b0\u1ee3ng: 50L\/ph\u00fat<br \/>\nH\u00fat : 3 &#8211; 5 m\u00e9t<br \/>\n\u0110\u1ea9y: 10 &#8211; 15 m\u00e9t<br \/>\n\u1ed0ng ra v\u00e0o: 27 mm &#8211; G3\/4<br \/>\nCh\u1ea5t li\u1ec7u: Inox Gang \u0110\u1ed3ng Nh\u1ef1a ABS<br \/>\nM\u00e1y b\u01a1m t\u1ef1\u00a0\u0111\u1ed9ng m\u1ed3i.<br \/>\n\u0110\u1ea7u n\u1ed1i \u1ed1ng ra v\u00e0o.<br \/>\nK\u00e8m l\u1ecdc inox cao c\u1ea5p<br \/>\nTr\u1ecdng l\u01b0\u1ee3ng: 3.2 Kg<br \/>\nK\u00edch th\u01b0\u1edbc: 20 x 20 x 16 Cm<br \/>\nT\u00ecnh tr\u1ea1ng: H\u00e0ng m\u1edbi 100%<br \/>\nB\u1ea3o h\u00e0nh: 6 th\u00e1ng (1\u00a0\u0111\u1ed5i 1)<br \/>\nKh\u00f4ng b\u1ea3o h\u00e0nh c\u00e1nh m\u00e1y b\u01a1m<br \/>\nXu\u1ea5t x\u1ee9: CHINA cao c\u1ea5p<\/p>\n<p><a href=\"https:\/\/maybommini.com\/wp-content\/uploads\/2018\/09\/may-bom-xang-dau-220v-cao-cap.jpg\" target=\"_blank\" rel=\"noopener\"><img decoding=\"async\" class=\"size-full wp-image-260133 aligncenter\" src=\"https:\/\/maybommini.com\/wp-content\/uploads\/2018\/09\/may-bom-xang-dau-220v-cao-cap.jpg\" alt=\"May Bom Xang Dau 220v Cao Cap\" width=\"820\" height=\"820\" srcset=\"https:\/\/maybommini.vn\/wp-content\/uploads\/2018\/09\/may-bom-xang-dau-220v-cao-cap.jpg 820w, https:\/\/maybommini.vn\/wp-content\/uploads\/2018\/09\/may-bom-xang-dau-220v-cao-cap-300x300.jpg 300w, https:\/\/maybommini.vn\/wp-content\/uploads\/2018\/09\/may-bom-xang-dau-220v-cao-cap-150x150.jpg 150w, https:\/\/maybommini.vn\/wp-content\/uploads\/2018\/09\/may-bom-xang-dau-220v-cao-cap-600x600.jpg 600w\" sizes=\"(max-width: 820px) 100vw, 820px\" \/><\/a><\/p>\n<h3 style=\"text-align: center;\">M\u00e1y b\u01a1m x\u0103ng d\u1ea7u nh\u1edbt 220V<\/h3>\n<p><a href=\"https:\/\/maybommini.com\/wp-content\/uploads\/2018\/09\/kich-thuoc-may-bom-xang-dau-RED-Smartpumps.jpg\" target=\"_blank\" rel=\"noopener\"><img decoding=\"async\" class=\"size-full wp-image-260128 aligncenter\" src=\"https:\/\/maybommini.com\/wp-content\/uploads\/2018\/09\/kich-thuoc-may-bom-xang-dau-RED-Smartpumps.jpg\" alt=\"Kich Thuoc May Bom Xang Dau RED Smartpumps\" width=\"820\" height=\"820\" srcset=\"https:\/\/maybommini.vn\/wp-content\/uploads\/2018\/09\/kich-thuoc-may-bom-xang-dau-RED-Smartpumps.jpg 820w, https:\/\/maybommini.vn\/wp-content\/uploads\/2018\/09\/kich-thuoc-may-bom-xang-dau-RED-Smartpumps-300x300.jpg 300w, https:\/\/maybommini.vn\/wp-content\/uploads\/2018\/09\/kich-thuoc-may-bom-xang-dau-RED-Smartpumps-150x150.jpg 150w, https:\/\/maybommini.vn\/wp-content\/uploads\/2018\/09\/kich-thuoc-may-bom-xang-dau-RED-Smartpumps-600x600.jpg 600w\" sizes=\"(max-width: 820px) 100vw, 820px\" \/><\/a> <a href=\"https:\/\/maybommini.com\/wp-content\/uploads\/2018\/09\/chuyen-phan-phoi-cac-loai-may-bom-xang-dau.jpg\" target=\"_blank\" rel=\"noopener\"><img decoding=\"async\" class=\"size-full wp-image-260126 aligncenter\" src=\"https:\/\/maybommini.com\/wp-content\/uploads\/2018\/09\/chuyen-phan-phoi-cac-loai-may-bom-xang-dau.jpg\" alt=\"Chuyen Phan Phoi Cac Loai May Bom Xang Dau\" width=\"820\" height=\"820\" srcset=\"https:\/\/maybommini.vn\/wp-content\/uploads\/2018\/09\/chuyen-phan-phoi-cac-loai-may-bom-xang-dau.jpg 820w, https:\/\/maybommini.vn\/wp-content\/uploads\/2018\/09\/chuyen-phan-phoi-cac-loai-may-bom-xang-dau-300x300.jpg 300w, https:\/\/maybommini.vn\/wp-content\/uploads\/2018\/09\/chuyen-phan-phoi-cac-loai-may-bom-xang-dau-150x150.jpg 150w, https:\/\/maybommini.vn\/wp-content\/uploads\/2018\/09\/chuyen-phan-phoi-cac-loai-may-bom-xang-dau-600x600.jpg 600w\" sizes=\"(max-width: 820px) 100vw, 820px\" \/><\/a> <a href=\"https:\/\/maybommini.com\/wp-content\/uploads\/2018\/09\/chuyen-ban-cac-loai-may-bom-nhien-lieu.jpg\" target=\"_blank\" rel=\"noopener\"><img decoding=\"async\" class=\"size-full wp-image-260125 aligncenter\" src=\"https:\/\/maybommini.com\/wp-content\/uploads\/2018\/09\/chuyen-ban-cac-loai-may-bom-nhien-lieu.jpg\" alt=\"Chuyen Ban Cac Loai May Bom Nhien Lieu\" width=\"820\" height=\"820\" srcset=\"https:\/\/maybommini.vn\/wp-content\/uploads\/2018\/09\/chuyen-ban-cac-loai-may-bom-nhien-lieu.jpg 820w, https:\/\/maybommini.vn\/wp-content\/uploads\/2018\/09\/chuyen-ban-cac-loai-may-bom-nhien-lieu-300x300.jpg 300w, https:\/\/maybommini.vn\/wp-content\/uploads\/2018\/09\/chuyen-ban-cac-loai-may-bom-nhien-lieu-150x150.jpg 150w, https:\/\/maybommini.vn\/wp-content\/uploads\/2018\/09\/chuyen-ban-cac-loai-may-bom-nhien-lieu-600x600.jpg 600w, https:\/\/maybommini.vn\/wp-content\/uploads\/2018\/09\/chuyen-ban-cac-loai-may-bom-nhien-lieu-768x768.jpg 768w\" sizes=\"(max-width: 820px) 100vw, 820px\" \/><\/a> <a href=\"https:\/\/maybommini.com\/wp-content\/uploads\/2018\/09\/bo-phu-kien-may-bom-xang-dau.jpg\" target=\"_blank\" rel=\"noopener\"><img decoding=\"async\" class=\"size-full wp-image-260124 aligncenter\" src=\"https:\/\/maybommini.com\/wp-content\/uploads\/2018\/09\/bo-phu-kien-may-bom-xang-dau.jpg\" alt=\"Bo Phu Kien May Bom Xang Dau\" width=\"820\" height=\"820\" srcset=\"https:\/\/maybommini.vn\/wp-content\/uploads\/2018\/09\/bo-phu-kien-may-bom-xang-dau.jpg 820w, https:\/\/maybommini.vn\/wp-content\/uploads\/2018\/09\/bo-phu-kien-may-bom-xang-dau-300x300.jpg 300w, https:\/\/maybommini.vn\/wp-content\/uploads\/2018\/09\/bo-phu-kien-may-bom-xang-dau-150x150.jpg 150w, https:\/\/maybommini.vn\/wp-content\/uploads\/2018\/09\/bo-phu-kien-may-bom-xang-dau-600x600.jpg 600w\" sizes=\"(max-width: 820px) 100vw, 820px\" \/><\/a> <a href=\"https:\/\/maybommini.com\/wp-content\/uploads\/2018\/09\/may-bom-xang-dau-nhot-cao-cap-gia-re.jpg\" target=\"_blank\" rel=\"noopener\"><img decoding=\"async\" class=\"size-full wp-image-260138 aligncenter\" src=\"https:\/\/maybommini.com\/wp-content\/uploads\/2018\/09\/may-bom-xang-dau-nhot-cao-cap-gia-re.jpg\" alt=\"May Bom Xang Dau Nhot Cao Cap Gia Re\" width=\"820\" height=\"820\" srcset=\"https:\/\/maybommini.vn\/wp-content\/uploads\/2018\/09\/may-bom-xang-dau-nhot-cao-cap-gia-re.jpg 820w, https:\/\/maybommini.vn\/wp-content\/uploads\/2018\/09\/may-bom-xang-dau-nhot-cao-cap-gia-re-300x300.jpg 300w, https:\/\/maybommini.vn\/wp-content\/uploads\/2018\/09\/may-bom-xang-dau-nhot-cao-cap-gia-re-150x150.jpg 150w, https:\/\/maybommini.vn\/wp-content\/uploads\/2018\/09\/may-bom-xang-dau-nhot-cao-cap-gia-re-600x600.jpg 600w, https:\/\/maybommini.vn\/wp-content\/uploads\/2018\/09\/may-bom-xang-dau-nhot-cao-cap-gia-re-768x768.jpg 768w\" sizes=\"(max-width: 820px) 100vw, 820px\" \/><\/a> <a href=\"https:\/\/maybommini.com\/wp-content\/uploads\/2018\/09\/may-bom-xang-12v-24v-220v.jpg\" target=\"_blank\" rel=\"noopener\"><img decoding=\"async\" class=\"size-full wp-image-260132 aligncenter\" src=\"https:\/\/maybommini.com\/wp-content\/uploads\/2018\/09\/may-bom-xang-12v-24v-220v.jpg\" alt=\"May Bom Xang 12v 24v 220v\" width=\"820\" height=\"820\" srcset=\"https:\/\/maybommini.vn\/wp-content\/uploads\/2018\/09\/may-bom-xang-12v-24v-220v.jpg 820w, https:\/\/maybommini.vn\/wp-content\/uploads\/2018\/09\/may-bom-xang-12v-24v-220v-300x300.jpg 300w, https:\/\/maybommini.vn\/wp-content\/uploads\/2018\/09\/may-bom-xang-12v-24v-220v-150x150.jpg 150w, https:\/\/maybommini.vn\/wp-content\/uploads\/2018\/09\/may-bom-xang-12v-24v-220v-600x600.jpg 600w\" sizes=\"(max-width: 820px) 100vw, 820px\" \/><\/a> <a href=\"https:\/\/maybommini.com\/wp-content\/uploads\/2018\/09\/may-bom-xang-dau-DO-12V-24V-gia-re.jpg\" target=\"_blank\" rel=\"noopener\"><img decoding=\"async\" class=\"size-full wp-image-260134 aligncenter\" src=\"https:\/\/maybommini.com\/wp-content\/uploads\/2018\/09\/may-bom-xang-dau-DO-12V-24V-gia-re.jpg\" alt=\"May Bom Xang Dau DO 12V 24V Gia Re\" width=\"820\" height=\"820\" srcset=\"https:\/\/maybommini.vn\/wp-content\/uploads\/2018\/09\/may-bom-xang-dau-DO-12V-24V-gia-re.jpg 820w, https:\/\/maybommini.vn\/wp-content\/uploads\/2018\/09\/may-bom-xang-dau-DO-12V-24V-gia-re-300x300.jpg 300w, https:\/\/maybommini.vn\/wp-content\/uploads\/2018\/09\/may-bom-xang-dau-DO-12V-24V-gia-re-150x150.jpg 150w, https:\/\/maybommini.vn\/wp-content\/uploads\/2018\/09\/may-bom-xang-dau-DO-12V-24V-gia-re-600x600.jpg 600w\" sizes=\"(max-width: 820px) 100vw, 820px\" \/><\/a><\/p>\n<p><strong>\u1ee8NG D\u1ee4NG M\u00c1Y B\u01a0M X\u0102NG D\u1ea6U NH\u1edaT<\/strong><br \/>\n\u0110\u00e2y l\u00e0 lo\u1ea1i m\u00e1y b\u01a1m chuy\u00ean d\u1ee5ng trong vi\u1ec7c b\u01a1m nhi\u00ean li\u1ec7u cho xe\u00a0\u00d4to, t\u00e0u thuy\u1ec1n v\u00e0 c\u00e1c ph\u01b0\u01a1ng ti\u1ec7n kh\u00e1c.<br \/>\nD\u00f9ng b\u01a1m x\u0103ng d\u1ea7u nh\u00e0 kho.<br \/>\nB\u01a1m x\u0103ng v\u00e0o b\u1ed3n\u00a0ch\u1ee9a.<br \/>\nB\u01a1m nhi\u00ean li\u1ec7u t\u00e0u thuy\u1ec1n, x\u00e0 lan.<br \/>\nB\u01a1m x\u0103ng xe t\u1ea3i.<br \/>\nB\u01a1m nh\u1edbt c\u00e1c lo\u1ea1i.<br \/>\nB\u01a1m sang chi\u1ebft nhi\u00ean li\u1ec7u.<\/p>\n<p><a href=\"https:\/\/maybommini.com\/wp-content\/uploads\/2018\/09\/cung-cap-may-bom-xang-dau-so-1-VN.jpg\" target=\"_blank\" rel=\"noopener\"><img decoding=\"async\" class=\"size-full wp-image-260127 aligncenter\" src=\"https:\/\/maybommini.com\/wp-content\/uploads\/2018\/09\/cung-cap-may-bom-xang-dau-so-1-VN.jpg\" alt=\"Cung Cap May Bom Xang Dau So 1 VN\" width=\"820\" height=\"820\" srcset=\"https:\/\/maybommini.vn\/wp-content\/uploads\/2018\/09\/cung-cap-may-bom-xang-dau-so-1-VN.jpg 820w, https:\/\/maybommini.vn\/wp-content\/uploads\/2018\/09\/cung-cap-may-bom-xang-dau-so-1-VN-300x300.jpg 300w, https:\/\/maybommini.vn\/wp-content\/uploads\/2018\/09\/cung-cap-may-bom-xang-dau-so-1-VN-150x150.jpg 150w, https:\/\/maybommini.vn\/wp-content\/uploads\/2018\/09\/cung-cap-may-bom-xang-dau-so-1-VN-600x600.jpg 600w\" sizes=\"(max-width: 820px) 100vw, 820px\" \/><\/a> <a href=\"https:\/\/maybommini.com\/wp-content\/uploads\/2018\/09\/bo-dung-cu-bom-xang-dau-nhot-gia-re.jpg\" target=\"_blank\" rel=\"noopener\"><img decoding=\"async\" class=\"size-full wp-image-260123 aligncenter\" src=\"https:\/\/maybommini.com\/wp-content\/uploads\/2018\/09\/bo-dung-cu-bom-xang-dau-nhot-gia-re.jpg\" alt=\"Bo Dung Cu Bom Xang Dau Nhot Gia Re\" width=\"820\" height=\"820\" srcset=\"https:\/\/maybommini.vn\/wp-content\/uploads\/2018\/09\/bo-dung-cu-bom-xang-dau-nhot-gia-re.jpg 820w, https:\/\/maybommini.vn\/wp-content\/uploads\/2018\/09\/bo-dung-cu-bom-xang-dau-nhot-gia-re-300x300.jpg 300w, https:\/\/maybommini.vn\/wp-content\/uploads\/2018\/09\/bo-dung-cu-bom-xang-dau-nhot-gia-re-150x150.jpg 150w, https:\/\/maybommini.vn\/wp-content\/uploads\/2018\/09\/bo-dung-cu-bom-xang-dau-nhot-gia-re-600x600.jpg 600w\" sizes=\"(max-width: 820px) 100vw, 820px\" \/><\/a> <a href=\"https:\/\/maybommini.com\/wp-content\/uploads\/2018\/09\/chuyen-phan-phoi-cac-loai-may-bom-xang-dau.jpg\" target=\"_blank\" rel=\"noopener\"><img decoding=\"async\" class=\"size-full wp-image-260126 aligncenter\" src=\"https:\/\/maybommini.com\/wp-content\/uploads\/2018\/09\/chuyen-phan-phoi-cac-loai-may-bom-xang-dau.jpg\" alt=\"Chuyen Phan Phoi Cac Loai May Bom Xang Dau\" width=\"820\" height=\"820\" srcset=\"https:\/\/maybommini.vn\/wp-content\/uploads\/2018\/09\/chuyen-phan-phoi-cac-loai-may-bom-xang-dau.jpg 820w, https:\/\/maybommini.vn\/wp-content\/uploads\/2018\/09\/chuyen-phan-phoi-cac-loai-may-bom-xang-dau-300x300.jpg 300w, https:\/\/maybommini.vn\/wp-content\/uploads\/2018\/09\/chuyen-phan-phoi-cac-loai-may-bom-xang-dau-150x150.jpg 150w, https:\/\/maybommini.vn\/wp-content\/uploads\/2018\/09\/chuyen-phan-phoi-cac-loai-may-bom-xang-dau-600x600.jpg 600w\" sizes=\"(max-width: 820px) 100vw, 820px\" \/><\/a> <a href=\"https:\/\/maybommini.com\/wp-content\/uploads\/2018\/09\/may-bom-xang-dau-nhot-cao-cap-gia-re.jpg\" target=\"_blank\" rel=\"noopener\"><img decoding=\"async\" class=\"size-full wp-image-260138 aligncenter\" src=\"https:\/\/maybommini.com\/wp-content\/uploads\/2018\/09\/may-bom-xang-dau-nhot-cao-cap-gia-re.jpg\" alt=\"May Bom Xang Dau Nhot Cao Cap Gia Re\" width=\"820\" height=\"820\" srcset=\"https:\/\/maybommini.vn\/wp-content\/uploads\/2018\/09\/may-bom-xang-dau-nhot-cao-cap-gia-re.jpg 820w, https:\/\/maybommini.vn\/wp-content\/uploads\/2018\/09\/may-bom-xang-dau-nhot-cao-cap-gia-re-300x300.jpg 300w, https:\/\/maybommini.vn\/wp-content\/uploads\/2018\/09\/may-bom-xang-dau-nhot-cao-cap-gia-re-150x150.jpg 150w, https:\/\/maybommini.vn\/wp-content\/uploads\/2018\/09\/may-bom-xang-dau-nhot-cao-cap-gia-re-600x600.jpg 600w, https:\/\/maybommini.vn\/wp-content\/uploads\/2018\/09\/may-bom-xang-dau-nhot-cao-cap-gia-re-768x768.jpg 768w\" sizes=\"(max-width: 820px) 100vw, 820px\" \/><\/a><\/p>\n<p><strong>LI\u00caN H\u1ec6 MUA M\u00c1Y B\u01a0M MINI<\/strong><br \/>\nCh\u00fang t\u00f4i nh\u00e0 cung c\u1ea5p h\u00e0ng \u0111\u1ea7u c\u00e1c lo\u1ea1i m\u00e1y b\u01a1m nhi\u00ean nhi\u1ec7u cao c\u1ea5p 12V 24V 220V t\u1ea1i Vi\u1ec7t Nam b\u1ea3o h\u00e0nh l\u00e2u d\u00e0i c\u00f3 gi\u00e1 t\u1ed1t nh\u1ea5t uy t\u00edn. Li\u00ean h\u1ec7 mua m\u00e1y b\u01a1m tr\u1ef1c ti\u1ebfp ho\u1eb7c \u0111\u1eb7t h\u00e0ng online \u0111\u1ec3 \u0111\u01b0\u1ee3c h\u1ed5 tr\u1ee3 t\u1ed1t nh\u1ea5t.<br \/>\nM\u00e1y B\u01a1m Mini c\u00f3 giao h\u00e0ng to\u00e0n qu\u1ed1c v\u00e0 thu ti\u1ec1n khi nh\u1eadn h\u00e0ng t\u1ea1i nh\u00e0 uy t\u00edn ch\u1ea5t l\u01b0\u1ee3ng.<\/p>\n<p><strong>CTY TNHH TH\u01af\u01a0NG M\u1ea0I D\u1ecaCH V\u1ee4 \u0110I\u1ec6N M\u00c1Y TH\u00d4NG MINH<\/strong><br \/>\nHotline: 090 729 4310<br \/>\nEmail: maybommini.com@gmail.com<br \/>\nWebsite: <a href=\"https:\/\/maybommini.com\" target=\"_blank\" rel=\"noopener\">https:\/\/maybommini.com<\/a><br \/>\nFacebook: <a href=\"https:\/\/www.facebook.com\/maybommini\" target=\"_blank\" rel=\"noopener\">https:\/\/www.facebook.com\/maybommini<\/a><br \/>\nGoogle : <a href=\"https:\/\/plus.google.com\/ Maybomnuocminiruaxe\" target=\"_blank\" rel=\"noopener\">https:\/\/plus.google.com\/ Maybomnuocminiruaxe<\/a><br \/>\nYoutube demo: <a href=\"https:\/\/www.youtube.com\/bahamasali\" target=\"_blank\" rel=\"noopener\">https:\/\/www.youtube.com\/bahamasali<\/a><\/p>\n<h3><a href=\"https:\/\/maybommini.com\/wp-content\/uploads\/2018\/09\/chuyen-ban-cac-loai-may-bom-nhien-lieu.jpg\" target=\"_blank\" rel=\"noopener\"><img decoding=\"async\" class=\"size-full wp-image-260125 aligncenter\" src=\"https:\/\/maybommini.com\/wp-content\/uploads\/2018\/09\/chuyen-ban-cac-loai-may-bom-nhien-lieu.jpg\" alt=\"Chuyen Ban Cac Loai May Bom Nhien Lieu\" width=\"820\" height=\"820\" srcset=\"https:\/\/maybommini.vn\/wp-content\/uploads\/2018\/09\/chuyen-ban-cac-loai-may-bom-nhien-lieu.jpg 820w, https:\/\/maybommini.vn\/wp-content\/uploads\/2018\/09\/chuyen-ban-cac-loai-may-bom-nhien-lieu-300x300.jpg 300w, https:\/\/maybommini.vn\/wp-content\/uploads\/2018\/09\/chuyen-ban-cac-loai-may-bom-nhien-lieu-150x150.jpg 150w, https:\/\/maybommini.vn\/wp-content\/uploads\/2018\/09\/chuyen-ban-cac-loai-may-bom-nhien-lieu-600x600.jpg 600w, https:\/\/maybommini.vn\/wp-content\/uploads\/2018\/09\/chuyen-ban-cac-loai-may-bom-nhien-lieu-768x768.jpg 768w\" sizes=\"(max-width: 820px) 100vw, 820px\" \/><\/a><\/h3>\n<h3 style=\"text-align: center;\"><strong>M\u00e1y b\u01a1m x\u0103ng d\u1ea7u nh\u1edbt 220V 380W 50L RED SMARTPUMPS<\/strong><\/h3>\n","protected":false},"excerpt":{"rendered":"<p>Th\u01b0\u01a1ng hi\u1ec7u: Smartpumps<br \/>\nModel: XD-RED-50-220-380<br \/>\n\u0110i\u1ec7n th\u1ebf : 220V AC<br \/>\nC\u00f4ng su\u1ea5t : 380W<br \/>\nL\u01b0u l\u01b0\u1ee3ng: 50L\/ph\u00fat<br \/>\nH\u00fat : 3 &#8211; 5 m\u00e9t<br \/>\n\u0110\u1ea9y: 10 &#8211; 15 m\u00e9t<br \/>\n\u1ed0ng ra v\u00e0o: 27 mm &#8211; G3\/4<br \/>\nCh\u1ea5t li\u1ec7u: Inox Gang \u0110\u1ed3ng Nh\u1ef1a ABS<br \/>\nM\u00e1y b\u01a1m t\u1ef1\u00a0\u0111\u1ed9ng m\u1ed3i.<br \/>\n\u0110\u1ea7u n\u1ed1i \u1ed1ng ra v\u00e0o.<br \/>\nK\u00e8m l\u1ecdc inox cao c\u1ea5p<br \/>\nTr\u1ecdng l\u01b0\u1ee3ng: 3.2 Kg<br \/>\nK\u00edch th\u01b0\u1edbc: 20 x 20 x 16 Cm<br \/>\nT\u00ecnh tr\u1ea1ng: H\u00e0ng m\u1edbi 100%<br \/>\n<span style=\"color: #ff0000;\"><span style=\"color: #000000;\"><strong>B\u1ea3o h\u00e0nh: 6 th\u00e1ng<br \/>\nKh\u00f4ng b\u1ea3o h\u00e0nh c\u00e1nh qu\u1ea1t &#8211; m\u00f2n thay m\u1edbi<\/strong><\/span><\/span><\/p>\n","protected":false},"featured_media":260137,"comment_status":"open","ping_status":"closed","template":"","meta":[],"product_brand":[44],"product_cat":[1988,383],"product_tag":[267,500,488,2479,1987,387,857,1241,858,1989,2474,206,2480,523,859,527,529],"class_list":{"0":"post-260159","1":"product","2":"type-product","3":"status-publish","4":"has-post-thumbnail","6":"product_brand-smartpumps","7":"product_cat-may-bom-xang-dau-nhot-220v","8":"product_cat-may-bom-xang-dau-nhot","9":"product_tag-12v","10":"product_tag-220v","11":"product_tag-24v","12":"product_tag-50l","13":"product_tag-60l","14":"product_tag-bom-dau","15":"product_tag-bom-nhot","16":"product_tag-bom-tu-hut","17":"product_tag-bom-xang","18":"product_tag-bom-xang-dau","19":"product_tag-bom-xang-dau-inox","20":"product_tag-may-bom-12v","21":"product_tag-may-bom-50l","22":"product_tag-may-bom-dau","23":"product_tag-may-bom-nhot","24":"product_tag-may-bom-xang","25":"product_tag-may-bom-xang-dau-nhot","27":"first","28":"instock","29":"sale","30":"featured","31":"shipping-taxable","32":"purchasable","33":"product-type-simple"},"_links":{"self":[{"href":"https:\/\/maybommini.vn\/index.php?rest_route=\/wp\/v2\/product\/260159","targetHints":{"allow":["GET"]}}],"collection":[{"href":"https:\/\/maybommini.vn\/index.php?rest_route=\/wp\/v2\/product"}],"about":[{"href":"https:\/\/maybommini.vn\/index.php?rest_route=\/wp\/v2\/types\/product"}],"replies":[{"embeddable":true,"href":"https:\/\/maybommini.vn\/index.php?rest_route=%2Fwp%2Fv2%2Fcomments&post=260159"}],"wp:featuredmedia":[{"embeddable":true,"href":"https:\/\/maybommini.vn\/index.php?rest_route=\/wp\/v2\/media\/260137"}],"wp:attachment":[{"href":"https:\/\/maybommini.vn\/index.php?rest_route=%2Fwp%2Fv2%2Fmedia&parent=260159"}],"wp:term":[{"taxonomy":"product_brand","embeddable":true,"href":"https:\/\/maybommini.vn\/index.php?rest_route=%2Fwp%2Fv2%2Fproduct_brand&post=260159"},{"taxonomy":"product_cat","embeddable":true,"href":"https:\/\/maybommini.vn\/index.php?rest_route=%2Fwp%2Fv2%2Fproduct_cat&post=260159"},{"taxonomy":"product_tag","embeddable":true,"href":"https:\/\/maybommini.vn\/index.php?rest_route=%2Fwp%2Fv2%2Fproduct_tag&post=260159"}],"curies":[{"name":"wp","href":"https:\/\/api.w.org\/{rel}","templated":true}]}}