{"id":260199,"date":"2018-09-14T10:12:26","date_gmt":"2018-09-14T03:12:26","guid":{"rendered":"https:\/\/maybommini.com\/?post_type=product&#038;p=260199"},"modified":"2020-05-23T23:12:06","modified_gmt":"2020-05-23T16:12:06","slug":"may-bom-nuoc-mini-ap-luc-12v-70w-6l-smartpumps","status":"publish","type":"product","link":"https:\/\/maybommini.vn\/?product=may-bom-nuoc-mini-ap-luc-12v-70w-6l-smartpumps","title":{"rendered":"M\u00e1y b\u01a1m n\u01b0\u1edbc mini \u00e1p l\u1ef1c 12V 70W 6L SMARTPUMPS"},"content":{"rendered":"<p><strong>Ph\u00e2n ph\u1ed1i s\u1ec9 v\u00e0 l\u1ebb m\u00e1y b\u01a1m n\u01b0\u1edbc mini \u00e1p l\u1ef1c 12V 70W 6L Smartpumps r\u1ea5t th\u00edch h\u1ee3p phun thu\u1ed1c tr\u1eeb s\u00e2u, phun s\u01b0\u01a1ng t\u01b0\u1edbi lan v\u00e0 v\u1ec7 sinh m\u00e1y l\u1ea1nh, r\u1eeda xe m\u00e1y v\u00e0 \u00f4t\u00f4 v\u00e0 v\u1ec7 sinh m\u00e1y l\u1ea1nh.\u00a0\u00a0M\u00e1y b\u01a1m n\u01b0\u1edbc mini 12v 70w\u00a0do maybommini.com\u00a0\u0111\u1ed9c quy\u1ec1n ph\u00e2n ph\u1ed1i t\u1ea1i Vi\u1ec7t Nam v\u1edbi th\u01b0\u01a1ng hi\u1ec7u SmartPumps.<\/strong><\/p>\n<p><a href=\"https:\/\/maybommini.com\/wp-content\/uploads\/2018\/09\/may-bom-ap-luc-12v-70w-Smartpumps.jpg\" target=\"_blank\" rel=\"noopener\"><img decoding=\"async\" class=\"size-full wp-image-260204 aligncenter\" src=\"https:\/\/maybommini.com\/wp-content\/uploads\/2018\/09\/may-bom-ap-luc-12v-70w-Smartpumps.jpg\" alt=\"May Bom Ap Luc 12v 70w Smartpumps\" width=\"750\" height=\"750\" srcset=\"https:\/\/maybommini.vn\/wp-content\/uploads\/2018\/09\/may-bom-ap-luc-12v-70w-Smartpumps.jpg 750w, https:\/\/maybommini.vn\/wp-content\/uploads\/2018\/09\/may-bom-ap-luc-12v-70w-Smartpumps-300x300.jpg 300w, https:\/\/maybommini.vn\/wp-content\/uploads\/2018\/09\/may-bom-ap-luc-12v-70w-Smartpumps-150x150.jpg 150w, https:\/\/maybommini.vn\/wp-content\/uploads\/2018\/09\/may-bom-ap-luc-12v-70w-Smartpumps-600x600.jpg 600w\" sizes=\"(max-width: 750px) 100vw, 750px\" \/><\/a><\/p>\n<p><strong>TH\u00d4NG S\u1ed0 K\u1ef8 THU\u1eacT<br \/>\nTh\u01b0\u01a1ng hi\u1ec7u: Smartpumps<br \/>\n<\/strong>Model: SPS-70-12V<br \/>\n\u0110i\u1ec7n\u00a0\u00e1p : 12V DC<br \/>\nC\u00f4ng xu\u1ea5t : 70W<br \/>\n\u00c1p l\u1ef1c : 0.85 Mpa<br \/>\nL\u01b0u l\u01b0\u1ee3ng : 6L\/ph\u00fat<br \/>\n\u0110\u1ea9y cao xa : &gt; 30 Met<br \/>\nT\u1ef1 h\u00fat n\u01b0\u1edbc s\u00e2u : 2 &#8211; 3 m\u00e9t<br \/>\nC\u00f4ng t\u1eaft\u00a0\u00e1p l\u1ef1c t\u1ef1\u00a0\u0111\u1ed9ng.<br \/>\nAuto On Off<br \/>\nN\u00fat ngu\u1ed3n On Off<br \/>\nJack c\u1ea5m ngu\u1ed3n DC 2.5mm<br \/>\nCh\u1ea5t li\u1ec7u: \u0110\u1ed3ng &#8211; Gang &#8211; Nh\u1ef1a ABS<br \/>\nMotor : l\u00f5i d\u00e2y \u0111\u1ed3ng 100%<br \/>\n\u1ed0ng ra v\u00e0o : 12 mm<br \/>\nTr\u1ecdng l\u01b0\u1ee3ng : 0.6 Kg<br \/>\nK\u00edch th\u01b0\u1edbc : 165 x 95 x 30 mm<\/p>\n<p><a href=\"https:\/\/maybommini.com\/wp-content\/uploads\/2018\/09\/bom-nuoc-mini-ap-luc-cao-12v-70w.jpg\" target=\"_blank\" rel=\"noopener\"><img decoding=\"async\" class=\"size-full wp-image-260202 aligncenter\" src=\"https:\/\/maybommini.com\/wp-content\/uploads\/2018\/09\/bom-nuoc-mini-ap-luc-cao-12v-70w.jpg\" alt=\"Bom Nuoc Mini Ap Luc Cao 12v 70w\" width=\"750\" height=\"750\" srcset=\"https:\/\/maybommini.vn\/wp-content\/uploads\/2018\/09\/bom-nuoc-mini-ap-luc-cao-12v-70w.jpg 750w, https:\/\/maybommini.vn\/wp-content\/uploads\/2018\/09\/bom-nuoc-mini-ap-luc-cao-12v-70w-300x300.jpg 300w, https:\/\/maybommini.vn\/wp-content\/uploads\/2018\/09\/bom-nuoc-mini-ap-luc-cao-12v-70w-150x150.jpg 150w, https:\/\/maybommini.vn\/wp-content\/uploads\/2018\/09\/bom-nuoc-mini-ap-luc-cao-12v-70w-600x600.jpg 600w\" sizes=\"(max-width: 750px) 100vw, 750px\" \/><\/a> <a href=\"https:\/\/maybommini.com\/wp-content\/uploads\/2018\/09\/bom-nuoc-mini-12v-70w.jpg\" target=\"_blank\" rel=\"noopener\"><img decoding=\"async\" class=\"size-full wp-image-260201 aligncenter\" src=\"https:\/\/maybommini.com\/wp-content\/uploads\/2018\/09\/bom-nuoc-mini-12v-70w.jpg\" alt=\"Bom Nuoc Mini 12v 70w\" width=\"750\" height=\"750\" srcset=\"https:\/\/maybommini.vn\/wp-content\/uploads\/2018\/09\/bom-nuoc-mini-12v-70w.jpg 750w, https:\/\/maybommini.vn\/wp-content\/uploads\/2018\/09\/bom-nuoc-mini-12v-70w-300x300.jpg 300w, https:\/\/maybommini.vn\/wp-content\/uploads\/2018\/09\/bom-nuoc-mini-12v-70w-150x150.jpg 150w, https:\/\/maybommini.vn\/wp-content\/uploads\/2018\/09\/bom-nuoc-mini-12v-70w-600x600.jpg 600w\" sizes=\"(max-width: 750px) 100vw, 750px\" \/><\/a> <a href=\"https:\/\/maybommini.com\/wp-content\/uploads\/2018\/09\/mya-rua-xe-mini-tu-dong-ap-luc-cao-12v.jpg\" target=\"_blank\" rel=\"noopener\"><img decoding=\"async\" class=\"size-full wp-image-260206 aligncenter\" src=\"https:\/\/maybommini.com\/wp-content\/uploads\/2018\/09\/mya-rua-xe-mini-tu-dong-ap-luc-cao-12v.jpg\" alt=\"Mya Rua Xe Mini Tu Dong Ap Luc Cao 12v\" width=\"750\" height=\"750\" srcset=\"https:\/\/maybommini.vn\/wp-content\/uploads\/2018\/09\/mya-rua-xe-mini-tu-dong-ap-luc-cao-12v.jpg 750w, https:\/\/maybommini.vn\/wp-content\/uploads\/2018\/09\/mya-rua-xe-mini-tu-dong-ap-luc-cao-12v-300x300.jpg 300w, https:\/\/maybommini.vn\/wp-content\/uploads\/2018\/09\/mya-rua-xe-mini-tu-dong-ap-luc-cao-12v-150x150.jpg 150w, https:\/\/maybommini.vn\/wp-content\/uploads\/2018\/09\/mya-rua-xe-mini-tu-dong-ap-luc-cao-12v-600x600.jpg 600w\" sizes=\"(max-width: 750px) 100vw, 750px\" \/><\/a> <a href=\"https:\/\/maybommini.com\/wp-content\/uploads\/2018\/09\/may-bom-nuo-ap-luc-cao-cap.jpg\" target=\"_blank\" rel=\"noopener\"><img decoding=\"async\" class=\"size-full wp-image-260205 aligncenter\" src=\"https:\/\/maybommini.com\/wp-content\/uploads\/2018\/09\/may-bom-nuo-ap-luc-cao-cap.jpg\" alt=\"May Bom Nuo Ap Luc Cao Cap\" width=\"750\" height=\"750\" srcset=\"https:\/\/maybommini.vn\/wp-content\/uploads\/2018\/09\/may-bom-nuo-ap-luc-cao-cap.jpg 750w, https:\/\/maybommini.vn\/wp-content\/uploads\/2018\/09\/may-bom-nuo-ap-luc-cao-cap-300x300.jpg 300w, https:\/\/maybommini.vn\/wp-content\/uploads\/2018\/09\/may-bom-nuo-ap-luc-cao-cap-150x150.jpg 150w, https:\/\/maybommini.vn\/wp-content\/uploads\/2018\/09\/may-bom-nuo-ap-luc-cao-cap-600x600.jpg 600w\" sizes=\"(max-width: 750px) 100vw, 750px\" \/><\/a><\/p>\n<p><strong>C\u00c1CH S\u1eec D\u1ee4NG M\u00c1Y B\u01a0M \u00c1P L\u1ef0C MINI 12V 70W<\/strong><br \/>\n&#8211; D\u00f9ng ngu\u1ed3n \u0111i\u1ec7n 12V \u1eafc quy t\u1eeb 5Ah tr\u1edf l\u00ean.<br \/>\n&#8211; D\u00f9ng bi\u1ebfn th\u1ebf adapter 220V ra 12V 6A tr\u1edf l\u00ean.<br \/>\n&#8211; \u1ed0ng d\u00e2y n\u01b0\u1edbc v\u00e0o d\u00f9ng \u1ed1ng 12mm.<br \/>\n&#8211; \u1ed0ng d\u00e2y n\u01b0\u1edbc ra d\u00f9ng \u1ed1ng ch\u1ecbu l\u1ef1c 12mm.<br \/>\n&#8211; M\u00e1y b\u01a1m t\u1ef1 h\u00fat n\u00ean ch\u1ec9 c\u1ea7n cho \u1ed1ng n\u01b0\u1edbc v\u00e0o trong n\u01b0\u1edbc l\u00e0 m\u00e1y t\u1ef1 h\u00fat kh\u00f4ng c\u1ea7n m\u1ed1i.<br \/>\n&#8211; M\u00e1y b\u01a1m t\u1ef1 \u0111\u1ed9ng ng\u1eaft \u0111i\u1ec7n khi kho\u00e1 n\u01b0\u1edbc \u0111\u1ea7u ra.<br \/>\n&#8211; Kh\u00f4ng b\u01a1m n\u01b0\u1edbc b\u1ea9n, n\u01b0\u1edbc c\u00f3 nhi\u1ec1u t\u1ea1p ch\u1ea5t, ho\u00e1 ch\u1ea5t \u0103n m\u00f2n axit.<br \/>\n&#8211; Kh\u00f4ng b\u01a1m x\u0103ng, ch\u1ea5t d\u1ec3 ch\u00e1y.<br \/>\n&#8211; N\u00ean d\u00f9ng th\u00eam l\u1ecdc n\u01b0\u1edbc mini cho \u0111\u1ea7u n\u01b0\u1edbc v\u00e0o m\u00e1y b\u01a1m.<\/p>\n<p><a href=\"https:\/\/maybommini.com\/wp-content\/uploads\/2018\/09\/bom-ap-luc-mini-12v-70w.jpg\" target=\"_blank\" rel=\"noopener\"><img decoding=\"async\" class=\"size-full wp-image-260200 aligncenter\" src=\"https:\/\/maybommini.com\/wp-content\/uploads\/2018\/09\/bom-ap-luc-mini-12v-70w.jpg\" alt=\"Bom Ap Luc Mini 12v 70w\" width=\"750\" height=\"750\" srcset=\"https:\/\/maybommini.vn\/wp-content\/uploads\/2018\/09\/bom-ap-luc-mini-12v-70w.jpg 750w, https:\/\/maybommini.vn\/wp-content\/uploads\/2018\/09\/bom-ap-luc-mini-12v-70w-300x300.jpg 300w, https:\/\/maybommini.vn\/wp-content\/uploads\/2018\/09\/bom-ap-luc-mini-12v-70w-150x150.jpg 150w, https:\/\/maybommini.vn\/wp-content\/uploads\/2018\/09\/bom-ap-luc-mini-12v-70w-600x600.jpg 600w\" sizes=\"(max-width: 750px) 100vw, 750px\" \/><\/a><strong>\u1ee8NG D\u1ee4NG M\u00c1Y B\u01a0M \u00c1P L\u1ef0C MINI<\/strong><br \/>\n&#8211; D\u00f9ng l\u00e0m m\u00e1y b\u01a1m c\u1ea5p n\u01b0\u1edbc trong h\u1ec7 th\u1ed1ng.<br \/>\n&#8211; D\u00f9ng b\u01a1m n\u01b0\u1edbc l\u00ean cao \u0111\u1ea9y xa.<br \/>\n&#8211; D\u00f9ng b\u01a1m phun thu\u1ed1c tr\u1eeb s\u00e2u c\u00e2y tr\u1ed3ng n\u00f4ng nghi\u1ec7p.<br \/>\n&#8211; D\u00f9ng phun s\u01b0\u01a1ng t\u01b0\u1edbi lan.<br \/>\n&#8211; D\u00f9ng x\u1ecbt r\u1eeda v\u1ec7 sinh xe m\u00e1y, \u00f4t\u00f4.<br \/>\n&#8211; S\u1eed d\u1ee5ng l\u00e0 m\u00e1y x\u1ecbt r\u1eeda v\u1ec7 sinh m\u00e1y l\u1ea1nh \u0111i\u1ec1u ho\u00e0.<br \/>\n&#8211; Phun x\u1ecbt ho\u00e1 ch\u1ea5t.<br \/>\n&#8211; B\u01a1m n\u01b0\u1edbc trong m\u00e1y m\u00f3c c\u00f4ng nghi\u1ec7p.<br \/>\n&#8211; M\u00e1y b\u01a1m n\u01b0\u1edbc RO, b\u01a1m n\u01b0\u1edbc m\u00e1y l\u00e0m b\u00e1nh, m\u00e1y pha cafe, m\u00e1y r\u1eeda ch\u00e9n.<br \/>\n&#8211; B\u01a1m n\u01b0\u1edbc t\u0103ng \u00e1p m\u00e1y gi\u1eb7t gia \u0111\u00ecnh.<br \/>\n&#8211; B\u01a1m tr\u1ee3 l\u1ef1c h\u1ec7 th\u1ed1ng c\u1ea5p n\u01b0\u1edbc, t\u0103ng \u00e1p v\u00f2i n\u01b0\u1edbc.<br \/>\n&#8211; B\u01a1m n\u01b0\u1edbc h\u1ec7 th\u1ed1ng t\u01b0\u1edbi nh\u1ecf gi\u1ecdt.<br \/>\n&#8211; V\u00e0 d\u00f9ng nhi\u1ec1u trong c\u00e1c \u1ee9ng d\u1ee5ng kh\u00e1c.<\/p>\n<p><a href=\"https:\/\/maybommini.com\/wp-content\/uploads\/2018\/09\/phun-xit-thuoc-tru-sau-bang-may-bom-ap-luc-mini.jpg\" target=\"_blank\" rel=\"noopener\"><img decoding=\"async\" class=\"size-full wp-image-260110 aligncenter\" src=\"https:\/\/maybommini.com\/wp-content\/uploads\/2018\/09\/phun-xit-thuoc-tru-sau-bang-may-bom-ap-luc-mini.jpg\" alt=\"Phun Xit Thuoc Tru Sau Bang May Bom Ap Luc Mini\" width=\"820\" height=\"820\" srcset=\"https:\/\/maybommini.vn\/wp-content\/uploads\/2018\/09\/phun-xit-thuoc-tru-sau-bang-may-bom-ap-luc-mini.jpg 820w, https:\/\/maybommini.vn\/wp-content\/uploads\/2018\/09\/phun-xit-thuoc-tru-sau-bang-may-bom-ap-luc-mini-300x300.jpg 300w, https:\/\/maybommini.vn\/wp-content\/uploads\/2018\/09\/phun-xit-thuoc-tru-sau-bang-may-bom-ap-luc-mini-150x150.jpg 150w, https:\/\/maybommini.vn\/wp-content\/uploads\/2018\/09\/phun-xit-thuoc-tru-sau-bang-may-bom-ap-luc-mini-600x600.jpg 600w, https:\/\/maybommini.vn\/wp-content\/uploads\/2018\/09\/phun-xit-thuoc-tru-sau-bang-may-bom-ap-luc-mini-768x768.jpg 768w\" sizes=\"(max-width: 820px) 100vw, 820px\" \/><\/a> <a href=\"https:\/\/maybommini.com\/wp-content\/uploads\/2018\/09\/sung-dung-may-bom-ap-luc-mini12v-24v-tien-loi.jpg\" target=\"_blank\" rel=\"noopener\"><img decoding=\"async\" class=\"size-full wp-image-260112 aligncenter\" src=\"https:\/\/maybommini.com\/wp-content\/uploads\/2018\/09\/sung-dung-may-bom-ap-luc-mini12v-24v-tien-loi.jpg\" alt=\"Sung Dung May Bom Ap Luc Mini12v 24v Tien Loi\" width=\"820\" height=\"820\" srcset=\"https:\/\/maybommini.vn\/wp-content\/uploads\/2018\/09\/sung-dung-may-bom-ap-luc-mini12v-24v-tien-loi.jpg 820w, https:\/\/maybommini.vn\/wp-content\/uploads\/2018\/09\/sung-dung-may-bom-ap-luc-mini12v-24v-tien-loi-300x300.jpg 300w, https:\/\/maybommini.vn\/wp-content\/uploads\/2018\/09\/sung-dung-may-bom-ap-luc-mini12v-24v-tien-loi-150x150.jpg 150w, https:\/\/maybommini.vn\/wp-content\/uploads\/2018\/09\/sung-dung-may-bom-ap-luc-mini12v-24v-tien-loi-600x600.jpg 600w\" sizes=\"(max-width: 820px) 100vw, 820px\" \/><\/a> <a href=\"https:\/\/maybommini.com\/wp-content\/uploads\/2018\/08\/phun-suong-gia-re-tien-loi.jpg\" target=\"_blank\" rel=\"noopener\"><img decoding=\"async\" class=\"size-full wp-image-259865 aligncenter\" src=\"https:\/\/maybommini.com\/wp-content\/uploads\/2018\/08\/phun-suong-gia-re-tien-loi.jpg\" alt=\"Phun Suong Gia Re Tien Loi\" width=\"820\" height=\"820\" srcset=\"https:\/\/maybommini.vn\/wp-content\/uploads\/2018\/08\/phun-suong-gia-re-tien-loi.jpg 820w, https:\/\/maybommini.vn\/wp-content\/uploads\/2018\/08\/phun-suong-gia-re-tien-loi-300x300.jpg 300w, https:\/\/maybommini.vn\/wp-content\/uploads\/2018\/08\/phun-suong-gia-re-tien-loi-150x150.jpg 150w, https:\/\/maybommini.vn\/wp-content\/uploads\/2018\/08\/phun-suong-gia-re-tien-loi-600x600.jpg 600w\" sizes=\"(max-width: 820px) 100vw, 820px\" \/><\/a><\/p>\n<p><a href=\"https:\/\/maybommini.com\/wp-content\/uploads\/2018\/09\/ve-sinh-may-lanh-bang-may-ap-luc-mini.jpg\" target=\"_blank\" rel=\"noopener\"><img decoding=\"async\" class=\"size-full wp-image-260208 aligncenter\" src=\"https:\/\/maybommini.com\/wp-content\/uploads\/2018\/09\/ve-sinh-may-lanh-bang-may-ap-luc-mini.jpg\" alt=\"Ve Sinh May Lanh Bang May Ap Luc Mini\" width=\"820\" height=\"820\" srcset=\"https:\/\/maybommini.vn\/wp-content\/uploads\/2018\/09\/ve-sinh-may-lanh-bang-may-ap-luc-mini.jpg 820w, https:\/\/maybommini.vn\/wp-content\/uploads\/2018\/09\/ve-sinh-may-lanh-bang-may-ap-luc-mini-300x300.jpg 300w, https:\/\/maybommini.vn\/wp-content\/uploads\/2018\/09\/ve-sinh-may-lanh-bang-may-ap-luc-mini-150x150.jpg 150w, https:\/\/maybommini.vn\/wp-content\/uploads\/2018\/09\/ve-sinh-may-lanh-bang-may-ap-luc-mini-600x600.jpg 600w\" sizes=\"(max-width: 820px) 100vw, 820px\" \/><\/a><\/p>\n<h3><strong>MUA M\u00c1Y B\u01a0M N\u01af\u1edaC MINI 12V 24V 220V\u1ede \u0110\u00c2U ?<\/strong><\/h3>\n<p>M\u1ecdi chi ti\u1ebft vui l\u00f2ng li\u00ean h\u1ec7 tr\u1ef1c ti\u1ebfp cho ch\u00fang t\u00f4i \u0111\u1ec3 \u0111\u01b0\u1ee3c t\u01b0 v\u1ea5n theo nhu c\u1ea7u \u0111\u1ec3 c\u00f3 \u0111\u01b0\u1ee3c b\u1ed9 s\u1ea3n ph\u1ea9m t\u1ed1t nh\u1ea5t v\u00e0 ti\u1ebft ki\u1ec7m.\u00a0B\u1ea1n \u1edf xa v\u1eabn c\u00f3 th\u1ec3 mua h\u00e0ng v\u00e0 giao h\u00e0ng thanh to\u00e1n ti\u1ec1n t\u1ea1i nh\u00e0.<\/p>\n<p><img decoding=\"async\" class=\"size-full wp-image-254389 aligncenter\" src=\"https:\/\/maybommini.com.vn\/wp-content\/uploads\/2018\/01\/bom-nuoc-mini-12v-24-100w-banner.jpg\" alt=\"Bom Nuoc Mini 12v 24 100w Banner\" width=\"880\" height=\"454\" srcset=\"https:\/\/maybommini.vn\/wp-content\/uploads\/2018\/01\/bom-nuoc-mini-12v-24-100w-banner.jpg 880w, https:\/\/maybommini.vn\/wp-content\/uploads\/2018\/01\/bom-nuoc-mini-12v-24-100w-banner-600x310.jpg 600w, https:\/\/maybommini.vn\/wp-content\/uploads\/2018\/01\/bom-nuoc-mini-12v-24-100w-banner-300x155.jpg 300w, https:\/\/maybommini.vn\/wp-content\/uploads\/2018\/01\/bom-nuoc-mini-12v-24-100w-banner-768x396.jpg 768w\" sizes=\"(max-width: 880px) 100vw, 880px\" \/> Ch\u00fang t\u00f4i l\u00e0 nh\u00e0 cung c\u1ea5p m\u00e1y b\u01a1m\u00a0\u00e1p l\u1ef1c mini 12V 24V h\u00e0ng\u00a0\u0111\u1ea7u Vi\u1ec7t Nam. C\u00e1c s\u1ea3n ph\u1ea9m \u0111\u01b0\u1ee3c b\u1ea3o h\u00e0nh ch\u00ednh h\u00e3ng v\u00e0 h\u1ed5 tr\u1ee3 K\u1ef9 Thu\u1eadt v\u0129nh vi\u1ec5n.<\/p>\n<p><strong>CTY TNHH TH\u01af\u01a0NG M\u1ea0I D\u1ecaCH V\u1ee4 \u0110I\u1ec6N M\u00c1Y TH\u00d4NG MINH<\/strong><br \/>\nHotline : 090 729 4310<br \/>\nEmail : maybommini.com@gmail.com<br \/>\nWebsite : http:\/\/maybommini.com<br \/>\nFacebook : <a href=\"https:\/\/www.facebook.com\/maybommini\" target=\"_blank\" rel=\"noopener noreferrer\">https:\/\/www.facebook.com\/maybommini<\/a><br \/>\nGoogle : <a href=\"https:\/\/plus.google.com\/ Maybomnuocminiruaxe\" target=\"_blank\" rel=\"noopener noreferrer\">https:\/\/plus.google.com\/ Maybomnuocminiruaxe<\/a><br \/>\nYoutube demo : <a href=\"https:\/\/www.youtube.com\/bahamasali\" target=\"_blank\" rel=\"noopener noreferrer\">https:\/\/www.youtube.com\/bahamasali<\/a><\/p>\n","protected":false},"excerpt":{"rendered":"<p><strong>Th\u01b0\u01a1ng hi\u1ec7u: Smartpumps<br \/>\n<\/strong>Model: SPS-70-12V<br \/>\n\u0110i\u1ec7n\u00a0\u00e1p : 12V DC<br \/>\nC\u00f4ng xu\u1ea5t : 70W<br \/>\n\u00c1p l\u1ef1c : 0.85 Mpa<br \/>\nL\u01b0u l\u01b0\u1ee3ng : 6L\/ph\u00fat<br \/>\n\u0110\u1ea9y cao xa : &gt; 30 Met<br \/>\nT\u1ef1 h\u00fat n\u01b0\u1edbc s\u00e2u : 2 &#8211; 3 m\u00e9t<br \/>\nC\u00f4ng t\u1eaft\u00a0\u00e1p l\u1ef1c t\u1ef1\u00a0\u0111\u1ed9ng.<br \/>\nAuto On Off<br \/>\nN\u00fat ngu\u1ed3n On Off<br \/>\nJack c\u1ea5m ngu\u1ed3n DC 2.5mm<br \/>\nCh\u1ea5t li\u1ec7u: \u0110\u1ed3ng &#8211; Gang &#8211; Nh\u1ef1a ABS<br \/>\nMotor : l\u00f5i d\u00e2y \u0111\u1ed3ng 100%<br \/>\n\u1ed0ng ra v\u00e0o : 12 mm<br \/>\nTr\u1ecdng l\u01b0\u1ee3ng : 0.6 Kg<br \/>\nK\u00edch th\u01b0\u1edbc : 165 x 95 x 30 mm<br \/>\nS\u1ea3n ph\u1ea9m cao c\u1ea5p<br \/>\n<strong>H\u00f4\u0309 tr\u01a1\u0323 ky\u0303 thu\u00e2\u0323t vi\u0303nh vi\u00ea\u0303n.<\/strong><br \/>\n<strong>B\u1ea3o h\u00e0nh: 6 th\u00e1ng<\/strong><\/p>\n","protected":false},"featured_media":260204,"comment_status":"open","ping_status":"closed","template":"","meta":[],"product_brand":[44],"product_cat":[197,196,224,225],"product_tag":[643,235,2483,229,2482,359,303,375,420,2481],"class_list":{"0":"post-260199","1":"product","2":"type-product","3":"status-publish","4":"has-post-thumbnail","6":"product_brand-smartpumps","7":"product_cat-may-bom-ap-luc-12v","8":"product_cat-may-bom-ap-luc-mini","9":"product_cat-may-bom-nuoc","10":"product_cat-may-bom-nuoc-mini-12v","11":"product_tag-bom-12v","12":"product_tag-bom-nuoc-mini","13":"product_tag-bom-phun-suong","14":"product_tag-bom-rua-xe","15":"product_tag-bom-tuoi-cay","16":"product_tag-may-bom-ap-luc-12v","17":"product_tag-may-bom-ap-luc-mini","18":"product_tag-may-bom-nuoc","19":"product_tag-smartpumps","20":"product_tag-sps-70-12v","22":"first","23":"instock","24":"sale","25":"shipping-taxable","26":"purchasable","27":"product-type-simple"},"_links":{"self":[{"href":"https:\/\/maybommini.vn\/index.php?rest_route=\/wp\/v2\/product\/260199","targetHints":{"allow":["GET"]}}],"collection":[{"href":"https:\/\/maybommini.vn\/index.php?rest_route=\/wp\/v2\/product"}],"about":[{"href":"https:\/\/maybommini.vn\/index.php?rest_route=\/wp\/v2\/types\/product"}],"replies":[{"embeddable":true,"href":"https:\/\/maybommini.vn\/index.php?rest_route=%2Fwp%2Fv2%2Fcomments&post=260199"}],"wp:featuredmedia":[{"embeddable":true,"href":"https:\/\/maybommini.vn\/index.php?rest_route=\/wp\/v2\/media\/260204"}],"wp:attachment":[{"href":"https:\/\/maybommini.vn\/index.php?rest_route=%2Fwp%2Fv2%2Fmedia&parent=260199"}],"wp:term":[{"taxonomy":"product_brand","embeddable":true,"href":"https:\/\/maybommini.vn\/index.php?rest_route=%2Fwp%2Fv2%2Fproduct_brand&post=260199"},{"taxonomy":"product_cat","embeddable":true,"href":"https:\/\/maybommini.vn\/index.php?rest_route=%2Fwp%2Fv2%2Fproduct_cat&post=260199"},{"taxonomy":"product_tag","embeddable":true,"href":"https:\/\/maybommini.vn\/index.php?rest_route=%2Fwp%2Fv2%2Fproduct_tag&post=260199"}],"curies":[{"name":"wp","href":"https:\/\/api.w.org\/{rel}","templated":true}]}}