{"id":260343,"date":"2018-09-22T10:44:28","date_gmt":"2018-09-22T03:44:28","guid":{"rendered":"https:\/\/maybommini.com\/?post_type=product&#038;p=260343"},"modified":"2025-08-15T20:38:44","modified_gmt":"2025-08-15T13:38:44","slug":"may-bom-nuoc-thai-may-lanh-kingpump-220v-30w-6m","status":"publish","type":"product","link":"https:\/\/maybommini.vn\/?product=may-bom-nuoc-thai-may-lanh-kingpump-220v-30w-6m","title":{"rendered":"M\u00e1y b\u01a1m n\u01b0\u1edbc th\u1ea3i m\u00e1y l\u1ea1nh Kingpump 220V 14W 2.5M 6M"},"content":{"rendered":"<h3>M\u00e1y b\u01a1m n\u01b0\u1edbc th\u1ea3i m\u00e1y l\u1ea1nh Kingpump 220V 14W 2.5M 6M ch\u00ednh h\u00e3ng. M\u00e1y b\u01a1m n\u01b0\u1edbc th\u1ea3i m\u00e1y l\u1ea1nh t\u1ef1 \u0111\u1ed9ng cao c\u1ea5p ch\u1ea5t l\u01b0\u1ee3ng cao ti\u1ebfng \u1ed3n th\u1ea5p, ho\u1ea1t \u0111\u1ed9ng 24\/24 d\u1ec5 l\u1eafp r\u00e1p ti\u1ec7n l\u1ee3i. S\u1eed d\u1ee5ng cho nh\u00e0 g\u1eafn m\u00e1y l\u1ea1nh c\u1ea7n b\u1edbm n\u01b0\u1edbc th\u1ea3i l\u00ean cao tho\u00e1t ra ngo\u00e0i.<\/h3>\n<p><strong><a href=\"https:\/\/maybommini.com\/wp-content\/uploads\/2018\/09\/May-bom-nuoc-thai-may-lanh-220V-14W-2m5-6M-Kingpump.jpg\" target=\"_blank\" rel=\"noopener\"><img decoding=\"async\" class=\"size-full wp-image-278084 aligncenter\" src=\"https:\/\/maybommini.com\/wp-content\/uploads\/2018\/09\/May-bom-nuoc-thai-may-lanh-220V-14W-2m5-6M-Kingpump.jpg\" alt=\"May Bom Nuoc Thai May Lanh 220V 14W 2m5 6M Kingpump\" width=\"750\" height=\"750\" srcset=\"https:\/\/maybommini.vn\/wp-content\/uploads\/2018\/09\/May-bom-nuoc-thai-may-lanh-220V-14W-2m5-6M-Kingpump.jpg 750w, https:\/\/maybommini.vn\/wp-content\/uploads\/2018\/09\/May-bom-nuoc-thai-may-lanh-220V-14W-2m5-6M-Kingpump-300x300.jpg 300w, https:\/\/maybommini.vn\/wp-content\/uploads\/2018\/09\/May-bom-nuoc-thai-may-lanh-220V-14W-2m5-6M-Kingpump-150x150.jpg 150w, https:\/\/maybommini.vn\/wp-content\/uploads\/2018\/09\/May-bom-nuoc-thai-may-lanh-220V-14W-2m5-6M-Kingpump-600x600.jpg 600w\" sizes=\"(max-width: 750px) 100vw, 750px\" \/><\/a>TH\u00d4NG S\u1ed0 K\u1ef8 THU\u1eacT<\/strong><br \/>\nTh\u01b0\u01a1ng hi\u1ec7u:\u00a0<strong>Kingpump<br \/>\n<\/strong>Model: WATER-GENIUS-6M<br \/>\n\u0110i\u1ec7n th\u1ebf: 220V \u2013 240V 50\/60Hz<br \/>\nC\u00f4ng su\u1ea5t: 14W<br \/>\nC\u00f3 ch\u1ec9nh \u0111\u1ed9 cao b\u01a1m.<br \/>\n\u0110\u1ea9y cao: 2.5 &#8211; 6 M\u00e9t<br \/>\nL\u1ed5 \u1ed1ng n\u01b0\u1edbc m\u00e1y l\u1ea1nh v\u00e0o: 30 mm<br \/>\nL\u1ed5 \u1ed1ng n\u01b0\u1edbc tho\u00e1i ra : 6mm<br \/>\nD\u00f9ng cho m\u00e1y l\u1ea1nh : 500 \u2013 36.000 B.T.U<br \/>\nM\u00e1y b\u01a1m n\u01b0\u1edbc th\u1ea3i t\u1ef1 \u0111\u1ed9ng.<br \/>\nHo\u1ea1t \u0111\u1ed9ng ti\u1ebfng \u1ed3n th\u1ea5p.<br \/>\nTi\u1ebft ki\u1ec7m \u0111i\u1ec7n.<br \/>\nNhi\u1ec7t l\u00e0m vi\u1ec7c : 0 \u2013 50 \u0111\u1ed9 C<br \/>\nK\u00edch th\u01b0\u1edbc: 14.6 x 8.6 x 12 cm<br \/>\nTr\u1ecdng l\u01b0\u1ee3ng: 1.6 Kg<br \/>\nCh\u1ea5t li\u1ec7u: ABS<br \/>\nTi\u00eau chu\u1ea9n : CE \u2013 ISO 9002 2008<br \/>\n<strong>Ph\u00e2n ph\u1ed1i: Maybommini.com<\/strong><br \/>\n<strong>B\u1ea3o h\u00e0nh: 6 th\u00e1ng<\/strong><\/p>\n<p><strong><a href=\"https:\/\/maybommini.com\/wp-content\/uploads\/2018\/09\/May-bom-nuoc-thai-may-lanh-220V-14W-2m5-6M-Kingpump-cao-cap.jpg\" target=\"_blank\" rel=\"noopener\"><img decoding=\"async\" class=\"size-full wp-image-278085 aligncenter\" src=\"https:\/\/maybommini.com\/wp-content\/uploads\/2018\/09\/May-bom-nuoc-thai-may-lanh-220V-14W-2m5-6M-Kingpump-cao-cap.jpg\" alt=\"May Bom Nuoc Thai May Lanh 220V 14W 2m5 6M Kingpump Cao Cap\" width=\"750\" height=\"750\" srcset=\"https:\/\/maybommini.vn\/wp-content\/uploads\/2018\/09\/May-bom-nuoc-thai-may-lanh-220V-14W-2m5-6M-Kingpump-cao-cap.jpg 750w, https:\/\/maybommini.vn\/wp-content\/uploads\/2018\/09\/May-bom-nuoc-thai-may-lanh-220V-14W-2m5-6M-Kingpump-cao-cap-300x300.jpg 300w, https:\/\/maybommini.vn\/wp-content\/uploads\/2018\/09\/May-bom-nuoc-thai-may-lanh-220V-14W-2m5-6M-Kingpump-cao-cap-150x150.jpg 150w, https:\/\/maybommini.vn\/wp-content\/uploads\/2018\/09\/May-bom-nuoc-thai-may-lanh-220V-14W-2m5-6M-Kingpump-cao-cap-600x600.jpg 600w\" sizes=\"(max-width: 750px) 100vw, 750px\" \/><\/a><a href=\"https:\/\/maybommini.com\/wp-content\/uploads\/2018\/09\/May-bom-nuoc-thai-may-lanh-220V-14W-2m5-6M-Kingpump-chinh-hang-gia-re.jpg\" target=\"_blank\" rel=\"noopener\"><img decoding=\"async\" class=\"size-full wp-image-278080 aligncenter\" src=\"https:\/\/maybommini.com\/wp-content\/uploads\/2018\/09\/May-bom-nuoc-thai-may-lanh-220V-14W-2m5-6M-Kingpump-chinh-hang-gia-re.jpg\" alt=\"May Bom Nuoc Thai May Lanh 220V 14W 2m5 6M Kingpump Chinh Hang Gia Re\" width=\"750\" height=\"750\" srcset=\"https:\/\/maybommini.vn\/wp-content\/uploads\/2018\/09\/May-bom-nuoc-thai-may-lanh-220V-14W-2m5-6M-Kingpump-chinh-hang-gia-re.jpg 750w, https:\/\/maybommini.vn\/wp-content\/uploads\/2018\/09\/May-bom-nuoc-thai-may-lanh-220V-14W-2m5-6M-Kingpump-chinh-hang-gia-re-300x300.jpg 300w, https:\/\/maybommini.vn\/wp-content\/uploads\/2018\/09\/May-bom-nuoc-thai-may-lanh-220V-14W-2m5-6M-Kingpump-chinh-hang-gia-re-150x150.jpg 150w, https:\/\/maybommini.vn\/wp-content\/uploads\/2018\/09\/May-bom-nuoc-thai-may-lanh-220V-14W-2m5-6M-Kingpump-chinh-hang-gia-re-600x600.jpg 600w\" sizes=\"(max-width: 750px) 100vw, 750px\" \/><\/a><a href=\"https:\/\/maybommini.com\/wp-content\/uploads\/2018\/09\/May-bom-nuoc-thai-may-lanh-220V-14W-2m5-6M-Kingpump-chinh-hang.jpg\" target=\"_blank\" rel=\"noopener\"><img decoding=\"async\" class=\"size-full wp-image-278079 aligncenter\" src=\"https:\/\/maybommini.com\/wp-content\/uploads\/2018\/09\/May-bom-nuoc-thai-may-lanh-220V-14W-2m5-6M-Kingpump-chinh-hang.jpg\" alt=\"May Bom Nuoc Thai May Lanh 220V 14W 2m5 6M Kingpump Chinh Hang\" width=\"750\" height=\"750\" srcset=\"https:\/\/maybommini.vn\/wp-content\/uploads\/2018\/09\/May-bom-nuoc-thai-may-lanh-220V-14W-2m5-6M-Kingpump-chinh-hang.jpg 750w, https:\/\/maybommini.vn\/wp-content\/uploads\/2018\/09\/May-bom-nuoc-thai-may-lanh-220V-14W-2m5-6M-Kingpump-chinh-hang-300x300.jpg 300w, https:\/\/maybommini.vn\/wp-content\/uploads\/2018\/09\/May-bom-nuoc-thai-may-lanh-220V-14W-2m5-6M-Kingpump-chinh-hang-150x150.jpg 150w, https:\/\/maybommini.vn\/wp-content\/uploads\/2018\/09\/May-bom-nuoc-thai-may-lanh-220V-14W-2m5-6M-Kingpump-chinh-hang-600x600.jpg 600w\" sizes=\"(max-width: 750px) 100vw, 750px\" \/><\/a><a href=\"https:\/\/maybommini.com\/wp-content\/uploads\/2018\/09\/May-bom-nuoc-thai-may-lanh-220V-14W-2m5-6M-Kingpump-chinh-bom-cao.jpg\" target=\"_blank\" rel=\"noopener\"><img decoding=\"async\" class=\"size-full wp-image-278078 aligncenter\" src=\"https:\/\/maybommini.com\/wp-content\/uploads\/2018\/09\/May-bom-nuoc-thai-may-lanh-220V-14W-2m5-6M-Kingpump-chinh-bom-cao.jpg\" alt=\"May Bom Nuoc Thai May Lanh 220V 14W 2m5 6M Kingpump Chinh Bom Cao\" width=\"750\" height=\"750\" srcset=\"https:\/\/maybommini.vn\/wp-content\/uploads\/2018\/09\/May-bom-nuoc-thai-may-lanh-220V-14W-2m5-6M-Kingpump-chinh-bom-cao.jpg 750w, https:\/\/maybommini.vn\/wp-content\/uploads\/2018\/09\/May-bom-nuoc-thai-may-lanh-220V-14W-2m5-6M-Kingpump-chinh-bom-cao-300x300.jpg 300w, https:\/\/maybommini.vn\/wp-content\/uploads\/2018\/09\/May-bom-nuoc-thai-may-lanh-220V-14W-2m5-6M-Kingpump-chinh-bom-cao-150x150.jpg 150w, https:\/\/maybommini.vn\/wp-content\/uploads\/2018\/09\/May-bom-nuoc-thai-may-lanh-220V-14W-2m5-6M-Kingpump-chinh-bom-cao-600x600.jpg 600w\" sizes=\"(max-width: 750px) 100vw, 750px\" \/><\/a><a href=\"https:\/\/maybommini.com\/wp-content\/uploads\/2018\/09\/May-bom-nuoc-thai-may-lanh-220V-14W-2m5-6M-Kingpump-mat-sau.jpg\" target=\"_blank\" rel=\"noopener\"><img decoding=\"async\" class=\"size-full wp-image-278081 aligncenter\" src=\"https:\/\/maybommini.com\/wp-content\/uploads\/2018\/09\/May-bom-nuoc-thai-may-lanh-220V-14W-2m5-6M-Kingpump-mat-sau.jpg\" alt=\"May Bom Nuoc Thai May Lanh 220V 14W 2m5 6M Kingpump Mat Sau\" width=\"750\" height=\"750\" srcset=\"https:\/\/maybommini.vn\/wp-content\/uploads\/2018\/09\/May-bom-nuoc-thai-may-lanh-220V-14W-2m5-6M-Kingpump-mat-sau.jpg 750w, https:\/\/maybommini.vn\/wp-content\/uploads\/2018\/09\/May-bom-nuoc-thai-may-lanh-220V-14W-2m5-6M-Kingpump-mat-sau-300x300.jpg 300w, https:\/\/maybommini.vn\/wp-content\/uploads\/2018\/09\/May-bom-nuoc-thai-may-lanh-220V-14W-2m5-6M-Kingpump-mat-sau-150x150.jpg 150w, https:\/\/maybommini.vn\/wp-content\/uploads\/2018\/09\/May-bom-nuoc-thai-may-lanh-220V-14W-2m5-6M-Kingpump-mat-sau-600x600.jpg 600w\" sizes=\"(max-width: 750px) 100vw, 750px\" \/><\/a><a href=\"https:\/\/maybommini.com\/wp-content\/uploads\/2018\/09\/ban-may-bom-nuoc-thai-may-lanh-220V-14W-2m5-6M-Kingpump.jpg\" target=\"_blank\" rel=\"noopener\"><img decoding=\"async\" class=\"size-full wp-image-278083 aligncenter\" src=\"https:\/\/maybommini.com\/wp-content\/uploads\/2018\/09\/ban-may-bom-nuoc-thai-may-lanh-220V-14W-2m5-6M-Kingpump.jpg\" alt=\"Ban May Bom Nuoc Thai May Lanh 220V 14W 2m5 6M Kingpump\" width=\"750\" height=\"750\" srcset=\"https:\/\/maybommini.vn\/wp-content\/uploads\/2018\/09\/ban-may-bom-nuoc-thai-may-lanh-220V-14W-2m5-6M-Kingpump.jpg 750w, https:\/\/maybommini.vn\/wp-content\/uploads\/2018\/09\/ban-may-bom-nuoc-thai-may-lanh-220V-14W-2m5-6M-Kingpump-300x300.jpg 300w, https:\/\/maybommini.vn\/wp-content\/uploads\/2018\/09\/ban-may-bom-nuoc-thai-may-lanh-220V-14W-2m5-6M-Kingpump-150x150.jpg 150w, https:\/\/maybommini.vn\/wp-content\/uploads\/2018\/09\/ban-may-bom-nuoc-thai-may-lanh-220V-14W-2m5-6M-Kingpump-600x600.jpg 600w\" sizes=\"(max-width: 750px) 100vw, 750px\" \/><\/a>H\u01af\u1edaNG D\u1eaaN L\u1eaeP \u0110\u1eb6T M\u00c1Y B\u01a0M N\u01af\u1edaC M\u00c1Y L\u1ea0NH \u0110I\u1ec0U HO\u00c0<\/strong><br \/>\n\u2013 D\u00f9ng cho m\u00e1y l\u1ea1nh, m\u00e1y \u0111i\u1ec1u ho\u00e0 nhi\u1ec7t \u0111\u1ed9, m\u00e1y l\u1ea1nh t\u1ee7 \u0111\u1ee9ng, m\u00e1y l\u1ea1nh mini di \u0111\u1ed9ng, m\u00e1y l\u1ea1nh treo t\u01b0\u1eddng.<br \/>\n\u2013 S\u1eed d\u1ee5ng b\u01a1m n\u01b0\u1edbc th\u1ea3i m\u00e1y l\u1ea1nh c\u00f4ng su\u1ea5t t\u1eeb 5000 \u0111\u1ebfn 36.000 B.T.U.<br \/>\n\u2013 C\u1ea5m \u0111i\u1ec7n ngu\u1ed3n tr\u1ef1c ti\u1ebfp v\u00e0o m\u00e1y b\u01a1m 220V \u2013 240V.<br \/>\n\u2013 L\u1eafp \u1ed1ng n\u01b0\u1edbc th\u1ea3i m\u00e1y l\u1ea1nh v\u00e0o l\u1ed5 n\u01b0\u1edbc v\u00e0o.<br \/>\n\u2013 L\u1eafp m\u00e1y b\u01a1m n\u1eb1m d\u01b0\u1edbi m\u00e1y l\u1ea1nh ho\u1eb7c \u0111\u1eb7t c\u1ea1nh sau c\u00e1c lo\u1ea1i m\u00e1y t\u1ee7 \u0111\u1ee9ng.<br \/>\n\u2013 L\u1eafp \u1ed1ng n\u01b0\u1edbc ra v\u00e0o l\u1ed5 n\u01b0\u1edbc ra d\u00f9ng \u1ed1ng 6mm \u2013 8 mm.<br \/>\n\u2013 \u1ed0ng n\u01b0\u1edbc ra c\u00f3 th\u1ec3 d\u1eabn l\u00ean cao 6 m\u00e9t v\u00e0 \u0111\u01b0a ra ngo\u00e0i \u0111\u1ec3 tho\u00e1t n\u01b0\u1edbc.<br \/>\n\u2013 M\u00e1y b\u01a1m n\u01b0\u1edbc th\u1ea3i s\u1ebb t\u1ef1 \u0111\u1ed9ng b\u01a1m ra ngo\u00e0i khi l\u01b0\u1ee3ng n\u01b0\u1edbc ng\u01b0ng t\u1ee5 \u0111\u1ea1t m\u1ee9c cao nh\u1ea5t.<br \/>\n\u2013 C\u1ea5m \u0111i\u1ec7n 24\/24 kh\u00f4ng c\u1ea7n ng\u1eaft \u0111i\u1ec7n.<\/p>\n<p><strong><a href=\"https:\/\/maybommini.com\/wp-content\/uploads\/2018\/09\/phan-phoi-may-bom-nuoc-thai-may-lanh-220V-14W-2m5-6M-Kingpump.jpg\" target=\"_blank\" rel=\"noopener\"><img decoding=\"async\" class=\"size-full wp-image-278082 aligncenter\" src=\"https:\/\/maybommini.com\/wp-content\/uploads\/2018\/09\/phan-phoi-may-bom-nuoc-thai-may-lanh-220V-14W-2m5-6M-Kingpump.jpg\" alt=\"Phan Phoi May Bom Nuoc Thai May Lanh 220V 14W 2m5 6M Kingpump\" width=\"750\" height=\"750\" srcset=\"https:\/\/maybommini.vn\/wp-content\/uploads\/2018\/09\/phan-phoi-may-bom-nuoc-thai-may-lanh-220V-14W-2m5-6M-Kingpump.jpg 750w, https:\/\/maybommini.vn\/wp-content\/uploads\/2018\/09\/phan-phoi-may-bom-nuoc-thai-may-lanh-220V-14W-2m5-6M-Kingpump-300x300.jpg 300w, https:\/\/maybommini.vn\/wp-content\/uploads\/2018\/09\/phan-phoi-may-bom-nuoc-thai-may-lanh-220V-14W-2m5-6M-Kingpump-150x150.jpg 150w, https:\/\/maybommini.vn\/wp-content\/uploads\/2018\/09\/phan-phoi-may-bom-nuoc-thai-may-lanh-220V-14W-2m5-6M-Kingpump-600x600.jpg 600w\" sizes=\"(max-width: 750px) 100vw, 750px\" \/><\/a><\/strong><\/p>\n<h3 style=\"text-align: center;\">M\u00e1y b\u01a1m n\u01b0\u1edbc th\u1ea3i m\u00e1y l\u1ea1nh Kingpump 220V 14W 2.5M 6M<br \/>\nAutomatic Drain Device For Air Conditioner<\/h3>\n<p><strong>S\u1eec D\u1ee4NG M\u00c1Y B\u01a0M N\u01af\u1edaC TH\u1ea2I M\u00c1Y L\u1ea0NH<\/strong><br \/>\n&#8211; D\u00f9ng b\u01a1m n\u01b0\u1edbc th\u1ea3i cho t\u1ea5t c\u1ea3 c\u00e1c lo\u1ea1i m\u00e1y l\u1ea1nh.<br \/>\n&#8211; B\u01a1m n\u01b0\u1edbc th\u1ea3i m\u00e1y l\u00e0m m\u00e1t kh\u00f4ng kh\u00ed trong nh\u00e0.<br \/>\n&#8211; D\u00f9ng b\u01a1m n\u01b0\u1edbc th\u1ea3i m\u00e1y l\u1ea1nh c\u00f4ng nghi\u1ec7p v\u00e0 to\u00e0 nh\u00e0.<br \/>\n&#8211; B\u01a1m n\u01b0\u1edbc th\u1ea3i m\u00e1y l\u1ea1nh trong gia\u00a0\u0111\u00ecnh ph\u00f2ng l\u00e0m vi\u1ec7c.<\/p>\n<p><strong><a href=\"https:\/\/maybommini.com\/wp-content\/uploads\/2018\/09\/May-bom-nuoc-thai-may-lanh-220V-14W-2m5-6M-Kingpump.jpg\" target=\"_blank\" rel=\"noopener\"><img decoding=\"async\" class=\"size-full wp-image-278084 aligncenter\" src=\"https:\/\/maybommini.com\/wp-content\/uploads\/2018\/09\/May-bom-nuoc-thai-may-lanh-220V-14W-2m5-6M-Kingpump.jpg\" alt=\"May Bom Nuoc Thai May Lanh 220V 14W 2m5 6M Kingpump\" width=\"750\" height=\"750\" srcset=\"https:\/\/maybommini.vn\/wp-content\/uploads\/2018\/09\/May-bom-nuoc-thai-may-lanh-220V-14W-2m5-6M-Kingpump.jpg 750w, https:\/\/maybommini.vn\/wp-content\/uploads\/2018\/09\/May-bom-nuoc-thai-may-lanh-220V-14W-2m5-6M-Kingpump-300x300.jpg 300w, https:\/\/maybommini.vn\/wp-content\/uploads\/2018\/09\/May-bom-nuoc-thai-may-lanh-220V-14W-2m5-6M-Kingpump-150x150.jpg 150w, https:\/\/maybommini.vn\/wp-content\/uploads\/2018\/09\/May-bom-nuoc-thai-may-lanh-220V-14W-2m5-6M-Kingpump-600x600.jpg 600w\" sizes=\"(max-width: 750px) 100vw, 750px\" \/><\/a><\/strong><\/p>\n<p><strong>MUA M\u00c1Y B\u01a0M N\u01af\u1edaC M\u00c1Y L\u1ea0NH \u0110I\u1ec0U HO\u00c0 \u1ede \u0110\u00c2U ?<\/strong><br \/>\n<a href=\"https:\/\/maybommini.com\/\" target=\"_blank\" rel=\"noopener\">Maybommini.com<\/a>\u00a0l\u00e0 nh\u00e0 ph\u00e2n ph\u1ed1i chuy\u00ean nghi\u1ec7p nhi\u1ec1u n\u0103m li\u1ec1n t\u1ea1i Vi\u1ec7t Nam v\u1edbi c\u00e1c lo\u1ea1i m\u00e1y b\u01a1m n\u01b0\u1edbc th\u1ea3i, m\u00e1y b\u01a1m n\u01b0\u1edbc m\u00e1y l\u1ea1nh, b\u01a1m th\u1ea3i n\u01b0\u1edbc \u0111i\u1ec1u ho\u00e0, b\u01a1m n\u01b0\u1edbc th\u1ea3i m\u00e1y l\u1ea1nh gia \u0111\u00ecnh, v\u0103n ph\u00f2ng, to\u00e0 nh\u00e0, ch\u01b0ng c\u01b0, cao \u00f3c v\u00e0 l\u00e0 nh\u00e0 cung c\u1ea5p c\u00e1c lo\u1ea1i b\u01a1m cho d\u1ef1 \u00e1n ch\u01b0ng c\u01b0 nh\u00e0 \u1edf v\u0103n ph\u00f2ng cao c\u1ea5p.<br \/>\n<strong>Website:\u00a0<a href=\"https:\/\/maybommini.com\/\" target=\"_blank\" rel=\"noopener\">https:\/\/maybommini.com<\/a><\/strong><br \/>\n<strong>Email: Maybommini.com@gmail.com<\/strong><br \/>\n<strong>T\u01af V\u1ea4N K\u1ef8 THU\u1eacT \u2013 MUA H\u00c0NG<\/strong><br \/>\n<strong>0908997823 \u2013 0908997872<\/strong><br \/>\n<strong>0907294310 \u2013 02873030399<\/strong><\/p>\n<p style=\"text-align: center;\">&#8212;&#8212;&#8212;&#8212;&#8212;&#8212;&#8212;&#8212;&#8212;&#8212;&#8212;&#8212;&#8212;&#8212;&#8212;&#8212;&#8212;&#8212;-<\/p>\n<h3 style=\"text-align: center;\">M\u00e1y b\u01a1m n\u01b0\u1edbc th\u1ea3i m\u00e1y l\u1ea1nh Kingpump 220V 30W 6M <strong>MODEL C\u1ee6\u00a0<\/strong><\/h3>\n<p><a href=\"https:\/\/maybommini.com\/wp-content\/uploads\/2018\/09\/may-bom-nuoc-thai-dieu-hoa-may-lanh-toa-nha-van-phong-gia-dinh.jpg\" target=\"_blank\" rel=\"noopener\"><img decoding=\"async\" class=\"size-full wp-image-260345 aligncenter\" src=\"https:\/\/maybommini.com\/wp-content\/uploads\/2018\/09\/may-bom-nuoc-thai-dieu-hoa-may-lanh-toa-nha-van-phong-gia-dinh.jpg\" alt=\"May Bom Nuoc Thai Dieu Hoa May Lanh Toa Nha Van Phong Gia Dinh\" width=\"820\" height=\"820\" srcset=\"https:\/\/maybommini.vn\/wp-content\/uploads\/2018\/09\/may-bom-nuoc-thai-dieu-hoa-may-lanh-toa-nha-van-phong-gia-dinh.jpg 820w, https:\/\/maybommini.vn\/wp-content\/uploads\/2018\/09\/may-bom-nuoc-thai-dieu-hoa-may-lanh-toa-nha-van-phong-gia-dinh-300x300.jpg 300w, https:\/\/maybommini.vn\/wp-content\/uploads\/2018\/09\/may-bom-nuoc-thai-dieu-hoa-may-lanh-toa-nha-van-phong-gia-dinh-150x150.jpg 150w, https:\/\/maybommini.vn\/wp-content\/uploads\/2018\/09\/may-bom-nuoc-thai-dieu-hoa-may-lanh-toa-nha-van-phong-gia-dinh-600x600.jpg 600w\" sizes=\"(max-width: 820px) 100vw, 820px\" \/><\/a><\/p>\n<p>&nbsp;<\/p>\n<p><a href=\"https:\/\/maybommini.com\/wp-content\/uploads\/2018\/09\/tro-luc-bom-nuoc-thai-may-lanh-dieu-hoa.jpg\" target=\"_blank\" rel=\"noopener\"><img decoding=\"async\" class=\"size-full wp-image-260346 aligncenter\" src=\"https:\/\/maybommini.com\/wp-content\/uploads\/2018\/09\/tro-luc-bom-nuoc-thai-may-lanh-dieu-hoa.jpg\" alt=\"Tro Luc Bom Nuoc Thai May Lanh Dieu Hoa\" width=\"820\" height=\"820\" srcset=\"https:\/\/maybommini.vn\/wp-content\/uploads\/2018\/09\/tro-luc-bom-nuoc-thai-may-lanh-dieu-hoa.jpg 820w, https:\/\/maybommini.vn\/wp-content\/uploads\/2018\/09\/tro-luc-bom-nuoc-thai-may-lanh-dieu-hoa-300x300.jpg 300w, https:\/\/maybommini.vn\/wp-content\/uploads\/2018\/09\/tro-luc-bom-nuoc-thai-may-lanh-dieu-hoa-150x150.jpg 150w, https:\/\/maybommini.vn\/wp-content\/uploads\/2018\/09\/tro-luc-bom-nuoc-thai-may-lanh-dieu-hoa-600x600.jpg 600w\" sizes=\"(max-width: 820px) 100vw, 820px\" \/><\/a> <a href=\"https:\/\/maybommini.com\/wp-content\/uploads\/2018\/09\/bang-thong-so-ky-thuat-bom-nuoc-thai-may-lanh.jpg\" target=\"_blank\" rel=\"noopener\"><img decoding=\"async\" class=\"size-full wp-image-260344 aligncenter\" src=\"https:\/\/maybommini.com\/wp-content\/uploads\/2018\/09\/bang-thong-so-ky-thuat-bom-nuoc-thai-may-lanh.jpg\" alt=\"Bang Thong So Ky Thuat Bom Nuoc Thai May Lanh\" width=\"820\" height=\"587\" srcset=\"https:\/\/maybommini.vn\/wp-content\/uploads\/2018\/09\/bang-thong-so-ky-thuat-bom-nuoc-thai-may-lanh.jpg 820w, https:\/\/maybommini.vn\/wp-content\/uploads\/2018\/09\/bang-thong-so-ky-thuat-bom-nuoc-thai-may-lanh-150x107.jpg 150w, https:\/\/maybommini.vn\/wp-content\/uploads\/2018\/09\/bang-thong-so-ky-thuat-bom-nuoc-thai-may-lanh-600x430.jpg 600w\" sizes=\"(max-width: 820px) 100vw, 820px\" \/><\/a><\/p>\n<p><a href=\"https:\/\/maybommini.com\/wp-content\/uploads\/2018\/04\/kich-thuoc-may-bom-nuoc-thai-may-lanh-kingpump-HIPPO-2.jpg\" target=\"_blank\" rel=\"noopener\"><img decoding=\"async\" class=\"size-full wp-image-260330 aligncenter\" src=\"https:\/\/maybommini.com\/wp-content\/uploads\/2018\/04\/kich-thuoc-may-bom-nuoc-thai-may-lanh-kingpump-HIPPO-2.jpg\" alt=\"Kich Thuoc May Bom Nuoc Thai May Lanh Kingpump HIPPO 2\" width=\"820\" height=\"820\" srcset=\"https:\/\/maybommini.vn\/wp-content\/uploads\/2018\/04\/kich-thuoc-may-bom-nuoc-thai-may-lanh-kingpump-HIPPO-2.jpg 820w, https:\/\/maybommini.vn\/wp-content\/uploads\/2018\/04\/kich-thuoc-may-bom-nuoc-thai-may-lanh-kingpump-HIPPO-2-300x300.jpg 300w, https:\/\/maybommini.vn\/wp-content\/uploads\/2018\/04\/kich-thuoc-may-bom-nuoc-thai-may-lanh-kingpump-HIPPO-2-150x150.jpg 150w, https:\/\/maybommini.vn\/wp-content\/uploads\/2018\/04\/kich-thuoc-may-bom-nuoc-thai-may-lanh-kingpump-HIPPO-2-600x600.jpg 600w\" sizes=\"(max-width: 820px) 100vw, 820px\" \/><\/a> <a href=\"https:\/\/maybommini.com\/wp-content\/uploads\/2018\/04\/dau-com-ong-nuoc-cho-may-bom-nuoc-thai-may-lanh-3M.jpg\" target=\"_blank\" rel=\"noopener\"><img decoding=\"async\" class=\"size-full wp-image-260336 aligncenter\" src=\"https:\/\/maybommini.com\/wp-content\/uploads\/2018\/04\/dau-com-ong-nuoc-cho-may-bom-nuoc-thai-may-lanh-3M.jpg\" alt=\"Dau Com Ong Nuoc Cho May Bom Nuoc Thai May Lanh 3M\" width=\"820\" height=\"820\" srcset=\"https:\/\/maybommini.vn\/wp-content\/uploads\/2018\/04\/dau-com-ong-nuoc-cho-may-bom-nuoc-thai-may-lanh-3M.jpg 820w, https:\/\/maybommini.vn\/wp-content\/uploads\/2018\/04\/dau-com-ong-nuoc-cho-may-bom-nuoc-thai-may-lanh-3M-300x300.jpg 300w, https:\/\/maybommini.vn\/wp-content\/uploads\/2018\/04\/dau-com-ong-nuoc-cho-may-bom-nuoc-thai-may-lanh-3M-150x150.jpg 150w, https:\/\/maybommini.vn\/wp-content\/uploads\/2018\/04\/dau-com-ong-nuoc-cho-may-bom-nuoc-thai-may-lanh-3M-600x600.jpg 600w\" sizes=\"(max-width: 820px) 100vw, 820px\" \/><\/a><a href=\"https:\/\/maybommini.com\/wp-content\/uploads\/2018\/04\/day-nguon-may-bom-nuoc-thai-3M-HIPPO.jpg\" target=\"_blank\" rel=\"noopener\"><img decoding=\"async\" class=\"size-full wp-image-260337 aligncenter\" src=\"https:\/\/maybommini.com\/wp-content\/uploads\/2018\/04\/day-nguon-may-bom-nuoc-thai-3M-HIPPO.jpg\" alt=\"Day Nguon May Bom Nuoc Thai 3M HIPPO\" width=\"820\" height=\"820\" srcset=\"https:\/\/maybommini.vn\/wp-content\/uploads\/2018\/04\/day-nguon-may-bom-nuoc-thai-3M-HIPPO.jpg 820w, https:\/\/maybommini.vn\/wp-content\/uploads\/2018\/04\/day-nguon-may-bom-nuoc-thai-3M-HIPPO-300x300.jpg 300w, https:\/\/maybommini.vn\/wp-content\/uploads\/2018\/04\/day-nguon-may-bom-nuoc-thai-3M-HIPPO-150x150.jpg 150w, https:\/\/maybommini.vn\/wp-content\/uploads\/2018\/04\/day-nguon-may-bom-nuoc-thai-3M-HIPPO-600x600.jpg 600w\" sizes=\"(max-width: 820px) 100vw, 820px\" \/><\/a><\/p>\n<p>&nbsp;<\/p>\n<p><a href=\"https:\/\/maybommini.com\/wp-content\/uploads\/2018\/09\/tro-luc-bom-nuoc-thai-may-lanh-dieu-hoa.jpg\" target=\"_blank\" rel=\"noopener\"><img decoding=\"async\" class=\"size-full wp-image-260346 aligncenter\" src=\"https:\/\/maybommini.com\/wp-content\/uploads\/2018\/09\/tro-luc-bom-nuoc-thai-may-lanh-dieu-hoa.jpg\" alt=\"Tro Luc Bom Nuoc Thai May Lanh Dieu Hoa\" width=\"820\" height=\"820\" srcset=\"https:\/\/maybommini.vn\/wp-content\/uploads\/2018\/09\/tro-luc-bom-nuoc-thai-may-lanh-dieu-hoa.jpg 820w, https:\/\/maybommini.vn\/wp-content\/uploads\/2018\/09\/tro-luc-bom-nuoc-thai-may-lanh-dieu-hoa-300x300.jpg 300w, https:\/\/maybommini.vn\/wp-content\/uploads\/2018\/09\/tro-luc-bom-nuoc-thai-may-lanh-dieu-hoa-150x150.jpg 150w, https:\/\/maybommini.vn\/wp-content\/uploads\/2018\/09\/tro-luc-bom-nuoc-thai-may-lanh-dieu-hoa-600x600.jpg 600w\" sizes=\"(max-width: 820px) 100vw, 820px\" \/><\/a><\/p>\n<p>&nbsp;<\/p>\n<p><a href=\"https:\/\/maybommini.com\/wp-content\/uploads\/2018\/09\/su-dung-may-bom-nuoc-thai-may-lanh-may-dieu-hoa-dung.jpg\" target=\"_blank\" rel=\"noopener\"><img decoding=\"async\" class=\"size-full wp-image-260328 aligncenter\" src=\"https:\/\/maybommini.com\/wp-content\/uploads\/2018\/09\/su-dung-may-bom-nuoc-thai-may-lanh-may-dieu-hoa-dung.jpg\" alt=\"Su Dung May Bom Nuoc Thai May Lanh May Dieu Hoa Dung\" width=\"820\" height=\"820\" srcset=\"https:\/\/maybommini.vn\/wp-content\/uploads\/2018\/09\/su-dung-may-bom-nuoc-thai-may-lanh-may-dieu-hoa-dung.jpg 820w, https:\/\/maybommini.vn\/wp-content\/uploads\/2018\/09\/su-dung-may-bom-nuoc-thai-may-lanh-may-dieu-hoa-dung-300x300.jpg 300w, https:\/\/maybommini.vn\/wp-content\/uploads\/2018\/09\/su-dung-may-bom-nuoc-thai-may-lanh-may-dieu-hoa-dung-150x150.jpg 150w, https:\/\/maybommini.vn\/wp-content\/uploads\/2018\/09\/su-dung-may-bom-nuoc-thai-may-lanh-may-dieu-hoa-dung-600x600.jpg 600w, https:\/\/maybommini.vn\/wp-content\/uploads\/2018\/09\/su-dung-may-bom-nuoc-thai-may-lanh-may-dieu-hoa-dung-768x768.jpg 768w\" sizes=\"(max-width: 820px) 100vw, 820px\" \/><\/a><\/p>\n<p><a href=\"https:\/\/maybommini.com\/wp-content\/uploads\/2018\/09\/cach-lap-dat-va-su-dung-may-bom-nuoc-thai-dieu-hoa-may-lanh.jpg\" target=\"_blank\" rel=\"noopener\"><img decoding=\"async\" class=\"size-full wp-image-260347 aligncenter\" src=\"https:\/\/maybommini.com\/wp-content\/uploads\/2018\/09\/cach-lap-dat-va-su-dung-may-bom-nuoc-thai-dieu-hoa-may-lanh.jpg\" alt=\"Cach Lap Dat Va Su Dung May Bom Nuoc Thai Dieu Hoa May Lanh\" width=\"820\" height=\"820\" srcset=\"https:\/\/maybommini.vn\/wp-content\/uploads\/2018\/09\/cach-lap-dat-va-su-dung-may-bom-nuoc-thai-dieu-hoa-may-lanh.jpg 820w, https:\/\/maybommini.vn\/wp-content\/uploads\/2018\/09\/cach-lap-dat-va-su-dung-may-bom-nuoc-thai-dieu-hoa-may-lanh-300x300.jpg 300w, https:\/\/maybommini.vn\/wp-content\/uploads\/2018\/09\/cach-lap-dat-va-su-dung-may-bom-nuoc-thai-dieu-hoa-may-lanh-150x150.jpg 150w, https:\/\/maybommini.vn\/wp-content\/uploads\/2018\/09\/cach-lap-dat-va-su-dung-may-bom-nuoc-thai-dieu-hoa-may-lanh-600x600.jpg 600w\" sizes=\"(max-width: 820px) 100vw, 820px\" \/><\/a><\/p>\n","protected":false},"excerpt":{"rendered":"<p>Th\u01b0\u01a1ng hi\u1ec7u:\u00a0<strong>Kingpump<br \/>\n<\/strong>Model: WATER-GENIUS-6M<br \/>\n\u0110i\u1ec7n th\u1ebf: 220V \u2013 240V 50\/60Hz<br \/>\nC\u00f4ng su\u1ea5t: 14W<br \/>\nC\u00f3 ch\u1ec9nh \u0111\u1ed9 cao b\u01a1m.<br \/>\n\u0110\u1ea9y cao: 2.5 &#8211; 6 M\u00e9t<br \/>\nL\u1ed5 \u1ed1ng n\u01b0\u1edbc m\u00e1y l\u1ea1nh v\u00e0o: 30 mm<br \/>\nL\u1ed5 \u1ed1ng n\u01b0\u1edbc tho\u00e1i ra : 6mm<br \/>\nD\u00f9ng cho m\u00e1y l\u1ea1nh : 500 \u2013 36.000 B.T.U<br \/>\nM\u00e1y b\u01a1m n\u01b0\u1edbc th\u1ea3i t\u1ef1 \u0111\u1ed9ng.<br \/>\nHo\u1ea1t \u0111\u1ed9ng ti\u1ebfng \u1ed3n th\u1ea5p.<br \/>\nTi\u1ebft ki\u1ec7m \u0111i\u1ec7n.<br \/>\nNhi\u1ec7t l\u00e0m vi\u1ec7c : 0 \u2013 50 \u0111\u1ed9 C<br \/>\nK\u00edch th\u01b0\u1edbc: 14.6 x 8.6 x 12 cm<br \/>\nTr\u1ecdng l\u01b0\u1ee3ng: 1.6 Kg<br \/>\nCh\u1ea5t li\u1ec7u: ABS<br \/>\nTi\u00eau chu\u1ea9n : CE \u2013 ISO 9002 2008<br \/>\n<strong>Ph\u00e2n ph\u1ed1i: Maybommini.com<\/strong><br \/>\n<strong>B\u1ea3o h\u00e0nh: 6 th\u00e1ng<\/strong><\/p>\n","protected":false},"featured_media":278084,"comment_status":"open","ping_status":"closed","template":"","meta":[],"product_brand":[2224],"product_cat":[2515],"product_tag":[2528,4814,4813,1035,1036,925,926,927,1037,1038,2516,203,720,1039,928,2529,929],"class_list":{"0":"post-260343","1":"product","2":"type-product","3":"status-publish","4":"has-post-thumbnail","6":"product_brand-kingpump","7":"product_cat-bom-nuoc-thai-may-lanh","8":"product_tag-6m","9":"product_tag-automatic-drain-device","10":"product_tag-automatic-drain-device-for-air-conditioner","11":"product_tag-bom-day-nuoc-thai","12":"product_tag-bom-nuoc-may-lanh","13":"product_tag-bom-nuoc-thai","14":"product_tag-bom-nuoc-thai-may-lanh","15":"product_tag-bom-tu-dong","16":"product_tag-hippo-2","17":"product_tag-king-pump","18":"product_tag-kingpump","19":"product_tag-may-bom","20":"product_tag-may-lanh","21":"product_tag-nuoc-may-lanh","22":"product_tag-nuoc-thai-may-lanh","23":"product_tag-water-genius","24":"product_tag-wipcool","26":"first","27":"instock","28":"sale","29":"shipping-taxable","30":"purchasable","31":"product-type-simple"},"_links":{"self":[{"href":"https:\/\/maybommini.vn\/index.php?rest_route=\/wp\/v2\/product\/260343","targetHints":{"allow":["GET"]}}],"collection":[{"href":"https:\/\/maybommini.vn\/index.php?rest_route=\/wp\/v2\/product"}],"about":[{"href":"https:\/\/maybommini.vn\/index.php?rest_route=\/wp\/v2\/types\/product"}],"replies":[{"embeddable":true,"href":"https:\/\/maybommini.vn\/index.php?rest_route=%2Fwp%2Fv2%2Fcomments&post=260343"}],"wp:featuredmedia":[{"embeddable":true,"href":"https:\/\/maybommini.vn\/index.php?rest_route=\/wp\/v2\/media\/278084"}],"wp:attachment":[{"href":"https:\/\/maybommini.vn\/index.php?rest_route=%2Fwp%2Fv2%2Fmedia&parent=260343"}],"wp:term":[{"taxonomy":"product_brand","embeddable":true,"href":"https:\/\/maybommini.vn\/index.php?rest_route=%2Fwp%2Fv2%2Fproduct_brand&post=260343"},{"taxonomy":"product_cat","embeddable":true,"href":"https:\/\/maybommini.vn\/index.php?rest_route=%2Fwp%2Fv2%2Fproduct_cat&post=260343"},{"taxonomy":"product_tag","embeddable":true,"href":"https:\/\/maybommini.vn\/index.php?rest_route=%2Fwp%2Fv2%2Fproduct_tag&post=260343"}],"curies":[{"name":"wp","href":"https:\/\/api.w.org\/{rel}","templated":true}]}}