{"id":261044,"date":"2019-01-12T02:47:56","date_gmt":"2019-01-11T19:47:56","guid":{"rendered":"https:\/\/maybommini.com\/?post_type=product&#038;p=261044"},"modified":"2026-04-10T20:18:47","modified_gmt":"2026-04-10T13:18:47","slug":"may-bom-hoa-chat-220v-mp-40r","status":"publish","type":"product","link":"https:\/\/maybommini.vn\/?product=may-bom-hoa-chat-220v-mp-40r","title":{"rendered":"M\u00e1y B\u01a1m Ho\u00e1 Ch\u1ea5t 220V MP-40R"},"content":{"rendered":"<p><strong>Nh\u00e0 ph\u00e2n ph\u1ed1i c\u00e1c lo\u1ea1i m\u00e1y b\u01a1m ho\u00e1 ch\u1ea5t 220V MP-40R chuy\u00ean d\u1ee5ng d\u00f9ng \u0111\u1ec3 b\u01a1m h\u00f3a ch\u1ea5t m\u00e0 c\u00e1c lo\u1ea1i m\u00e1y b\u01a1m th\u00f4ng th\u01b0\u1eddng kh\u00e1c kh\u00f4ng b\u01a1m \u0111\u01b0\u1ee3c v\u1edbi thi\u1ebft k\u1ebf nh\u1ecf g\u1ecdn c\u00f3 th\u1ec3 n\u00f3i \u0111\u00e2y l\u00e0 m\u00e1y b\u01a1m ho\u00e1 ch\u1ea5t t\u1ed1t\u00a0nh\u1ea5t hi\u1ec7n nay do <a href=\"\/\/maybommini.com&quot;\">https:\/\/maybommini.com<\/a> ph\u00e2n ph\u1ed1i \u0111\u1ed9c quy\u1ec1n t\u1ea1i Vi\u1ec7t Nam.<\/strong><\/p>\n<p><a href=\"https:\/\/maybommini.com\/wp-content\/uploads\/2019\/01\/may-bom-hoa-chat-220v-40R.jpg\" target=\"_blank\" rel=\"noopener\"><img decoding=\"async\" class=\"size-full wp-image-261045 aligncenter\" src=\"https:\/\/maybommini.com\/wp-content\/uploads\/2019\/01\/may-bom-hoa-chat-220v-40R.jpg\" alt=\"May Bom Hoa Chat 220v 40R\" width=\"720\" height=\"720\" srcset=\"https:\/\/maybommini.vn\/wp-content\/uploads\/2019\/01\/may-bom-hoa-chat-220v-40R.jpg 720w, https:\/\/maybommini.vn\/wp-content\/uploads\/2019\/01\/may-bom-hoa-chat-220v-40R-300x300.jpg 300w, https:\/\/maybommini.vn\/wp-content\/uploads\/2019\/01\/may-bom-hoa-chat-220v-40R-150x150.jpg 150w, https:\/\/maybommini.vn\/wp-content\/uploads\/2019\/01\/may-bom-hoa-chat-220v-40R-600x600.jpg 600w\" sizes=\"(max-width: 720px) 100vw, 720px\" \/><\/a><\/p>\n<p><strong>TH\u00d4NG S\u1ed0 K\u1ef6 THU\u1eacT<br \/>\n<\/strong>Model: MP-40R<br \/>\nS\u1eed d\u1ee5ng: B\u01a1m ho\u00e1 ch\u1ea5t<br \/>\nCh\u1ed1ng\u00a0\u0103n m\u00f2n cao c\u1ea5p<br \/>\n\u0110\u1ed9ng c\u01a1: xoay chi\u1ec1u<br \/>\n\u0110i\u1ec7n \u00e1p: 220V<br \/>\nC\u00f4ng su\u1ea5t: 65 W<br \/>\nL\u01b0u l\u01b0\u1ee3ng: 45 L\/ph\u00fat<br \/>\n\u1ed0ng d\u1eabn ra: 20mm<br \/>\n\u1ed0ng d\u1eabn v\u00e0o: 20mm<br \/>\nB\u01a1m cao: met<br \/>\nCh\u1ea5t li\u1ec7u: Nh\u1ef1a PP<br \/>\nCh\u1ed1ng \u0103n m\u00f2n v\u00e0 r\u00f2 r\u1ec9<br \/>\nTr\u1ee5c: n\u1eb1m ngang<br \/>\nK\u00edch th\u01b0\u1edbc: mm<br \/>\nTr\u1ecdng l\u01b0\u1ee3ng: g<\/p>\n<p><a href=\"https:\/\/maybommini.com\/wp-content\/uploads\/2019\/01\/may-bom-axit-MP-40R-220V.jpg\" target=\"_blank\" rel=\"noopener\"><img decoding=\"async\" class=\"size-full wp-image-261074 aligncenter\" src=\"https:\/\/maybommini.com\/wp-content\/uploads\/2019\/01\/may-bom-axit-MP-40R-220V.jpg\" alt=\"May Bom Axit MP 40R 220V\" width=\"720\" height=\"720\" srcset=\"https:\/\/maybommini.vn\/wp-content\/uploads\/2019\/01\/may-bom-axit-MP-40R-220V.jpg 720w, https:\/\/maybommini.vn\/wp-content\/uploads\/2019\/01\/may-bom-axit-MP-40R-220V-300x300.jpg 300w, https:\/\/maybommini.vn\/wp-content\/uploads\/2019\/01\/may-bom-axit-MP-40R-220V-150x150.jpg 150w, https:\/\/maybommini.vn\/wp-content\/uploads\/2019\/01\/may-bom-axit-MP-40R-220V-600x600.jpg 600w\" sizes=\"(max-width: 720px) 100vw, 720px\" \/><\/a><\/p>\n<p><a href=\"https:\/\/maybommini.com\/wp-content\/uploads\/2019\/01\/thong-so-luu-luong-va-bom-cao-may-bom-hoa-chat.jpg\" target=\"_blank\" rel=\"noopener\"><img decoding=\"async\" class=\"size-full wp-image-261078 aligncenter\" src=\"https:\/\/maybommini.com\/wp-content\/uploads\/2019\/01\/thong-so-luu-luong-va-bom-cao-may-bom-hoa-chat.jpg\" alt=\"Thong So Luu Luong Va Bom Cao May Bom Hoa Chat\" width=\"720\" height=\"720\" srcset=\"https:\/\/maybommini.vn\/wp-content\/uploads\/2019\/01\/thong-so-luu-luong-va-bom-cao-may-bom-hoa-chat.jpg 720w, https:\/\/maybommini.vn\/wp-content\/uploads\/2019\/01\/thong-so-luu-luong-va-bom-cao-may-bom-hoa-chat-300x300.jpg 300w, https:\/\/maybommini.vn\/wp-content\/uploads\/2019\/01\/thong-so-luu-luong-va-bom-cao-may-bom-hoa-chat-150x150.jpg 150w, https:\/\/maybommini.vn\/wp-content\/uploads\/2019\/01\/thong-so-luu-luong-va-bom-cao-may-bom-hoa-chat-600x600.jpg 600w\" sizes=\"(max-width: 720px) 100vw, 720px\" \/><\/a> <a href=\"https:\/\/maybommini.com\/wp-content\/uploads\/2019\/01\/thong-so-kich-thuoc-may-bom-hoa-chat.jpg\" target=\"_blank\" rel=\"noopener\"><img decoding=\"async\" class=\"size-full wp-image-261077 aligncenter\" src=\"https:\/\/maybommini.com\/wp-content\/uploads\/2019\/01\/thong-so-kich-thuoc-may-bom-hoa-chat.jpg\" alt=\"Thong So Kich Thuoc May Bom Hoa Chat\" width=\"720\" height=\"720\" srcset=\"https:\/\/maybommini.vn\/wp-content\/uploads\/2019\/01\/thong-so-kich-thuoc-may-bom-hoa-chat.jpg 720w, https:\/\/maybommini.vn\/wp-content\/uploads\/2019\/01\/thong-so-kich-thuoc-may-bom-hoa-chat-300x300.jpg 300w, https:\/\/maybommini.vn\/wp-content\/uploads\/2019\/01\/thong-so-kich-thuoc-may-bom-hoa-chat-150x150.jpg 150w, https:\/\/maybommini.vn\/wp-content\/uploads\/2019\/01\/thong-so-kich-thuoc-may-bom-hoa-chat-600x600.jpg 600w\" sizes=\"(max-width: 720px) 100vw, 720px\" \/><\/a><\/p>\n<p><strong>NGUY\u00caN L\u00dd HO\u1ea0T\u00a0\u0110\u1ed8NG M\u00c1Y B\u01a0M HO\u00c1 CH\u1ea4T<br \/>\n<\/strong>M\u00e1y c\u00f3 th\u1ec3 ch\u1ea1y kh\u00f4 m\u00e0 kh\u00f4ng \u1ea3nh h\u01b0\u1edbng t\u1edbi \u0111\u1ed9ng c\u01a1 khi kh\u00f4ng c\u00f3 n\u01b0\u1edbc b\u01a1m. V\u1edbi c\u00e1c m\u00e1y l\u1edbn th\u00ec c\u00f3 th\u1ec3 g\u00e2y h\u1ea1i d\u1eabn t\u1edbi ch\u00e1y \u0111\u1ed9ng c\u01a1.B\u01a1m n\u01b0\u1edbc ho\u00e1 ch\u1ea5t\u00a0d\u00f9ng tr\u1ef1c ti\u1ebfp ngu\u1ed3n \u0111i\u1ec7n 220V. M\u00e1y ch\u1ea1y ho\u1ea1t \u0111\u1ed9ng v\u1edbi ti\u1ebfng \u1ed3n nh\u1ecf v\u00e0 \u00eam \u00e1i.<\/p>\n<p><a href=\"https:\/\/maybommini.com\/wp-content\/uploads\/2019\/01\/may-bom-hoa-chat-luu-luon-lon-40R.jpg\" target=\"_blank\" rel=\"noopener\"><img decoding=\"async\" class=\"size-full wp-image-261075 aligncenter\" src=\"https:\/\/maybommini.com\/wp-content\/uploads\/2019\/01\/may-bom-hoa-chat-luu-luon-lon-40R.jpg\" alt=\"May Bom Hoa Chat Luu Luon Lon 40R\" width=\"720\" height=\"720\" srcset=\"https:\/\/maybommini.vn\/wp-content\/uploads\/2019\/01\/may-bom-hoa-chat-luu-luon-lon-40R.jpg 720w, https:\/\/maybommini.vn\/wp-content\/uploads\/2019\/01\/may-bom-hoa-chat-luu-luon-lon-40R-300x300.jpg 300w, https:\/\/maybommini.vn\/wp-content\/uploads\/2019\/01\/may-bom-hoa-chat-luu-luon-lon-40R-150x150.jpg 150w, https:\/\/maybommini.vn\/wp-content\/uploads\/2019\/01\/may-bom-hoa-chat-luu-luon-lon-40R-600x600.jpg 600w\" sizes=\"(max-width: 720px) 100vw, 720px\" \/><\/a> <a href=\"https:\/\/maybommini.com\/wp-content\/uploads\/2019\/01\/bom-hoa-chat-220V-40R.jpg\" target=\"_blank\" rel=\"noopener\"><img decoding=\"async\" class=\"size-full wp-image-261072 aligncenter\" src=\"https:\/\/maybommini.com\/wp-content\/uploads\/2019\/01\/bom-hoa-chat-220V-40R.jpg\" alt=\"Bom Hoa Chat 220V 40R\" width=\"720\" height=\"720\" srcset=\"https:\/\/maybommini.vn\/wp-content\/uploads\/2019\/01\/bom-hoa-chat-220V-40R.jpg 720w, https:\/\/maybommini.vn\/wp-content\/uploads\/2019\/01\/bom-hoa-chat-220V-40R-300x300.jpg 300w, https:\/\/maybommini.vn\/wp-content\/uploads\/2019\/01\/bom-hoa-chat-220V-40R-150x150.jpg 150w, https:\/\/maybommini.vn\/wp-content\/uploads\/2019\/01\/bom-hoa-chat-220V-40R-600x600.jpg 600w\" sizes=\"(max-width: 720px) 100vw, 720px\" \/><\/a> <a href=\"https:\/\/maybommini.com\/wp-content\/uploads\/2019\/01\/dau-may-bom-hoa-chat-40R-220V.jpg\" target=\"_blank\" rel=\"noopener\"><img decoding=\"async\" class=\"size-full wp-image-261073 aligncenter\" src=\"https:\/\/maybommini.com\/wp-content\/uploads\/2019\/01\/dau-may-bom-hoa-chat-40R-220V.jpg\" alt=\"Dau May Bom Hoa Chat 40R 220V\" width=\"720\" height=\"720\" srcset=\"https:\/\/maybommini.vn\/wp-content\/uploads\/2019\/01\/dau-may-bom-hoa-chat-40R-220V.jpg 720w, https:\/\/maybommini.vn\/wp-content\/uploads\/2019\/01\/dau-may-bom-hoa-chat-40R-220V-300x300.jpg 300w, https:\/\/maybommini.vn\/wp-content\/uploads\/2019\/01\/dau-may-bom-hoa-chat-40R-220V-150x150.jpg 150w, https:\/\/maybommini.vn\/wp-content\/uploads\/2019\/01\/dau-may-bom-hoa-chat-40R-220V-600x600.jpg 600w\" sizes=\"(max-width: 720px) 100vw, 720px\" \/><\/a><\/p>\n<p><strong>\u1ee8NG D\u1ee4NG M\u00c1Y B\u01a0M HO\u00c1 CH\u1ea4T<br \/>\n<\/strong>\u0110\u1eb7c bi\u1ec7t m\u00e1y c\u00f3 kh\u1ea3 n\u0103ng b\u01a1m c\u00e1c lo\u1ea1i ho\u00e1 ch\u1ea5t\u00a0\u0103n m\u00f2n, axit, &#8230;<br \/>\nB\u01a1m n\u01b0\u1edbc bi\u1ec3n, b\u01a1m dung d\u1ecbch \u0111\u1eb7t bi\u1ec7t, b\u01a1m n\u01b0\u1edbc, &#8230;<\/p>\n<p><a href=\"https:\/\/maybommini.com\/wp-content\/uploads\/2019\/01\/Pump-MP-40R-50HZ-220V-Magnetic-Drink-Machine.jpg\" target=\"_blank\" rel=\"noopener\"><img decoding=\"async\" class=\"size-full wp-image-261076 aligncenter\" src=\"https:\/\/maybommini.com\/wp-content\/uploads\/2019\/01\/Pump-MP-40R-50HZ-220V-Magnetic-Drink-Machine.jpg\" alt=\"Pump MP 40R 50HZ 220V Magnetic Drink Machine\" width=\"720\" height=\"720\" srcset=\"https:\/\/maybommini.vn\/wp-content\/uploads\/2019\/01\/Pump-MP-40R-50HZ-220V-Magnetic-Drink-Machine.jpg 720w, https:\/\/maybommini.vn\/wp-content\/uploads\/2019\/01\/Pump-MP-40R-50HZ-220V-Magnetic-Drink-Machine-300x300.jpg 300w, https:\/\/maybommini.vn\/wp-content\/uploads\/2019\/01\/Pump-MP-40R-50HZ-220V-Magnetic-Drink-Machine-150x150.jpg 150w, https:\/\/maybommini.vn\/wp-content\/uploads\/2019\/01\/Pump-MP-40R-50HZ-220V-Magnetic-Drink-Machine-600x600.jpg 600w\" sizes=\"(max-width: 720px) 100vw, 720px\" \/><\/a><\/p>\n<p><strong>MUA M\u00c1Y B\u01a0M HO\u00c1 CH\u1ea4T\u00a0\u1ede \u0110\u00c2U ?<br \/>\n<\/strong>M\u1ecdi chi ti\u1ebft vui l\u00f2ng li\u00ean h\u1ec7 tr\u1ef1c ti\u1ebfp cho ch\u00fang t\u00f4i \u0111\u1ec3 \u0111\u01b0\u1ee3c t\u01b0 v\u1ea5n theo nhu c\u1ea7u \u0111\u1ec3 c\u00f3 \u0111\u01b0\u1ee3c b\u1ed9 s\u1ea3n ph\u1ea9m t\u1ed1t nh\u1ea5t v\u00e0 ti\u1ebft ki\u1ec7m.\u00a0B\u1ea1n \u1edf xa v\u1eabn c\u00f3 th\u1ec3 mua h\u00e0ng v\u00e0 giao to\u00e0n qu\u1ed1c.<\/p>\n<p><a href=\"https:\/\/maybommini.com\/wp-content\/uploads\/2019\/01\/ban-may-bom-hoa-chat-220V-12V.jpg\" target=\"_blank\" rel=\"noopener\"><img decoding=\"async\" class=\"size-full wp-image-261080 aligncenter\" src=\"https:\/\/maybommini.com\/wp-content\/uploads\/2019\/01\/ban-may-bom-hoa-chat-220V-12V.jpg\" alt=\"Ban May Bom Hoa Chat 220V 12V\" width=\"720\" height=\"720\" srcset=\"https:\/\/maybommini.vn\/wp-content\/uploads\/2019\/01\/ban-may-bom-hoa-chat-220V-12V.jpg 720w, https:\/\/maybommini.vn\/wp-content\/uploads\/2019\/01\/ban-may-bom-hoa-chat-220V-12V-300x300.jpg 300w, https:\/\/maybommini.vn\/wp-content\/uploads\/2019\/01\/ban-may-bom-hoa-chat-220V-12V-150x150.jpg 150w, https:\/\/maybommini.vn\/wp-content\/uploads\/2019\/01\/ban-may-bom-hoa-chat-220V-12V-600x600.jpg 600w\" sizes=\"(max-width: 720px) 100vw, 720px\" \/><\/a><\/p>\n<p><strong>CTY TNHH TH\u01af\u01a0NG M\u1ea0I D\u1ecaCH V\u1ee4 \u0110I\u1ec6N M\u00c1Y TH\u00d4NG MINH<\/strong><br \/>\nHotline : 090 729 4310<br \/>\nEmail : maybommini.com@gmail.com<br \/>\nWebsite : http:\/\/maybommini.com<br \/>\nFacebook : <a href=\"\/\/www.facebook.com\/maybommini&quot;\" target=\"&quot;_blank&quot;\" rel=\"&quot;noopener&quot; noopener noreferrer\">https:\/\/www.facebook.com\/maybommini<\/a><br \/>\nGoogle : <a href=\"\/\/plus.google.com\/\" target=\"&quot;_blank&quot;\" rel=\"&quot;noopener&quot; noopener noreferrer\">https:\/\/plus.google.com\/ Maybomnuocminiruaxe<\/a><br \/>\nYoutube demo : <a href=\"\/\/www.youtube.com\/bahamasali&quot;\" target=\"&quot;_blank&quot;\" rel=\"&quot;noopener&quot; noopener noreferrer\">https:\/\/www.youtube.com\/bahamasali<\/a><\/p>\n","protected":false},"excerpt":{"rendered":"<p>Model: MP-40R<br \/>\nS\u1eed d\u1ee5ng: B\u01a1m ho\u00e1 ch\u1ea5t<br \/>\nCh\u1ed1ng\u00a0\u0103n m\u00f2n cao c\u1ea5p<br \/>\n\u0110\u1ed9ng c\u01a1: xoay chi\u1ec1u<br \/>\n\u0110i\u1ec7n \u00e1p: 220V<br \/>\nC\u00f4ng su\u1ea5t: 65 W<br \/>\nL\u01b0u l\u01b0\u1ee3ng: 45 L\/ph\u00fat<br \/>\n\u1ed0ng d\u1eabn ra: 20mm<br \/>\n\u1ed0ng d\u1eabn v\u00e0o: 20mm<br \/>\nB\u1ea3o h\u00e0ng:\u00a06 th\u00e1ng<br \/>\nPh\u00e2n ph\u1ed1i:\u00a0<a href=\"https:\/\/maybomminimbm.vn\/\">M\u00e1y B\u01a1m Mini MBM<\/a><br \/>\nS\u1ea3n ph\u1ea9m cao c\u1ea5p<\/p>\n","protected":false},"featured_media":261045,"comment_status":"open","ping_status":"closed","template":"","meta":[],"product_brand":[2227],"product_cat":[2004,562],"product_tag":[500,1216,2619,2627,439,1217,564,565,2628,566,567,2621,963,1218,2620,278,279,1123],"class_list":{"0":"post-261044","1":"product","2":"type-product","3":"status-publish","4":"has-post-thumbnail","6":"product_brand-mtm","7":"product_cat-may-bom-hoa-chat-220v","8":"product_cat-may-bom-hoa-chat","9":"product_tag-220v","10":"product_tag-30r","11":"product_tag-40r","12":"product_tag-acid-resistance-220v","13":"product_tag-bom-hoa-chat","14":"product_tag-chemical-pumps","15":"product_tag-chong-an-mon","16":"product_tag-hoa-chat","17":"product_tag-material-magnetic-water-pump","18":"product_tag-may-bom-axit","19":"product_tag-may-bom-hoa-chat","20":"product_tag-may-bom-hoa-chat-40r","21":"product_tag-mp-20r","22":"product_tag-mp-30r","23":"product_tag-mp-40r","24":"product_tag-propumps","25":"product_tag-pump","26":"product_tag-pumps","28":"first","29":"instock","30":"sale","31":"featured","32":"shipping-taxable","33":"purchasable","34":"product-type-simple"},"_links":{"self":[{"href":"https:\/\/maybommini.vn\/index.php?rest_route=\/wp\/v2\/product\/261044","targetHints":{"allow":["GET"]}}],"collection":[{"href":"https:\/\/maybommini.vn\/index.php?rest_route=\/wp\/v2\/product"}],"about":[{"href":"https:\/\/maybommini.vn\/index.php?rest_route=\/wp\/v2\/types\/product"}],"replies":[{"embeddable":true,"href":"https:\/\/maybommini.vn\/index.php?rest_route=%2Fwp%2Fv2%2Fcomments&post=261044"}],"wp:featuredmedia":[{"embeddable":true,"href":"https:\/\/maybommini.vn\/index.php?rest_route=\/wp\/v2\/media\/261045"}],"wp:attachment":[{"href":"https:\/\/maybommini.vn\/index.php?rest_route=%2Fwp%2Fv2%2Fmedia&parent=261044"}],"wp:term":[{"taxonomy":"product_brand","embeddable":true,"href":"https:\/\/maybommini.vn\/index.php?rest_route=%2Fwp%2Fv2%2Fproduct_brand&post=261044"},{"taxonomy":"product_cat","embeddable":true,"href":"https:\/\/maybommini.vn\/index.php?rest_route=%2Fwp%2Fv2%2Fproduct_cat&post=261044"},{"taxonomy":"product_tag","embeddable":true,"href":"https:\/\/maybommini.vn\/index.php?rest_route=%2Fwp%2Fv2%2Fproduct_tag&post=261044"}],"curies":[{"name":"wp","href":"https:\/\/api.w.org\/{rel}","templated":true}]}}