{"id":262206,"date":"2019-06-15T14:46:31","date_gmt":"2019-06-15T07:46:31","guid":{"rendered":"https:\/\/maybommini.com\/?post_type=product&#038;p=262206"},"modified":"2025-12-01T01:18:24","modified_gmt":"2025-11-30T18:18:24","slug":"ong-day-ap-luc-cao-ren-trong-22mm-40-met","status":"publish","type":"product","link":"https:\/\/maybommini.vn\/?product=ong-day-ap-luc-cao-ren-trong-22mm-40-met","title":{"rendered":"\u1ed0ng d\u00e2y \u00e1p l\u1ef1c cao ren trong 22mm 40 m\u00e9t"},"content":{"rendered":"<p><strong>Chuy\u00ean ph\u00e2n ph\u1ed1i c\u00e1c lo\u1ea1i\u00a0\u1ed1ng d\u00e2y \u00e1p l\u1ef1c cao ren trong 22mm 40 m\u00e9t s\u1eed d\u1ee5ng cho c\u00e1c lo\u1ea1i m\u00e1y x\u1ecbt r\u1eeda \u00e1p l\u1ef1c cao. C\u00f3 kh\u1ea3 n\u0103ng ch\u1ecbu\u00a0\u0111\u01b0\u1ee3c\u00a0\u00e1p l\u1ef1c n\u01b0\u1edbc kh\u00e1 l\u1edbn t\u1eeb m\u00e1y b\u01a1m \u00e1p l\u1ef1c\u00a0\u0111\u1ec3 r\u1eeda xe r\u1eeda m\u00e1y l\u1ea1nh v\u1ec7 sinh nh\u00e0 c\u1eeda nh\u00e0 h\u00e0ng qu\u00e1n \u0103n, \u0111\u00e2y l\u00e0 \u1ed1ng \u0111\u01b0\u1ee3c s\u1ea3n xu\u1ea5t ch\u00ednh h\u00e3ng t\u1eeb c\u00e1c nh\u00e0 cung c\u1ea5p m\u00e1y \u00e1p l\u1ef1c cao.<\/strong><\/p>\n<p><a href=\"https:\/\/maybommini.com\/wp-content\/uploads\/2019\/06\/Ong-day-ap-luc-cao-ren-trong-22mm-40-met.jpg\" target=\"_blank\" rel=\"noopener\"><img decoding=\"async\" class=\"size-full wp-image-262197 aligncenter\" src=\"https:\/\/maybommini.com\/wp-content\/uploads\/2019\/06\/Ong-day-ap-luc-cao-ren-trong-22mm-40-met.jpg\" alt=\"Ong Day Ap Luc Cao Ren Trong 22mm 40 Met\" width=\"750\" height=\"750\" srcset=\"https:\/\/maybommini.vn\/wp-content\/uploads\/2019\/06\/Ong-day-ap-luc-cao-ren-trong-22mm-40-met.jpg 750w, https:\/\/maybommini.vn\/wp-content\/uploads\/2019\/06\/Ong-day-ap-luc-cao-ren-trong-22mm-40-met-300x300.jpg 300w, https:\/\/maybommini.vn\/wp-content\/uploads\/2019\/06\/Ong-day-ap-luc-cao-ren-trong-22mm-40-met-150x150.jpg 150w, https:\/\/maybommini.vn\/wp-content\/uploads\/2019\/06\/Ong-day-ap-luc-cao-ren-trong-22mm-40-met-600x600.jpg 600w\" sizes=\"(max-width: 750px) 100vw, 750px\" \/><\/a><\/p>\n<p><strong>TH\u00d4NG S\u1ed0 K\u1ef8 THU\u1eacT<br \/>\n<\/strong>Model: OALC-22M-40M<br \/>\nCh\u1ea5t li\u1ec7u: Nh\u1ef1a PVP PVC- B\u1ed1 l\u01b0\u1edbi &#8211; Kim lo\u1ea1i.<br \/>\n\u00c1p l\u1ef1c:\u00a0 16 Mpa<br \/>\nRen k\u1ebft n\u1ed1i: Ren trong 22 mm.<br \/>\nChi\u1ec1u d\u00e0i: 40 M\u00e9t.<br \/>\n\u0110\u01b0\u1eddng k\u00edn trong: 8.5 mm<br \/>\nNhi\u1ec7t \u0111\u1ed9: 60 \u0111\u1ed9 C.<br \/>\nT\u01b0\u01a1ng th\u00edch v\u1edbi t\u1ea5t c\u1ea3 c\u00e1 lo\u1ea1i m\u00e1y r\u1eeda xe th\u00f4ng d\u1ee5ng.<br \/>\nTr\u1ecdng l\u01b0\u1ee3ng: 2.4 Kg<\/p>\n<p><a href=\"https:\/\/maybommini.com\/wp-content\/uploads\/2019\/06\/Ong-ap-luc-may-rua-xe.jpg\" target=\"_blank\" rel=\"noopener\"><img decoding=\"async\" class=\"size-full wp-image-262189 aligncenter\" src=\"https:\/\/maybommini.com\/wp-content\/uploads\/2019\/06\/Ong-ap-luc-may-rua-xe.jpg\" alt=\"Ong Ap Luc May Rua Xe\" width=\"750\" height=\"750\" srcset=\"https:\/\/maybommini.vn\/wp-content\/uploads\/2019\/06\/Ong-ap-luc-may-rua-xe.jpg 750w, https:\/\/maybommini.vn\/wp-content\/uploads\/2019\/06\/Ong-ap-luc-may-rua-xe-300x300.jpg 300w, https:\/\/maybommini.vn\/wp-content\/uploads\/2019\/06\/Ong-ap-luc-may-rua-xe-150x150.jpg 150w, https:\/\/maybommini.vn\/wp-content\/uploads\/2019\/06\/Ong-ap-luc-may-rua-xe-600x600.jpg 600w\" sizes=\"(max-width: 750px) 100vw, 750px\" \/><\/a> <a href=\"https:\/\/maybommini.com\/wp-content\/uploads\/2019\/06\/ban-ong-rua-xe-ap-luc-cao.jpg\" target=\"_blank\" rel=\"noopener\"><img decoding=\"async\" class=\"size-full wp-image-262188 aligncenter\" src=\"https:\/\/maybommini.com\/wp-content\/uploads\/2019\/06\/ban-ong-rua-xe-ap-luc-cao.jpg\" alt=\"Ban Ong Rua Xe Ap Luc Cao\" width=\"750\" height=\"750\" srcset=\"https:\/\/maybommini.vn\/wp-content\/uploads\/2019\/06\/ban-ong-rua-xe-ap-luc-cao.jpg 750w, https:\/\/maybommini.vn\/wp-content\/uploads\/2019\/06\/ban-ong-rua-xe-ap-luc-cao-300x300.jpg 300w, https:\/\/maybommini.vn\/wp-content\/uploads\/2019\/06\/ban-ong-rua-xe-ap-luc-cao-150x150.jpg 150w, https:\/\/maybommini.vn\/wp-content\/uploads\/2019\/06\/ban-ong-rua-xe-ap-luc-cao-600x600.jpg 600w\" sizes=\"(max-width: 750px) 100vw, 750px\" \/><\/a> <a href=\"https:\/\/maybommini.com\/wp-content\/uploads\/2019\/06\/Ong-nuoc-may-rua-xe-cao-ap.jpg\" target=\"_blank\" rel=\"noopener\"><img decoding=\"async\" class=\"size-full wp-image-262200 aligncenter\" src=\"https:\/\/maybommini.com\/wp-content\/uploads\/2019\/06\/Ong-nuoc-may-rua-xe-cao-ap.jpg\" alt=\"Ong Nuoc May Rua Xe Cao Ap\" width=\"750\" height=\"750\" srcset=\"https:\/\/maybommini.vn\/wp-content\/uploads\/2019\/06\/Ong-nuoc-may-rua-xe-cao-ap.jpg 750w, https:\/\/maybommini.vn\/wp-content\/uploads\/2019\/06\/Ong-nuoc-may-rua-xe-cao-ap-300x300.jpg 300w, https:\/\/maybommini.vn\/wp-content\/uploads\/2019\/06\/Ong-nuoc-may-rua-xe-cao-ap-150x150.jpg 150w, https:\/\/maybommini.vn\/wp-content\/uploads\/2019\/06\/Ong-nuoc-may-rua-xe-cao-ap-600x600.jpg 600w\" sizes=\"(max-width: 750px) 100vw, 750px\" \/><\/a><a href=\"https:\/\/maybommini.com\/wp-content\/uploads\/2019\/06\/Phan-phoi-ong-ap-luc-cao-rua-xe-gia-dinh.jpg\" target=\"_blank\" rel=\"noopener\"><img decoding=\"async\" class=\"size-full wp-image-262202 aligncenter\" src=\"https:\/\/maybommini.com\/wp-content\/uploads\/2019\/06\/Phan-phoi-ong-ap-luc-cao-rua-xe-gia-dinh.jpg\" alt=\"Phan Phoi Ong Ap Luc Cao Rua Xe Gia Dinh\" width=\"750\" height=\"750\" srcset=\"https:\/\/maybommini.vn\/wp-content\/uploads\/2019\/06\/Phan-phoi-ong-ap-luc-cao-rua-xe-gia-dinh.jpg 750w, https:\/\/maybommini.vn\/wp-content\/uploads\/2019\/06\/Phan-phoi-ong-ap-luc-cao-rua-xe-gia-dinh-300x300.jpg 300w, https:\/\/maybommini.vn\/wp-content\/uploads\/2019\/06\/Phan-phoi-ong-ap-luc-cao-rua-xe-gia-dinh-150x150.jpg 150w, https:\/\/maybommini.vn\/wp-content\/uploads\/2019\/06\/Phan-phoi-ong-ap-luc-cao-rua-xe-gia-dinh-600x600.jpg 600w\" sizes=\"(max-width: 750px) 100vw, 750px\" \/><\/a> <a href=\"https:\/\/maybommini.com\/wp-content\/uploads\/2019\/06\/Ong-rua-xe-chat-luong-cao.jpg\" target=\"_blank\" rel=\"noopener\"><img decoding=\"async\" class=\"size-full wp-image-262201 aligncenter\" src=\"https:\/\/maybommini.com\/wp-content\/uploads\/2019\/06\/Ong-rua-xe-chat-luong-cao.jpg\" alt=\"Ong Rua Xe Chat Luong Cao\" width=\"750\" height=\"750\" srcset=\"https:\/\/maybommini.vn\/wp-content\/uploads\/2019\/06\/Ong-rua-xe-chat-luong-cao.jpg 750w, https:\/\/maybommini.vn\/wp-content\/uploads\/2019\/06\/Ong-rua-xe-chat-luong-cao-300x300.jpg 300w, https:\/\/maybommini.vn\/wp-content\/uploads\/2019\/06\/Ong-rua-xe-chat-luong-cao-150x150.jpg 150w, https:\/\/maybommini.vn\/wp-content\/uploads\/2019\/06\/Ong-rua-xe-chat-luong-cao-600x600.jpg 600w\" sizes=\"(max-width: 750px) 100vw, 750px\" \/><\/a><\/p>\n<p><strong>S\u1eec D\u1ee4NG D\u00c2Y\u00a0\u00c1P L\u1ef0C CAO REN TRONG 22MM<\/strong><br \/>\nD\u00f9ng thay th\u1ebf d\u00e2y\u00a0\u00e1p l\u1ef1c cao theo m\u00e1y.<br \/>\nD\u00f9ng\u00a0 n\u1ed1i d\u00e0i th\u00eam d\u00e2y m\u00e1y r\u1eeda xe.<br \/>\nCh\u1ecbu nhi\u1ec7t t\u1ed1t trong t\u1ea7m 60 \u0111\u1ed9 C.<br \/>\n\u00c1p l\u1ef1c ch\u1ecbu t\u1ed1i \u0111a l\u00e0 16 Mpa.<br \/>\n\u0110\u00e2y l\u00e0 lo\u1ea1i d\u00e2y si\u00eau b\u1ec1n d\u00f9ng r\u1eeda xe k\u00e8m v\u1edbi m\u00e1y b\u01a1m n\u01b0\u1edbc, m\u00e1y \u00e1p l\u1ef1c cao\u00a0m\u00e0 ch\u00fang t\u00f4i cung c\u1ea5p.<\/p>\n<p><a href=\"https:\/\/maybommini.com\/wp-content\/uploads\/2019\/06\/Ong-chiu-luc-ren-trong-22mm.jpg\" target=\"_blank\" rel=\"noopener\"><img decoding=\"async\" class=\"size-full wp-image-262190 aligncenter\" src=\"https:\/\/maybommini.com\/wp-content\/uploads\/2019\/06\/Ong-chiu-luc-ren-trong-22mm.jpg\" alt=\"Ong Chiu Luc Ren Trong 22mm\" width=\"750\" height=\"750\" srcset=\"https:\/\/maybommini.vn\/wp-content\/uploads\/2019\/06\/Ong-chiu-luc-ren-trong-22mm.jpg 750w, https:\/\/maybommini.vn\/wp-content\/uploads\/2019\/06\/Ong-chiu-luc-ren-trong-22mm-300x300.jpg 300w, https:\/\/maybommini.vn\/wp-content\/uploads\/2019\/06\/Ong-chiu-luc-ren-trong-22mm-150x150.jpg 150w, https:\/\/maybommini.vn\/wp-content\/uploads\/2019\/06\/Ong-chiu-luc-ren-trong-22mm-600x600.jpg 600w\" sizes=\"(max-width: 750px) 100vw, 750px\" \/><\/a> <a href=\"https:\/\/maybommini.com\/wp-content\/uploads\/2019\/06\/Ong-day-cho-may-rua-xe-ren-22mm.jpg\" target=\"_blank\" rel=\"noopener\"><img decoding=\"async\" class=\"size-full wp-image-262199 aligncenter\" src=\"https:\/\/maybommini.com\/wp-content\/uploads\/2019\/06\/Ong-day-cho-may-rua-xe-ren-22mm.jpg\" alt=\"Ong Day Cho May Rua Xe Ren 22mm\" width=\"750\" height=\"750\" srcset=\"https:\/\/maybommini.vn\/wp-content\/uploads\/2019\/06\/Ong-day-cho-may-rua-xe-ren-22mm.jpg 750w, https:\/\/maybommini.vn\/wp-content\/uploads\/2019\/06\/Ong-day-cho-may-rua-xe-ren-22mm-300x300.jpg 300w, https:\/\/maybommini.vn\/wp-content\/uploads\/2019\/06\/Ong-day-cho-may-rua-xe-ren-22mm-150x150.jpg 150w, https:\/\/maybommini.vn\/wp-content\/uploads\/2019\/06\/Ong-day-cho-may-rua-xe-ren-22mm-600x600.jpg 600w\" sizes=\"(max-width: 750px) 100vw, 750px\" \/><\/a> <a href=\"https:\/\/maybommini.com\/wp-content\/uploads\/2019\/06\/Ong-rua-xe-chat-luong-cao.jpg\" target=\"_blank\" rel=\"noopener\"><img decoding=\"async\" class=\"size-full wp-image-262201 aligncenter\" src=\"https:\/\/maybommini.com\/wp-content\/uploads\/2019\/06\/Ong-rua-xe-chat-luong-cao.jpg\" alt=\"Ong Rua Xe Chat Luong Cao\" width=\"750\" height=\"750\" srcset=\"https:\/\/maybommini.vn\/wp-content\/uploads\/2019\/06\/Ong-rua-xe-chat-luong-cao.jpg 750w, https:\/\/maybommini.vn\/wp-content\/uploads\/2019\/06\/Ong-rua-xe-chat-luong-cao-300x300.jpg 300w, https:\/\/maybommini.vn\/wp-content\/uploads\/2019\/06\/Ong-rua-xe-chat-luong-cao-150x150.jpg 150w, https:\/\/maybommini.vn\/wp-content\/uploads\/2019\/06\/Ong-rua-xe-chat-luong-cao-600x600.jpg 600w\" sizes=\"(max-width: 750px) 100vw, 750px\" \/><\/a><\/p>\n<p><strong>MUA\u00a0\u1ed0NG D\u00c2Y\u00a0\u00c1P L\u1ef0C CAO R\u1eecA XE\u00a0\u1ede\u00a0\u0110\u00c2U ?<\/strong><br \/>\nM\u1ecdi chi ti\u1ebft vui l\u00f2ng li\u00ean h\u1ec7 tr\u1ef1c ti\u1ebfp cho ch\u00fang t\u00f4i \u0111\u1ec3 \u0111\u01b0\u1ee3c t\u01b0 v\u1ea5n theo nhu c\u1ea7u \u0111\u1ec3 c\u00f3 \u0111\u01b0\u1ee3c b\u1ed9 s\u1ea3n ph\u1ea9m t\u1ed1t nh\u1ea5t v\u00e0 ti\u1ebft ki\u1ec7m.\u00a0B\u1ea1n \u1edf xa v\u1eabn c\u00f3 th\u1ec3 mua h\u00e0ng v\u00e0 giao h\u00e0ng thanh to\u00e1n ti\u1ec1n t\u1ea1i nh\u00e0.<br \/>\n<strong>Hotline :<\/strong>\u00a0090 729 4310 &#8211; 02873030399<br \/>\n<strong>Email :<\/strong>\u00a0maybommini.com@gmail.com<br \/>\n<strong>Website :<\/strong>\u00a0<a href=\"https:\/\/maybommini.com\/\" target=\"_blank\" rel=\"noopener\">https:\/\/maybommini.com<\/a><br \/>\n<strong>Facebook :<\/strong>\u00a0<a href=\"https:\/\/www.facebook.com\/maybommini\" target=\"_blank\" rel=\"noopener\">https:\/\/www.facebook.com\/maybommini<\/a><br \/>\n<strong>Google :<\/strong>\u00a0<a href=\"https:\/\/plus.google.com\/ Maybomnuocminiruaxe\" target=\"_blank\" rel=\"noopener\">https:\/\/plus.google.com\/ Maybomnuocminiruaxe<\/a><br \/>\n<strong>Youtube demo :<\/strong>\u00a0<a href=\"https:\/\/www.youtube.com\/bahamasali\" target=\"_blank\" rel=\"noopener\">https:\/\/www.youtube.com\/bahamasali<\/a><\/p>\n<h3 style=\"text-align: center;\"><em><strong><a href=\"https:\/\/maybommini.com\/san-pham\/ong-day-ap-luc-cao-ren-trong-22mm-8-met\" target=\"_blank\" rel=\"noopener\">\u1ed0ng d\u00e2y \u00e1p l\u1ef1c cao ren trong 22mm 8 m\u00e9t<\/a><br \/>\n<a href=\"https:\/\/maybommini.com\/san-pham\/ong-day-ap-luc-cao-ren-trong-22mm-16-met\" target=\"_blank\" rel=\"noopener noreferrer\">\u1ed0ng d\u00e2y \u00e1p l\u1ef1c cao ren trong 22mm 16 m\u00e9t<\/a><br \/>\n<a href=\"https:\/\/maybommini.com\/san-pham\/ong-day-ap-luc-cao-ren-trong-22mm-20-met\" target=\"_blank\" rel=\"noopener noreferrer\">\u1ed0ng d\u00e2y \u00e1p l\u1ef1c cao ren trong 22mm 20 m\u00e9t<\/a><br \/>\n\u1ed0ng d\u00e2y \u00e1p l\u1ef1c cao ren trong 22mm 40 m\u00e9t<br \/>\n<\/strong><\/em><\/h3>\n","protected":false},"excerpt":{"rendered":"<p>Model: OALC-22M-40M<br \/>\nCh\u1ea5t li\u1ec7u: Nh\u1ef1a PVP PVC- B\u1ed1 l\u01b0\u1edbi &#8211; Kim lo\u1ea1i.<br \/>\n\u00c1p l\u1ef1c:\u00a0 16 Mpa<br \/>\nRen k\u1ebft n\u1ed1i: Ren trong 22 mm.<br \/>\nChi\u1ec1u d\u00e0i: 40 M\u00e9t.<br \/>\n\u0110\u01b0\u1eddng k\u00edn trong: 8.5 mm<br \/>\nNhi\u1ec7t \u0111\u1ed9: 60 \u0111\u1ed9 C.<br \/>\nT\u01b0\u01a1ng th\u00edch v\u1edbi t\u1ea5t c\u1ea3 c\u00e1 lo\u1ea1i m\u00e1y r\u1eeda xe th\u00f4ng d\u1ee5ng.<br \/>\nTr\u1ecdng l\u01b0\u1ee3ng: 2.5 Kg.<br \/>\n\u0110\u1ed5i m\u1edbi n\u1ebfu b\u1ecb l\u1ed5i trong 7 ng\u00e0y \u0111\u1ea7u.<br \/>\nKh\u1eb3ng \u0111\u1ecbnh \u0111\u1ed9 an to\u00e0n, ch\u1ea5t l\u01b0\u1ee3ng s\u1ea3n ph\u1ea9m v\u1edbi ng\u01b0\u1eddi ti\u00eau dung.<br \/>\nPh\u00e2n ph\u1ed1i:\u00a0<a href=\"https:\/\/maybomminimbm.vn\/\">M\u00e1y B\u01a1m Mini MBM<\/a><br \/>\nS\u1ea3n ph\u1ea9m cao c\u1ea5p<\/p>\n","protected":false},"featured_media":262197,"comment_status":"open","ping_status":"closed","template":"","meta":[],"product_brand":[2227],"product_cat":[215,214,2034],"product_tag":[2852,2853,2854,2851,372,802,889,908,1536,478,759,760,246,2161,247,923,248,249,1537,250],"class_list":{"0":"post-262206","1":"product","2":"type-product","3":"status-publish","4":"has-post-thumbnail","6":"product_brand-mtm","7":"product_cat-phu-kien-xit-rua-ap-luc","8":"product_cat-phu-kien-bom-nuoc","9":"product_cat-ong-day","10":"product_tag-16-met","11":"product_tag-20-met","12":"product_tag-40-met","13":"product_tag-8-met","14":"product_tag-ap-luc-cao","15":"product_tag-cao-ap","16":"product_tag-day-ap-luc","17":"product_tag-day-ca-sau","18":"product_tag-day-may-rua-xe","19":"product_tag-day-rua-xe","20":"product_tag-ong-ap-luc","21":"product_tag-ong-ap-luc-cao","22":"product_tag-ong-day","23":"product_tag-ong-day-may-rua-xe","24":"product_tag-ong-day-rua-xe","25":"product_tag-ong-nuoc","26":"product_tag-ong-nuoc-ap-luc","27":"product_tag-phu-kien-rua-xe","28":"product_tag-ren-22","29":"product_tag-sung-phun-nuoc-ap-luc","31":"first","32":"instock","33":"sale","34":"featured","35":"shipping-taxable","36":"purchasable","37":"product-type-simple"},"_links":{"self":[{"href":"https:\/\/maybommini.vn\/index.php?rest_route=\/wp\/v2\/product\/262206","targetHints":{"allow":["GET"]}}],"collection":[{"href":"https:\/\/maybommini.vn\/index.php?rest_route=\/wp\/v2\/product"}],"about":[{"href":"https:\/\/maybommini.vn\/index.php?rest_route=\/wp\/v2\/types\/product"}],"replies":[{"embeddable":true,"href":"https:\/\/maybommini.vn\/index.php?rest_route=%2Fwp%2Fv2%2Fcomments&post=262206"}],"wp:featuredmedia":[{"embeddable":true,"href":"https:\/\/maybommini.vn\/index.php?rest_route=\/wp\/v2\/media\/262197"}],"wp:attachment":[{"href":"https:\/\/maybommini.vn\/index.php?rest_route=%2Fwp%2Fv2%2Fmedia&parent=262206"}],"wp:term":[{"taxonomy":"product_brand","embeddable":true,"href":"https:\/\/maybommini.vn\/index.php?rest_route=%2Fwp%2Fv2%2Fproduct_brand&post=262206"},{"taxonomy":"product_cat","embeddable":true,"href":"https:\/\/maybommini.vn\/index.php?rest_route=%2Fwp%2Fv2%2Fproduct_cat&post=262206"},{"taxonomy":"product_tag","embeddable":true,"href":"https:\/\/maybommini.vn\/index.php?rest_route=%2Fwp%2Fv2%2Fproduct_tag&post=262206"}],"curies":[{"name":"wp","href":"https:\/\/api.w.org\/{rel}","templated":true}]}}