{"id":267720,"date":"2020-12-04T16:21:12","date_gmt":"2020-12-04T09:21:12","guid":{"rendered":"https:\/\/maybommini.com\/?post_type=product&#038;p=267720"},"modified":"2023-04-06T11:49:05","modified_gmt":"2023-04-06T04:49:05","slug":"binh-ac-quy-kho-12v-7-5ah-globe-chinh-hang","status":"publish","type":"product","link":"https:\/\/maybommini.vn\/?product=binh-ac-quy-kho-12v-7-5ah-globe-chinh-hang","title":{"rendered":"B\u00ecnh \u1eafc quy kh\u00f4 12V 7.5Ah Globe ch\u00ednh h\u00e3ng"},"content":{"rendered":"<p><em><strong>Ph\u00e2n ph\u1ed1i b\u00ecnh \u1eafc quy kh\u00f4 12V 7.5Ah Globe ch\u00ednh h\u00e3ng chuy\u00ean d\u1ee5ng ch\u1ea5t l\u01b0\u1ee3ng cao s\u1eed d\u1ee5ng cho c\u00e1c thi\u1ebft b\u1ecb thang m\u00e1y, l\u01b0u \u0111i\u1ec7n UPS, b\u00ecnh phun thu\u1ed1c s\u00e2u, \u1eafc quy loa k\u00e9o, m\u00e1y b\u01a1m mini, \u0111\u00e8n chi\u1ebfu s\u00e1ng, b\u00ecnh l\u01b0u \u0111i\u1ec7n n\u0103ng l\u01b0\u1ee3ng m\u1eb7t tr\u1eddi v\u00e0 nhi\u1ec1u \u1ee9ng d\u1ee5ng kh\u00e1c.<\/strong><\/em><\/p>\n<p><strong><a href=\"https:\/\/maybommini.com\/wp-content\/uploads\/2020\/12\/Binh-ac-quy-kho-12V-7500mAh.jpg\" target=\"_blank\" rel=\"noopener\"><img decoding=\"async\" class=\"size-full wp-image-267724 aligncenter\" src=\"https:\/\/maybommini.com\/wp-content\/uploads\/2020\/12\/Binh-ac-quy-kho-12V-7500mAh.jpg\" alt=\"Binh Ac Quy Kho 12V 7500mAh\" width=\"750\" height=\"750\" srcset=\"https:\/\/maybommini.vn\/wp-content\/uploads\/2020\/12\/Binh-ac-quy-kho-12V-7500mAh.jpg 750w, https:\/\/maybommini.vn\/wp-content\/uploads\/2020\/12\/Binh-ac-quy-kho-12V-7500mAh-300x300.jpg 300w, https:\/\/maybommini.vn\/wp-content\/uploads\/2020\/12\/Binh-ac-quy-kho-12V-7500mAh-150x150.jpg 150w, https:\/\/maybommini.vn\/wp-content\/uploads\/2020\/12\/Binh-ac-quy-kho-12V-7500mAh-600x600.jpg 600w\" sizes=\"(max-width: 750px) 100vw, 750px\" \/><\/a>TH\u00d4NG S\u1ed0 K\u1ef8 THU\u1eacT<br \/>\n<\/strong>Th\u01b0\u01a1ng hi\u1ec7u: GLOBE<br \/>\nModel: WP7.5-12<br \/>\n\u0110i\u1ec7n th\u1ebf ra: 12V<br \/>\n\u0110i\u1ec7n th\u1ebf th\u01b0\u1eddng xuy\u00ean (Standby): 12V &#8211; 13.5V<br \/>\nDung l\u01b0\u1ee3ng: 7.5Ah<br \/>\n\u0110i\u1ec7n th\u1ebf s\u1ea1c v\u00e0o: 13.5V &#8211; 13.8V<br \/>\nD\u00f2ng s\u1ea1c v\u00e0o: 1A &#8211; 2A Max<br \/>\nTu\u1ed5i th\u1ecd thi\u1ebft k\u1ebf 5 n\u0103m<br \/>\nV\u1eadt li\u1ec7u v\u1ecf, n\u1eafp: ABS<br \/>\nT\u1ef1 ph\u00f3ng \u0111i\u1ec7n 1 th\u00e1ng c\u00f2n 98%, 3 th\u00e1ng c\u00f2n 94%, 6 th\u00e1ng c\u00f2n 85%.<br \/>\n\u1eaec quy chuy\u00ean d\u1ee5ng tu\u1ed5i th\u1ecd cao.<br \/>\nLo\u1ea1i \u1eafc quy ch\u00ec kh\u00f4.<br \/>\nTi\u00eau chu\u1ea9n ch\u1ea5t l\u01b0\u1ee3ng: TCVN7916:2008<br \/>\nISO 9001:2015, ISO 14001:2015, UL, CE<br \/>\nK\u00edch th\u01b0\u1edbc: 15 x 6 x 9 cm<br \/>\nTr\u1ecdng l\u01b0\u1ee3ng: 2.4 Kg<br \/>\nXu\u1ea5t x\u1ee9: Made in Vietnam<br \/>\nB\u1ea3o h\u00e0nh: 06 th\u00e1ng<\/p>\n<p><strong> <a href=\"https:\/\/maybommini.com\/wp-content\/uploads\/2020\/12\/ban-binh-ac-quy-Globe-chinh-hang-12V.jpg\" target=\"_blank\" rel=\"noopener\"><img decoding=\"async\" class=\"size-full wp-image-267723 aligncenter\" src=\"https:\/\/maybommini.com\/wp-content\/uploads\/2020\/12\/ban-binh-ac-quy-Globe-chinh-hang-12V.jpg\" alt=\"Ban Binh Ac Quy Globe Chinh Hang 12V\" width=\"750\" height=\"750\" srcset=\"https:\/\/maybommini.vn\/wp-content\/uploads\/2020\/12\/ban-binh-ac-quy-Globe-chinh-hang-12V.jpg 750w, https:\/\/maybommini.vn\/wp-content\/uploads\/2020\/12\/ban-binh-ac-quy-Globe-chinh-hang-12V-300x300.jpg 300w, https:\/\/maybommini.vn\/wp-content\/uploads\/2020\/12\/ban-binh-ac-quy-Globe-chinh-hang-12V-150x150.jpg 150w, https:\/\/maybommini.vn\/wp-content\/uploads\/2020\/12\/ban-binh-ac-quy-Globe-chinh-hang-12V-600x600.jpg 600w\" sizes=\"(max-width: 750px) 100vw, 750px\" \/><\/a><a href=\"https:\/\/maybommini.com\/wp-content\/uploads\/2020\/12\/ac-quy-mini-12v-7500mAh-chinh-hang.jpg\" target=\"_blank\" rel=\"noopener\"><img decoding=\"async\" class=\"size-full wp-image-267721 aligncenter\" src=\"https:\/\/maybommini.com\/wp-content\/uploads\/2020\/12\/ac-quy-mini-12v-7500mAh-chinh-hang.jpg\" alt=\"Ac Quy Mini 12v 7500mAh Chinh Hang\" width=\"750\" height=\"750\" srcset=\"https:\/\/maybommini.vn\/wp-content\/uploads\/2020\/12\/ac-quy-mini-12v-7500mAh-chinh-hang.jpg 750w, https:\/\/maybommini.vn\/wp-content\/uploads\/2020\/12\/ac-quy-mini-12v-7500mAh-chinh-hang-300x300.jpg 300w, https:\/\/maybommini.vn\/wp-content\/uploads\/2020\/12\/ac-quy-mini-12v-7500mAh-chinh-hang-150x150.jpg 150w, https:\/\/maybommini.vn\/wp-content\/uploads\/2020\/12\/ac-quy-mini-12v-7500mAh-chinh-hang-600x600.jpg 600w\" sizes=\"(max-width: 750px) 100vw, 750px\" \/><\/a><a href=\"https:\/\/maybommini.com\/wp-content\/uploads\/2020\/12\/Binh-ac-quy-kho-12V-7500mAh.jpg\" target=\"_blank\" rel=\"noopener\"><img decoding=\"async\" class=\"size-full wp-image-267724 aligncenter\" src=\"https:\/\/maybommini.com\/wp-content\/uploads\/2020\/12\/Binh-ac-quy-kho-12V-7500mAh.jpg\" alt=\"Binh Ac Quy Kho 12V 7500mAh\" width=\"750\" height=\"750\" srcset=\"https:\/\/maybommini.vn\/wp-content\/uploads\/2020\/12\/Binh-ac-quy-kho-12V-7500mAh.jpg 750w, https:\/\/maybommini.vn\/wp-content\/uploads\/2020\/12\/Binh-ac-quy-kho-12V-7500mAh-300x300.jpg 300w, https:\/\/maybommini.vn\/wp-content\/uploads\/2020\/12\/Binh-ac-quy-kho-12V-7500mAh-150x150.jpg 150w, https:\/\/maybommini.vn\/wp-content\/uploads\/2020\/12\/Binh-ac-quy-kho-12V-7500mAh-600x600.jpg 600w\" sizes=\"(max-width: 750px) 100vw, 750px\" \/><\/a><a href=\"https:\/\/maybommini.com\/wp-content\/uploads\/2020\/12\/binh-ac-quy-kho-12v-gia-re-chinh-hang-Globe.jpg\" target=\"_blank\" rel=\"noopener\"><img decoding=\"async\" class=\"size-full wp-image-267725 aligncenter\" src=\"https:\/\/maybommini.com\/wp-content\/uploads\/2020\/12\/binh-ac-quy-kho-12v-gia-re-chinh-hang-Globe.jpg\" alt=\"Binh Ac Quy Kho 12v Gia Re Chinh Hang Globe\" width=\"750\" height=\"750\" srcset=\"https:\/\/maybommini.vn\/wp-content\/uploads\/2020\/12\/binh-ac-quy-kho-12v-gia-re-chinh-hang-Globe.jpg 750w, https:\/\/maybommini.vn\/wp-content\/uploads\/2020\/12\/binh-ac-quy-kho-12v-gia-re-chinh-hang-Globe-300x300.jpg 300w, https:\/\/maybommini.vn\/wp-content\/uploads\/2020\/12\/binh-ac-quy-kho-12v-gia-re-chinh-hang-Globe-150x150.jpg 150w, https:\/\/maybommini.vn\/wp-content\/uploads\/2020\/12\/binh-ac-quy-kho-12v-gia-re-chinh-hang-Globe-600x600.jpg 600w\" sizes=\"(max-width: 750px) 100vw, 750px\" \/><\/a><br \/>\nH\u01af\u1edaNG D\u1ea8N CH\u00da \u00dd KHI S\u1eec D\u1ee4NG B\u00ccNH \u1eaeC QUY CH\u00cc KH\u00d4<\/strong><br \/>\nN\u1ebfu kh\u00f4ng s\u1eed d\u1ee5ng m\u1ed7i th\u00e1ng c\u0169ng n\u00ean s\u1ea1c \u0111i\u1ec7n 3 &#8211; 5 gi\u1edd.<br \/>\n\u1eaec quy kh\u00f4ng \u0111\u01b0\u1ee3c \u0111\u1ec3 \u0111i\u1ec7n th\u1ebf d\u01b0\u1edbi 10.8V.<br \/>\nKh\u00f4ng \u0111\u1ec3 \u0111\u1ea7u c\u1ef1c \u00e2m ch\u1ea1m v\u00e0o c\u1ef1c d\u01b0\u01a1ng.<br \/>\nKhi acid v\u0103ng tr\u00fang c\u01a1 th\u1ec1 l\u1eadp t\u1ee9 r\u1eeda s\u1ea1ch b\u1eb1ng n\u01b0\u1edbc v\u00e0 \u0111\u1ebfn b\u00e1c s\u0129 chuy\u00ean m\u00f4n \u0111i\u1ec1u tr\u1ecb.<br \/>\nL\u01b0u tr\u1eef \u1eafc quy n\u1edbi kh\u00f4 m\u00e1t, tho\u00e1ng kh\u00ed, tr\u00e1nh xa tr\u1ebb em.<br \/>\nQu\u00e1 s\u1ea3 \u0111i\u1ec7n, \u0111i\u1ec7n \u00e1p d\u01b0\u1edbi 8V kh\u00f4ng b\u1ea3o h\u00e0nh.<br \/>\nKh\u00f4ng t\u1ef1 \u00fd th\u00e1o n\u1eafp b\u00ecnh \u1eafc kh\u00f4.<\/p>\n<p><strong><a href=\"https:\/\/maybommini.com\/wp-content\/uploads\/2020\/12\/binh-dien-12v-kho-mini-7500mah.jpg\" target=\"_blank\" rel=\"noopener\"><img decoding=\"async\" class=\"size-full wp-image-267726 aligncenter\" src=\"https:\/\/maybommini.com\/wp-content\/uploads\/2020\/12\/binh-dien-12v-kho-mini-7500mah.jpg\" alt=\"Binh Dien 12v Kho Mini 7500mah\" width=\"750\" height=\"750\" srcset=\"https:\/\/maybommini.vn\/wp-content\/uploads\/2020\/12\/binh-dien-12v-kho-mini-7500mah.jpg 750w, https:\/\/maybommini.vn\/wp-content\/uploads\/2020\/12\/binh-dien-12v-kho-mini-7500mah-300x300.jpg 300w, https:\/\/maybommini.vn\/wp-content\/uploads\/2020\/12\/binh-dien-12v-kho-mini-7500mah-150x150.jpg 150w, https:\/\/maybommini.vn\/wp-content\/uploads\/2020\/12\/binh-dien-12v-kho-mini-7500mah-600x600.jpg 600w\" sizes=\"(max-width: 750px) 100vw, 750px\" \/><\/a><a href=\"https:\/\/maybommini.com\/wp-content\/uploads\/2020\/12\/ban-binh-ac-quy-12v-gia-re-7500mah-Globe.jpg\" target=\"_blank\" rel=\"noopener\"><img decoding=\"async\" class=\"size-full wp-image-267722 aligncenter\" src=\"https:\/\/maybommini.com\/wp-content\/uploads\/2020\/12\/ban-binh-ac-quy-12v-gia-re-7500mah-Globe.jpg\" alt=\"Ban Binh Ac Quy 12v Gia Re 7500mah Globe\" width=\"750\" height=\"750\" srcset=\"https:\/\/maybommini.vn\/wp-content\/uploads\/2020\/12\/ban-binh-ac-quy-12v-gia-re-7500mah-Globe.jpg 750w, https:\/\/maybommini.vn\/wp-content\/uploads\/2020\/12\/ban-binh-ac-quy-12v-gia-re-7500mah-Globe-300x300.jpg 300w, https:\/\/maybommini.vn\/wp-content\/uploads\/2020\/12\/ban-binh-ac-quy-12v-gia-re-7500mah-Globe-150x150.jpg 150w, https:\/\/maybommini.vn\/wp-content\/uploads\/2020\/12\/ban-binh-ac-quy-12v-gia-re-7500mah-Globe-600x600.jpg 600w\" sizes=\"(max-width: 750px) 100vw, 750px\" \/><\/a>S\u1eec D\u1ee4NG B\u00ccNH \u1eaeC QUY KH\u00d4 MINI 12V<br \/>\n<\/strong>&#8211; B\u00ecnh \u1eafc quy b\u00ecnh phun thu\u1ed1c b\u1eb1ng \u0111i\u1ec7n.<br \/>\n&#8211; B\u00ecnh \u1eafc quy cho xe m\u00e1y, m\u00e1y ph\u00e1t \u0111i\u1ec7n.<br \/>\n&#8211; D\u00f9ng cho l\u01b0u \u0111i\u1ec7n thang m\u00e1y.<br \/>\n&#8211; D\u00f9ng cho l\u01b0u \u0111i\u1ec7n UPS.<br \/>\n&#8211; S\u1eed d\u1ee5ng thay th\u1ebf \u1eafc quy c\u1ee7 c\u1ee7a UPS.<br \/>\n&#8211; B\u00ecnh \u1eafc quy cho c\u1eeda cu\u1ed1n.<br \/>\n&#8211; \u1eaec quy cho thi\u1ebft b\u1ecb \u0111i\u1ec7n, \u0111i\u1ec7n t\u1eed.<br \/>\n&#8211; D\u00f9ng cho h\u1ec7 th\u1ed1ng thi\u1ebft b\u1ecb \u0111i\u1ec7n t\u1ef1 \u0111\u1ed9ng.<br \/>\n&#8211; D\u00f9ng cho m\u00e1y b\u01a1m n\u01b0\u1edbc mini 12V 24V.<br \/>\n&#8211; D\u00f9ng h\u1ec7 th\u1ed1ng Camera, b\u00ecnh \u1eafc quy kh\u00f3a c\u1eeda t\u1eeb v\u00e2n tay.<br \/>\n&#8211; D\u00f9ng ngu\u1ed3n \u0111i\u1ec7n d\u1ef1 ph\u00f2ng 12V 24V.<br \/>\n&#8211; D\u00f9ng cho\u00a0\u0111\u00e8n chi\u1ebfu s\u00e1ng c\u1ea7m tay ho\u1eb7c\u00a0\u0111\u00e8n treo t\u01b0\u1eddng d\u1ee5 ph\u00f2ng.<br \/>\n&#8211; D\u00f9ng trong h\u1ec7 th\u1ed1ng m\u00e1y m\u00f3c t\u1ef1\u00a0\u0111\u1ed9ng.<br \/>\n&#8211; D\u00f9ng h\u1ec7 th\u1ed1ng n\u0103ng l\u01b0\u1ee3ng m\u1eb7t tr\u1eddi Solar.<br \/>\n&#8211; D\u00f9ng trong \u0111\u1ed3 ch\u01a1i tr\u1ebb em, xe \u0111i\u1ec7n, xe \u0111i\u1ec1u ki\u1ec3n t\u1eeb xa.<br \/>\n&#8211; B\u00ecnh \u1eafc quy ngu\u1ed3n d\u1ef1 ph\u00f2ng (Backup Power), Ngu\u1ed3n xe \u0111i\u1ec7n (eVehicle Power) , loa karaok , UPS<br \/>\nV\u00e0 \u1ee9ng d\u1ee5ng trong nhi\u1ec1u l\u0129nh v\u1ef1c kh\u00e1c&#8230;<\/p>\n<p><strong> <a href=\"https:\/\/maybommini.com\/wp-content\/uploads\/2020\/12\/nha-phan-phoi-binh-ac-quy-kho-Globe-Viet-Nam.jpg\" target=\"_blank\" rel=\"noopener\"><img decoding=\"async\" class=\"size-full wp-image-267713 aligncenter\" src=\"https:\/\/maybommini.com\/wp-content\/uploads\/2020\/12\/nha-phan-phoi-binh-ac-quy-kho-Globe-Viet-Nam.jpg\" alt=\"Nha Phan Phoi Binh Ac Quy Kho Globe Viet Nam\" width=\"750\" height=\"750\" srcset=\"https:\/\/maybommini.vn\/wp-content\/uploads\/2020\/12\/nha-phan-phoi-binh-ac-quy-kho-Globe-Viet-Nam.jpg 750w, https:\/\/maybommini.vn\/wp-content\/uploads\/2020\/12\/nha-phan-phoi-binh-ac-quy-kho-Globe-Viet-Nam-300x300.jpg 300w, https:\/\/maybommini.vn\/wp-content\/uploads\/2020\/12\/nha-phan-phoi-binh-ac-quy-kho-Globe-Viet-Nam-150x150.jpg 150w, https:\/\/maybommini.vn\/wp-content\/uploads\/2020\/12\/nha-phan-phoi-binh-ac-quy-kho-Globe-Viet-Nam-600x600.jpg 600w\" sizes=\"(max-width: 750px) 100vw, 750px\" \/><\/a><a href=\"https:\/\/maybommini.com\/wp-content\/uploads\/2020\/12\/cung-capi-binh-ac-quy-kho-Globe-Viet-Nam.jpg\" target=\"_blank\" rel=\"noopener\"><img decoding=\"async\" class=\"size-full wp-image-267711 aligncenter\" src=\"https:\/\/maybommini.com\/wp-content\/uploads\/2020\/12\/cung-capi-binh-ac-quy-kho-Globe-Viet-Nam.jpg\" alt=\"Cung Capi Binh Ac Quy Kho Globe Viet Nam\" width=\"750\" height=\"750\" srcset=\"https:\/\/maybommini.vn\/wp-content\/uploads\/2020\/12\/cung-capi-binh-ac-quy-kho-Globe-Viet-Nam.jpg 750w, https:\/\/maybommini.vn\/wp-content\/uploads\/2020\/12\/cung-capi-binh-ac-quy-kho-Globe-Viet-Nam-300x300.jpg 300w, https:\/\/maybommini.vn\/wp-content\/uploads\/2020\/12\/cung-capi-binh-ac-quy-kho-Globe-Viet-Nam-150x150.jpg 150w, https:\/\/maybommini.vn\/wp-content\/uploads\/2020\/12\/cung-capi-binh-ac-quy-kho-Globe-Viet-Nam-600x600.jpg 600w\" sizes=\"(max-width: 750px) 100vw, 750px\" \/><\/a><\/strong><\/p>\n<p><strong> <a href=\"https:\/\/maybommini.com\/wp-content\/uploads\/2020\/12\/chuyen-ban-ac-quy-cac-loai-gia-tot.jpg\" target=\"_blank\" rel=\"noopener\"><img decoding=\"async\" class=\"size-full wp-image-267708 aligncenter\" src=\"https:\/\/maybommini.com\/wp-content\/uploads\/2020\/12\/chuyen-ban-ac-quy-cac-loai-gia-tot.jpg\" alt=\"Chuyen Ban Ac Quy Cac Loai Gia Tot\" width=\"750\" height=\"750\" srcset=\"https:\/\/maybommini.vn\/wp-content\/uploads\/2020\/12\/chuyen-ban-ac-quy-cac-loai-gia-tot.jpg 750w, https:\/\/maybommini.vn\/wp-content\/uploads\/2020\/12\/chuyen-ban-ac-quy-cac-loai-gia-tot-300x300.jpg 300w, https:\/\/maybommini.vn\/wp-content\/uploads\/2020\/12\/chuyen-ban-ac-quy-cac-loai-gia-tot-150x150.jpg 150w, https:\/\/maybommini.vn\/wp-content\/uploads\/2020\/12\/chuyen-ban-ac-quy-cac-loai-gia-tot-600x600.jpg 600w\" sizes=\"(max-width: 750px) 100vw, 750px\" \/><\/a><a href=\"https:\/\/maybommini.com\/wp-content\/uploads\/2020\/12\/chuyen-phan-phoi-ac-quy-nuoc-va-kho-chinh-hang.jpg\" target=\"_blank\" rel=\"noopener\"><img decoding=\"async\" class=\"size-full wp-image-267709 aligncenter\" src=\"https:\/\/maybommini.com\/wp-content\/uploads\/2020\/12\/chuyen-phan-phoi-ac-quy-nuoc-va-kho-chinh-hang.jpg\" alt=\"Chuyen Phan Phoi Ac Quy Nuoc Va Kho Chinh Hang\" width=\"750\" height=\"750\" srcset=\"https:\/\/maybommini.vn\/wp-content\/uploads\/2020\/12\/chuyen-phan-phoi-ac-quy-nuoc-va-kho-chinh-hang.jpg 750w, https:\/\/maybommini.vn\/wp-content\/uploads\/2020\/12\/chuyen-phan-phoi-ac-quy-nuoc-va-kho-chinh-hang-300x300.jpg 300w, https:\/\/maybommini.vn\/wp-content\/uploads\/2020\/12\/chuyen-phan-phoi-ac-quy-nuoc-va-kho-chinh-hang-150x150.jpg 150w, https:\/\/maybommini.vn\/wp-content\/uploads\/2020\/12\/chuyen-phan-phoi-ac-quy-nuoc-va-kho-chinh-hang-600x600.jpg 600w\" sizes=\"(max-width: 750px) 100vw, 750px\" \/><\/a><a href=\"https:\/\/maybommini.com\/wp-content\/uploads\/2020\/12\/cung-cap-ac-quy-kho-dai-ly-so-luong-lon.jpg\" target=\"_blank\" rel=\"noopener\"><img decoding=\"async\" class=\"size-full wp-image-267710 aligncenter\" src=\"https:\/\/maybommini.com\/wp-content\/uploads\/2020\/12\/cung-cap-ac-quy-kho-dai-ly-so-luong-lon.jpg\" alt=\"Cung Cap Ac Quy Kho Dai Ly So Luong Lon\" width=\"750\" height=\"750\" srcset=\"https:\/\/maybommini.vn\/wp-content\/uploads\/2020\/12\/cung-cap-ac-quy-kho-dai-ly-so-luong-lon.jpg 750w, https:\/\/maybommini.vn\/wp-content\/uploads\/2020\/12\/cung-cap-ac-quy-kho-dai-ly-so-luong-lon-300x300.jpg 300w, https:\/\/maybommini.vn\/wp-content\/uploads\/2020\/12\/cung-cap-ac-quy-kho-dai-ly-so-luong-lon-150x150.jpg 150w, https:\/\/maybommini.vn\/wp-content\/uploads\/2020\/12\/cung-cap-ac-quy-kho-dai-ly-so-luong-lon-600x600.jpg 600w\" sizes=\"(max-width: 750px) 100vw, 750px\" \/><\/a><a href=\"https:\/\/maybommini.com\/wp-content\/uploads\/2020\/12\/cung-cap-phan-phoi-si-le-ac-quy-kho-cac-loai.jpg\" target=\"_blank\" rel=\"noopener\"><img decoding=\"async\" class=\"size-full wp-image-267712 aligncenter\" src=\"https:\/\/maybommini.com\/wp-content\/uploads\/2020\/12\/cung-cap-phan-phoi-si-le-ac-quy-kho-cac-loai.jpg\" alt=\"Cung Cap Phan Phoi Si Le Ac Quy Kho Cac Loai\" width=\"750\" height=\"750\" srcset=\"https:\/\/maybommini.vn\/wp-content\/uploads\/2020\/12\/cung-cap-phan-phoi-si-le-ac-quy-kho-cac-loai.jpg 750w, https:\/\/maybommini.vn\/wp-content\/uploads\/2020\/12\/cung-cap-phan-phoi-si-le-ac-quy-kho-cac-loai-300x300.jpg 300w, https:\/\/maybommini.vn\/wp-content\/uploads\/2020\/12\/cung-cap-phan-phoi-si-le-ac-quy-kho-cac-loai-150x150.jpg 150w, https:\/\/maybommini.vn\/wp-content\/uploads\/2020\/12\/cung-cap-phan-phoi-si-le-ac-quy-kho-cac-loai-600x600.jpg 600w\" sizes=\"(max-width: 750px) 100vw, 750px\" \/><\/a><br \/>\n<a href=\"https:\/\/maybommini.com\/wp-content\/uploads\/2020\/09\/nha-cung-cap-phan-phoi-cac-loai-binh-ac-quy-kho-12V-chinh-hang.jpg\" target=\"_blank\" rel=\"noopener\"><img decoding=\"async\" class=\"size-full wp-image-267200 aligncenter\" src=\"https:\/\/maybommini.com\/wp-content\/uploads\/2020\/09\/nha-cung-cap-phan-phoi-cac-loai-binh-ac-quy-kho-12V-chinh-hang.jpg\" alt=\"Nha Cung Cap Phan Phoi Cac Loai Binh Ac Quy Kho 12V Chinh Hang\" width=\"750\" height=\"750\" srcset=\"https:\/\/maybommini.vn\/wp-content\/uploads\/2020\/09\/nha-cung-cap-phan-phoi-cac-loai-binh-ac-quy-kho-12V-chinh-hang.jpg 750w, https:\/\/maybommini.vn\/wp-content\/uploads\/2020\/09\/nha-cung-cap-phan-phoi-cac-loai-binh-ac-quy-kho-12V-chinh-hang-300x300.jpg 300w, https:\/\/maybommini.vn\/wp-content\/uploads\/2020\/09\/nha-cung-cap-phan-phoi-cac-loai-binh-ac-quy-kho-12V-chinh-hang-150x150.jpg 150w, https:\/\/maybommini.vn\/wp-content\/uploads\/2020\/09\/nha-cung-cap-phan-phoi-cac-loai-binh-ac-quy-kho-12V-chinh-hang-600x600.jpg 600w\" sizes=\"(max-width: 750px) 100vw, 750px\" \/><\/a><br \/>\n<\/strong><\/p>\n<p><strong>B\u00c1N B\u00ccNH \u1eaeC QUY KH\u00d4 MINI 12V \u1ede \u0110\u00c2U ?<\/strong><br \/>\n<strong>Ch\u00fang t\u00f4i nh\u00e0 cung c\u1ea5p ph\u00e2n ph\u1ed1i to\u00e0n qu\u1ed1c c\u00e1c lo\u1ea1i b\u00e1n b\u00ecnh \u1eafc quy kh\u00f4 mini \u0111\u1ebfn c\u00e1c lo\u1ea1i \u00e1c quy c\u00e1c dung l\u01b0\u1ee3ng r\u1ea5t l\u1edbn v\u1edbi gi\u00e1 h\u1ee3p l\u00fd v\u00e0 b\u1ea3o h\u00e0nh ch\u00ednh h\u00e3ng.<\/strong><br \/>\n<strong>Website:<\/strong>\u00a0<a href=\"https:\/\/maybommini.com\" target=\"_blank\" rel=\"noopener\">https:\/\/maybommini.com<\/a><br \/>\n<strong>Email:<\/strong> maybommini.com@gmail.com<br \/>\n<strong>Tel:<\/strong> <a href=\"tel:02873030399\">02873030399<\/a> &#8211; <a href=\"tel:0907294310\">0907294310<\/a><\/p>\n<h3 style=\"text-align: center;\">B\u00ecnh \u1eafc quy kh\u00f4 12V 7.5Ah Globe ch\u00ednh h\u00e3ng<br \/>\nB\u00ecnh \u1eafc quy kh\u00f4 12V 9.0Ah Globe ch\u00ednh h\u00e3ng<br \/>\n<a href=\"https:\/\/maybommini.com\/san-pham\/binh-ac-quy-kho-12v-12ah-globe-chinh-hang\" target=\"_blank\" rel=\"noopener noreferrer\">B\u00ecnh \u1eafc quy kh\u00f4 12V 12Ah Globe ch\u00ednh h\u00e3ng<\/a><br \/>\n<a href=\"https:\/\/maybommini.com\/san-pham\/binh-ac-quy-kho-12v-20ah-globe-chinh-hang\" target=\"_blank\" rel=\"noopener noreferrer\">B\u00ecnh \u1eafc quy kh\u00f4 12V 20Ah Globe ch\u00ednh h\u00e3ng<\/a><\/h3>\n","protected":false},"excerpt":{"rendered":"<p>Th\u01b0\u01a1ng hi\u1ec7u: GLOBE<br \/>\nModel: WP7.5-12<br \/>\n\u0110i\u1ec7n th\u1ebf ra: 12V<br \/>\n\u0110i\u1ec7n th\u1ebf th\u01b0\u1eddng xuy\u00ean (Standby): 12V &#8211; 13.5V<br \/>\nDung l\u01b0\u1ee3ng: 7.5Ah<br \/>\n\u0110i\u1ec7n th\u1ebf s\u1ea1c v\u00e0o: 13.5V &#8211; 13.8V<br \/>\nD\u00f2ng s\u1ea1c v\u00e0o: 1A &#8211; 2A Max<br \/>\nTu\u1ed5i th\u1ecd thi\u1ebft k\u1ebf 5 n\u0103m<br \/>\nV\u1eadt li\u1ec7u v\u1ecf, n\u1eafp: ABS<br \/>\nT\u1ef1 ph\u00f3ng \u0111i\u1ec7n 1 th\u00e1ng c\u00f2n 98%, 3 th\u00e1ng c\u00f2n 94%, 6 th\u00e1ng c\u00f2n 85%.<br \/>\n\u1eaec quy chuy\u00ean d\u1ee5ng tu\u1ed5i th\u1ecd cao.<br \/>\nLo\u1ea1i \u1eafc quy ch\u00ec kh\u00f4.<br \/>\nTi\u00eau chu\u1ea9n ch\u1ea5t l\u01b0\u1ee3ng: TCVN7916:2008<br \/>\nISO 9001:2015, ISO 14001:2015, UL, CE<br \/>\nK\u00edch th\u01b0\u1edbc: 15 x 6 x 9 cm<br \/>\nTr\u1ecdng l\u01b0\u1ee3ng: 2.4 Kg<br \/>\nXu\u1ea5t x\u1ee9: Made in Vietnam<br \/>\nB\u1ea3o h\u00e0nh: 06 th\u00e1ng<br \/>\n<em><strong>C\u00f3 gi\u00e1 s\u1ec9 cho \u0111\u1ea1i l\u00fd v\u00e0 s\u1ed1 l\u01b0\u1ee3ng nhi\u1ec1u.<br \/>\nTel: <a href=\"tel:02873030399\">02873030399<\/a> &#8211; <a href=\"tel:0907294310\">0907294310<\/a><br \/>\n<\/strong><\/em><\/p>\n","protected":false},"featured_media":267724,"comment_status":"open","ping_status":"closed","template":"","meta":[],"product_brand":[],"product_cat":[214,1486,4122],"product_tag":[267,3457,1488,3455,3454,1539,2322,3390,3389,1489,1490,1491,3386,1492,3191,1493,3453,3388,275,435],"class_list":{"0":"post-267720","1":"product","2":"type-product","3":"status-publish","4":"has-post-thumbnail","6":"product_cat-phu-kien-bom-nuoc","7":"product_cat-binh-ac-quy","8":"product_cat-ac-quy-12v","9":"product_tag-12v","10":"product_tag-12v-7-5ah","11":"product_tag-ac-quy","12":"product_tag-ac-quy-chi-kho","13":"product_tag-ac-quy-globe","14":"product_tag-ac-quy-kho","15":"product_tag-ac-quy-mini","16":"product_tag-ac-quy-thang-may","17":"product_tag-ac-quy-ups","18":"product_tag-apollo","19":"product_tag-binh","20":"product_tag-binh-ac","21":"product_tag-binh-ac-quy-kho","22":"product_tag-binh-ac-quy-nho","23":"product_tag-binh-dien","24":"product_tag-binh-kho","25":"product_tag-globe","26":"product_tag-lead-acid-battery","27":"product_tag-mini","28":"product_tag-sac-ac-quy","30":"first","31":"instock","32":"sale","33":"shipping-taxable","34":"purchasable","35":"product-type-simple"},"_links":{"self":[{"href":"https:\/\/maybommini.vn\/index.php?rest_route=\/wp\/v2\/product\/267720","targetHints":{"allow":["GET"]}}],"collection":[{"href":"https:\/\/maybommini.vn\/index.php?rest_route=\/wp\/v2\/product"}],"about":[{"href":"https:\/\/maybommini.vn\/index.php?rest_route=\/wp\/v2\/types\/product"}],"replies":[{"embeddable":true,"href":"https:\/\/maybommini.vn\/index.php?rest_route=%2Fwp%2Fv2%2Fcomments&post=267720"}],"wp:featuredmedia":[{"embeddable":true,"href":"https:\/\/maybommini.vn\/index.php?rest_route=\/wp\/v2\/media\/267724"}],"wp:attachment":[{"href":"https:\/\/maybommini.vn\/index.php?rest_route=%2Fwp%2Fv2%2Fmedia&parent=267720"}],"wp:term":[{"taxonomy":"product_brand","embeddable":true,"href":"https:\/\/maybommini.vn\/index.php?rest_route=%2Fwp%2Fv2%2Fproduct_brand&post=267720"},{"taxonomy":"product_cat","embeddable":true,"href":"https:\/\/maybommini.vn\/index.php?rest_route=%2Fwp%2Fv2%2Fproduct_cat&post=267720"},{"taxonomy":"product_tag","embeddable":true,"href":"https:\/\/maybommini.vn\/index.php?rest_route=%2Fwp%2Fv2%2Fproduct_tag&post=267720"}],"curies":[{"name":"wp","href":"https:\/\/api.w.org\/{rel}","templated":true}]}}