{"id":268614,"date":"2021-05-14T13:50:38","date_gmt":"2021-05-14T06:50:38","guid":{"rendered":"https:\/\/maybommini.com\/?post_type=product&#038;p=268614"},"modified":"2025-09-16T20:54:33","modified_gmt":"2025-09-16T13:54:33","slug":"may-bom-chim-12v-12w-1295l-seaflo-g350","status":"publish","type":"product","link":"https:\/\/maybommini.vn\/?product=may-bom-chim-12v-12w-1295l-seaflo-g350","title":{"rendered":"M\u00e1y b\u01a1m ch\u00ecm 12V 12W 1325L SEAFLO G350"},"content":{"rendered":"<p><strong>Ph\u00e2n ph\u1ed1i m\u00e1y b\u01a1m ch\u00ecm SEAFLO G350 l\u00e0 lo\u1ea1i m\u00e1y b\u01a1m mini th\u1ea3 ch\u00ecm chuy\u00ean d\u1ee5ng \u0111\u1ec3 b\u01a1m ch\u1ea5t th\u1ea3i, n\u01b0\u1edbc th\u1ea3i, b\u01a1m n\u01b0\u1edbc tr\u00ean ghe t\u00e0u thuy\u1ec1n can\u00f4 . \u0110\u00e2y l\u00e0 lo\u1ea1i m\u00e1y b\u01a1m ch\u00ecm c\u00f3 c\u00f4ng su\u1ea5t nh\u1ecf l\u01b0u l\u01b0\u1ee3ng b\u01a1m m\u1ea1nh \u0111\u1ea1t 350GPH t\u01b0\u01a1ng \u0111\u01b0\u01a1ng 1325L\/H m\u00e0 ch\u1ec9 d\u00f9ng ngu\u1ed3n 12V.<\/strong><\/p>\n<p><a href=\"https:\/\/maybommini.com\/wp-content\/uploads\/2021\/05\/bom-chim-12v-G350-SEAFLO-chinh-hang.jpg\" target=\"_blank\" rel=\"noopener\"><img decoding=\"async\" class=\"size-full wp-image-268623 aligncenter\" src=\"https:\/\/maybommini.com\/wp-content\/uploads\/2021\/05\/bom-chim-12v-G350-SEAFLO-chinh-hang.jpg\" alt=\"Bom Chim 12v G350 SEAFLO Chinh Hang\" width=\"750\" height=\"750\" srcset=\"https:\/\/maybommini.vn\/wp-content\/uploads\/2021\/05\/bom-chim-12v-G350-SEAFLO-chinh-hang.jpg 750w, https:\/\/maybommini.vn\/wp-content\/uploads\/2021\/05\/bom-chim-12v-G350-SEAFLO-chinh-hang-300x300.jpg 300w, https:\/\/maybommini.vn\/wp-content\/uploads\/2021\/05\/bom-chim-12v-G350-SEAFLO-chinh-hang-150x150.jpg 150w, https:\/\/maybommini.vn\/wp-content\/uploads\/2021\/05\/bom-chim-12v-G350-SEAFLO-chinh-hang-600x600.jpg 600w\" sizes=\"(max-width: 750px) 100vw, 750px\" \/><\/a><br \/>\n<strong>TH\u00d4NG S\u1ed0 K\u1ef8 THU\u1eacT<br \/>\n<\/strong>Th\u01b0\u01a1ng hi\u1ec7u: <strong>SEAFLO<\/strong><br \/>\nModel : SFPB1-G350-01<br \/>\n\u0110i\u1ec7n th\u1ebf: 12V DC<br \/>\nL\u01b0u l\u01b0\u1ee3ng b\u01a1m: 350 GPH &#8211; 1295L\/H<br \/>\nC\u00f4ng su\u1ea5t b\u01a1m: 12 W<br \/>\n\u1ed0ng ra: 19 mm &#8211; 3\/4in.<br \/>\nB\u01a1m cao: 1.5 &#8211; 2 met.<br \/>\nCh\u00ecm s\u00e2u kh\u00f4ng qu\u00e1 1 m\u00e9t.<br \/>\nKh\u00f4ng d\u00f9ng b\u01a1m li\u00ean 24\/24.<br \/>\nK\u00edch th\u01b0\u1edbc: 90.7 x 108 x 70.4 mm<br \/>\nTr\u1ecdng l\u01b0\u1ee3ng: 0.4 KG<br \/>\nMotor l\u00f5i \u0111\u1ed3ng cao c\u1ea5p.<br \/>\nCh\u1ea5t li\u1ec7u: \u0110\u1ed3ng &#8211; Nh\u1ef1a<br \/>\n<strong>B\u1ea3o h\u00e0ng: 3 th\u00e1ng ch\u00ednh h\u00e3ng<\/strong><br \/>\n<strong>Ph\u00e2n ph\u1ed1i: MAYBOMMINI.COM<\/strong><\/p>\n<p><strong><a href=\"https:\/\/maybommini.com\/wp-content\/uploads\/2021\/05\/bom-nuoc-chim-tau-thuyen-cano-12v-gia-re.jpg\" target=\"_blank\" rel=\"noopener\"><img decoding=\"async\" class=\"size-full wp-image-268624 aligncenter\" src=\"https:\/\/maybommini.com\/wp-content\/uploads\/2021\/05\/bom-nuoc-chim-tau-thuyen-cano-12v-gia-re.jpg\" alt=\"Bom Nuoc Chim Tau Thuyen Cano 12v Gia Re\" width=\"750\" height=\"750\" srcset=\"https:\/\/maybommini.vn\/wp-content\/uploads\/2021\/05\/bom-nuoc-chim-tau-thuyen-cano-12v-gia-re.jpg 750w, https:\/\/maybommini.vn\/wp-content\/uploads\/2021\/05\/bom-nuoc-chim-tau-thuyen-cano-12v-gia-re-300x300.jpg 300w, https:\/\/maybommini.vn\/wp-content\/uploads\/2021\/05\/bom-nuoc-chim-tau-thuyen-cano-12v-gia-re-150x150.jpg 150w, https:\/\/maybommini.vn\/wp-content\/uploads\/2021\/05\/bom-nuoc-chim-tau-thuyen-cano-12v-gia-re-600x600.jpg 600w\" sizes=\"(max-width: 750px) 100vw, 750px\" \/><\/a><a href=\"https:\/\/maybommini.com\/wp-content\/uploads\/2021\/05\/thong-so-ky-thuat-may-bom-chim-SEAFLO-G350.jpg\" target=\"_blank\" rel=\"noopener\"><img decoding=\"async\" class=\"size-full wp-image-268622 aligncenter\" src=\"https:\/\/maybommini.com\/wp-content\/uploads\/2021\/05\/thong-so-ky-thuat-may-bom-chim-SEAFLO-G350.jpg\" alt=\"Thong So Ky Thuat May Bom Chim SEAFLO G350\" width=\"750\" height=\"750\" srcset=\"https:\/\/maybommini.vn\/wp-content\/uploads\/2021\/05\/thong-so-ky-thuat-may-bom-chim-SEAFLO-G350.jpg 750w, https:\/\/maybommini.vn\/wp-content\/uploads\/2021\/05\/thong-so-ky-thuat-may-bom-chim-SEAFLO-G350-300x300.jpg 300w, https:\/\/maybommini.vn\/wp-content\/uploads\/2021\/05\/thong-so-ky-thuat-may-bom-chim-SEAFLO-G350-150x150.jpg 150w, https:\/\/maybommini.vn\/wp-content\/uploads\/2021\/05\/thong-so-ky-thuat-may-bom-chim-SEAFLO-G350-600x600.jpg 600w\" sizes=\"(max-width: 750px) 100vw, 750px\" \/><\/a><a href=\"https:\/\/maybommini.com\/wp-content\/uploads\/2021\/05\/SEAFLO-Bom-Nuoc-12-V-350-GPH-may-bom-chim-thuyen-cano-nuoc-ngap.jpg\" target=\"_blank\" rel=\"noopener\"><img decoding=\"async\" class=\"size-full wp-image-268620 aligncenter\" src=\"https:\/\/maybommini.com\/wp-content\/uploads\/2021\/05\/SEAFLO-Bom-Nuoc-12-V-350-GPH-may-bom-chim-thuyen-cano-nuoc-ngap.jpg\" alt=\"SEAFLO B\u01a1m N\u01b0\u1edbc 12 V 350 GPH May Bom Chim Thuyen Cano Nuoc Ngap\" width=\"750\" height=\"750\" srcset=\"https:\/\/maybommini.vn\/wp-content\/uploads\/2021\/05\/SEAFLO-Bom-Nuoc-12-V-350-GPH-may-bom-chim-thuyen-cano-nuoc-ngap.jpg 750w, https:\/\/maybommini.vn\/wp-content\/uploads\/2021\/05\/SEAFLO-Bom-Nuoc-12-V-350-GPH-may-bom-chim-thuyen-cano-nuoc-ngap-300x300.jpg 300w, https:\/\/maybommini.vn\/wp-content\/uploads\/2021\/05\/SEAFLO-Bom-Nuoc-12-V-350-GPH-may-bom-chim-thuyen-cano-nuoc-ngap-150x150.jpg 150w, https:\/\/maybommini.vn\/wp-content\/uploads\/2021\/05\/SEAFLO-Bom-Nuoc-12-V-350-GPH-may-bom-chim-thuyen-cano-nuoc-ngap-600x600.jpg 600w\" sizes=\"(max-width: 750px) 100vw, 750px\" \/><\/a><a href=\"https:\/\/maybommini.com\/wp-content\/uploads\/2021\/05\/May-bom-chim-Seaflo-12V-350GLP-gia-tot.jpg\" target=\"_blank\" rel=\"noopener\"><img decoding=\"async\" class=\"size-full wp-image-268618 aligncenter\" src=\"https:\/\/maybommini.com\/wp-content\/uploads\/2021\/05\/May-bom-chim-Seaflo-12V-350GLP-gia-tot.jpg\" alt=\"May Bom Chim Seaflo 12V 350GLP Gia Tot\" width=\"750\" height=\"750\" srcset=\"https:\/\/maybommini.vn\/wp-content\/uploads\/2021\/05\/May-bom-chim-Seaflo-12V-350GLP-gia-tot.jpg 750w, https:\/\/maybommini.vn\/wp-content\/uploads\/2021\/05\/May-bom-chim-Seaflo-12V-350GLP-gia-tot-300x300.jpg 300w, https:\/\/maybommini.vn\/wp-content\/uploads\/2021\/05\/May-bom-chim-Seaflo-12V-350GLP-gia-tot-150x150.jpg 150w, https:\/\/maybommini.vn\/wp-content\/uploads\/2021\/05\/May-bom-chim-Seaflo-12V-350GLP-gia-tot-600x600.jpg 600w\" sizes=\"(max-width: 750px) 100vw, 750px\" \/><\/a><a href=\"https:\/\/maybommini.com\/wp-content\/uploads\/2021\/05\/May-bom-chim-12v-G350-SEAFLO-chinh-hang.jpg\" target=\"_blank\" rel=\"noopener\"><img decoding=\"async\" class=\"size-full wp-image-268617 aligncenter\" src=\"https:\/\/maybommini.com\/wp-content\/uploads\/2021\/05\/May-bom-chim-12v-G350-SEAFLO-chinh-hang.jpg\" alt=\"May Bom Chim 12v G350 SEAFLO Chinh Hang\" width=\"750\" height=\"750\" srcset=\"https:\/\/maybommini.vn\/wp-content\/uploads\/2021\/05\/May-bom-chim-12v-G350-SEAFLO-chinh-hang.jpg 750w, https:\/\/maybommini.vn\/wp-content\/uploads\/2021\/05\/May-bom-chim-12v-G350-SEAFLO-chinh-hang-300x300.jpg 300w, https:\/\/maybommini.vn\/wp-content\/uploads\/2021\/05\/May-bom-chim-12v-G350-SEAFLO-chinh-hang-150x150.jpg 150w, https:\/\/maybommini.vn\/wp-content\/uploads\/2021\/05\/May-bom-chim-12v-G350-SEAFLO-chinh-hang-600x600.jpg 600w\" sizes=\"(max-width: 750px) 100vw, 750px\" \/><\/a><a href=\"https:\/\/maybommini.com\/wp-content\/uploads\/2021\/05\/cau-tao-may-bom-chim-mini-12V-SEAFLO.jpg\" target=\"_blank\" rel=\"noopener\"><img decoding=\"async\" class=\"size-full wp-image-268616 aligncenter\" src=\"https:\/\/maybommini.com\/wp-content\/uploads\/2021\/05\/cau-tao-may-bom-chim-mini-12V-SEAFLO.jpg\" alt=\"Cau Tao May Bom Chim Mini 12V SEAFLO\" width=\"750\" height=\"750\" srcset=\"https:\/\/maybommini.vn\/wp-content\/uploads\/2021\/05\/cau-tao-may-bom-chim-mini-12V-SEAFLO.jpg 750w, https:\/\/maybommini.vn\/wp-content\/uploads\/2021\/05\/cau-tao-may-bom-chim-mini-12V-SEAFLO-300x300.jpg 300w, https:\/\/maybommini.vn\/wp-content\/uploads\/2021\/05\/cau-tao-may-bom-chim-mini-12V-SEAFLO-150x150.jpg 150w, https:\/\/maybommini.vn\/wp-content\/uploads\/2021\/05\/cau-tao-may-bom-chim-mini-12V-SEAFLO-600x600.jpg 600w\" sizes=\"(max-width: 750px) 100vw, 750px\" \/><\/a><br \/>\nH\u01af\u1edaNG D\u1eaaN S\u1eec D\u1ee4NG M\u00c1Y B\u01a0M CH\u00ccM SEAFLO<br \/>\n<\/strong>S\u1eed d\u1ee5ng m\u00e1y b\u01a1m th\u1ea3 ch\u00ecm ho\u00e0n to\u00e0n trong n\u01b0\u1edbc.<br \/>\nKh\u00f4ng ch\u1ea1y m\u00e1y b\u01a1m kh\u00f4 b\u00ean ngo\u00e0i n\u01b0\u1edbc c\u00f3 th\u1ec3 l\u00e0m ch\u00e1y motor.<br \/>\nM\u00e1y b\u01a1m kh\u00f4ng th\u1ea3 ch\u00ecm s\u00e2u qu\u00e1 1 met.<br \/>\nS\u1eed d\u1ee5ng ngu\u1ed3n \u0111i\u1ec7n 1 chi\u1ec1u DC 12V c\u00f3 c\u00f4ng su\u1ea5t 3A tr\u1edf l\u00ean.<br \/>\nS\u1eed d\u1ee5ng \u0111\u01b0\u1ee3c t\u1ea5t c\u1ea3 c\u00e1c lo\u1ea1i b\u00ecnh \u1eafc quy 12V 1.5Ah tr\u1edf l\u00ean.<br \/>\nK\u1ebft n\u1ed1i d\u00e2y ngu\u1ed3n theo c\u1ef1c \u00e2m (-) v\u00e0 c\u1ef1c d\u01b0\u01a1ng (+) \u0111\u00fang theo m\u00e1y b\u01a1m.<br \/>\nKh\u00f4ng s\u1eed d\u1ee5ng b\u01a1m ch\u1ea5t l\u00f5ng c\u00f3 t\u1ea1p ch\u1ea5t.<br \/>\nKh\u00f4ng s\u1eed d\u1ee5ng b\u01a1m h\u00f3a ch\u1ea5t, axit, &#8230; h\u00f3a ch\u1ea5t \u0103n m\u00f2n.<br \/>\nKh\u00f4ng b\u00e1o h\u00e0nh ch\u00e1y n\u1ed5, h\u01b0 b\u1ec3 &#8230;.<\/p>\n<p><a href=\"https:\/\/maybommini.com\/wp-content\/uploads\/2021\/05\/su-dung-may-bom-chim-12V-SEAFLO.jpg\" target=\"_blank\" rel=\"noopener\"><img decoding=\"async\" class=\"size-full wp-image-268621 aligncenter\" src=\"https:\/\/maybommini.com\/wp-content\/uploads\/2021\/05\/su-dung-may-bom-chim-12V-SEAFLO.jpg\" alt=\"Su Dung May Bom Chim 12V SEAFLO\" width=\"750\" height=\"750\" srcset=\"https:\/\/maybommini.vn\/wp-content\/uploads\/2021\/05\/su-dung-may-bom-chim-12V-SEAFLO.jpg 750w, https:\/\/maybommini.vn\/wp-content\/uploads\/2021\/05\/su-dung-may-bom-chim-12V-SEAFLO-300x300.jpg 300w, https:\/\/maybommini.vn\/wp-content\/uploads\/2021\/05\/su-dung-may-bom-chim-12V-SEAFLO-150x150.jpg 150w, https:\/\/maybommini.vn\/wp-content\/uploads\/2021\/05\/su-dung-may-bom-chim-12V-SEAFLO-600x600.jpg 600w\" sizes=\"(max-width: 750px) 100vw, 750px\" \/><\/a><br \/>\n<strong>S\u1eec D\u1ee4NG M\u00c1Y B\u01a0M CH\u00ccM 12V SEAFLO<\/strong><strong><br \/>\n<\/strong>M\u00e1y b\u01a1m t\u00e0u thuy\u1ec1n Cano.<br \/>\nD\u00f9ng\u00a0\u0111\u1ec3 b\u01a1m ch\u1ea5t th\u1ea3i.<br \/>\nB\u01a1m n\u01b0\u1edbc ng\u1eadp trong nh\u00e0.<br \/>\nB\u01a1m c\u1ea5p n\u01b0\u1edbc v\u00e0o b\u1ec3 ch\u1ee9a.<br \/>\nM\u00e1y b\u01a1m t\u00e0u thuy\u1ec1n ghe tr\u00ean bi\u1ec3n s\u00f4ng.<br \/>\nM\u00e1y b\u01a1m n\u0103ng l\u01b0\u1ee3ng m\u1eb7t tr\u1eddi.<br \/>\nB\u01a1m n\u01b0\u1edbc m\u1eb7n n\u01b0\u1edbc bi\u1ec3n t\u1ed1t.<br \/>\nD\u00f9ng l\u00e0m h\u1ec7 th\u1ed1ng b\u01a1m n\u01b0\u1edbc t\u1ef1 \u0111\u1ed9ng ch\u1ed1ng ng\u1eadp.<br \/>\nB\u01a1m n\u01b0\u1edbc s\u1ea1ch, n\u01b0\u1edbc u\u1ed1ng.<br \/>\nB\u01a1m n\u01b0\u1edbc h\u1ed3 b\u1ec3 c\u00e1.<a href=\"https:\/\/maybommini.com\/wp-content\/uploads\/2021\/05\/Bom-nuoc-mini-chim-tau-ca-thuyen-cano-12v.jpg\" target=\"_blank\" rel=\"noopener\"><img decoding=\"async\" class=\"size-full wp-image-268615 aligncenter\" src=\"https:\/\/maybommini.com\/wp-content\/uploads\/2021\/05\/Bom-nuoc-mini-chim-tau-ca-thuyen-cano-12v.jpg\" alt=\"Bom Nuoc Mini Chim Tau Ca Thuyen Cano 12v\" width=\"750\" height=\"750\" srcset=\"https:\/\/maybommini.vn\/wp-content\/uploads\/2021\/05\/Bom-nuoc-mini-chim-tau-ca-thuyen-cano-12v.jpg 750w, https:\/\/maybommini.vn\/wp-content\/uploads\/2021\/05\/Bom-nuoc-mini-chim-tau-ca-thuyen-cano-12v-300x300.jpg 300w, https:\/\/maybommini.vn\/wp-content\/uploads\/2021\/05\/Bom-nuoc-mini-chim-tau-ca-thuyen-cano-12v-150x150.jpg 150w, https:\/\/maybommini.vn\/wp-content\/uploads\/2021\/05\/Bom-nuoc-mini-chim-tau-ca-thuyen-cano-12v-600x600.jpg 600w\" sizes=\"(max-width: 750px) 100vw, 750px\" \/><\/a><\/p>\n<p><strong>MUA M\u00c1Y B\u01a0M MINI<\/strong><strong>\u00a0<\/strong><strong>\u1ede \u0110\u00c2U ?<br \/>\n<\/strong>M\u1ecdi chi ti\u1ebft vui l\u00f2ng li\u00ean h\u1ec7 tr\u1ef1c ti\u1ebfp cho ch\u00fang t\u00f4i \u0111\u1ec3 \u0111\u01b0\u1ee3c t\u01b0 v\u1ea5n theo nhu c\u1ea7u \u0111\u1ec3 c\u00f3 \u0111\u01b0\u1ee3c b\u1ed9 s\u1ea3n ph\u1ea9m t\u1ed1t nh\u1ea5t v\u00e0 ti\u1ebft ki\u1ec7m.\u00a0B\u1ea1n \u1edf xa v\u1eabn c\u00f3 th\u1ec3 mua h\u00e0ng v\u00e0 giao h\u00e0ng <a title=\"thanh to\u00e1n\" href=\"http:\/\/maybommini.com\/thanh-toan\" target=\"_blank\" rel=\"noopener\">thanh to\u00e1n<\/a> ti\u1ec1n t\u1ea1i nh\u00e0.<br \/>\n<a href=\"https:\/\/maybommini.com\" target=\"_blank\" rel=\"noopener noreferrer\">M\u00e1y B\u01a1m Mini<\/a> lu\u00f4n l\u00e0 nh\u00e0 cung c\u1ea5p s\u1ed1 1 v\u1edbi nhi\u1ec1u lo\u1ea1i m\u00e1y b\u01a1m ch\u1ea5t l\u01b0\u1ee3ng cao ch\u00ednh h\u00e3ng ph\u00f9 h\u1ee3p v\u1edbi nhi\u1ec1u \u1ee9ng d\u1ee5ng trong cu\u1ed9c s\u1ed1ng v\u00e0 s\u1ea3n xu\u1ea5t.<br \/>\nKh\u00f4ng th\u1ec3 s\u1eed d\u1ee5ng b\u01a1m c\u00e1c n\u01b0\u1edbc ch\u1ea5t ki\u1ec1m, \u0103n m\u00f2n, ax\u00edt,&#8230; C\u00f3 th\u1ec3 g\u00e2y h\u1ea1i ch\u00e1y m\u00e1y b\u01a1m.<br \/>\nKh\u00f4ng d\u00f9ng m\u00e1y b\u01a1m li\u00ean t\u1ef1c.<\/p>\n<p><a href=\"https:\/\/maybommini.com\/wp-content\/uploads\/2021\/05\/phan-phoi-may-bom-SEAFLO-12V-24V-220V-gia-tot.jpg\" target=\"_blank\" rel=\"noopener\"><img decoding=\"async\" class=\"size-full wp-image-268619 aligncenter\" src=\"https:\/\/maybommini.com\/wp-content\/uploads\/2021\/05\/phan-phoi-may-bom-SEAFLO-12V-24V-220V-gia-tot.jpg\" alt=\"Phan Phoi May Bom SEAFLO 12V 24V 220V Gia Tot\" width=\"1812\" height=\"583\" srcset=\"https:\/\/maybommini.vn\/wp-content\/uploads\/2021\/05\/phan-phoi-may-bom-SEAFLO-12V-24V-220V-gia-tot.jpg 1812w, https:\/\/maybommini.vn\/wp-content\/uploads\/2021\/05\/phan-phoi-may-bom-SEAFLO-12V-24V-220V-gia-tot-150x48.jpg 150w, https:\/\/maybommini.vn\/wp-content\/uploads\/2021\/05\/phan-phoi-may-bom-SEAFLO-12V-24V-220V-gia-tot-600x193.jpg 600w\" sizes=\"(max-width: 1812px) 100vw, 1812px\" \/><\/a>Hotline\/Zalo: 02873030399 &#8211;\u00a0 0907294310<br \/>\nEmail : maybommini.com@gmail.com<br \/>\nWebsite : https:\/\/maybommini.com<br \/>\nFacebook : https:\/\/www.facebook.com\/maybommini<br \/>\nYoutube demo : https:\/\/www.youtube.com\/bahamasali<\/p>\n<h3 class=\"product-title-text\" style=\"text-align: center;\" data-spm-anchor-id=\"a2g0o.detail.1000016.i2.76083910DtczdX\">SEAFLO Water Pump at 12 Marine Submersible Pumps Inflatable Boat Pump<br \/>\nM\u00e1y b\u01a1m ch\u00ecm 12V 12W 1295L SEAFLO G350<br \/>\nM\u00e1y b\u01a1m ch\u00ecm 12V 19.2W 1893L SEAFLO G500<br \/>\nM\u00e1y b\u01a1m ch\u00ecm 12V 30W 2839L SEAFLO G750<br \/>\nM\u00e1y b\u01a1m ch\u00ecm 12V 36W 4164L SEAFLO G1100<\/h3>\n","protected":false},"excerpt":{"rendered":"<p>Th\u01b0\u01a1ng hi\u1ec7u: <strong>SEAFLO<\/strong><br \/>\nModel : SFPB1-G350-01<br \/>\n\u0110i\u1ec7n th\u1ebf: 12V DC<br \/>\nL\u01b0u l\u01b0\u1ee3ng b\u01a1m: 350 GPH &#8211; 1295L\/H<br \/>\nC\u00f4ng su\u1ea5t b\u01a1m: 12 W<br \/>\n\u1ed0ng ra: 19 mm &#8211; 3\/4in.<br \/>\nB\u01a1m cao: 1.5 &#8211; 2 met.<br \/>\nCh\u00ecm s\u00e2u kh\u00f4ng qu\u00e1 1 m\u00e9t.<br \/>\nKh\u00f4ng d\u00f9ng b\u01a1m li\u00ean 24\/24.<br \/>\nK\u00edch th\u01b0\u1edbc: 90.7 x 108 x 70.4 mm<br \/>\nTr\u1ecdng l\u01b0\u1ee3ng: 0.4 KG<br \/>\nMotor l\u00f5i \u0111\u1ed3ng cao c\u1ea5p.<br \/>\nCh\u1ea5t li\u1ec7u: \u0110\u1ed3ng &#8211; Nh\u1ef1a<br \/>\n<strong>B\u1ea3o h\u00e0ng: 3 th\u00e1ng ch\u00ednh h\u00e3ng<\/strong><br \/>\n<strong>Ph\u00e2n ph\u1ed1i: MAYBOMMINI.COM<\/strong><\/p>\n","protected":false},"featured_media":268623,"comment_status":"open","ping_status":"closed","template":"","meta":[],"product_brand":[],"product_cat":[382,381],"product_tag":[267,1279,844,845,705,392,393,708,709,235,1280,846,3497,710,389,231,711,712,394,1526,3496,3079],"class_list":{"0":"post-268614","1":"product","2":"type-product","3":"status-publish","4":"has-post-thumbnail","6":"product_cat-may-bom-chim-12v","7":"product_cat-may-bom-chim","8":"product_tag-12v","9":"product_tag-350gh","10":"product_tag-750gallon","11":"product_tag-750gph","12":"product_tag-bom-chim","13":"product_tag-bom-chim-12v","14":"product_tag-bom-chim-24v","15":"product_tag-bom-day-tau","16":"product_tag-bom-nuoc-bien","17":"product_tag-bom-nuoc-mini","18":"product_tag-g350","19":"product_tag-gallon","20":"product_tag-marine-submersible-pumps","21":"product_tag-may-bom-cano","22":"product_tag-may-bom-chim","23":"product_tag-may-bom-mini","24":"product_tag-may-bom-tau","25":"product_tag-may-bom-thuyen","26":"product_tag-may-bom-tuoi","27":"product_tag-seaflo","28":"product_tag-seaflo-water-pump","29":"product_tag-submersible","31":"first","32":"instock","33":"sale","34":"featured","35":"shipping-taxable","36":"purchasable","37":"product-type-simple"},"_links":{"self":[{"href":"https:\/\/maybommini.vn\/index.php?rest_route=\/wp\/v2\/product\/268614","targetHints":{"allow":["GET"]}}],"collection":[{"href":"https:\/\/maybommini.vn\/index.php?rest_route=\/wp\/v2\/product"}],"about":[{"href":"https:\/\/maybommini.vn\/index.php?rest_route=\/wp\/v2\/types\/product"}],"replies":[{"embeddable":true,"href":"https:\/\/maybommini.vn\/index.php?rest_route=%2Fwp%2Fv2%2Fcomments&post=268614"}],"wp:featuredmedia":[{"embeddable":true,"href":"https:\/\/maybommini.vn\/index.php?rest_route=\/wp\/v2\/media\/268623"}],"wp:attachment":[{"href":"https:\/\/maybommini.vn\/index.php?rest_route=%2Fwp%2Fv2%2Fmedia&parent=268614"}],"wp:term":[{"taxonomy":"product_brand","embeddable":true,"href":"https:\/\/maybommini.vn\/index.php?rest_route=%2Fwp%2Fv2%2Fproduct_brand&post=268614"},{"taxonomy":"product_cat","embeddable":true,"href":"https:\/\/maybommini.vn\/index.php?rest_route=%2Fwp%2Fv2%2Fproduct_cat&post=268614"},{"taxonomy":"product_tag","embeddable":true,"href":"https:\/\/maybommini.vn\/index.php?rest_route=%2Fwp%2Fv2%2Fproduct_tag&post=268614"}],"curies":[{"name":"wp","href":"https:\/\/api.w.org\/{rel}","templated":true}]}}