{"id":271270,"date":"2022-11-01T23:50:44","date_gmt":"2022-11-01T16:50:44","guid":{"rendered":"https:\/\/maybommini.com\/?post_type=product&#038;p=271270"},"modified":"2024-01-03T10:19:05","modified_gmt":"2024-01-03T03:19:05","slug":"may-quat-thoi-lua-cam-tay-12v-20w-mtm","status":"publish","type":"product","link":"https:\/\/maybommini.vn\/?product=may-quat-thoi-lua-cam-tay-12v-20w-mtm","title":{"rendered":"M\u00e1y qu\u1ea1t th\u1ed5i l\u1eeda c\u1ea7m tay 12V 20W MTM"},"content":{"rendered":"<h4>M\u00e1y qu\u1ea1t th\u1ed5i l\u1eeda c\u1ea7m tay 12V d\u00f9ng pin s\u1ea1c ti\u1ec7n l\u1ee3i s\u1eed d\u1ee5ng khi n\u1ea5u n\u01b0\u1edbng b\u1eb1ng than c\u1ee7i, \u0111i c\u1ea5m tr\u1ea1i ti\u1ec7c n\u01b0\u1edbng BBQ. M\u00e1y d\u00f9ng pin s\u1ea1c Lithium ion 2000mah \u0111\u00e2y l\u00e0 lo\u1ea1i pin th\u00f4ng d\u1ee5ng cho c\u00e1c lo\u1ea1i m\u00e1y thi\u1ebft b\u1ecb c\u1ea7m tay n\u00ean ti\u1ec7n d\u1ee5ng.<\/h4>\n<p><strong><a href=\"https:\/\/maybommini.com\/wp-content\/uploads\/2022\/11\/quat-thoi-lua-12v-gia-re.jpg\" target=\"_blank\" rel=\"noopener\"><img decoding=\"async\" class=\"size-full wp-image-271277 aligncenter\" src=\"https:\/\/maybommini.com\/wp-content\/uploads\/2022\/11\/quat-thoi-lua-12v-gia-re.jpg\" alt=\"Quat Thoi Lua 12v Gia Re\" width=\"750\" height=\"750\" srcset=\"https:\/\/maybommini.vn\/wp-content\/uploads\/2022\/11\/quat-thoi-lua-12v-gia-re.jpg 750w, https:\/\/maybommini.vn\/wp-content\/uploads\/2022\/11\/quat-thoi-lua-12v-gia-re-300x300.jpg 300w, https:\/\/maybommini.vn\/wp-content\/uploads\/2022\/11\/quat-thoi-lua-12v-gia-re-150x150.jpg 150w, https:\/\/maybommini.vn\/wp-content\/uploads\/2022\/11\/quat-thoi-lua-12v-gia-re-600x600.jpg 600w\" sizes=\"(max-width: 750px) 100vw, 750px\" \/><\/a><\/strong><\/p>\n<p style=\"text-align: center;\"><iframe title=\"YouTube video player\" src=\"https:\/\/www.youtube.com\/embed\/Ytq7FLbC3fQ?si=mJnPRwcu2GP_xYpj\" width=\"560\" height=\"315\" frameborder=\"0\" allowfullscreen=\"allowfullscreen\"><span data-mce-type=\"bookmark\" style=\"display: inline-block; width: 0px; overflow: hidden; line-height: 0;\" class=\"mce_SELRES_start\">\ufeff<\/span><span data-mce-type=\"bookmark\" style=\"display: inline-block; width: 0px; overflow: hidden; line-height: 0;\" class=\"mce_SELRES_end\">\ufeff<\/span><\/iframe><br \/>\nTH\u00d4NG S\u1ed0 K\u1ef8 THU\u1eacT<br \/>\nTh\u01b0\u01a1ng hi\u1ec7u: MTM<br \/>\nModel: ZL<br \/>\n\u0110i\u1ec7n th\u1ebf: 12V<br \/>\nMotor: 20W<br \/>\nT\u1ed1c \u0111\u1ed9: 2000 &#8211; 5000 r\/min<br \/>\nN\u00fat t\u0103ng gi\u1ea3m t\u1ed1c \u0111\u1ed9 qu\u1ea1t.<br \/>\n\u1ed0ng n\u1ed1i d\u00e0i m\u00e1y th\u1ed5i.<br \/>\nK\u00e8m 1 pin 12V 2000mah.<br \/>\nK\u00e8m s\u1ea1c 12V t\u1ef1 \u0111\u1ed9ng.<br \/>\nCh\u1ea5t li\u1ec7u: Kim lo\u1ea1i &#8211; Nh\u1ef1a<br \/>\nK\u00edch th\u01b0\u1edbc:<br \/>\nTr\u1ecdng l\u01b0\u1ee3ng: 800 gam.<\/p>\n<p><strong><a href=\"https:\/\/maybommini.com\/wp-content\/uploads\/2022\/11\/ban-quat-thoi-lua-cam-tay.jpg\" target=\"_blank\" rel=\"noopener\"><img decoding=\"async\" class=\"size-full wp-image-271271 aligncenter\" src=\"https:\/\/maybommini.com\/wp-content\/uploads\/2022\/11\/ban-quat-thoi-lua-cam-tay.jpg\" alt=\"Ban Quat Thoi Lua Cam Tay\" width=\"750\" height=\"750\" srcset=\"https:\/\/maybommini.vn\/wp-content\/uploads\/2022\/11\/ban-quat-thoi-lua-cam-tay.jpg 750w, https:\/\/maybommini.vn\/wp-content\/uploads\/2022\/11\/ban-quat-thoi-lua-cam-tay-300x300.jpg 300w, https:\/\/maybommini.vn\/wp-content\/uploads\/2022\/11\/ban-quat-thoi-lua-cam-tay-150x150.jpg 150w, https:\/\/maybommini.vn\/wp-content\/uploads\/2022\/11\/ban-quat-thoi-lua-cam-tay-600x600.jpg 600w\" sizes=\"(max-width: 750px) 100vw, 750px\" \/><\/a><a href=\"https:\/\/maybommini.com\/wp-content\/uploads\/2022\/11\/chuyen-ban-quat-thoi-lua-cam-tay.jpg\" target=\"_blank\" rel=\"noopener\"><img decoding=\"async\" class=\"size-full wp-image-271272 aligncenter\" src=\"https:\/\/maybommini.com\/wp-content\/uploads\/2022\/11\/chuyen-ban-quat-thoi-lua-cam-tay.jpg\" alt=\"Chuyen Ban Quat Thoi Lua Cam Tay\" width=\"750\" height=\"750\" srcset=\"https:\/\/maybommini.vn\/wp-content\/uploads\/2022\/11\/chuyen-ban-quat-thoi-lua-cam-tay.jpg 750w, https:\/\/maybommini.vn\/wp-content\/uploads\/2022\/11\/chuyen-ban-quat-thoi-lua-cam-tay-300x300.jpg 300w, https:\/\/maybommini.vn\/wp-content\/uploads\/2022\/11\/chuyen-ban-quat-thoi-lua-cam-tay-150x150.jpg 150w, https:\/\/maybommini.vn\/wp-content\/uploads\/2022\/11\/chuyen-ban-quat-thoi-lua-cam-tay-600x600.jpg 600w\" sizes=\"(max-width: 750px) 100vw, 750px\" \/><\/a><a href=\"https:\/\/maybommini.com\/wp-content\/uploads\/2022\/11\/quat-thoi-lua-12v-gia-re.jpg\" target=\"_blank\" rel=\"noopener\"><img decoding=\"async\" class=\"size-full wp-image-271277 aligncenter\" src=\"https:\/\/maybommini.com\/wp-content\/uploads\/2022\/11\/quat-thoi-lua-12v-gia-re.jpg\" alt=\"Quat Thoi Lua 12v Gia Re\" width=\"750\" height=\"750\" srcset=\"https:\/\/maybommini.vn\/wp-content\/uploads\/2022\/11\/quat-thoi-lua-12v-gia-re.jpg 750w, https:\/\/maybommini.vn\/wp-content\/uploads\/2022\/11\/quat-thoi-lua-12v-gia-re-300x300.jpg 300w, https:\/\/maybommini.vn\/wp-content\/uploads\/2022\/11\/quat-thoi-lua-12v-gia-re-150x150.jpg 150w, https:\/\/maybommini.vn\/wp-content\/uploads\/2022\/11\/quat-thoi-lua-12v-gia-re-600x600.jpg 600w\" sizes=\"(max-width: 750px) 100vw, 750px\" \/><\/a><a href=\"https:\/\/maybommini.com\/wp-content\/uploads\/2022\/11\/may-thoi-lua-cam-tay-12v.jpg\" target=\"_blank\" rel=\"noopener\"><img decoding=\"async\" class=\"size-full wp-image-271276 aligncenter\" src=\"https:\/\/maybommini.com\/wp-content\/uploads\/2022\/11\/may-thoi-lua-cam-tay-12v.jpg\" alt=\"May Thoi Lua Cam Tay 12v\" width=\"750\" height=\"750\" srcset=\"https:\/\/maybommini.vn\/wp-content\/uploads\/2022\/11\/may-thoi-lua-cam-tay-12v.jpg 750w, https:\/\/maybommini.vn\/wp-content\/uploads\/2022\/11\/may-thoi-lua-cam-tay-12v-300x300.jpg 300w, https:\/\/maybommini.vn\/wp-content\/uploads\/2022\/11\/may-thoi-lua-cam-tay-12v-150x150.jpg 150w, https:\/\/maybommini.vn\/wp-content\/uploads\/2022\/11\/may-thoi-lua-cam-tay-12v-600x600.jpg 600w\" sizes=\"(max-width: 750px) 100vw, 750px\" \/><\/a><a href=\"https:\/\/maybommini.com\/wp-content\/uploads\/2022\/11\/may-thoi-lua-ca-tay-gia-re.jpg\" target=\"_blank\" rel=\"noopener\"><img decoding=\"async\" class=\"size-full wp-image-271275 aligncenter\" src=\"https:\/\/maybommini.com\/wp-content\/uploads\/2022\/11\/may-thoi-lua-ca-tay-gia-re.jpg\" alt=\"May Thoi Lua Ca, Tay Gia Re\" width=\"750\" height=\"750\" srcset=\"https:\/\/maybommini.vn\/wp-content\/uploads\/2022\/11\/may-thoi-lua-ca-tay-gia-re.jpg 750w, https:\/\/maybommini.vn\/wp-content\/uploads\/2022\/11\/may-thoi-lua-ca-tay-gia-re-300x300.jpg 300w, https:\/\/maybommini.vn\/wp-content\/uploads\/2022\/11\/may-thoi-lua-ca-tay-gia-re-150x150.jpg 150w, https:\/\/maybommini.vn\/wp-content\/uploads\/2022\/11\/may-thoi-lua-ca-tay-gia-re-600x600.jpg 600w\" sizes=\"(max-width: 750px) 100vw, 750px\" \/><\/a><a href=\"https:\/\/maybommini.com\/wp-content\/uploads\/2022\/11\/may-thoi-lua-BBQ-gia-tot.jpg\" target=\"_blank\" rel=\"noopener\"><img decoding=\"async\" class=\"size-full wp-image-271274 aligncenter\" src=\"https:\/\/maybommini.com\/wp-content\/uploads\/2022\/11\/may-thoi-lua-BBQ-gia-tot.jpg\" alt=\"May Thoi Lua BBQ Gia Tot\" width=\"750\" height=\"750\" srcset=\"https:\/\/maybommini.vn\/wp-content\/uploads\/2022\/11\/may-thoi-lua-BBQ-gia-tot.jpg 750w, https:\/\/maybommini.vn\/wp-content\/uploads\/2022\/11\/may-thoi-lua-BBQ-gia-tot-300x300.jpg 300w, https:\/\/maybommini.vn\/wp-content\/uploads\/2022\/11\/may-thoi-lua-BBQ-gia-tot-150x150.jpg 150w, https:\/\/maybommini.vn\/wp-content\/uploads\/2022\/11\/may-thoi-lua-BBQ-gia-tot-600x600.jpg 600w\" sizes=\"(max-width: 750px) 100vw, 750px\" \/><\/a><a href=\"https:\/\/maybommini.com\/wp-content\/uploads\/2022\/11\/may-quat-thoi-lua-cam-tay-gia-re.jpg\" target=\"_blank\" rel=\"noopener\"><img decoding=\"async\" class=\"size-full wp-image-271273 aligncenter\" src=\"https:\/\/maybommini.com\/wp-content\/uploads\/2022\/11\/may-quat-thoi-lua-cam-tay-gia-re.jpg\" alt=\"May Quat Thoi Lua Cam Tay Gia Re\" width=\"750\" height=\"750\" srcset=\"https:\/\/maybommini.vn\/wp-content\/uploads\/2022\/11\/may-quat-thoi-lua-cam-tay-gia-re.jpg 750w, https:\/\/maybommini.vn\/wp-content\/uploads\/2022\/11\/may-quat-thoi-lua-cam-tay-gia-re-300x300.jpg 300w, https:\/\/maybommini.vn\/wp-content\/uploads\/2022\/11\/may-quat-thoi-lua-cam-tay-gia-re-150x150.jpg 150w, https:\/\/maybommini.vn\/wp-content\/uploads\/2022\/11\/may-quat-thoi-lua-cam-tay-gia-re-600x600.jpg 600w\" sizes=\"(max-width: 750px) 100vw, 750px\" \/><\/a><a href=\"https:\/\/maybommini.com\/wp-content\/uploads\/2022\/11\/ban-may-thoi-lua-cam-tay-chinh-hang-12v.jpg\" target=\"_blank\" rel=\"noopener\"><img decoding=\"async\" class=\"size-full wp-image-271281 aligncenter\" src=\"https:\/\/maybommini.com\/wp-content\/uploads\/2022\/11\/ban-may-thoi-lua-cam-tay-chinh-hang-12v.jpg\" alt=\"Ban May Thoi Lua Cam Tay Chinh Hang 12v\" width=\"750\" height=\"750\" srcset=\"https:\/\/maybommini.vn\/wp-content\/uploads\/2022\/11\/ban-may-thoi-lua-cam-tay-chinh-hang-12v.jpg 750w, https:\/\/maybommini.vn\/wp-content\/uploads\/2022\/11\/ban-may-thoi-lua-cam-tay-chinh-hang-12v-300x300.jpg 300w, https:\/\/maybommini.vn\/wp-content\/uploads\/2022\/11\/ban-may-thoi-lua-cam-tay-chinh-hang-12v-150x150.jpg 150w, https:\/\/maybommini.vn\/wp-content\/uploads\/2022\/11\/ban-may-thoi-lua-cam-tay-chinh-hang-12v-600x600.jpg 600w\" sizes=\"(max-width: 750px) 100vw, 750px\" \/><\/a><\/strong><\/p>\n<p><strong>C\u00c1CH S\u1eec D\u1ee4NG QU\u1ea0T TH\u1ed4I L\u1eecA C\u1ea6M TAY 12V<\/strong><br \/>\n&#8211; S\u1ea1c \u0111\u1ea7y pin tr\u01b0\u1edbc khi s\u1eed d\u1ee5ng.<br \/>\n&#8211; L\u1eafp \u1ed1ng n\u1ed1i d\u00e0i k\u00e8m theo m\u00e1y.<br \/>\n&#8211; B\u1eadt n\u00fat m\u1edf m\u00e1y.<br \/>\n&#8211; T\u0103ng gi\u1ea3m t\u1ed1c \u0111\u1ed9 theo nhu c\u1ea7u s\u1eed d\u1ee5ng.<br \/>\n&#8211; S\u1eed d\u1ee5ng xong s\u1ea1c \u0111\u1ea7y pin tr\u1edf l\u1ea1i.<\/p>\n<p><strong><a href=\"https:\/\/maybommini.com\/wp-content\/uploads\/2022\/11\/Quat-thoi-lua-cam-tay-dung-pin-12V-20W.jpg\" target=\"_blank\" rel=\"noopener\"><img decoding=\"async\" class=\"size-full wp-image-271278 aligncenter\" src=\"https:\/\/maybommini.com\/wp-content\/uploads\/2022\/11\/Quat-thoi-lua-cam-tay-dung-pin-12V-20W.jpg\" alt=\"Quat Thoi Lua Cam Tay Dung Pin 12V 20W\" width=\"750\" height=\"750\" srcset=\"https:\/\/maybommini.vn\/wp-content\/uploads\/2022\/11\/Quat-thoi-lua-cam-tay-dung-pin-12V-20W.jpg 750w, https:\/\/maybommini.vn\/wp-content\/uploads\/2022\/11\/Quat-thoi-lua-cam-tay-dung-pin-12V-20W-300x300.jpg 300w, https:\/\/maybommini.vn\/wp-content\/uploads\/2022\/11\/Quat-thoi-lua-cam-tay-dung-pin-12V-20W-150x150.jpg 150w, https:\/\/maybommini.vn\/wp-content\/uploads\/2022\/11\/Quat-thoi-lua-cam-tay-dung-pin-12V-20W-600x600.jpg 600w\" sizes=\"(max-width: 750px) 100vw, 750px\" \/><\/a><\/strong><\/p>\n<p><strong>S\u1eec D\u1ee4NG M\u00c1Y TH\u1ed4I L\u1eecA C\u1ea6M TAY<\/strong><br \/>\n&#8211; S\u1eed d\u1ee5ng th\u1ed5i l\u1eeda \u0111\u1ed1t b\u1eb1ng c\u1ee7i.<br \/>\n&#8211; Th\u1ed5i l\u1eeda b\u1ebfp n\u1ea5u c\u1ee7i.<br \/>\n&#8211; Th\u1ed5i l\u1eeda b\u1ebfp n\u01b0\u1edbng than.<br \/>\n&#8211; Qu\u1ea1t th\u1ed5i l\u1eeda n\u01b0\u1edbng ngo\u00e0i tr\u1eddi.<br \/>\n&#8211; M\u00e1y th\u1ed5i l\u1eeda n\u01b0\u1edbng BBQ.<br \/>\n&#8211; M\u00e1y qu\u1ea1t th\u1ed5i l\u1eeda d\u00e3 ngo\u1ea1i.<br \/>\n&#8211; Qu\u1ea1t th\u1ed5i l\u1eeda c\u1ea5m tr\u1ea1i.<br \/>\n&#8211; V\u00e0 nhi\u1ec1u \u1ee9ng d\u1ee5ng kh\u00e1c<br \/>\n<a href=\"https:\/\/maybommini.com\/wp-content\/uploads\/2022\/11\/qyat-thoi-lua-gia-re-gia-tot.jpg\" target=\"_blank\" rel=\"noopener\"><img decoding=\"async\" class=\"size-full wp-image-271280 aligncenter\" src=\"https:\/\/maybommini.com\/wp-content\/uploads\/2022\/11\/qyat-thoi-lua-gia-re-gia-tot.jpg\" alt=\"Qyat Thoi Lua Gia Re Gia Tot\" width=\"750\" height=\"750\" srcset=\"https:\/\/maybommini.vn\/wp-content\/uploads\/2022\/11\/qyat-thoi-lua-gia-re-gia-tot.jpg 750w, https:\/\/maybommini.vn\/wp-content\/uploads\/2022\/11\/qyat-thoi-lua-gia-re-gia-tot-300x300.jpg 300w, https:\/\/maybommini.vn\/wp-content\/uploads\/2022\/11\/qyat-thoi-lua-gia-re-gia-tot-150x150.jpg 150w, https:\/\/maybommini.vn\/wp-content\/uploads\/2022\/11\/qyat-thoi-lua-gia-re-gia-tot-600x600.jpg 600w\" sizes=\"(max-width: 750px) 100vw, 750px\" \/><\/a><a href=\"https:\/\/maybommini.com\/wp-content\/uploads\/2022\/11\/quay-thoi-lua-thn-BBQ.jpg\" target=\"_blank\" rel=\"noopener\"><img decoding=\"async\" class=\"size-full wp-image-271279 aligncenter\" src=\"https:\/\/maybommini.com\/wp-content\/uploads\/2022\/11\/quay-thoi-lua-thn-BBQ.jpg\" alt=\"Quay Thoi Lua Thn BBQ\" width=\"750\" height=\"750\" srcset=\"https:\/\/maybommini.vn\/wp-content\/uploads\/2022\/11\/quay-thoi-lua-thn-BBQ.jpg 750w, https:\/\/maybommini.vn\/wp-content\/uploads\/2022\/11\/quay-thoi-lua-thn-BBQ-300x300.jpg 300w, https:\/\/maybommini.vn\/wp-content\/uploads\/2022\/11\/quay-thoi-lua-thn-BBQ-150x150.jpg 150w, https:\/\/maybommini.vn\/wp-content\/uploads\/2022\/11\/quay-thoi-lua-thn-BBQ-600x600.jpg 600w\" sizes=\"(max-width: 750px) 100vw, 750px\" \/><\/a><\/p>\n<p><strong>Chuy\u00ean cung c\u1ea5p thi\u1ebft b\u1ecb c\u1ea7m tay, m\u00e1y qu\u1ea1t pin, qu\u1ea1t th\u1ed5i l\u1eeda c\u1ea7m tay, m\u00e1y b\u1eafn v\u00edt, m\u00e1y khoan. \u0111\u00e8n led v\u00e0 nhi\u1ec1u thi\u1ebft b\u1ecb kh\u00e1c gi\u00e1 t\u1ed1t ch\u00ednh h\u00e3ng b\u1ea3o h\u00e0nh l\u00e2u d\u00e0i.<\/strong><\/p>\n<p><strong>CTY TNHH TH\u01af\u01a0NG M\u1ea0I D\u1ecaCH V\u1ee4 \u0110I\u1ec6N M\u00c1Y TH\u00d4NG MINH<br \/>\n<\/strong><strong>Hotline:<\/strong>\u00a002873030399 \u2013 090 729 4310<br \/>\n<strong>Email:<\/strong>\u00a0maybommini.com@gmail.com<br \/>\n<strong>Website:<\/strong>\u00a0https:\/\/maybommini.com<br \/>\n<strong>Youtube demo:<\/strong>\u00a0https:\/\/www.youtube.com\/bahamasali<\/p>\n<h3 style=\"text-align: center;\"><strong>M\u00e1y qu\u1ea1t th\u1ed5i l\u1eeda c\u1ea7m tay 12V<\/strong><\/h3>\n<p><a class=\"swipebox\" title=\"\" href=\"https:\/\/maybommini.com\/wp-content\/uploads\/2022\/07\/thong-tin-lien-he-may-bom-mini.jpg\" data-rel=\"lightbox-image-16\" data-rl_title=\"\" data-rl_caption=\"\" data-rl_ target=\"_blank\" rel=\"noopener\"><img decoding=\"async\" class=\"size-full wp-image-270584 aligncenter lazyloaded\" src=\"https:\/\/maybommini.com\/wp-content\/uploads\/2022\/07\/thong-tin-lien-he-may-bom-mini.jpg\" sizes=\"(max-width: 750px) 100vw, 750px\" srcset=\"https:\/\/maybommini.com\/wp-content\/uploads\/2022\/07\/thong-tin-lien-he-may-bom-mini.jpg 750w, https:\/\/maybommini.com\/wp-content\/uploads\/2022\/07\/thong-tin-lien-he-may-bom-mini-300x202.jpg 300w, https:\/\/maybommini.com\/wp-content\/uploads\/2022\/07\/thong-tin-lien-he-may-bom-mini-600x405.jpg 600w\" alt=\"Thong Tin Lien He May Bom Mini\" width=\"750\" height=\"506\" data-lazy-srcset=\"https:\/\/maybommini.com\/wp-content\/uploads\/2022\/07\/thong-tin-lien-he-may-bom-mini.jpg 750w, https:\/\/maybommini.com\/wp-content\/uploads\/2022\/07\/thong-tin-lien-he-may-bom-mini-300x202.jpg 300w, https:\/\/maybommini.com\/wp-content\/uploads\/2022\/07\/thong-tin-lien-he-may-bom-mini-600x405.jpg 600w\" data-lazy-sizes=\"(max-width: 750px) 100vw, 750px\" data-lazy-src=\"https:\/\/maybommini.com\/wp-content\/uploads\/2022\/07\/thong-tin-lien-he-may-bom-mini.jpg\" data-was-processed=\"true\" \/><\/a><\/p>\n","protected":false},"excerpt":{"rendered":"<p>Th\u01b0\u01a1ng hi\u1ec7u: MTM<br \/>\nModel: ZL<br \/>\n\u0110i\u1ec7n th\u1ebf: 12V<br \/>\nMotor: 20W<br \/>\nT\u1ed1c \u0111\u1ed9: 2000 &#8211; 5000 r\/min<br \/>\nN\u00fat t\u0103ng gi\u1ea3m t\u1ed1c \u0111\u1ed9 qu\u1ea1t.<br \/>\n\u1ed0ng n\u1ed1i d\u00e0i m\u00e1y th\u1ed5i.<br \/>\nK\u00e8m 1 pin 12V 2000mah.<br \/>\nK\u00e8m s\u1ea1c 12V t\u1ef1 \u0111\u1ed9ng.<br \/>\nCh\u1ea5t li\u1ec7u: Kim lo\u1ea1i &#8211; Nh\u1ef1a<br \/>\nK\u00edch th\u01b0\u1edbc:<br \/>\nTr\u1ecdng l\u01b0\u1ee3ng: 800 gam.<br \/>\nB\u1ea3o h\u00e0nh: 3 th\u00e1ng<\/p>\n","protected":false},"featured_media":271276,"comment_status":"open","ping_status":"closed","template":"","meta":[],"product_brand":[],"product_cat":[214,1494,3732],"product_tag":[3744,3742,1497,3741,3743],"class_list":{"0":"post-271270","1":"product","2":"type-product","3":"status-publish","4":"has-post-thumbnail","6":"product_cat-phu-kien-bom-nuoc","7":"product_cat-quat-12v-24v-220v","8":"product_cat-quat-12v","9":"product_tag-fan-air-blower","10":"product_tag-may-thoi-lua","11":"product_tag-quat","12":"product_tag-quat-12v","13":"product_tag-quat-thoi-lua","15":"first","16":"instock","17":"sale","18":"shipping-taxable","19":"purchasable","20":"product-type-simple"},"_links":{"self":[{"href":"https:\/\/maybommini.vn\/index.php?rest_route=\/wp\/v2\/product\/271270","targetHints":{"allow":["GET"]}}],"collection":[{"href":"https:\/\/maybommini.vn\/index.php?rest_route=\/wp\/v2\/product"}],"about":[{"href":"https:\/\/maybommini.vn\/index.php?rest_route=\/wp\/v2\/types\/product"}],"replies":[{"embeddable":true,"href":"https:\/\/maybommini.vn\/index.php?rest_route=%2Fwp%2Fv2%2Fcomments&post=271270"}],"wp:featuredmedia":[{"embeddable":true,"href":"https:\/\/maybommini.vn\/index.php?rest_route=\/wp\/v2\/media\/271276"}],"wp:attachment":[{"href":"https:\/\/maybommini.vn\/index.php?rest_route=%2Fwp%2Fv2%2Fmedia&parent=271270"}],"wp:term":[{"taxonomy":"product_brand","embeddable":true,"href":"https:\/\/maybommini.vn\/index.php?rest_route=%2Fwp%2Fv2%2Fproduct_brand&post=271270"},{"taxonomy":"product_cat","embeddable":true,"href":"https:\/\/maybommini.vn\/index.php?rest_route=%2Fwp%2Fv2%2Fproduct_cat&post=271270"},{"taxonomy":"product_tag","embeddable":true,"href":"https:\/\/maybommini.vn\/index.php?rest_route=%2Fwp%2Fv2%2Fproduct_tag&post=271270"}],"curies":[{"name":"wp","href":"https:\/\/api.w.org\/{rel}","templated":true}]}}