{"id":271410,"date":"2022-11-12T14:48:14","date_gmt":"2022-11-12T07:48:14","guid":{"rendered":"https:\/\/maybommini.com\/?post_type=product&#038;p=271410"},"modified":"2022-11-12T14:49:52","modified_gmt":"2022-11-12T07:49:52","slug":"den-nang-luong-mat-troi-200w","status":"publish","type":"product","link":"https:\/\/maybommini.vn\/?product=den-nang-luong-mat-troi-200w","title":{"rendered":"\u0110\u00e8n n\u0103ng l\u01b0\u1ee3ng m\u1eb7t tr\u1eddi 200W"},"content":{"rendered":"<h3>\u0110\u00e8n n\u0103ng l\u01b0\u1ee3ng m\u1eb7t tr\u1eddi 200W s\u1eed d\u1ee5ng ho\u00e0n to\u00e0n b\u1eb1ng n\u0103ng l\u01b0\u1ee3ng m\u1eb7t tr\u1eddi, an to\u00e0n ti\u1ebft ki\u1ec7m, kh\u00f4ng lo m\u1ea5t \u0111i\u1ec7n, \u0111\u1ed9 s\u00e1ng cao, th\u1eddi gian chi\u1ebfu s\u00e1ng li\u00ean t\u1ee5c 4 &#8211; 8 ti\u1ebfng. S\u1eed d\u1ee5ng ngo\u00e0i tr\u1eddi ho\u1eb7c trong nh\u00e0 r\u1ea5t t\u1ed1t, s\u1ea3n ph\u1ea9m b\u1ea3o h\u00e0nh ch\u00ednh h\u00e3ng nh\u00e0 ph\u00e2n ph\u1ed1i to\u00e0n qu\u1ed1c.<\/h3>\n<p><strong><a href=\"https:\/\/maybommini.com\/wp-content\/uploads\/2022\/11\/den-nang-luong-mat-troi-200W.jpg\" target=\"_blank\" rel=\"noopener\"><img decoding=\"async\" class=\"size-full wp-image-271413 aligncenter\" src=\"https:\/\/maybommini.com\/wp-content\/uploads\/2022\/11\/den-nang-luong-mat-troi-200W.jpg\" alt=\"Den Nang Luong Mat Troi 200W\" width=\"750\" height=\"750\" srcset=\"https:\/\/maybommini.vn\/wp-content\/uploads\/2022\/11\/den-nang-luong-mat-troi-200W.jpg 750w, https:\/\/maybommini.vn\/wp-content\/uploads\/2022\/11\/den-nang-luong-mat-troi-200W-300x300.jpg 300w, https:\/\/maybommini.vn\/wp-content\/uploads\/2022\/11\/den-nang-luong-mat-troi-200W-150x150.jpg 150w, https:\/\/maybommini.vn\/wp-content\/uploads\/2022\/11\/den-nang-luong-mat-troi-200W-600x600.jpg 600w\" sizes=\"(max-width: 750px) 100vw, 750px\" \/><\/a>TH\u00d4NG S\u1ed0 K\u1ef8 THU\u1eacT<\/strong><br \/>\nC\u00f4ng su\u1ea5t \u0111\u00e8n: 200W<br \/>\nDung l\u01b0\u1ee3ng pin: 15000mah 3.2V<br \/>\nSolar c\u00f4ng su\u1ea5t : 35W<br \/>\n\u0110i\u1ec7n th\u1ebf Solar: 6V DC<br \/>\nT\u1ea5m pin n\u0103ng l\u01b0\u1ee3ng c\u00f4ng ngh\u1ec7 Poly.<br \/>\nK\u00e8m \u0111i\u1ec1u khi\u1ec3n t\u1eeb xa.<br \/>\nCh\u1ebft \u0111\u1ed9 t\u1ef1 \u0111\u1ed9ng chi\u1ebfu s\u00e1ng khi tr\u1eddi t\u1ed1i.<br \/>\nCh\u1ebf \u0111\u1ed9 h\u1eb9n gi\u1edd ho\u1ea1t \u0111\u1ed9ng.<br \/>\nTh\u1eddi gian ho\u1ea1t \u0111\u1ed9ng li\u00ean t\u1ee5c 4H &#8211; 8H<br \/>\n\u0110\u00e8n chu\u1ea9n kh\u00e1ng n\u01b0\u1edbc: IP66<br \/>\nK\u00e8m ph\u1ee5 ki\u1ec7n l\u1eafp \u0111\u00e8n v\u00e0 t\u1ea5m pin Solar.<br \/>\nK\u00e8m \u0111i\u1ec1u khi\u1ec3n t\u1eeb xa.<br \/>\nCh\u1ea5t li\u1ec7u: Nh\u00f4m &#8211; K\u00ednh &#8211; Nh\u1ef1a<br \/>\nK\u00edch th\u01b0\u1edbc \u0111\u00e8n: 31 x 24.5 x 5.5 cm<br \/>\nK\u00edch th\u01b0\u1edbc t\u1ea5m pin Solar: 68 x 37 x 3 cm.<br \/>\nT\u1ed5ng tr\u1ecdng l\u01b0\u1ee3ng: 5.2 Kg<\/p>\n<p><a href=\"https:\/\/maybommini.com\/wp-content\/uploads\/2022\/11\/den-led-200w-nang-luong-mat-troi.jpg\" target=\"_blank\" rel=\"noopener\"><img decoding=\"async\" class=\"size-full wp-image-271412 aligncenter\" src=\"https:\/\/maybommini.com\/wp-content\/uploads\/2022\/11\/den-led-200w-nang-luong-mat-troi.jpg\" alt=\"Den Led 200w Nang Luong Mat Troi\" width=\"750\" height=\"750\" srcset=\"https:\/\/maybommini.vn\/wp-content\/uploads\/2022\/11\/den-led-200w-nang-luong-mat-troi.jpg 750w, https:\/\/maybommini.vn\/wp-content\/uploads\/2022\/11\/den-led-200w-nang-luong-mat-troi-300x300.jpg 300w, https:\/\/maybommini.vn\/wp-content\/uploads\/2022\/11\/den-led-200w-nang-luong-mat-troi-150x150.jpg 150w, https:\/\/maybommini.vn\/wp-content\/uploads\/2022\/11\/den-led-200w-nang-luong-mat-troi-600x600.jpg 600w\" sizes=\"(max-width: 750px) 100vw, 750px\" \/><\/a><a href=\"https:\/\/maybommini.com\/wp-content\/uploads\/2022\/11\/solar-panels-tam-pin-nang-luong-mat-troi-va-phu-kien.jpg\" target=\"_blank\" rel=\"noopener\"><img decoding=\"async\" class=\"size-full wp-image-271418 aligncenter\" src=\"https:\/\/maybommini.com\/wp-content\/uploads\/2022\/11\/solar-panels-tam-pin-nang-luong-mat-troi-va-phu-kien.jpg\" alt=\"Solar Panels Tam Pin Nang Luong Mat Troi Va Phu Kien\" width=\"750\" height=\"750\" srcset=\"https:\/\/maybommini.vn\/wp-content\/uploads\/2022\/11\/solar-panels-tam-pin-nang-luong-mat-troi-va-phu-kien.jpg 750w, https:\/\/maybommini.vn\/wp-content\/uploads\/2022\/11\/solar-panels-tam-pin-nang-luong-mat-troi-va-phu-kien-300x300.jpg 300w, https:\/\/maybommini.vn\/wp-content\/uploads\/2022\/11\/solar-panels-tam-pin-nang-luong-mat-troi-va-phu-kien-150x150.jpg 150w, https:\/\/maybommini.vn\/wp-content\/uploads\/2022\/11\/solar-panels-tam-pin-nang-luong-mat-troi-va-phu-kien-600x600.jpg 600w\" sizes=\"(max-width: 750px) 100vw, 750px\" \/><\/a><a href=\"https:\/\/maybommini.com\/wp-content\/uploads\/2022\/11\/remote-dieu-khien-tu-xa-den-nang-luong-mat-troi.jpg\" target=\"_blank\" rel=\"noopener\"><img decoding=\"async\" class=\"size-full wp-image-271416 aligncenter\" src=\"https:\/\/maybommini.com\/wp-content\/uploads\/2022\/11\/remote-dieu-khien-tu-xa-den-nang-luong-mat-troi.jpg\" alt=\"Remote Dieu Khien Tu Xa Den Nang Luong Mat Troi\" width=\"750\" height=\"750\" srcset=\"https:\/\/maybommini.vn\/wp-content\/uploads\/2022\/11\/remote-dieu-khien-tu-xa-den-nang-luong-mat-troi.jpg 750w, https:\/\/maybommini.vn\/wp-content\/uploads\/2022\/11\/remote-dieu-khien-tu-xa-den-nang-luong-mat-troi-300x300.jpg 300w, https:\/\/maybommini.vn\/wp-content\/uploads\/2022\/11\/remote-dieu-khien-tu-xa-den-nang-luong-mat-troi-150x150.jpg 150w, https:\/\/maybommini.vn\/wp-content\/uploads\/2022\/11\/remote-dieu-khien-tu-xa-den-nang-luong-mat-troi-600x600.jpg 600w\" sizes=\"(max-width: 750px) 100vw, 750px\" \/><\/a><a href=\"https:\/\/maybommini.com\/wp-content\/uploads\/2022\/11\/mat-sau-den-led-200w-nang-luong-mat-troi.jpg\" target=\"_blank\" rel=\"noopener\"><img decoding=\"async\" class=\"size-full wp-image-271414 aligncenter\" src=\"https:\/\/maybommini.com\/wp-content\/uploads\/2022\/11\/mat-sau-den-led-200w-nang-luong-mat-troi.jpg\" alt=\"Mat Sau Den Led 200w Nang Luong Mat Troi\" width=\"750\" height=\"750\" srcset=\"https:\/\/maybommini.vn\/wp-content\/uploads\/2022\/11\/mat-sau-den-led-200w-nang-luong-mat-troi.jpg 750w, https:\/\/maybommini.vn\/wp-content\/uploads\/2022\/11\/mat-sau-den-led-200w-nang-luong-mat-troi-300x300.jpg 300w, https:\/\/maybommini.vn\/wp-content\/uploads\/2022\/11\/mat-sau-den-led-200w-nang-luong-mat-troi-150x150.jpg 150w, https:\/\/maybommini.vn\/wp-content\/uploads\/2022\/11\/mat-sau-den-led-200w-nang-luong-mat-troi-600x600.jpg 600w\" sizes=\"(max-width: 750px) 100vw, 750px\" \/><\/a><a href=\"https:\/\/maybommini.com\/wp-content\/uploads\/2022\/11\/mat-sau-tam-pin-nang-luong-mat-troi-den-200w.jpg\" target=\"_blank\" rel=\"noopener\"><img decoding=\"async\" class=\"size-full wp-image-271415 aligncenter\" src=\"https:\/\/maybommini.com\/wp-content\/uploads\/2022\/11\/mat-sau-tam-pin-nang-luong-mat-troi-den-200w.jpg\" alt=\"Mat Sau Tam Pin Nang Luong Mat Troi Den 200w\" width=\"750\" height=\"750\" srcset=\"https:\/\/maybommini.vn\/wp-content\/uploads\/2022\/11\/mat-sau-tam-pin-nang-luong-mat-troi-den-200w.jpg 750w, https:\/\/maybommini.vn\/wp-content\/uploads\/2022\/11\/mat-sau-tam-pin-nang-luong-mat-troi-den-200w-300x300.jpg 300w, https:\/\/maybommini.vn\/wp-content\/uploads\/2022\/11\/mat-sau-tam-pin-nang-luong-mat-troi-den-200w-150x150.jpg 150w, https:\/\/maybommini.vn\/wp-content\/uploads\/2022\/11\/mat-sau-tam-pin-nang-luong-mat-troi-den-200w-600x600.jpg 600w\" sizes=\"(max-width: 750px) 100vw, 750px\" \/><\/a><br \/>\n<strong>H\u01af\u1edaNG D\u1eaaN L\u1eaeP R\u00c1P \u0110\u00c8N N\u0102NG L\u01af\u1ee2NG M\u1eb6T TR\u1edcI<\/strong><br \/>\n&#8211; L\u1eafp t\u1ea5m pin n\u0103ng l\u01b0\u1ee3ng m\u1eb7t tr\u1eddi c\u1ed1 \u0111\u1ecbnh h\u01b0\u1edbng v\u1ec1 ph\u00eda \u0111\u00f4ng t\u00e2y.<br \/>\n&#8211; L\u1eafp n\u1edbi c\u00f3 \u00e1nh n\u1eafng cao nh\u1ea5t h\u01b0\u1edbng tr\u1ef1c ti\u1ebfp v\u00e0o m\u1eb7t tr\u1eddi.<br \/>\n&#8211; C\u1ed1 \u0111\u1ecbnh \u00f3c v\u00edt ch\u1eafc ch\u1eafn.<br \/>\n&#8211; L\u1eafp \u0111\u00e8n c\u1ed1 \u0111\u1ecbnh trong nh\u00e0 ho\u1eb7c ngo\u00e0i tr\u1eddi.<br \/>\n&#8211; N\u1ed1i d\u00e2y ngu\u1ed3n t\u1eeb t\u1ea5m pin n\u0103ng l\u01b0\u1ee3ng v\u00e0o \u0111\u00e8n.<br \/>\n&#8211; D\u00f9ng Romote \u0111i\u1ec1u khi\u1ec3n b\u1eadt t\u1eaft ho\u1eb7c ch\u1ec9nh theo ch\u1ebf \u0111\u1ed9 ho\u1ea1t \u0111\u1ed9ng.<br \/>\n&#8211; Th\u1eddi gian chi\u1ebfu s\u00e1ng ph\u1ee5 thu\u1ed9c v\u00e0o \u00e1nh n\u1eafng cao hay y\u1ebfu \u0111\u1ec3 s\u1ea1c pin cho \u0111\u00e8n.<br \/>\n&#8211; V\u1ec7 sinh t\u1ea5m pin n\u0103ng l\u01b0\u1ee3ng m\u1eb7t tr\u1eddi Solar \u0111\u1ecbnh k\u1ef3 h\u00e0ng th\u00e1ng.<br \/>\n&#8211; T\u1ea5m pin n\u0103ng l\u01b0\u1ee3ng s\u1ea1ch s\u1ebb thu \u0111\u01b0\u1ee3c nhi\u1ec1u \u00e1nh n\u1eafng s\u1ea1c cho pin \u0111\u00e8n.<\/p>\n<p><strong><a href=\"https:\/\/maybommini.com\/wp-content\/uploads\/2022\/11\/den-led-200W-dung-nang-luong-mat-troi.jpg\" target=\"_blank\" rel=\"noopener\"><img decoding=\"async\" class=\"size-full wp-image-271411 aligncenter\" src=\"https:\/\/maybommini.com\/wp-content\/uploads\/2022\/11\/den-led-200W-dung-nang-luong-mat-troi.jpg\" alt=\"Den Led 200W Dung Nang Luong Mat Troi\" width=\"750\" height=\"750\" srcset=\"https:\/\/maybommini.vn\/wp-content\/uploads\/2022\/11\/den-led-200W-dung-nang-luong-mat-troi.jpg 750w, https:\/\/maybommini.vn\/wp-content\/uploads\/2022\/11\/den-led-200W-dung-nang-luong-mat-troi-300x300.jpg 300w, https:\/\/maybommini.vn\/wp-content\/uploads\/2022\/11\/den-led-200W-dung-nang-luong-mat-troi-150x150.jpg 150w, https:\/\/maybommini.vn\/wp-content\/uploads\/2022\/11\/den-led-200W-dung-nang-luong-mat-troi-600x600.jpg 600w\" sizes=\"(max-width: 750px) 100vw, 750px\" \/><\/a><\/strong><\/p>\n<p><strong>S\u1eec D\u1ee4NG \u0110\u00c8N N\u0102NG L\u01af\u1ee2NG M\u1eb6T TR\u1edcI<\/strong><br \/>\nS\u1eed d\u1ee5ng ho\u00e0n to\u00e0n b\u1eb1ng n\u0103ng l\u01b0\u1ee3ng m\u1eb7t tr\u1eddi, an to\u00e0n ti\u1ebft ki\u1ec7m, kh\u00f4ng lo m\u1ea5t \u0111i\u1ec7n, \u0111\u1ed9 s\u00e1ng cao, th\u1eddi gian chi\u1ebfu s\u00e1ng li\u00ean t\u1ee5c 4 &#8211; 8 ti\u1ebfng.<br \/>\nS\u1eed d\u1ee5ng chi\u1ebfu s\u00e1ng s\u00e2n v\u01b0\u1eddn ngo\u00e0i tr\u1eddi.<br \/>\n\u0110\u00e8n n\u0103ng l\u01b0\u1ee3ng m\u1eb7t tr\u1eddi cho trang tr\u1ea1i, chu\u1ed3ng nu\u00f4i gia s\u00fac, ao v\u01b0\u1eddn&#8230;.<br \/>\n\u0110\u00e8n n\u0103ng l\u01b0\u1ee3ng m\u1eb7t tr\u1eddi chi\u1ebfu s\u00e1ng trong nh\u00e0, kho b\u00e3i, v\u0103n ph\u00f2ng&#8230;<br \/>\n\u0110\u00e8n n\u0103ng l\u01b0\u1ee3ng m\u1eb7t tr\u1eddi d\u00f9ng l\u00e0m chi\u1ebfu s\u00e1ng \u0111\u01b0\u1eddng \u0111i.<br \/>\n\u0110\u00e8n n\u0103ng l\u01b0\u1ee3ng m\u1eb7t tr\u1eddi cho s\u00e2n th\u1ec3 thao, s\u00e2n b\u00f3ng \u0111\u00e1&#8230;<br \/>\n\u0110\u00e8n n\u0103ng l\u01b0\u1ee3ng m\u1eb7t tr\u1eddi cho nh\u1eefng n\u01a1i hk\u00f4ng c\u00f3 \u0111i\u1ec7n l\u01b0\u1edbi.<br \/>\n\u0110\u00e8n n\u0103ng l\u01b0\u1ee3ng d\u00f9ng ti\u1ebft ki\u1ec7m n\u0103ng l\u01b0\u1ee3ng.<br \/>\nV\u00e0 nhi\u1ec1u \u1ee9ng d\u1ee5ng s\u1eed kh\u00e1c cho \u0111\u00e8n n\u0103ng l\u01b0\u1ee3ng m\u1eb7t tr\u1eddi.<\/p>\n<h3 style=\"text-align: center;\"><strong><a href=\"https:\/\/maybommini.com\/wp-content\/uploads\/2022\/11\/tam-pin-den-nang-luong-mat-troi-200w.jpg\" target=\"_blank\" rel=\"noopener\"><img decoding=\"async\" class=\"size-full wp-image-271419 aligncenter\" src=\"https:\/\/maybommini.com\/wp-content\/uploads\/2022\/11\/tam-pin-den-nang-luong-mat-troi-200w.jpg\" alt=\"Tam Pin Den Nang Luong Mat Troi 200w\" width=\"750\" height=\"750\" srcset=\"https:\/\/maybommini.vn\/wp-content\/uploads\/2022\/11\/tam-pin-den-nang-luong-mat-troi-200w.jpg 750w, https:\/\/maybommini.vn\/wp-content\/uploads\/2022\/11\/tam-pin-den-nang-luong-mat-troi-200w-300x300.jpg 300w, https:\/\/maybommini.vn\/wp-content\/uploads\/2022\/11\/tam-pin-den-nang-luong-mat-troi-200w-150x150.jpg 150w, https:\/\/maybommini.vn\/wp-content\/uploads\/2022\/11\/tam-pin-den-nang-luong-mat-troi-200w-600x600.jpg 600w\" sizes=\"(max-width: 750px) 100vw, 750px\" \/><\/a>\u0110\u00e8n n\u0103ng l\u01b0\u1ee3ng m\u1eb7t tr\u1eddi 200W &#8211; Solar Light<\/strong><\/h3>\n<p><strong>MUA \u0110\u00c8N N\u0102NG L\u01af\u1ee2NG M\u1eb6T TR\u1edcI \u1ede \u0110\u00c2U CH\u1ea4T L\u01af\u1ee2NG CH\u00cdNH H\u00c3NG ?<\/strong><br \/>\nCh\u00fang t\u00f4i chuy\u00ean cung c\u1ea5p \u0111\u00e8n n\u0103ng l\u01b0\u1ee3ng m\u1eb7t tr\u1eddi, \u0111\u00e8n led, t\u1ea5m pin n\u0103ng l\u01b0\u1ee3ng m\u1eb7t tr\u1eddi, pin s\u1ea1c, pin \u0111\u00e8n n\u0103ng l\u01b0\u1ee3ng v\u00e0 nhi\u1ec1u thi\u1ebft b\u1ecb kh\u00e1c ch\u00ednh h\u00e3ng tr\u00ean to\u00e0n qu\u1ed1c.<br \/>\n<strong>CTY TNHH TH\u01af\u01a0NG M\u1ea0I D\u1ecaCH V\u1ee4 \u0110I\u1ec6N M\u00c1Y TH\u00d4NG MINH<\/strong><br \/>\n<strong>Hotline:<\/strong>\u00a0<a href=\"tel:02873030399\">02873030399<\/a>\u00a0\u2013\u00a0<a href=\"tel:0907294310\">0907294310<\/a>\u00a0\u2013\u00a0<a href=\"tel:0908997823\">0908997823<\/a>\u00a0\u2013\u00a0<a href=\"tel:0908997872\">0908997872<\/a><br \/>\n<strong>Email:<\/strong>\u00a0maybommini.com@gmail.com<br \/>\n<strong>Website:<\/strong>\u00a0<a href=\"https:\/\/maybommini.com\/\" target=\"_blank\" rel=\"noopener\">https:\/\/maybommini.com<\/a><br \/>\n<strong>Youtube demo:<\/strong>\u00a0<a title=\"Youtube M\u00e1y B\u01a1m Mini\" href=\"https:\/\/www.youtube.com\/bahamasali\" target=\"_blank\" rel=\"noopener\">M\u00e1y B\u01a1m Mini<\/a><\/p>\n<p><a class=\"swipebox\" title=\"\" href=\"https:\/\/maybommini.com\/wp-content\/uploads\/2022\/07\/thong-tin-lien-he-may-bom-mini.jpg\" data-rel=\"lightbox-image-bGlnaHRib3gtaW1hZ2UtYkdsbmFIUmliM2d0YVcxaFoyVXRNVFU9\" data-rl_title=\"\" data-rl_caption=\"\" data-rl_ target=\"_blank\" rel=\"noopener\"><img decoding=\"async\" class=\"size-full wp-image-270584 aligncenter lazyloaded\" src=\"https:\/\/maybommini.com\/wp-content\/uploads\/2022\/07\/thong-tin-lien-he-may-bom-mini.jpg\" sizes=\"(max-width: 750px) 100vw, 750px\" srcset=\"https:\/\/maybommini.com\/wp-content\/uploads\/2022\/07\/thong-tin-lien-he-may-bom-mini.jpg 750w, https:\/\/maybommini.com\/wp-content\/uploads\/2022\/07\/thong-tin-lien-he-may-bom-mini-300x202.jpg 300w, https:\/\/maybommini.com\/wp-content\/uploads\/2022\/07\/thong-tin-lien-he-may-bom-mini-600x405.jpg 600w\" alt=\"Thong Tin Lien He May Bom Mini\" width=\"750\" height=\"506\" data-lazy-srcset=\"https:\/\/maybommini.com\/wp-content\/uploads\/2022\/07\/thong-tin-lien-he-may-bom-mini.jpg 750w, https:\/\/maybommini.com\/wp-content\/uploads\/2022\/07\/thong-tin-lien-he-may-bom-mini-300x202.jpg 300w, https:\/\/maybommini.com\/wp-content\/uploads\/2022\/07\/thong-tin-lien-he-may-bom-mini-600x405.jpg 600w\" data-lazy-sizes=\"(max-width: 750px) 100vw, 750px\" data-lazy-src=\"https:\/\/maybommini.com\/wp-content\/uploads\/2022\/07\/thong-tin-lien-he-may-bom-mini.jpg\" data-was-processed=\"true\" \/><\/a><\/p>\n<p>&nbsp;<\/p>\n<p>&nbsp;<\/p>\n","protected":false},"excerpt":{"rendered":"<p>C\u00f4ng su\u1ea5t \u0111\u00e8n: 200W<br \/>\nDung l\u01b0\u1ee3ng pin: 15000mah 3.2V<br \/>\nSolar c\u00f4ng su\u1ea5t : 35W<br \/>\n\u0110i\u1ec7n th\u1ebf Solar: 6V DC<br \/>\nT\u1ea5m pin n\u0103ng l\u01b0\u1ee3ng c\u00f4ng ngh\u1ec7 Poly.<br \/>\nK\u00e8m \u0111i\u1ec1u khi\u1ec3n t\u1eeb xa.<br \/>\nCh\u1ebft \u0111\u1ed9 t\u1ef1 \u0111\u1ed9ng chi\u1ebfu s\u00e1ng khi tr\u1eddi t\u1ed1i.<br \/>\nCh\u1ebf \u0111\u1ed9 h\u1eb9n gi\u1edd ho\u1ea1t \u0111\u1ed9ng.<br \/>\nTh\u1eddi gian ho\u1ea1t \u0111\u1ed9ng li\u00ean t\u1ee5c 4H &#8211; 8H<br \/>\n\u0110\u00e8n chu\u1ea9n kh\u00e1ng n\u01b0\u1edbc: IP66<br \/>\nK\u00e8m ph\u1ee5 ki\u1ec7n l\u1eafp \u0111\u00e8n v\u00e0 t\u1ea5m pin Solar.<br \/>\nK\u00e8m \u0111i\u1ec1u khi\u1ec3n t\u1eeb xa.<br \/>\nCh\u1ea5t li\u1ec7u: Nh\u00f4m &#8211; K\u00ednh &#8211; Nh\u1ef1a<br \/>\nK\u00edch th\u01b0\u1edbc \u0111\u00e8n: 31 x 24.5 x 5.5 cm<br \/>\nK\u00edch th\u01b0\u1edbc t\u1ea5m pin Solar: 68 x 37 x 3 cm.<br \/>\nT\u1ed5ng tr\u1ecdng l\u01b0\u1ee3ng: 5.2 Kg<br \/>\nB\u1ea3o h\u00e0nh: 3 th\u00e1ng<br \/>\n<strong>Mua s\u1ed1 l\u01b0\u1ee3ng c\u00f3 gi\u00e1 t\u1ed1t<\/strong><\/p>\n","protected":false},"featured_media":271413,"comment_status":"open","ping_status":"closed","template":"","meta":[],"product_brand":[],"product_cat":[631,3762],"product_tag":[1512,3765,3763,3764],"class_list":{"0":"post-271410","1":"product","2":"type-product","3":"status-publish","4":"has-post-thumbnail","6":"product_cat-nang-luong-mat-troi","7":"product_cat-den-nang-luong-mat-troi","8":"product_tag-200w","9":"product_tag-den-nang-luong","10":"product_tag-den-nang-luong-mat-troi","11":"product_tag-solar-light","13":"first","14":"instock","15":"sale","16":"shipping-taxable","17":"purchasable","18":"product-type-simple"},"_links":{"self":[{"href":"https:\/\/maybommini.vn\/index.php?rest_route=\/wp\/v2\/product\/271410","targetHints":{"allow":["GET"]}}],"collection":[{"href":"https:\/\/maybommini.vn\/index.php?rest_route=\/wp\/v2\/product"}],"about":[{"href":"https:\/\/maybommini.vn\/index.php?rest_route=\/wp\/v2\/types\/product"}],"replies":[{"embeddable":true,"href":"https:\/\/maybommini.vn\/index.php?rest_route=%2Fwp%2Fv2%2Fcomments&post=271410"}],"wp:featuredmedia":[{"embeddable":true,"href":"https:\/\/maybommini.vn\/index.php?rest_route=\/wp\/v2\/media\/271413"}],"wp:attachment":[{"href":"https:\/\/maybommini.vn\/index.php?rest_route=%2Fwp%2Fv2%2Fmedia&parent=271410"}],"wp:term":[{"taxonomy":"product_brand","embeddable":true,"href":"https:\/\/maybommini.vn\/index.php?rest_route=%2Fwp%2Fv2%2Fproduct_brand&post=271410"},{"taxonomy":"product_cat","embeddable":true,"href":"https:\/\/maybommini.vn\/index.php?rest_route=%2Fwp%2Fv2%2Fproduct_cat&post=271410"},{"taxonomy":"product_tag","embeddable":true,"href":"https:\/\/maybommini.vn\/index.php?rest_route=%2Fwp%2Fv2%2Fproduct_tag&post=271410"}],"curies":[{"name":"wp","href":"https:\/\/api.w.org\/{rel}","templated":true}]}}