{"id":271428,"date":"2022-11-12T18:24:54","date_gmt":"2022-11-12T11:24:54","guid":{"rendered":"https:\/\/maybommini.com\/?post_type=product&#038;p=271428"},"modified":"2022-11-12T20:03:00","modified_gmt":"2022-11-12T13:03:00","slug":"mach-test-dung-luong-pin-3s-12-6v","status":"publish","type":"product","link":"https:\/\/maybommini.vn\/?product=mach-test-dung-luong-pin-3s-12-6v","title":{"rendered":"M\u1ea1ch test dung l\u01b0\u1ee3ng pin 3S 12.6V"},"content":{"rendered":"<h3>M\u1ea1ch test dung l\u01b0\u1ee3ng pin 3S 12.6V \u0111\u01b0\u1ee3c l\u00e0m m\u00f5ng nh\u1ecf g\u1ecdn. B\u1ea3ng m\u1ea1ch n\u00e0y d\u00f9ng \u0111\u1ec3 test nhanh dung l\u01b0\u1ee3ng pin Lithium ion 12.6V \u0111\u01b0\u1ee3c gh\u00e9p t\u1eeb cell 3.7V nh\u01b0 pin 1860 ho\u1eb7c c\u00e1c lo\u1ea1i pin kh\u00e1c c\u00f3 \u0111i\u1ec7n th\u1ebf 3.7V.<\/h3>\n<p><strong><a href=\"https:\/\/maybommini.com\/wp-content\/uploads\/2022\/11\/Dimmer-dieu-chinh-toc-do-motor-5V-16V-10A-gia-tot.jpg\" target=\"_blank\" rel=\"noopener\"><img decoding=\"async\" class=\"size-full wp-image-271437 aligncenter\" src=\"https:\/\/maybommini.com\/wp-content\/uploads\/2022\/11\/Dimmer-dieu-chinh-toc-do-motor-5V-16V-10A-gia-tot.jpg\" alt=\"Dimmer Dieu Chinh Toc Do Motor 5V 16V 10A Gia Tot\" width=\"750\" height=\"750\" srcset=\"https:\/\/maybommini.vn\/wp-content\/uploads\/2022\/11\/Dimmer-dieu-chinh-toc-do-motor-5V-16V-10A-gia-tot.jpg 750w, https:\/\/maybommini.vn\/wp-content\/uploads\/2022\/11\/Dimmer-dieu-chinh-toc-do-motor-5V-16V-10A-gia-tot-300x300.jpg 300w, https:\/\/maybommini.vn\/wp-content\/uploads\/2022\/11\/Dimmer-dieu-chinh-toc-do-motor-5V-16V-10A-gia-tot-150x150.jpg 150w, https:\/\/maybommini.vn\/wp-content\/uploads\/2022\/11\/Dimmer-dieu-chinh-toc-do-motor-5V-16V-10A-gia-tot-600x600.jpg 600w\" sizes=\"(max-width: 750px) 100vw, 750px\" \/><\/a>TH\u00d4NG S\u1ed0 K\u1ef8 THU\u1eacT<br \/>\n<\/strong>M\u1ea1ch test dung l\u01b0\u1ee3ng pin 3S 12.6V<br \/>\n\u0110i\u1ec7n th\u1ebf: 11.1V &#8211; 12.6V DC<br \/>\nN\u00fat b\u1ea5m test nhanh.<br \/>\n\u0110\u00e8n led hi\u1ec3n th\u1ecb ph\u1ea7n tr\u0103m.<br \/>\nHi\u1ec3n th\u1ecb 4 c\u1ea5p: 25% 50% 75% 100%<br \/>\nD\u00e2y k\u1ebft n\u1ed1i ngu\u1ed3n \u0111\u1ecf (+) \u0111en (-)<br \/>\nK\u00edch th\u01b0\u1edbc: 60 x 15 x 2.5 mm<br \/>\nTr\u1ecdng l\u01b0\u1ee3ng: 10 gam<\/p>\n<p><strong><a href=\"https:\/\/maybommini.com\/wp-content\/uploads\/2022\/11\/bang-mach-test-dung-luong-pin-gia-re-3s-12v.jpg\" target=\"_blank\" rel=\"noopener\"><img decoding=\"async\" class=\"size-full wp-image-271436 aligncenter\" src=\"https:\/\/maybommini.com\/wp-content\/uploads\/2022\/11\/bang-mach-test-dung-luong-pin-gia-re-3s-12v.jpg\" alt=\"Bang Mach Test Dung Luong Pin Gia Re 3s 12v\" width=\"750\" height=\"750\" srcset=\"https:\/\/maybommini.vn\/wp-content\/uploads\/2022\/11\/bang-mach-test-dung-luong-pin-gia-re-3s-12v.jpg 750w, https:\/\/maybommini.vn\/wp-content\/uploads\/2022\/11\/bang-mach-test-dung-luong-pin-gia-re-3s-12v-300x300.jpg 300w, https:\/\/maybommini.vn\/wp-content\/uploads\/2022\/11\/bang-mach-test-dung-luong-pin-gia-re-3s-12v-150x150.jpg 150w, https:\/\/maybommini.vn\/wp-content\/uploads\/2022\/11\/bang-mach-test-dung-luong-pin-gia-re-3s-12v-600x600.jpg 600w\" sizes=\"(max-width: 750px) 100vw, 750px\" \/><\/a><a href=\"https:\/\/maybommini.com\/wp-content\/uploads\/2022\/11\/test-do-dung-luong-pin-3s-12v.jpg\" target=\"_blank\" rel=\"noopener\"><img decoding=\"async\" class=\"size-full wp-image-271435 aligncenter\" src=\"https:\/\/maybommini.com\/wp-content\/uploads\/2022\/11\/test-do-dung-luong-pin-3s-12v.jpg\" alt=\"Test Do Dung Luong Pin 3s 12v\" width=\"750\" height=\"750\" srcset=\"https:\/\/maybommini.vn\/wp-content\/uploads\/2022\/11\/test-do-dung-luong-pin-3s-12v.jpg 750w, https:\/\/maybommini.vn\/wp-content\/uploads\/2022\/11\/test-do-dung-luong-pin-3s-12v-300x300.jpg 300w, https:\/\/maybommini.vn\/wp-content\/uploads\/2022\/11\/test-do-dung-luong-pin-3s-12v-150x150.jpg 150w, https:\/\/maybommini.vn\/wp-content\/uploads\/2022\/11\/test-do-dung-luong-pin-3s-12v-600x600.jpg 600w\" sizes=\"(max-width: 750px) 100vw, 750px\" \/><\/a><a href=\"https:\/\/maybommini.com\/wp-content\/uploads\/2022\/11\/mach-led-bao-dung-luong-pin-12v-3s.jpg\" target=\"_blank\" rel=\"noopener\"><img decoding=\"async\" class=\"size-full wp-image-271432 aligncenter\" src=\"https:\/\/maybommini.com\/wp-content\/uploads\/2022\/11\/mach-led-bao-dung-luong-pin-12v-3s.jpg\" alt=\"Mach Led Bao Dung Luong Pin 12v 3s\" width=\"750\" height=\"750\" srcset=\"https:\/\/maybommini.vn\/wp-content\/uploads\/2022\/11\/mach-led-bao-dung-luong-pin-12v-3s.jpg 750w, https:\/\/maybommini.vn\/wp-content\/uploads\/2022\/11\/mach-led-bao-dung-luong-pin-12v-3s-300x300.jpg 300w, https:\/\/maybommini.vn\/wp-content\/uploads\/2022\/11\/mach-led-bao-dung-luong-pin-12v-3s-150x150.jpg 150w, https:\/\/maybommini.vn\/wp-content\/uploads\/2022\/11\/mach-led-bao-dung-luong-pin-12v-3s-600x600.jpg 600w\" sizes=\"(max-width: 750px) 100vw, 750px\" \/><\/a><a href=\"https:\/\/maybommini.com\/wp-content\/uploads\/2022\/11\/mach-kiem-tra-dung-luong-pin-12v-3s.jpg\" target=\"_blank\" rel=\"noopener\"><img decoding=\"async\" class=\"size-full wp-image-271431 aligncenter\" src=\"https:\/\/maybommini.com\/wp-content\/uploads\/2022\/11\/mach-kiem-tra-dung-luong-pin-12v-3s.jpg\" alt=\"Mach Kiem Tra Dung Luong Pin 12v 3s\" width=\"750\" height=\"750\" srcset=\"https:\/\/maybommini.vn\/wp-content\/uploads\/2022\/11\/mach-kiem-tra-dung-luong-pin-12v-3s.jpg 750w, https:\/\/maybommini.vn\/wp-content\/uploads\/2022\/11\/mach-kiem-tra-dung-luong-pin-12v-3s-300x300.jpg 300w, https:\/\/maybommini.vn\/wp-content\/uploads\/2022\/11\/mach-kiem-tra-dung-luong-pin-12v-3s-150x150.jpg 150w, https:\/\/maybommini.vn\/wp-content\/uploads\/2022\/11\/mach-kiem-tra-dung-luong-pin-12v-3s-600x600.jpg 600w\" sizes=\"(max-width: 750px) 100vw, 750px\" \/><\/a><\/strong><\/p>\n<p><strong>H\u01af\u1edaNG D\u1eaaN K\u1ebeT N\u1ed0I M\u1ea0CH \u0110O DUNG L\u01af\u1ee2NG<br \/>\n<\/strong>&#8211; K\u1ebft n\u1ed1i d\u00e2y m\u00e0u \u0111\u1ecf (+) v\u00e0o c\u1ef1c d\u01b0\u01a1ng (+) pin.<br \/>\n&#8211; K\u1ebft n\u1ed1i d\u00e2y m\u00e0u \u0111en (-) v\u00e0o c\u1ef1c \u00e2m (-) pin.<br \/>\n&#8211; B\u1ea5m n\u00fat test \u0111\u1ec3 hi\u1ec3n th\u1ecb ph\u1ea7n tr\u0103m pin.<br \/>\n&#8211; M\u1ea1ch test nhanh dung l\u01b0\u1ee3ng n\u00e0y d\u1ef1a v\u00e0o \u0111i\u1ec7n \u00e1p (hi\u1ec7u \u0111i\u1ec7n th\u1ebf) c\u1ee7a pin n\u00ean ch\u1ec9 mang t\u00ednh ch\u1ea5t xem \u01b0\u1edbc l\u01b0\u1ee3ng.<br \/>\n&#8211; N\u1ebfu mu\u1ed1n t\u00ednh ch\u00ednh x\u00e1c dung l\u01b0\u1ee3ng pin c\u1ea7n d\u00f9ng m\u00e1y chuy\u00ean d\u1ee5ng \u0111\u1ec3 \u0111o.<br \/>\n<strong><a href=\"https:\/\/maybommini.com\/wp-content\/uploads\/2022\/11\/mach-test-pin-3s-12v.jpg\" target=\"_blank\" rel=\"noopener\"><img decoding=\"async\" class=\"size-full wp-image-271434 aligncenter\" src=\"https:\/\/maybommini.com\/wp-content\/uploads\/2022\/11\/mach-test-pin-3s-12v.jpg\" alt=\"Mach Test Pin 3s 12v\" width=\"750\" height=\"750\" srcset=\"https:\/\/maybommini.vn\/wp-content\/uploads\/2022\/11\/mach-test-pin-3s-12v.jpg 750w, https:\/\/maybommini.vn\/wp-content\/uploads\/2022\/11\/mach-test-pin-3s-12v-300x300.jpg 300w, https:\/\/maybommini.vn\/wp-content\/uploads\/2022\/11\/mach-test-pin-3s-12v-150x150.jpg 150w, https:\/\/maybommini.vn\/wp-content\/uploads\/2022\/11\/mach-test-pin-3s-12v-600x600.jpg 600w\" sizes=\"(max-width: 750px) 100vw, 750px\" \/><\/a><\/strong><strong>S\u1eec D\u1ee4NG M\u1ea0CH DO TEST DUNG L\u01af\u1ee2NG PIN<br \/>\n<\/strong>&#8211; S\u1eed d\u1ee5ng test nhanh dung l\u01b0\u1ee3ng pin lithium ion 12.6V DC<br \/>\n&#8211; Xem nhanh dung l\u01b0\u1ee3ng pin s\u1ea1c 12V.<br \/>\n&#8211; D\u00f9ng cho pin kh\u1ed1i, pin \u0111\u00e8n led.<br \/>\n&#8211; S\u1eed d\u1ee5ng cho pin m\u00e1y khoan, pin xe \u0111i\u1ec7n.<br \/>\n&#8211; \u1ee8ng d\u1ee5ng test dung l\u01b0\u1ee3ng cho thi\u1ebft b\u1ecb d\u00f9ng pin 12.6V DC<\/p>\n<p><strong><a href=\"https:\/\/maybommini.com\/wp-content\/uploads\/2022\/11\/Mach-test-dung-luong-pin-12v-3S-18650.jpg\" target=\"_blank\" rel=\"noopener\"><img decoding=\"async\" class=\"size-full wp-image-271433 aligncenter\" src=\"https:\/\/maybommini.com\/wp-content\/uploads\/2022\/11\/Mach-test-dung-luong-pin-12v-3S-18650.jpg\" alt=\"Mach Test Dung Luong Pin 12v 3S 18650\" width=\"750\" height=\"750\" srcset=\"https:\/\/maybommini.vn\/wp-content\/uploads\/2022\/11\/Mach-test-dung-luong-pin-12v-3S-18650.jpg 750w, https:\/\/maybommini.vn\/wp-content\/uploads\/2022\/11\/Mach-test-dung-luong-pin-12v-3S-18650-300x300.jpg 300w, https:\/\/maybommini.vn\/wp-content\/uploads\/2022\/11\/Mach-test-dung-luong-pin-12v-3S-18650-150x150.jpg 150w, https:\/\/maybommini.vn\/wp-content\/uploads\/2022\/11\/Mach-test-dung-luong-pin-12v-3S-18650-600x600.jpg 600w\" sizes=\"(max-width: 750px) 100vw, 750px\" \/><\/a><a href=\"https:\/\/maybommini.com\/wp-content\/uploads\/2022\/11\/kcih-thuoc-mach-test-pin-3s-12v.jpg\" target=\"_blank\" rel=\"noopener\"><img decoding=\"async\" class=\"size-full wp-image-271430 aligncenter\" src=\"https:\/\/maybommini.com\/wp-content\/uploads\/2022\/11\/kcih-thuoc-mach-test-pin-3s-12v.jpg\" alt=\"Kcih Thuoc Mach Test Pin 3s 12v\" width=\"750\" height=\"750\" srcset=\"https:\/\/maybommini.vn\/wp-content\/uploads\/2022\/11\/kcih-thuoc-mach-test-pin-3s-12v.jpg 750w, https:\/\/maybommini.vn\/wp-content\/uploads\/2022\/11\/kcih-thuoc-mach-test-pin-3s-12v-300x300.jpg 300w, https:\/\/maybommini.vn\/wp-content\/uploads\/2022\/11\/kcih-thuoc-mach-test-pin-3s-12v-150x150.jpg 150w, https:\/\/maybommini.vn\/wp-content\/uploads\/2022\/11\/kcih-thuoc-mach-test-pin-3s-12v-600x600.jpg 600w\" sizes=\"(max-width: 750px) 100vw, 750px\" \/><\/a><\/strong><\/p>\n<h3 style=\"text-align: center;\"><strong>M\u1ea1ch test dung l\u01b0\u1ee3ng pin 3S 12.6V<br \/>\nCapacity Indicator Power Tester<br \/>\n<\/strong><\/h3>\n<p><strong>CTY TNHH TH\u01af\u01a0NG M\u1ea0I D\u1ecaCH V\u1ee4 \u0110I\u1ec6N M\u00c1Y TH\u00d4NG MINH<\/strong><br \/>\n<strong>Hotline:<\/strong>\u00a0<a href=\"tel:02873030399\">02873030399<\/a>\u00a0\u2013\u00a0<a href=\"tel:0907294310\">0907294310<\/a>\u00a0\u2013\u00a0<a href=\"tel:0908997823\">0908997823<\/a>\u00a0\u2013\u00a0<a href=\"tel:0908997872\">0908997872<\/a><br \/>\n<strong>Email:<\/strong>\u00a0maybommini.com@gmail.com<br \/>\n<strong>Website:<\/strong>\u00a0<a href=\"https:\/\/maybommini.com\/\" target=\"_blank\" rel=\"noopener\">https:\/\/maybommini.com<\/a><br \/>\n<strong>Youtube demo:<\/strong>\u00a0<a title=\"Youtube M\u00e1y B\u01a1m Mini\" href=\"https:\/\/www.youtube.com\/bahamasali\" target=\"_blank\" rel=\"noopener\">M\u00e1y B\u01a1m Mini<\/a><\/p>\n<p><a class=\"swipebox\" title=\"\" href=\"https:\/\/maybommini.com\/wp-content\/uploads\/2022\/07\/thong-tin-lien-he-may-bom-mini.jpg\" data-rel=\"lightbox-image-bGlnaHRib3gtaW1hZ2UtYkdsbmFIUmliM2d0YVcxaFoyVXRNVFU9\" data-rl_title=\"\" data-rl_caption=\"\" data-rl_ target=\"_blank\" rel=\"noopener\"><img decoding=\"async\" class=\"size-full wp-image-270584 aligncenter lazyloaded\" src=\"https:\/\/maybommini.com\/wp-content\/uploads\/2022\/07\/thong-tin-lien-he-may-bom-mini.jpg\" sizes=\"(max-width: 750px) 100vw, 750px\" srcset=\"https:\/\/maybommini.com\/wp-content\/uploads\/2022\/07\/thong-tin-lien-he-may-bom-mini.jpg 750w, https:\/\/maybommini.com\/wp-content\/uploads\/2022\/07\/thong-tin-lien-he-may-bom-mini-300x202.jpg 300w, https:\/\/maybommini.com\/wp-content\/uploads\/2022\/07\/thong-tin-lien-he-may-bom-mini-600x405.jpg 600w\" alt=\"Thong Tin Lien He May Bom Mini\" width=\"750\" height=\"506\" data-lazy-srcset=\"https:\/\/maybommini.com\/wp-content\/uploads\/2022\/07\/thong-tin-lien-he-may-bom-mini.jpg 750w, https:\/\/maybommini.com\/wp-content\/uploads\/2022\/07\/thong-tin-lien-he-may-bom-mini-300x202.jpg 300w, https:\/\/maybommini.com\/wp-content\/uploads\/2022\/07\/thong-tin-lien-he-may-bom-mini-600x405.jpg 600w\" data-lazy-sizes=\"(max-width: 750px) 100vw, 750px\" data-lazy-src=\"https:\/\/maybommini.com\/wp-content\/uploads\/2022\/07\/thong-tin-lien-he-may-bom-mini.jpg\" data-was-processed=\"true\" \/><\/a><\/p>\n","protected":false},"excerpt":{"rendered":"<p>M\u1ea1ch test dung l\u01b0\u1ee3ng pin 3S 12.6V<br \/>\n\u0110i\u1ec7n th\u1ebf: 11.1V &#8211; 12.6V DC<br \/>\nN\u00fat b\u1ea5m test nhanh.<br \/>\n\u0110\u00e8n led hi\u1ec3n th\u1ecb ph\u1ea7n tr\u0103m.<br \/>\nHi\u1ec3n th\u1ecb 4 c\u1ea5p: 25% 50% 75% 100%<br \/>\nD\u00e2y k\u1ebft n\u1ed1i ngu\u1ed3n \u0111\u1ecf (+) \u0111en (-)<br \/>\nK\u00edch th\u01b0\u1edbc: 60 x 15 x 2.5 mm<br \/>\nTr\u1ecdng l\u01b0\u1ee3ng: 10 gam<br \/>\n1 \u0111\u1ed5i 1 n\u1ebfu l\u1ed5i trong 7 ng\u00e0y.<br \/>\n<strong>Mua s\u1ed1 l\u01b0\u1ee3ng c\u00f3 gi\u00e1 t\u1ed1t<\/strong><\/p>\n","protected":false},"featured_media":271437,"comment_status":"open","ping_status":"closed","template":"","meta":[],"product_brand":[],"product_cat":[317,3239,3770],"product_tag":[3775,3771,3772,3773,3774],"class_list":{"0":"post-271428","1":"product","2":"type-product","3":"status-publish","4":"has-post-thumbnail","6":"product_cat-thiet-bi-dung-cu","7":"product_cat-thiet-bi-do-luong","8":"product_cat-test-do-dung-luong-nguon","9":"product_tag-capacity-indicator-power-tester","10":"product_tag-mach-test-pin","11":"product_tag-test-dung-luong","12":"product_tag-test-nguon","13":"product_tag-test-pin","15":"first","16":"instock","17":"sale","18":"shipping-taxable","19":"purchasable","20":"product-type-simple"},"_links":{"self":[{"href":"https:\/\/maybommini.vn\/index.php?rest_route=\/wp\/v2\/product\/271428","targetHints":{"allow":["GET"]}}],"collection":[{"href":"https:\/\/maybommini.vn\/index.php?rest_route=\/wp\/v2\/product"}],"about":[{"href":"https:\/\/maybommini.vn\/index.php?rest_route=\/wp\/v2\/types\/product"}],"replies":[{"embeddable":true,"href":"https:\/\/maybommini.vn\/index.php?rest_route=%2Fwp%2Fv2%2Fcomments&post=271428"}],"wp:featuredmedia":[{"embeddable":true,"href":"https:\/\/maybommini.vn\/index.php?rest_route=\/wp\/v2\/media\/271437"}],"wp:attachment":[{"href":"https:\/\/maybommini.vn\/index.php?rest_route=%2Fwp%2Fv2%2Fmedia&parent=271428"}],"wp:term":[{"taxonomy":"product_brand","embeddable":true,"href":"https:\/\/maybommini.vn\/index.php?rest_route=%2Fwp%2Fv2%2Fproduct_brand&post=271428"},{"taxonomy":"product_cat","embeddable":true,"href":"https:\/\/maybommini.vn\/index.php?rest_route=%2Fwp%2Fv2%2Fproduct_cat&post=271428"},{"taxonomy":"product_tag","embeddable":true,"href":"https:\/\/maybommini.vn\/index.php?rest_route=%2Fwp%2Fv2%2Fproduct_tag&post=271428"}],"curies":[{"name":"wp","href":"https:\/\/api.w.org\/{rel}","templated":true}]}}