{"id":271448,"date":"2022-11-14T10:28:36","date_gmt":"2022-11-14T03:28:36","guid":{"rendered":"https:\/\/maybommini.com\/?post_type=product&#038;p=271448"},"modified":"2022-11-14T11:37:46","modified_gmt":"2022-11-14T04:37:46","slug":"mach-test-dung-luong-binh-ac-quy-12v","status":"publish","type":"product","link":"https:\/\/maybommini.vn\/?product=mach-test-dung-luong-binh-ac-quy-12v","title":{"rendered":"M\u1ea1ch test dung l\u01b0\u1ee3ng b\u00ecnh \u1eafc quy 12V"},"content":{"rendered":"<h3>M\u1ea1ch test dung l\u01b0\u1ee3ng b\u00ecnh \u1eafc quy 12V \u0111\u01b0\u1ee3c l\u00e0m m\u00f5ng nh\u1ecf g\u1ecdn. B\u1ea3ng m\u1ea1ch n\u00e0y d\u00f9ng \u0111\u1ec3 test nhanh dung l\u01b0\u1ee3ng c\u1ee7a b\u00ecnh \u1eafc quy kh\u00f4 ho\u1eb7c b\u00ecnh \u1eafc quy n\u01b0\u1edbc.<\/h3>\n<p><strong><a href=\"https:\/\/maybommini.com\/wp-content\/uploads\/2022\/11\/bang-mach-bao-nhanh-dung-luong-binh-ac-quy-12v.jpg\" target=\"_blank\" rel=\"noopener\"><img decoding=\"async\" class=\"size-full wp-image-271453 aligncenter\" src=\"https:\/\/maybommini.com\/wp-content\/uploads\/2022\/11\/bang-mach-bao-nhanh-dung-luong-binh-ac-quy-12v.jpg\" alt=\"Bang Mach Bao Nhanh Dung Luong Binh Ac Quy 12v\" width=\"750\" height=\"750\" srcset=\"https:\/\/maybommini.vn\/wp-content\/uploads\/2022\/11\/bang-mach-bao-nhanh-dung-luong-binh-ac-quy-12v.jpg 750w, https:\/\/maybommini.vn\/wp-content\/uploads\/2022\/11\/bang-mach-bao-nhanh-dung-luong-binh-ac-quy-12v-300x300.jpg 300w, https:\/\/maybommini.vn\/wp-content\/uploads\/2022\/11\/bang-mach-bao-nhanh-dung-luong-binh-ac-quy-12v-150x150.jpg 150w, https:\/\/maybommini.vn\/wp-content\/uploads\/2022\/11\/bang-mach-bao-nhanh-dung-luong-binh-ac-quy-12v-600x600.jpg 600w\" sizes=\"(max-width: 750px) 100vw, 750px\" \/><\/a>TH\u00d4NG S\u1ed0 K\u1ef8 THU\u1eacT<br \/>\n<\/strong>M\u1ea1ch test dung l\u01b0\u1ee3ng b\u00ecnh \u1eafc quy 12V<br \/>\n\u0110i\u1ec7n th\u1ebf: 10V &#8211; 14.6V DC<br \/>\nN\u00fat b\u1ea5m test nhanh.<br \/>\n\u0110\u00e8n led hi\u1ec3n th\u1ecb ph\u1ea7n tr\u0103m.<br \/>\nHi\u1ec3n th\u1ecb 4 c\u1ea5p: 25% 50% 75% 100%<br \/>\nD\u00e2y k\u1ebft n\u1ed1i ngu\u1ed3n \u0111\u1ecf (+) \u0111en (-)<br \/>\nK\u00edch th\u01b0\u1edbc: 60 x 15 x 2.5 mm<br \/>\nTr\u1ecdng l\u01b0\u1ee3ng: 10 gam<\/p>\n<p><strong><a href=\"https:\/\/maybommini.com\/wp-content\/uploads\/2022\/11\/ban-mach-test-binh-12v.jpg\" target=\"_blank\" rel=\"noopener\"><img decoding=\"async\" class=\"size-full wp-image-271454 aligncenter\" src=\"https:\/\/maybommini.com\/wp-content\/uploads\/2022\/11\/ban-mach-test-binh-12v.jpg\" alt=\"Ban Mach Test Binh 12v\" width=\"750\" height=\"750\" srcset=\"https:\/\/maybommini.vn\/wp-content\/uploads\/2022\/11\/ban-mach-test-binh-12v.jpg 750w, https:\/\/maybommini.vn\/wp-content\/uploads\/2022\/11\/ban-mach-test-binh-12v-300x300.jpg 300w, https:\/\/maybommini.vn\/wp-content\/uploads\/2022\/11\/ban-mach-test-binh-12v-150x150.jpg 150w, https:\/\/maybommini.vn\/wp-content\/uploads\/2022\/11\/ban-mach-test-binh-12v-600x600.jpg 600w\" sizes=\"(max-width: 750px) 100vw, 750px\" \/><\/a><a href=\"https:\/\/maybommini.com\/wp-content\/uploads\/2022\/11\/bang-mach-bao-nhanh-dung-luong-binh-ac-quy-12v.jpg\" target=\"_blank\" rel=\"noopener\"><img decoding=\"async\" class=\"size-full wp-image-271453 aligncenter\" src=\"https:\/\/maybommini.com\/wp-content\/uploads\/2022\/11\/bang-mach-bao-nhanh-dung-luong-binh-ac-quy-12v.jpg\" alt=\"Bang Mach Bao Nhanh Dung Luong Binh Ac Quy 12v\" width=\"750\" height=\"750\" srcset=\"https:\/\/maybommini.vn\/wp-content\/uploads\/2022\/11\/bang-mach-bao-nhanh-dung-luong-binh-ac-quy-12v.jpg 750w, https:\/\/maybommini.vn\/wp-content\/uploads\/2022\/11\/bang-mach-bao-nhanh-dung-luong-binh-ac-quy-12v-300x300.jpg 300w, https:\/\/maybommini.vn\/wp-content\/uploads\/2022\/11\/bang-mach-bao-nhanh-dung-luong-binh-ac-quy-12v-150x150.jpg 150w, https:\/\/maybommini.vn\/wp-content\/uploads\/2022\/11\/bang-mach-bao-nhanh-dung-luong-binh-ac-quy-12v-600x600.jpg 600w\" sizes=\"(max-width: 750px) 100vw, 750px\" \/><\/a><a href=\"https:\/\/maybommini.com\/wp-content\/uploads\/2022\/11\/mach-kiem-tra-nhanh-dung-luong-binh-ac-quy-12V.jpg\" target=\"_blank\" rel=\"noopener\"><img decoding=\"async\" class=\"size-full wp-image-271450 aligncenter\" src=\"https:\/\/maybommini.com\/wp-content\/uploads\/2022\/11\/mach-kiem-tra-nhanh-dung-luong-binh-ac-quy-12V.jpg\" alt=\"Mach Kiem Tra Nhanh Dung Luong Binh Ac Quy 12V\" width=\"750\" height=\"750\" srcset=\"https:\/\/maybommini.vn\/wp-content\/uploads\/2022\/11\/mach-kiem-tra-nhanh-dung-luong-binh-ac-quy-12V.jpg 750w, https:\/\/maybommini.vn\/wp-content\/uploads\/2022\/11\/mach-kiem-tra-nhanh-dung-luong-binh-ac-quy-12V-300x300.jpg 300w, https:\/\/maybommini.vn\/wp-content\/uploads\/2022\/11\/mach-kiem-tra-nhanh-dung-luong-binh-ac-quy-12V-150x150.jpg 150w, https:\/\/maybommini.vn\/wp-content\/uploads\/2022\/11\/mach-kiem-tra-nhanh-dung-luong-binh-ac-quy-12V-600x600.jpg 600w\" sizes=\"(max-width: 750px) 100vw, 750px\" \/><\/a><\/strong><\/p>\n<p><strong>H\u01af\u1edaNG D\u1eaaN K\u1ebeT N\u1ed0I M\u1ea0CH \u0110O DUNG L\u01af\u1ee2NG<br \/>\n<\/strong>&#8211; K\u1ebft n\u1ed1i d\u00e2y m\u00e0u \u0111\u1ecf (+) v\u00e0o c\u1ef1c d\u01b0\u01a1ng (+) pin.<br \/>\n&#8211; K\u1ebft n\u1ed1i d\u00e2y m\u00e0u \u0111en (-) v\u00e0o c\u1ef1c \u00e2m (-) pin.<br \/>\n&#8211; B\u1ea5m n\u00fat test \u0111\u1ec3 hi\u1ec3n th\u1ecb ph\u1ea7n tr\u0103m pin.<br \/>\n&#8211; M\u1ea1ch test nhanh dung l\u01b0\u1ee3ng n\u00e0y d\u1ef1a v\u00e0o \u0111i\u1ec7n \u00e1p (hi\u1ec7u \u0111i\u1ec7n th\u1ebf) c\u1ee7a pin n\u00ean ch\u1ec9 mang t\u00ednh ch\u1ea5t xem \u01b0\u1edbc l\u01b0\u1ee3ng.<br \/>\n&#8211; N\u1ebfu mu\u1ed1n t\u00ednh ch\u00ednh x\u00e1c dung l\u01b0\u1ee3ng pin c\u1ea7n d\u00f9ng m\u00e1y chuy\u00ean d\u1ee5ng \u0111\u1ec3 \u0111o.<br \/>\n&#8211; C\u00f3 th\u1ec3 d\u00f9ng m\u1ea1ch test pin s\u1eaft LiFePo4 \u0111\u1ec3 test cho b\u00ecnh \u1eafc quy.<\/p>\n<p><a href=\"https:\/\/maybommini.com\/wp-content\/uploads\/2022\/11\/mach-bao-dung-luong-binh-ac-quy-12v.jpg\" target=\"_blank\" rel=\"noopener\"><img decoding=\"async\" class=\"size-full wp-image-271449 aligncenter\" src=\"https:\/\/maybommini.com\/wp-content\/uploads\/2022\/11\/mach-bao-dung-luong-binh-ac-quy-12v.jpg\" alt=\"Mach Bao Dung Luong Binh Ac Quy 12v\" width=\"750\" height=\"750\" srcset=\"https:\/\/maybommini.vn\/wp-content\/uploads\/2022\/11\/mach-bao-dung-luong-binh-ac-quy-12v.jpg 750w, https:\/\/maybommini.vn\/wp-content\/uploads\/2022\/11\/mach-bao-dung-luong-binh-ac-quy-12v-300x300.jpg 300w, https:\/\/maybommini.vn\/wp-content\/uploads\/2022\/11\/mach-bao-dung-luong-binh-ac-quy-12v-150x150.jpg 150w, https:\/\/maybommini.vn\/wp-content\/uploads\/2022\/11\/mach-bao-dung-luong-binh-ac-quy-12v-600x600.jpg 600w\" sizes=\"(max-width: 750px) 100vw, 750px\" \/><\/a><br \/>\n<strong>S\u1eec D\u1ee4NG M\u1ea0CH DO TEST DUNG L\u01af\u1ee2NG B\u00ccNH \u1eaeC QUY 12V V\u00c0 PIN S\u1eaeT 4S<br \/>\n<\/strong>&#8211; S\u1eed d\u1ee5ng test nhanh dung l\u01b0\u1ee3ng b\u00ecnh \u1eafc quy kh\u00f4, \u1eafc quy n\u01b0\u1edbc ho\u1eb7c pin s\u1eaft LiFePo4 4S 14.6V DC<br \/>\n&#8211; Xem nhanh dung l\u01b0\u1ee3ng b\u00ecnh \u1eafc quy v\u00e0 pin s\u1eaft 4S<br \/>\n&#8211; D\u00f9ng cho pin s\u1eaft gh\u00e9p kh\u1ed1i 4Skh\u1ed1i, pin \u0111\u00e8n led, b\u00ecnh \u1eafc quy \u00f4 t\u00f4 , b\u00ednh \u0111i\u1ec7n xe m\u00e1y.<br \/>\n&#8211; S\u1eed d\u1ee5ng cho pin xe \u0111i\u1ec7n d\u00f9ng b\u00ecnh \u1eafc quy ho\u1eb7c pin s\u1eaft.<br \/>\n&#8211; \u1ee8ng d\u1ee5ng test dung l\u01b0\u1ee3ng cho thi\u1ebft b\u1ecb d\u00f9ng bi\u00ecnh \u1eafc quy, pin s\u1eaft 4S 14.6V DC.<\/p>\n<p style=\"text-align: center;\"><strong><a href=\"https:\/\/maybommini.com\/wp-content\/uploads\/2022\/11\/Mach-test-dung-luong-binh-ac-quy-12V.jpg\" target=\"_blank\" rel=\"noopener\"><img decoding=\"async\" class=\"alignnone size-full wp-image-271451\" src=\"https:\/\/maybommini.com\/wp-content\/uploads\/2022\/11\/Mach-test-dung-luong-binh-ac-quy-12V.jpg\" alt=\"Mach Test Dung Luong Binh Ac Quy 12V\" width=\"750\" height=\"750\" srcset=\"https:\/\/maybommini.vn\/wp-content\/uploads\/2022\/11\/Mach-test-dung-luong-binh-ac-quy-12V.jpg 750w, https:\/\/maybommini.vn\/wp-content\/uploads\/2022\/11\/Mach-test-dung-luong-binh-ac-quy-12V-300x300.jpg 300w, https:\/\/maybommini.vn\/wp-content\/uploads\/2022\/11\/Mach-test-dung-luong-binh-ac-quy-12V-150x150.jpg 150w, https:\/\/maybommini.vn\/wp-content\/uploads\/2022\/11\/Mach-test-dung-luong-binh-ac-quy-12V-600x600.jpg 600w\" sizes=\"(max-width: 750px) 100vw, 750px\" \/><\/a><a href=\"https:\/\/maybommini.com\/wp-content\/uploads\/2022\/11\/mach-kiem-tra-nhanh-dung-luong-binh-ac-quy-12V.jpg\" target=\"_blank\" rel=\"noopener\"><img decoding=\"async\" class=\"alignnone size-full wp-image-271450\" src=\"https:\/\/maybommini.com\/wp-content\/uploads\/2022\/11\/mach-kiem-tra-nhanh-dung-luong-binh-ac-quy-12V.jpg\" alt=\"Mach Kiem Tra Nhanh Dung Luong Binh Ac Quy 12V\" width=\"750\" height=\"750\" srcset=\"https:\/\/maybommini.vn\/wp-content\/uploads\/2022\/11\/mach-kiem-tra-nhanh-dung-luong-binh-ac-quy-12V.jpg 750w, https:\/\/maybommini.vn\/wp-content\/uploads\/2022\/11\/mach-kiem-tra-nhanh-dung-luong-binh-ac-quy-12V-300x300.jpg 300w, https:\/\/maybommini.vn\/wp-content\/uploads\/2022\/11\/mach-kiem-tra-nhanh-dung-luong-binh-ac-quy-12V-150x150.jpg 150w, https:\/\/maybommini.vn\/wp-content\/uploads\/2022\/11\/mach-kiem-tra-nhanh-dung-luong-binh-ac-quy-12V-600x600.jpg 600w\" sizes=\"(max-width: 750px) 100vw, 750px\" \/><\/a><a href=\"https:\/\/maybommini.com\/wp-content\/uploads\/2022\/11\/do-dung-luong-ac-quy-12v.jpg\" target=\"_blank\" rel=\"noopener\"><img decoding=\"async\" class=\"size-full wp-image-271455 aligncenter\" src=\"https:\/\/maybommini.com\/wp-content\/uploads\/2022\/11\/do-dung-luong-ac-quy-12v.jpg\" alt=\"Do Dung Luong Ac Quy 12v\" width=\"750\" height=\"750\" srcset=\"https:\/\/maybommini.vn\/wp-content\/uploads\/2022\/11\/do-dung-luong-ac-quy-12v.jpg 750w, https:\/\/maybommini.vn\/wp-content\/uploads\/2022\/11\/do-dung-luong-ac-quy-12v-300x300.jpg 300w, https:\/\/maybommini.vn\/wp-content\/uploads\/2022\/11\/do-dung-luong-ac-quy-12v-150x150.jpg 150w, https:\/\/maybommini.vn\/wp-content\/uploads\/2022\/11\/do-dung-luong-ac-quy-12v-600x600.jpg 600w\" sizes=\"(max-width: 750px) 100vw, 750px\" \/><\/a>M\u1ea1ch test dung l\u01b0\u1ee3ng b\u00ecnh \u1eafc quy 12V<br \/>\n<a title=\"M\u1ea1ch test dung l\u01b0\u1ee3ng pin s\u1eaft LiFePo4 4S 14.6V\" href=\"https:\/\/maybommini.com\/san-pham\/mach-test-dung-luong-pin-sat-lifepo4-4s-14-6v\" target=\"_blank\" rel=\"noopener\">M\u1ea1ch test dung l\u01b0\u1ee3ng pin s\u1eaft LiFePo4 4S 14.6V<\/a><br \/>\n<\/strong><a href=\"https:\/\/maybommini.com\/san-pham\/mach-test-dung-luong-pin-3s-12-6v\" target=\"_blank\" rel=\"noopener\">M\u1ea1ch test dung l\u01b0\u1ee3ng pin 3S 12.6V<\/a><br \/>\n<strong>Capacity Indicator Power Tester<br \/>\n<\/strong><\/p>\n<p><strong>CTY TNHH TH\u01af\u01a0NG M\u1ea0I D\u1ecaCH V\u1ee4 \u0110I\u1ec6N M\u00c1Y TH\u00d4NG MINH<\/strong><br \/>\n<strong>Hotline:<\/strong>\u00a0<a href=\"tel:02873030399\">02873030399<\/a>\u00a0\u2013\u00a0<a href=\"tel:0907294310\">0907294310<\/a>\u00a0\u2013\u00a0<a href=\"tel:0908997823\">0908997823<\/a>\u00a0\u2013\u00a0<a href=\"tel:0908997872\">0908997872<\/a><br \/>\n<strong>Email:<\/strong>\u00a0maybommini.com@gmail.com<br \/>\n<strong>Website:<\/strong>\u00a0<a href=\"https:\/\/maybommini.com\/\" target=\"_blank\" rel=\"noopener\">https:\/\/maybommini.com<\/a><br \/>\n<strong>Youtube demo:<\/strong>\u00a0<a title=\"Youtube M\u00e1y B\u01a1m Mini\" href=\"https:\/\/www.youtube.com\/bahamasali\" target=\"_blank\" rel=\"noopener\">M\u00e1y B\u01a1m Mini<\/a><\/p>\n<p><a class=\"swipebox\" title=\"\" href=\"https:\/\/maybommini.com\/wp-content\/uploads\/2022\/07\/thong-tin-lien-he-may-bom-mini.jpg\" data-rel=\"lightbox-image-bGlnaHRib3gtaW1hZ2UtYkdsbmFIUmliM2d0YVcxaFoyVXRNVFU9\" data-rl_title=\"\" data-rl_caption=\"\" data-rl_ target=\"_blank\" rel=\"noopener\"><img decoding=\"async\" class=\"size-full wp-image-270584 aligncenter lazyloaded\" src=\"https:\/\/maybommini.com\/wp-content\/uploads\/2022\/07\/thong-tin-lien-he-may-bom-mini.jpg\" sizes=\"(max-width: 750px) 100vw, 750px\" srcset=\"https:\/\/maybommini.com\/wp-content\/uploads\/2022\/07\/thong-tin-lien-he-may-bom-mini.jpg 750w, https:\/\/maybommini.com\/wp-content\/uploads\/2022\/07\/thong-tin-lien-he-may-bom-mini-300x202.jpg 300w, https:\/\/maybommini.com\/wp-content\/uploads\/2022\/07\/thong-tin-lien-he-may-bom-mini-600x405.jpg 600w\" alt=\"Thong Tin Lien He May Bom Mini\" width=\"750\" height=\"506\" data-lazy-srcset=\"https:\/\/maybommini.com\/wp-content\/uploads\/2022\/07\/thong-tin-lien-he-may-bom-mini.jpg 750w, https:\/\/maybommini.com\/wp-content\/uploads\/2022\/07\/thong-tin-lien-he-may-bom-mini-300x202.jpg 300w, https:\/\/maybommini.com\/wp-content\/uploads\/2022\/07\/thong-tin-lien-he-may-bom-mini-600x405.jpg 600w\" data-lazy-sizes=\"(max-width: 750px) 100vw, 750px\" data-lazy-src=\"https:\/\/maybommini.com\/wp-content\/uploads\/2022\/07\/thong-tin-lien-he-may-bom-mini.jpg\" data-was-processed=\"true\" \/><\/a><\/p>\n","protected":false},"excerpt":{"rendered":"<p>M\u1ea1ch test dung l\u01b0\u1ee3ng b\u00ecnh \u1eafc quy 12V<br \/>\n\u0110i\u1ec7n th\u1ebf: 10V &#8211; 14.6V DC<br \/>\nN\u00fat b\u1ea5m test nhanh.<br \/>\n\u0110\u00e8n led hi\u1ec3n th\u1ecb ph\u1ea7n tr\u0103m.<br \/>\nHi\u1ec3n th\u1ecb 4 c\u1ea5p: 25% 50% 75% 100%<br \/>\nD\u00e2y k\u1ebft n\u1ed1i ngu\u1ed3n \u0111\u1ecf (+) \u0111en (-)<br \/>\nK\u00edch th\u01b0\u1edbc: 60 x 15 x 2.5 mm<br \/>\nTr\u1ecdng l\u01b0\u1ee3ng: 10 gam<br \/>\n1 \u0111\u1ed5i 1 n\u1ebfu l\u1ed5i trong 7 ng\u00e0y.<br \/>\n<strong>Mua s\u1ed1 l\u01b0\u1ee3ng c\u00f3 gi\u00e1 t\u1ed1t<\/strong><\/p>\n","protected":false},"featured_media":271458,"comment_status":"open","ping_status":"closed","template":"","meta":[],"product_brand":[],"product_cat":[317,3239,3770],"product_tag":[3775,3771,3776,3772,3777,3773,3774],"class_list":{"0":"post-271448","1":"product","2":"type-product","3":"status-publish","4":"has-post-thumbnail","6":"product_cat-thiet-bi-dung-cu","7":"product_cat-thiet-bi-do-luong","8":"product_cat-test-do-dung-luong-nguon","9":"product_tag-capacity-indicator-power-tester","10":"product_tag-mach-test-pin","11":"product_tag-test-binh","12":"product_tag-test-dung-luong","13":"product_tag-test-dung-luong-ac-quy","14":"product_tag-test-nguon","15":"product_tag-test-pin","17":"first","18":"instock","19":"sale","20":"shipping-taxable","21":"purchasable","22":"product-type-simple"},"_links":{"self":[{"href":"https:\/\/maybommini.vn\/index.php?rest_route=\/wp\/v2\/product\/271448","targetHints":{"allow":["GET"]}}],"collection":[{"href":"https:\/\/maybommini.vn\/index.php?rest_route=\/wp\/v2\/product"}],"about":[{"href":"https:\/\/maybommini.vn\/index.php?rest_route=\/wp\/v2\/types\/product"}],"replies":[{"embeddable":true,"href":"https:\/\/maybommini.vn\/index.php?rest_route=%2Fwp%2Fv2%2Fcomments&post=271448"}],"wp:featuredmedia":[{"embeddable":true,"href":"https:\/\/maybommini.vn\/index.php?rest_route=\/wp\/v2\/media\/271458"}],"wp:attachment":[{"href":"https:\/\/maybommini.vn\/index.php?rest_route=%2Fwp%2Fv2%2Fmedia&parent=271448"}],"wp:term":[{"taxonomy":"product_brand","embeddable":true,"href":"https:\/\/maybommini.vn\/index.php?rest_route=%2Fwp%2Fv2%2Fproduct_brand&post=271448"},{"taxonomy":"product_cat","embeddable":true,"href":"https:\/\/maybommini.vn\/index.php?rest_route=%2Fwp%2Fv2%2Fproduct_cat&post=271448"},{"taxonomy":"product_tag","embeddable":true,"href":"https:\/\/maybommini.vn\/index.php?rest_route=%2Fwp%2Fv2%2Fproduct_tag&post=271448"}],"curies":[{"name":"wp","href":"https:\/\/api.w.org\/{rel}","templated":true}]}}