{"id":271587,"date":"2022-12-02T15:53:44","date_gmt":"2022-12-02T08:53:44","guid":{"rendered":"https:\/\/maybommini.com\/?post_type=product&#038;p=271587"},"modified":"2022-12-02T16:02:51","modified_gmt":"2022-12-02T09:02:51","slug":"day-nguon-adapter-220v-duoi-hoa-mai","status":"publish","type":"product","link":"https:\/\/maybommini.vn\/?product=day-nguon-adapter-220v-duoi-hoa-mai","title":{"rendered":"D\u00e2y ngu\u1ed3n adapter 220V \u0111u\u00f4i hoa mai"},"content":{"rendered":"<h4>D\u00e2y ngu\u1ed3n adapter s\u1ea1c m\u00e1y t\u00ednh 220V 1000W \u0111u\u00f4i hoa mai chu\u1ea9n EU t\u01b0\u01a1ng th\u00edch v\u1edbi s\u1ea1c m\u00e1y t\u00ednh x\u00e1ch tay, b\u1ed9 chuy\u1ec3n \u0111\u1ed5i \u0111i\u1ec7n xoay chi\u1ec1u, m\u00e1y \u1ea3nh k\u1ef9 thu\u1eadt s\u1ed1, m\u00e1y quay phim, m\u00e0n h\u00ecnh, tivi, n\u1ed3i c\u01a1m \u0111i\u1ec7n v\u00e0 nhi\u1ec1u thi\u1ebft b\u1ecb kh\u00e1c.<\/h4>\n<p><strong><a href=\"https:\/\/maybommini.com\/wp-content\/uploads\/2022\/12\/day-nguon-laptop-gia-re.jpg\" target=\"_blank\" rel=\"noopener\"><img decoding=\"async\" class=\"size-full wp-image-271593 aligncenter\" src=\"https:\/\/maybommini.com\/wp-content\/uploads\/2022\/12\/day-nguon-laptop-gia-re.jpg\" alt=\"Day Nguon Laptop Gia Re\" width=\"750\" height=\"750\" srcset=\"https:\/\/maybommini.vn\/wp-content\/uploads\/2022\/12\/day-nguon-laptop-gia-re.jpg 750w, https:\/\/maybommini.vn\/wp-content\/uploads\/2022\/12\/day-nguon-laptop-gia-re-300x300.jpg 300w, https:\/\/maybommini.vn\/wp-content\/uploads\/2022\/12\/day-nguon-laptop-gia-re-150x150.jpg 150w, https:\/\/maybommini.vn\/wp-content\/uploads\/2022\/12\/day-nguon-laptop-gia-re-600x600.jpg 600w\" sizes=\"(max-width: 750px) 100vw, 750px\" \/><\/a>TH\u00d4NG S\u1ed0 K\u1ef8 THU\u1eacT<\/strong><br \/>\nModel: EU-IEC-60320-C5<br \/>\n\u0110\u1ea7u ra chu\u1ea9n: IEC 60320 C5<br \/>\nKi\u1ec3u d\u00e1ng h\u00ecnh hoa mai \u0111\u1ea7u ra.<br \/>\n\u0110\u1eb7c \u0111i\u1ec3m: H\u00e0ng m\u1edbi 100%<br \/>\nCh\u1ea5t l\u01b0\u1ee3ng cao.<br \/>\nPh\u00edch c\u1eafm ti\u00eau chu\u1ea9n EU<br \/>\nM\u00e0u s\u1eafc: \u0110en<br \/>\nCh\u1ea5t li\u1ec7u: \u0110\u1ed3ng &#8211; Nh\u1ef1a PVC<br \/>\nC\u00f4ng su\u1ea5t t\u1ed1i \u0111a:1000W<br \/>\n\u0110\u1ecbnh m\u1ee9c c\u00f4ng su\u1ea5t: 110~250VAC 10~15A<br \/>\nChi\u1ec1u d\u00e0i c\u00e1p: 120cm<br \/>\n*** Gi\u00e1 tr\u00ean l\u00e0 1 s\u1ee3<\/p>\n<p><strong><a href=\"https:\/\/maybommini.com\/wp-content\/uploads\/2022\/12\/day-nguon-sac-lap-top.jpg\" target=\"_blank\" rel=\"noopener\"><img decoding=\"async\" class=\"size-full wp-image-271594 aligncenter\" src=\"https:\/\/maybommini.com\/wp-content\/uploads\/2022\/12\/day-nguon-sac-lap-top.jpg\" alt=\"Day Nguon Sac Lap Top\" width=\"750\" height=\"750\" srcset=\"https:\/\/maybommini.vn\/wp-content\/uploads\/2022\/12\/day-nguon-sac-lap-top.jpg 750w, https:\/\/maybommini.vn\/wp-content\/uploads\/2022\/12\/day-nguon-sac-lap-top-300x300.jpg 300w, https:\/\/maybommini.vn\/wp-content\/uploads\/2022\/12\/day-nguon-sac-lap-top-150x150.jpg 150w, https:\/\/maybommini.vn\/wp-content\/uploads\/2022\/12\/day-nguon-sac-lap-top-600x600.jpg 600w\" sizes=\"(max-width: 750px) 100vw, 750px\" \/><\/a><a href=\"https:\/\/maybommini.com\/wp-content\/uploads\/2022\/12\/day-nguon-bong-mai.jpg\" target=\"_blank\" rel=\"noopener\"><img decoding=\"async\" class=\"size-full wp-image-271592 aligncenter\" src=\"https:\/\/maybommini.com\/wp-content\/uploads\/2022\/12\/day-nguon-bong-mai.jpg\" alt=\"Day Nguon Bong Mai\" width=\"750\" height=\"750\" srcset=\"https:\/\/maybommini.vn\/wp-content\/uploads\/2022\/12\/day-nguon-bong-mai.jpg 750w, https:\/\/maybommini.vn\/wp-content\/uploads\/2022\/12\/day-nguon-bong-mai-300x300.jpg 300w, https:\/\/maybommini.vn\/wp-content\/uploads\/2022\/12\/day-nguon-bong-mai-150x150.jpg 150w, https:\/\/maybommini.vn\/wp-content\/uploads\/2022\/12\/day-nguon-bong-mai-600x600.jpg 600w\" sizes=\"(max-width: 750px) 100vw, 750px\" \/><\/a><a href=\"https:\/\/maybommini.com\/wp-content\/uploads\/2022\/12\/day-nguon-adapter-duoi-tam-giac.jpg\" target=\"_blank\" rel=\"noopener\"><img decoding=\"async\" class=\"size-full wp-image-271591 aligncenter\" src=\"https:\/\/maybommini.com\/wp-content\/uploads\/2022\/12\/day-nguon-adapter-duoi-tam-giac.jpg\" alt=\"Day Nguon Adapter Duoi Tam Giac\" width=\"750\" height=\"750\" srcset=\"https:\/\/maybommini.vn\/wp-content\/uploads\/2022\/12\/day-nguon-adapter-duoi-tam-giac.jpg 750w, https:\/\/maybommini.vn\/wp-content\/uploads\/2022\/12\/day-nguon-adapter-duoi-tam-giac-300x300.jpg 300w, https:\/\/maybommini.vn\/wp-content\/uploads\/2022\/12\/day-nguon-adapter-duoi-tam-giac-150x150.jpg 150w, https:\/\/maybommini.vn\/wp-content\/uploads\/2022\/12\/day-nguon-adapter-duoi-tam-giac-600x600.jpg 600w\" sizes=\"(max-width: 750px) 100vw, 750px\" \/><\/a><a href=\"https:\/\/maybommini.com\/wp-content\/uploads\/2022\/12\/Day-nguon-220V-duoi-hoa-mai.jpg\" target=\"_blank\" rel=\"noopener\"><img decoding=\"async\" class=\"size-full wp-image-271590 aligncenter\" src=\"https:\/\/maybommini.com\/wp-content\/uploads\/2022\/12\/Day-nguon-220V-duoi-hoa-mai.jpg\" alt=\"Day Nguon 220V Duoi Hoa Mai\" width=\"750\" height=\"750\" srcset=\"https:\/\/maybommini.vn\/wp-content\/uploads\/2022\/12\/Day-nguon-220V-duoi-hoa-mai.jpg 750w, https:\/\/maybommini.vn\/wp-content\/uploads\/2022\/12\/Day-nguon-220V-duoi-hoa-mai-300x300.jpg 300w, https:\/\/maybommini.vn\/wp-content\/uploads\/2022\/12\/Day-nguon-220V-duoi-hoa-mai-150x150.jpg 150w, https:\/\/maybommini.vn\/wp-content\/uploads\/2022\/12\/Day-nguon-220V-duoi-hoa-mai-600x600.jpg 600w\" sizes=\"(max-width: 750px) 100vw, 750px\" \/><\/a><a href=\"https:\/\/maybommini.com\/wp-content\/uploads\/2022\/12\/dau-nguon-dell.jpg\" target=\"_blank\" rel=\"noopener\"><img decoding=\"async\" class=\"size-full wp-image-271589 aligncenter\" src=\"https:\/\/maybommini.com\/wp-content\/uploads\/2022\/12\/dau-nguon-dell.jpg\" alt=\"Dau Nguon Dell\" width=\"750\" height=\"750\" srcset=\"https:\/\/maybommini.vn\/wp-content\/uploads\/2022\/12\/dau-nguon-dell.jpg 750w, https:\/\/maybommini.vn\/wp-content\/uploads\/2022\/12\/dau-nguon-dell-300x300.jpg 300w, https:\/\/maybommini.vn\/wp-content\/uploads\/2022\/12\/dau-nguon-dell-150x150.jpg 150w, https:\/\/maybommini.vn\/wp-content\/uploads\/2022\/12\/dau-nguon-dell-600x600.jpg 600w\" sizes=\"(max-width: 750px) 100vw, 750px\" \/><\/a><a href=\"https:\/\/maybommini.com\/wp-content\/uploads\/2022\/12\/chuyen-ban-cac-loai-day-nguon.jpg\" target=\"_blank\" rel=\"noopener\"><img decoding=\"async\" class=\"size-full wp-image-271588 aligncenter\" src=\"https:\/\/maybommini.com\/wp-content\/uploads\/2022\/12\/chuyen-ban-cac-loai-day-nguon.jpg\" alt=\"Chuyen Ban Cac Loai Day Nguon\" width=\"750\" height=\"750\" srcset=\"https:\/\/maybommini.vn\/wp-content\/uploads\/2022\/12\/chuyen-ban-cac-loai-day-nguon.jpg 750w, https:\/\/maybommini.vn\/wp-content\/uploads\/2022\/12\/chuyen-ban-cac-loai-day-nguon-300x300.jpg 300w, https:\/\/maybommini.vn\/wp-content\/uploads\/2022\/12\/chuyen-ban-cac-loai-day-nguon-150x150.jpg 150w, https:\/\/maybommini.vn\/wp-content\/uploads\/2022\/12\/chuyen-ban-cac-loai-day-nguon-600x600.jpg 600w\" sizes=\"(max-width: 750px) 100vw, 750px\" \/><\/a>CHUY\u00caN CUNG C\u1ea4P ADAPTER \u2013 BI\u1ebeN TH\u1ebe \u2013 NGU\u1ed2N T\u1ed4 ONG \u2013 BI\u1ebeN TH\u1ebe T\u0102NG PH\u00d4<\/strong><br \/>\nCh\u00fang t\u00f4i nh\u00e0 cung c\u1ea5p ph\u00e2n ph\u1ed1i to\u00e0n qu\u1ed1c c\u00e1c lo\u1ea1i adapter, ngu\u1ed3n \u0111i\u1ec7n, adaptor, ngu\u1ed3n t\u1ed5 ong, ngu\u1ed3n t\u0103ng ph\u00f4 v\u1edbi gi\u00e1 h\u1ee3p l\u00fd v\u00e0 b\u1ea3o h\u00e0nh ch\u00ednh h\u00e3ng.<br \/>\n<strong>CTY TNHH TH\u01af\u01a0NG M\u1ea0I D\u1ecaCH V\u1ee4 \u0110I\u1ec6N M\u00c1Y TH\u00d4NG MINH<br \/>\nWebsite:\u00a0<a href=\"https:\/\/maybommini.com\/\" target=\"_blank\" rel=\"noopener\">https:\/\/maybommini.com<\/a><br \/>\nEmail: Maybommini.com@gmail.com<br \/>\nT\u01af V\u1ea4N K\u1ef8 THU\u1eacT \u2013 MUA H\u00c0NG<br \/>\nTel\/ Zalo: 0908997823 \u2013 0908997872<br \/>\nT\u01b0 v\u1ea5n mua h\u00e0ng: 0907294310 \u2013 02873030399<\/strong><\/p>\n<h3><a class=\"swipebox\" title=\"\" href=\"https:\/\/maybommini.com\/wp-content\/uploads\/2022\/07\/thong-tin-lien-he-may-bom-mini.jpg\" data-rel=\"lightbox-image-bGlnaHRib3gtaW1hZ2UtYkdsbmFIUmliM2d0YVcxaFoyVXRZa2RzYm1GSVVtbGlNMmQwWVZjeGFGb3lWWFJaYTJSelltMUdTVlZ0YkdsTk1tUXdXVlpqZUdGR2IzbFdXRkphWVRKU2VsbHRNVWRUVmxaMFlrZHNUazF0VVhkWFZscHFaVWRHUjJJemJGZFhSa3BQVm10V1ZrOVJQVDA9\" data-rl_title=\"\" data-rl_caption=\"\" data-rl_ target=\"_blank\" rel=\"noopener\"><img decoding=\"async\" class=\"size-full wp-image-270584 lazyloaded aligncenter\" src=\"https:\/\/maybommini.com\/wp-content\/uploads\/2022\/07\/thong-tin-lien-he-may-bom-mini.jpg\" sizes=\"(max-width: 750px) 100vw, 750px\" srcset=\"https:\/\/maybommini.com\/wp-content\/uploads\/2022\/07\/thong-tin-lien-he-may-bom-mini.jpg 750w, https:\/\/maybommini.com\/wp-content\/uploads\/2022\/07\/thong-tin-lien-he-may-bom-mini-300x202.jpg 300w, https:\/\/maybommini.com\/wp-content\/uploads\/2022\/07\/thong-tin-lien-he-may-bom-mini-600x405.jpg 600w\" alt=\"Thong Tin Lien He May Bom Mini\" width=\"750\" height=\"506\" data-lazy-srcset=\"https:\/\/maybommini.com\/wp-content\/uploads\/2022\/07\/thong-tin-lien-he-may-bom-mini.jpg 750w, https:\/\/maybommini.com\/wp-content\/uploads\/2022\/07\/thong-tin-lien-he-may-bom-mini-300x202.jpg 300w, https:\/\/maybommini.com\/wp-content\/uploads\/2022\/07\/thong-tin-lien-he-may-bom-mini-600x405.jpg 600w\" data-lazy-sizes=\"(max-width: 750px) 100vw, 750px\" data-lazy-src=\"https:\/\/maybommini.com\/wp-content\/uploads\/2022\/07\/thong-tin-lien-he-may-bom-mini.jpg\" data-was-processed=\"true\" \/><\/a><\/h3>\n<p>&nbsp;<\/p>\n","protected":false},"excerpt":{"rendered":"<p>Model: EU-IEC-60320-C5<br \/>\n\u0110\u1ea7u ra chu\u1ea9n: IEC 60320 C5<br \/>\nPh\u00edch c\u1eafm ti\u00eau chu\u1ea9n EU<br \/>\nKi\u1ec3u d\u00e1ng h\u00ecnh hoa mai \u0111\u1ea7u ra.<br \/>\nCh\u1ea5t l\u01b0\u1ee3ng cao.<br \/>\nM\u00e0u s\u1eafc: \u0110en<br \/>\nCh\u1ea5t li\u1ec7u: \u0110\u1ed3ng &#8211; Nh\u1ef1a PVC<br \/>\nC\u00f4ng su\u1ea5t t\u1ed1i \u0111a:1000W<br \/>\n\u0110\u1eb7c \u0111i\u1ec3m: H\u00e0ng m\u1edbi 100%<br \/>\n\u0110\u1ecbnh m\u1ee9c c\u00f4ng su\u1ea5t: 110~250VAC 10~15A<br \/>\nChi\u1ec1u d\u00e0i c\u00e1p: 120cm<br \/>\n*** Gi\u00e1 tr\u00ean l\u00e0 1 s\u1ee3<br \/>\nB\u1ea3o h\u00e0nh: 1 \u0111\u1ed5i 1 trong 7 ng\u00e0y \u0111\u1ea7u<br \/>\n<strong>Mua s\u1ed1 l\u01b0\u1ee3ng c\u00f3 gi\u00e1 t\u1ed1t<\/strong><\/p>\n","protected":false},"featured_media":271593,"comment_status":"open","ping_status":"closed","template":"","meta":[],"product_brand":[],"product_cat":[214,3800],"product_tag":[3803,295,1196,3804],"class_list":{"0":"post-271587","1":"product","2":"type-product","3":"status-publish","4":"has-post-thumbnail","6":"product_cat-phu-kien-bom-nuoc","7":"product_cat-day-dien","8":"product_tag-day-ngoan-hoa-mai","9":"product_tag-day-nguon","10":"product_tag-day-nguon-220v","11":"product_tag-day-nguon-tam-giac","13":"first","14":"instock","15":"sale","16":"shipping-taxable","17":"purchasable","18":"product-type-simple"},"_links":{"self":[{"href":"https:\/\/maybommini.vn\/index.php?rest_route=\/wp\/v2\/product\/271587","targetHints":{"allow":["GET"]}}],"collection":[{"href":"https:\/\/maybommini.vn\/index.php?rest_route=\/wp\/v2\/product"}],"about":[{"href":"https:\/\/maybommini.vn\/index.php?rest_route=\/wp\/v2\/types\/product"}],"replies":[{"embeddable":true,"href":"https:\/\/maybommini.vn\/index.php?rest_route=%2Fwp%2Fv2%2Fcomments&post=271587"}],"wp:featuredmedia":[{"embeddable":true,"href":"https:\/\/maybommini.vn\/index.php?rest_route=\/wp\/v2\/media\/271593"}],"wp:attachment":[{"href":"https:\/\/maybommini.vn\/index.php?rest_route=%2Fwp%2Fv2%2Fmedia&parent=271587"}],"wp:term":[{"taxonomy":"product_brand","embeddable":true,"href":"https:\/\/maybommini.vn\/index.php?rest_route=%2Fwp%2Fv2%2Fproduct_brand&post=271587"},{"taxonomy":"product_cat","embeddable":true,"href":"https:\/\/maybommini.vn\/index.php?rest_route=%2Fwp%2Fv2%2Fproduct_cat&post=271587"},{"taxonomy":"product_tag","embeddable":true,"href":"https:\/\/maybommini.vn\/index.php?rest_route=%2Fwp%2Fv2%2Fproduct_tag&post=271587"}],"curies":[{"name":"wp","href":"https:\/\/api.w.org\/{rel}","templated":true}]}}