{"id":271759,"date":"2022-12-13T19:36:32","date_gmt":"2022-12-13T12:36:32","guid":{"rendered":"https:\/\/maybommini.com\/?post_type=product&#038;p=271759"},"modified":"2022-12-13T20:14:38","modified_gmt":"2022-12-13T13:14:38","slug":"ong-nuoc-ruot-ga-nhua-15mm","status":"publish","type":"product","link":"https:\/\/maybommini.vn\/?product=ong-nuoc-ruot-ga-nhua-15mm","title":{"rendered":"\u1ed0ng n\u01b0\u1edbc ru\u1ed9t g\u00e0 nh\u1ef1a 15mm"},"content":{"rendered":"<p><strong>\u1ed0ng n\u01b0\u1edbc ru\u1ed9t g\u00e0 nh\u1ef1a 15mm s\u1eed d\u1ee5ng l\u00e0m \u1ed1ng c\u1ea5p n\u01b0\u1edbc, \u1ed1ng n\u01b0\u1edbc s\u1ea1ch, \u1ed1ng d\u1eabn n\u01b0\u1edbc, \u1ed1ng n\u01b0\u1edbc v\u00e0o m\u00e1y r\u1eeda xe \u00e1p l\u1ef1c v\u00e0 nhi\u1ec1u \u1ee9ng d\u1ee5ng kh\u00e1c. Ch\u1ea5t li\u1ec7u nh\u1ef1a d\u1ebbo an to\u00e0n cao c\u1ea5p s\u1eed d\u1ee5ng nhi\u1ec1u l\u0129nh v\u1ef1c c\u00f3 \u0111\u1ed9 b\u1ec1n cao.<\/strong><\/p>\n<p><strong><a href=\"https:\/\/maybommini.com\/wp-content\/uploads\/2022\/12\/ONG-NUOC-PU-RUOT-GA-NHUA.jpg\" target=\"_blank\" rel=\"noopener\"><img decoding=\"async\" class=\"size-full wp-image-271761 aligncenter\" src=\"https:\/\/maybommini.com\/wp-content\/uploads\/2022\/12\/ONG-NUOC-PU-RUOT-GA-NHUA.jpg\" alt=\"ONG NUOC PU RUOT GA NHUA\" width=\"750\" height=\"750\" srcset=\"https:\/\/maybommini.vn\/wp-content\/uploads\/2022\/12\/ONG-NUOC-PU-RUOT-GA-NHUA.jpg 750w, https:\/\/maybommini.vn\/wp-content\/uploads\/2022\/12\/ONG-NUOC-PU-RUOT-GA-NHUA-300x300.jpg 300w, https:\/\/maybommini.vn\/wp-content\/uploads\/2022\/12\/ONG-NUOC-PU-RUOT-GA-NHUA-150x150.jpg 150w, https:\/\/maybommini.vn\/wp-content\/uploads\/2022\/12\/ONG-NUOC-PU-RUOT-GA-NHUA-600x600.jpg 600w\" sizes=\"(max-width: 750px) 100vw, 750px\" \/><\/a>TH\u00d4NG S\u1ed0 K\u1ef8 THU\u1eacT<br \/>\n<\/strong>\u0110\u01b0\u1eddng k\u00ednh trong: 15mm<br \/>\n\u0110\u01b0\u1eddng k\u00ednh ngo\u00e0i: 17mm<br \/>\n\u0110\u1ed9 d\u00e0y \u1ed1ng: 1.5mm<br \/>\nCh\u1ea5t li\u1ec7u: Nh\u1ef1a d\u1ebbo<br \/>\nC\u00f3 d\u00e2y ru\u1ed9t g\u00e0 nh\u1ef1a xo\u1eafn b\u00ean trong.<br \/>\nM\u00e0u \u0111\u1ecf.<br \/>\nCu\u1ed9n d\u00e0i t\u1ed1i \u0111a: 20 met<br \/>\nGi\u00e1 b\u00e1n theo m\u00e9t.<\/p>\n<p><strong><a href=\"https:\/\/maybommini.com\/wp-content\/uploads\/2022\/12\/day-ong-nuoc-15mm.jpg\" target=\"_blank\" rel=\"noopener\"><img decoding=\"async\" class=\"size-full wp-image-271764 aligncenter\" src=\"https:\/\/maybommini.com\/wp-content\/uploads\/2022\/12\/day-ong-nuoc-15mm.jpg\" alt=\"Day Ong Nuoc 15mm\" width=\"750\" height=\"750\" srcset=\"https:\/\/maybommini.vn\/wp-content\/uploads\/2022\/12\/day-ong-nuoc-15mm.jpg 750w, https:\/\/maybommini.vn\/wp-content\/uploads\/2022\/12\/day-ong-nuoc-15mm-300x300.jpg 300w, https:\/\/maybommini.vn\/wp-content\/uploads\/2022\/12\/day-ong-nuoc-15mm-150x150.jpg 150w, https:\/\/maybommini.vn\/wp-content\/uploads\/2022\/12\/day-ong-nuoc-15mm-600x600.jpg 600w\" sizes=\"(max-width: 750px) 100vw, 750px\" \/><\/a><a href=\"https:\/\/maybommini.com\/wp-content\/uploads\/2022\/12\/do-day-ong-nuoc-ruot-ga.jpg\" target=\"_blank\" rel=\"noopener\"><img decoding=\"async\" class=\"size-full wp-image-271765 aligncenter\" src=\"https:\/\/maybommini.com\/wp-content\/uploads\/2022\/12\/do-day-ong-nuoc-ruot-ga.jpg\" alt=\"Do Day Ong Nuoc Ruot Ga\" width=\"750\" height=\"750\" srcset=\"https:\/\/maybommini.vn\/wp-content\/uploads\/2022\/12\/do-day-ong-nuoc-ruot-ga.jpg 750w, https:\/\/maybommini.vn\/wp-content\/uploads\/2022\/12\/do-day-ong-nuoc-ruot-ga-300x300.jpg 300w, https:\/\/maybommini.vn\/wp-content\/uploads\/2022\/12\/do-day-ong-nuoc-ruot-ga-150x150.jpg 150w, https:\/\/maybommini.vn\/wp-content\/uploads\/2022\/12\/do-day-ong-nuoc-ruot-ga-600x600.jpg 600w\" sizes=\"(max-width: 750px) 100vw, 750px\" \/><\/a><a href=\"https:\/\/maybommini.com\/wp-content\/uploads\/2022\/12\/ong-day-PVC-15mm.jpg\" target=\"_blank\" rel=\"noopener\"><img decoding=\"async\" class=\"size-full wp-image-271766 aligncenter\" src=\"https:\/\/maybommini.com\/wp-content\/uploads\/2022\/12\/ong-day-PVC-15mm.jpg\" alt=\"Ong Day PVC 15mm\" width=\"750\" height=\"750\" srcset=\"https:\/\/maybommini.vn\/wp-content\/uploads\/2022\/12\/ong-day-PVC-15mm.jpg 750w, https:\/\/maybommini.vn\/wp-content\/uploads\/2022\/12\/ong-day-PVC-15mm-300x300.jpg 300w, https:\/\/maybommini.vn\/wp-content\/uploads\/2022\/12\/ong-day-PVC-15mm-150x150.jpg 150w, https:\/\/maybommini.vn\/wp-content\/uploads\/2022\/12\/ong-day-PVC-15mm-600x600.jpg 600w\" sizes=\"(max-width: 750px) 100vw, 750px\" \/><\/a>S\u1eec D\u1ee4NG \u1ed0NG NH\u1ef0A XO\u1eaeN RU\u1ed8T G\u00c0<\/strong><br \/>\n&#8211; S\u1eed d\u1ee5ng cho h\u1ec7 th\u1ed1ng c\u1ea5p n\u01b0\u1edbc.<br \/>\n&#8211; S\u1eed d\u1ee5ng trong h\u1ec7 th\u1ed1ng c\u1ea5p n\u01b0\u1edbc m\u00e1y r\u1eeda xe \u00e1p l\u1ef1c cao.<br \/>\n&#8211; S\u1eed d\u1ee5ng cho h\u1ec7 th\u1ed1ng t\u01b0\u1edbi ti\u00eau.<br \/>\n&#8211; D\u00f9ng cho m\u00e1y b\u01a1m n\u01b0\u1edbc.<br \/>\n&#8211; D\u00f9ng b\u01a1m ch\u1ea5t l\u1ecfng, h\u00f3a ch\u1ea5t.<br \/>\n&#8211; S\u1eed d\u1ee5ng trong c\u00f4ng nghi\u1ec7p.<br \/>\n&#8211; S\u1eed d\u1ee5ng trong ng\u00e0nh th\u1ef1c ph\u1ea9m.<\/p>\n<p><strong><a href=\"https:\/\/maybommini.com\/wp-content\/uploads\/2022\/12\/ban-ong-nuoc-ruot-may-rua-xe-ap-luc.jpg\" target=\"_blank\" rel=\"noopener\"><img decoding=\"async\" class=\"size-full wp-image-271763 aligncenter\" src=\"https:\/\/maybommini.com\/wp-content\/uploads\/2022\/12\/ban-ong-nuoc-ruot-may-rua-xe-ap-luc.jpg\" alt=\"Ban Ong Nuoc Ruot May Rua Xe Ap Luc\" width=\"750\" height=\"750\" srcset=\"https:\/\/maybommini.vn\/wp-content\/uploads\/2022\/12\/ban-ong-nuoc-ruot-may-rua-xe-ap-luc.jpg 750w, https:\/\/maybommini.vn\/wp-content\/uploads\/2022\/12\/ban-ong-nuoc-ruot-may-rua-xe-ap-luc-300x300.jpg 300w, https:\/\/maybommini.vn\/wp-content\/uploads\/2022\/12\/ban-ong-nuoc-ruot-may-rua-xe-ap-luc-150x150.jpg 150w, https:\/\/maybommini.vn\/wp-content\/uploads\/2022\/12\/ban-ong-nuoc-ruot-may-rua-xe-ap-luc-600x600.jpg 600w\" sizes=\"(max-width: 750px) 100vw, 750px\" \/><\/a><a href=\"https:\/\/maybommini.com\/wp-content\/uploads\/2022\/12\/ban-ong-nuoc-nhua-PVC.jpg\" target=\"_blank\" rel=\"noopener\"><img decoding=\"async\" class=\"size-full wp-image-271762 aligncenter\" src=\"https:\/\/maybommini.com\/wp-content\/uploads\/2022\/12\/ban-ong-nuoc-nhua-PVC.jpg\" alt=\"Ban Ong Nuoc Nhua PVC\" width=\"750\" height=\"750\" srcset=\"https:\/\/maybommini.vn\/wp-content\/uploads\/2022\/12\/ban-ong-nuoc-nhua-PVC.jpg 750w, https:\/\/maybommini.vn\/wp-content\/uploads\/2022\/12\/ban-ong-nuoc-nhua-PVC-300x300.jpg 300w, https:\/\/maybommini.vn\/wp-content\/uploads\/2022\/12\/ban-ong-nuoc-nhua-PVC-150x150.jpg 150w, https:\/\/maybommini.vn\/wp-content\/uploads\/2022\/12\/ban-ong-nuoc-nhua-PVC-600x600.jpg 600w\" sizes=\"(max-width: 750px) 100vw, 750px\" \/><\/a><\/strong><\/p>\n<p><strong>MUA \u1ed0NG PE PU PV PC \u1ede \u0110\u00c2U CH\u1ea4T L\u01af\u1ee2NG GI\u00c1 T\u1ed0T ?<br \/>\n<\/strong>Ch\u00fang t\u00f4i chuy\u00ean cung c\u1ea5p ph\u00e2n ph\u1ed1i c\u00e1c lo\u1ea1i \u1ed1ng d\u00e2y m\u00e1y l\u1ecdc n\u01b0\u1edbc, \u1ed1ng phun s\u01b0\u01a1ng, \u1ed1ng d\u00e2y m\u00e1y r\u1eeda xe, \u1ed1ng b\u1ed1 k\u1ebdm, \u1ed1ng Silicon, \u1ed1ng ch\u1ecbu nhi\u1ec7t, \u1ed1ng co d\u00e2y \u0111i\u1ec7n v\u00e0 nhi\u1ec1u lo\u1ea1i \u1ed1ng kh\u00e1c gi\u00e1 t\u1ed1t ch\u00ednh h\u00e3ng.<\/p>\n<p><strong><a href=\"https:\/\/maybommini.com\/wp-content\/uploads\/2022\/12\/ong-hoi-ong-phun-suong.jpg\" target=\"_blank\" rel=\"noopener\"><img decoding=\"async\" class=\"size-full wp-image-271767 aligncenter\" src=\"https:\/\/maybommini.com\/wp-content\/uploads\/2022\/12\/ong-hoi-ong-phun-suong.jpg\" alt=\"Ong Hoi Ong Phun Suong\" width=\"750\" height=\"750\" srcset=\"https:\/\/maybommini.vn\/wp-content\/uploads\/2022\/12\/ong-hoi-ong-phun-suong.jpg 750w, https:\/\/maybommini.vn\/wp-content\/uploads\/2022\/12\/ong-hoi-ong-phun-suong-300x300.jpg 300w, https:\/\/maybommini.vn\/wp-content\/uploads\/2022\/12\/ong-hoi-ong-phun-suong-150x150.jpg 150w, https:\/\/maybommini.vn\/wp-content\/uploads\/2022\/12\/ong-hoi-ong-phun-suong-600x600.jpg 600w\" sizes=\"(max-width: 750px) 100vw, 750px\" \/><\/a><a href=\"https:\/\/maybommini.com\/wp-content\/uploads\/2022\/12\/ong-nhua-PU-ong-rua-xe.jpg\" target=\"_blank\" rel=\"noopener\"><img decoding=\"async\" class=\"size-full wp-image-271768 aligncenter\" src=\"https:\/\/maybommini.com\/wp-content\/uploads\/2022\/12\/ong-nhua-PU-ong-rua-xe.jpg\" alt=\"Ong Nhua PU Ong Rua Xe\" width=\"750\" height=\"750\" srcset=\"https:\/\/maybommini.vn\/wp-content\/uploads\/2022\/12\/ong-nhua-PU-ong-rua-xe.jpg 750w, https:\/\/maybommini.vn\/wp-content\/uploads\/2022\/12\/ong-nhua-PU-ong-rua-xe-300x300.jpg 300w, https:\/\/maybommini.vn\/wp-content\/uploads\/2022\/12\/ong-nhua-PU-ong-rua-xe-150x150.jpg 150w, https:\/\/maybommini.vn\/wp-content\/uploads\/2022\/12\/ong-nhua-PU-ong-rua-xe-600x600.jpg 600w\" sizes=\"(max-width: 750px) 100vw, 750px\" \/><\/a><a href=\"https:\/\/maybommini.com\/wp-content\/uploads\/2022\/12\/ong-nuoc.jpg\" target=\"_blank\" rel=\"noopener\"><img decoding=\"async\" class=\"size-full wp-image-271769 aligncenter\" src=\"https:\/\/maybommini.com\/wp-content\/uploads\/2022\/12\/ong-nuoc.jpg\" alt=\"Ong Nuoc\" width=\"750\" height=\"750\" srcset=\"https:\/\/maybommini.vn\/wp-content\/uploads\/2022\/12\/ong-nuoc.jpg 750w, https:\/\/maybommini.vn\/wp-content\/uploads\/2022\/12\/ong-nuoc-300x300.jpg 300w, https:\/\/maybommini.vn\/wp-content\/uploads\/2022\/12\/ong-nuoc-150x150.jpg 150w, https:\/\/maybommini.vn\/wp-content\/uploads\/2022\/12\/ong-nuoc-600x600.jpg 600w\" sizes=\"(max-width: 750px) 100vw, 750px\" \/><\/a>CTY TNHH TH\u01af\u01a0NG M\u1ea0I D\u1ecaCH V\u1ee4 \u0110I\u1ec6N M\u00c1Y TH\u00d4NG MINH<br \/>\nWebsite:\u00a0<a href=\"https:\/\/maybommini.com\/\" target=\"_blank\" rel=\"noopener\">https:\/\/maybommini.com<\/a><br \/>\nEmail: Maybommini.com@gmail.com<br \/>\nT\u01af V\u1ea4N K\u1ef8 THU\u1eacT \u2013 MUA H\u00c0NG<br \/>\nTel\/ Zalo: 0908997823 \u2013 0908997872<br \/>\nT\u01b0 v\u1ea5n mua h\u00e0ng: 0907294310 \u2013 02873030399<br \/>\n<\/strong><\/p>\n<h3><a class=\"swipebox\" title=\"\" href=\"https:\/\/maybommini.com\/wp-content\/uploads\/2022\/07\/thong-tin-lien-he-may-bom-mini.jpg\" data-rel=\"lightbox-image-bGlnaHRib3gtaW1hZ2UtYkdsbmFIUmliM2d0YVcxaFoyVXRZa2RzYm1GSVVtbGlNMmQwWVZjeGFGb3lWWFJaYTJSelltMUdTVlZ0YkdsTk1tUXdXVlpqZUdGR2IzbFdXRkphWVRKU2VsbHRNVWRUVmxaMFlrZHNUazF0VVhkWFZscHFaVWRHUjJJemJGZFhSa3BoV1ZSS1UyVnNiSFJOVldSVVZteGFNRmxyWkhOVWF6RjBWVmhrV0Zac2NIRmFWV1JIVWpKSmVtSkdaRmhTYTNCUVZtMTBWMVpyT1ZKUVZEQTk=\" data-rl_title=\"\" data-rl_caption=\"\" data-rl_ target=\"_blank\" rel=\"noopener\"><img decoding=\"async\" class=\"size-full wp-image-270584 lazyloaded aligncenter\" src=\"https:\/\/maybommini.com\/wp-content\/uploads\/2022\/07\/thong-tin-lien-he-may-bom-mini.jpg\" sizes=\"(max-width: 750px) 100vw, 750px\" srcset=\"https:\/\/maybommini.com\/wp-content\/uploads\/2022\/07\/thong-tin-lien-he-may-bom-mini.jpg 750w, https:\/\/maybommini.com\/wp-content\/uploads\/2022\/07\/thong-tin-lien-he-may-bom-mini-300x202.jpg 300w, https:\/\/maybommini.com\/wp-content\/uploads\/2022\/07\/thong-tin-lien-he-may-bom-mini-600x405.jpg 600w\" alt=\"Thong Tin Lien He May Bom Mini\" width=\"750\" height=\"506\" data-lazy-srcset=\"https:\/\/maybommini.com\/wp-content\/uploads\/2022\/07\/thong-tin-lien-he-may-bom-mini.jpg 750w, https:\/\/maybommini.com\/wp-content\/uploads\/2022\/07\/thong-tin-lien-he-may-bom-mini-300x202.jpg 300w, https:\/\/maybommini.com\/wp-content\/uploads\/2022\/07\/thong-tin-lien-he-may-bom-mini-600x405.jpg 600w\" data-lazy-sizes=\"(max-width: 750px) 100vw, 750px\" data-lazy-src=\"https:\/\/maybommini.com\/wp-content\/uploads\/2022\/07\/thong-tin-lien-he-may-bom-mini.jpg\" data-was-processed=\"true\" \/><\/a><\/h3>\n","protected":false},"excerpt":{"rendered":"<p>\u0110\u01b0\u1eddng k\u00ednh trong: 15mm<br \/>\n\u0110\u01b0\u1eddng k\u00ednh ngo\u00e0i: 17mm<br \/>\n\u0110\u1ed9 d\u00e0y \u1ed1ng: 1.5mm<br \/>\nCh\u1ea5t li\u1ec7u: Nh\u1ef1a d\u1ebbo<br \/>\nC\u00f3 d\u00e2y ru\u1ed9t g\u00e0 nh\u1ef1a xo\u1eafn b\u00ean trong.<br \/>\nM\u00e0u \u0111\u1ecf.<br \/>\nCu\u1ed9n d\u00e0i t\u1ed1i \u0111a: 20 met<br \/>\nGi\u00e1 b\u00e1n theo m\u00e9t.<br \/>\n<strong>Mua s\u1ed1 l\u01b0\u1ee3ng c\u00f3 gi\u00e1 t\u1ed1t<\/strong><\/p>\n","protected":false},"featured_media":271761,"comment_status":"open","ping_status":"closed","template":"","meta":[],"product_brand":[],"product_cat":[214,2034],"product_tag":[3829,479,3828,3826,923,3827,549,744],"class_list":{"0":"post-271759","1":"product","2":"type-product","3":"status-publish","4":"has-post-thumbnail","6":"product_cat-phu-kien-bom-nuoc","7":"product_cat-ong-day","8":"product_tag-ong-8x11mm","9":"product_tag-ong-chiu-luc","10":"product_tag-ong-may-loc-nuoc","11":"product_tag-ong-nhua","12":"product_tag-ong-nuoc","13":"product_tag-ong-nuoc-may-bom","14":"product_tag-ong-pe","15":"product_tag-pe","17":"first","18":"instock","19":"sale","20":"shipping-taxable","21":"purchasable","22":"product-type-simple"},"_links":{"self":[{"href":"https:\/\/maybommini.vn\/index.php?rest_route=\/wp\/v2\/product\/271759","targetHints":{"allow":["GET"]}}],"collection":[{"href":"https:\/\/maybommini.vn\/index.php?rest_route=\/wp\/v2\/product"}],"about":[{"href":"https:\/\/maybommini.vn\/index.php?rest_route=\/wp\/v2\/types\/product"}],"replies":[{"embeddable":true,"href":"https:\/\/maybommini.vn\/index.php?rest_route=%2Fwp%2Fv2%2Fcomments&post=271759"}],"wp:featuredmedia":[{"embeddable":true,"href":"https:\/\/maybommini.vn\/index.php?rest_route=\/wp\/v2\/media\/271761"}],"wp:attachment":[{"href":"https:\/\/maybommini.vn\/index.php?rest_route=%2Fwp%2Fv2%2Fmedia&parent=271759"}],"wp:term":[{"taxonomy":"product_brand","embeddable":true,"href":"https:\/\/maybommini.vn\/index.php?rest_route=%2Fwp%2Fv2%2Fproduct_brand&post=271759"},{"taxonomy":"product_cat","embeddable":true,"href":"https:\/\/maybommini.vn\/index.php?rest_route=%2Fwp%2Fv2%2Fproduct_cat&post=271759"},{"taxonomy":"product_tag","embeddable":true,"href":"https:\/\/maybommini.vn\/index.php?rest_route=%2Fwp%2Fv2%2Fproduct_tag&post=271759"}],"curies":[{"name":"wp","href":"https:\/\/api.w.org\/{rel}","templated":true}]}}