{"id":271948,"date":"2022-12-24T16:26:11","date_gmt":"2022-12-24T09:26:11","guid":{"rendered":"https:\/\/maybommini.com\/?post_type=product&#038;p=271948"},"modified":"2022-12-27T14:17:33","modified_gmt":"2022-12-27T07:17:33","slug":"cong-tac-dieu-khien-tu-xa-220v-800w-tpe-rc5h","status":"publish","type":"product","link":"https:\/\/maybommini.vn\/?product=cong-tac-dieu-khien-tu-xa-220v-800w-tpe-rc5h","title":{"rendered":"C\u00f4ng t\u1eafc \u0111i\u1ec1u khi\u1ec3n t\u1eeb xa 220V 800W TPE RC5H"},"content":{"rendered":"<p><strong>Ph\u00e2n ph\u1ed1i c\u00f4ng t\u1eafc \u0111i\u1ec1u khi\u1ec3n t\u1eeb xa 220V 800W TPE RC5H ch\u00ednh h\u00e3ng gi\u00e1 t\u1ed1t. C\u00f4ng t\u1eafc t\u00edch h\u1ee3p \u0111i\u1ec1u khi\u1ec3n t\u1eeb xa ti\u1ec7n l\u1ee3i cho nhi\u1ec1u \u1ee9ng d\u1ee5ng tr\u00ean thi\u1ebft b\u1ecb gia \u0111\u00ecnh v\u00e0 chuy\u00ean nghi\u1ec7p.<\/strong><\/p>\n<p><a href=\"https:\/\/maybommini.com\/wp-content\/uploads\/2022\/12\/Bo-dieu-khien-tat-mo-thiet-bi-tu-xa-800W.jpg\" target=\"_blank\" rel=\"noopener\"><img decoding=\"async\" class=\"size-full wp-image-271953 aligncenter\" src=\"https:\/\/maybommini.com\/wp-content\/uploads\/2022\/12\/Bo-dieu-khien-tat-mo-thiet-bi-tu-xa-800W.jpg\" alt=\"Bo Dieu Khien Tat Mo Thiet Bi Tu Xa 800W\" width=\"750\" height=\"750\" srcset=\"https:\/\/maybommini.vn\/wp-content\/uploads\/2022\/12\/Bo-dieu-khien-tat-mo-thiet-bi-tu-xa-800W.jpg 750w, https:\/\/maybommini.vn\/wp-content\/uploads\/2022\/12\/Bo-dieu-khien-tat-mo-thiet-bi-tu-xa-800W-300x300.jpg 300w, https:\/\/maybommini.vn\/wp-content\/uploads\/2022\/12\/Bo-dieu-khien-tat-mo-thiet-bi-tu-xa-800W-150x150.jpg 150w, https:\/\/maybommini.vn\/wp-content\/uploads\/2022\/12\/Bo-dieu-khien-tat-mo-thiet-bi-tu-xa-800W-600x600.jpg 600w\" sizes=\"(max-width: 750px) 100vw, 750px\" \/><\/a><\/p>\n<p><strong>TH\u00d4NG S\u1ed0 K\u1ef8 THU\u1eacT<\/strong><br \/>\nTh\u01b0\u01a1ng hi\u1ec7u: TPE<br \/>\nModel: RC5H<br \/>\n\u0110i\u1ec7n th\u1ebf: 220V AC<br \/>\nCh\u1ecbu t\u1ea3i: 800W 4A<br \/>\nReomte s\u00f3ng: SF 315 MHz.<br \/>\nRemote \u0111i\u1ec1u khi\u1ec3n 1 k\u00eanh.<br \/>\nT\u1eaft m\u1edf 1 thi\u1ebft b\u1ecb.<br \/>\nC\u00f3 th\u1ec3 c\u00e0i nhi\u1ec1u remote.<br \/>\nK\u00edch th\u01b0\u1edbc c\u00f4ng t\u1eafc: 37 x 42 x 22 mm<br \/>\nK\u00edch th\u01b0\u1edbc remote: 60 x 38 x 14 mm<br \/>\nTr\u1ecdng l\u01b0\u1ee3ng: 70 gam<br \/>\nB\u1ea3o h\u00e0nh: 3 th\u00e1ng<\/p>\n<p><a href=\"https:\/\/maybommini.com\/wp-content\/uploads\/2022\/12\/cong-tac-dieu-khien-tu-xa.jpg\" target=\"_blank\" rel=\"noopener\"><img decoding=\"async\" class=\"size-full wp-image-271957 aligncenter\" src=\"https:\/\/maybommini.com\/wp-content\/uploads\/2022\/12\/cong-tac-dieu-khien-tu-xa.jpg\" alt=\"Cong Tac Dieu Khien Tu Xa\" width=\"750\" height=\"750\" srcset=\"https:\/\/maybommini.vn\/wp-content\/uploads\/2022\/12\/cong-tac-dieu-khien-tu-xa.jpg 750w, https:\/\/maybommini.vn\/wp-content\/uploads\/2022\/12\/cong-tac-dieu-khien-tu-xa-300x300.jpg 300w, https:\/\/maybommini.vn\/wp-content\/uploads\/2022\/12\/cong-tac-dieu-khien-tu-xa-150x150.jpg 150w, https:\/\/maybommini.vn\/wp-content\/uploads\/2022\/12\/cong-tac-dieu-khien-tu-xa-600x600.jpg 600w\" sizes=\"(max-width: 750px) 100vw, 750px\" \/><\/a><\/p>\n<p><a href=\"https:\/\/maybommini.com\/wp-content\/uploads\/2022\/12\/TPE-RC5H.jpg\" target=\"_blank\" rel=\"noopener\"><img decoding=\"async\" class=\"size-full wp-image-271952 aligncenter\" src=\"https:\/\/maybommini.com\/wp-content\/uploads\/2022\/12\/TPE-RC5H.jpg\" alt=\"TPE RC5H\" width=\"750\" height=\"750\" srcset=\"https:\/\/maybommini.vn\/wp-content\/uploads\/2022\/12\/TPE-RC5H.jpg 750w, https:\/\/maybommini.vn\/wp-content\/uploads\/2022\/12\/TPE-RC5H-300x300.jpg 300w, https:\/\/maybommini.vn\/wp-content\/uploads\/2022\/12\/TPE-RC5H-150x150.jpg 150w, https:\/\/maybommini.vn\/wp-content\/uploads\/2022\/12\/TPE-RC5H-600x600.jpg 600w\" sizes=\"(max-width: 750px) 100vw, 750px\" \/><\/a><\/p>\n<p><a href=\"https:\/\/maybommini.com\/wp-content\/uploads\/2022\/12\/TPE-cong-tac-dieu-khien-tu-xa.jpg\" target=\"_blank\" rel=\"noopener\"><img decoding=\"async\" class=\"size-full wp-image-271951 aligncenter\" src=\"https:\/\/maybommini.com\/wp-content\/uploads\/2022\/12\/TPE-cong-tac-dieu-khien-tu-xa.jpg\" alt=\"TPE Cong Tac Dieu Khien Tu Xa\" width=\"750\" height=\"750\" srcset=\"https:\/\/maybommini.vn\/wp-content\/uploads\/2022\/12\/TPE-cong-tac-dieu-khien-tu-xa.jpg 750w, https:\/\/maybommini.vn\/wp-content\/uploads\/2022\/12\/TPE-cong-tac-dieu-khien-tu-xa-300x300.jpg 300w, https:\/\/maybommini.vn\/wp-content\/uploads\/2022\/12\/TPE-cong-tac-dieu-khien-tu-xa-150x150.jpg 150w, https:\/\/maybommini.vn\/wp-content\/uploads\/2022\/12\/TPE-cong-tac-dieu-khien-tu-xa-600x600.jpg 600w\" sizes=\"(max-width: 750px) 100vw, 750px\" \/><\/a><\/p>\n<p><strong>H\u01af\u1edaNG D\u1eaaN C\u00c0I \u0110\u1eb6T C\u00d4NG T\u1eaeC \u0110I\u1ec0U KHI\u1ec2N T\u1eea XA TPE RC5H\u00a0<\/strong><br \/>\n&#8211; S\u1eed d\u1ee5ng \u0111i\u1ec7n 220V AC.<br \/>\n&#8211; C\u00f4ng t\u1eafc n\u00e0y s\u1eed d\u1ee5ng cho thi\u1ebft b\u1ecb \u0111i\u1ec7n 220V AC.<br \/>\n&#8211; S\u1eed d\u1ee5ng cho thi\u1ebft b\u1ecb c\u00f3 c\u00f4ng su\u1ea5t t\u1ed1i \u0111a 800W.<br \/>\n&#8211; Tr\u00ean h\u1ed9p c\u00f4ng t\u1eafc c\u00f3 3 d\u00e2y: \u0110\u1ecf \u0110en Xanh<br \/>\n&#8211; \u0110i\u1ec7n 220V n\u1ed1i tr\u1ef1c ti\u1ebfp v\u00e0o d\u00e2y \u0110\u1ecf v\u00e0 \u0110en.<br \/>\n&#8211; Thi\u1ebft b\u1ecb n\u1ed1i v\u00e0o d\u00e2y Xanh v\u00e0 d\u00e2y \u0110en.<br \/>\n&#8211; K\u1ebft n\u1ed1i Remote : Nh\u1ea5n gi\u1eefa c\u00f9ng l\u00fac n\u00fat Remote v\u00e0 n\u00fat tr\u00ean h\u1ed9p c\u00f4ng t\u1eafc.<br \/>\n&#8211; Tr\u00ean Remote nh\u1ea5n n\u00fat b\u1eadt t\u1eaft thi\u1ebft b\u1ecb.<br \/>\n&#8211; H\u1ed9p c\u00f4ng t\u1eafc t\u1eeb xa ch\u1ec9 s\u1eed d\u1ee5ng Remote c\u00f3 t\u1ea7ng s\u1ed1 SF 315 MHz.<br \/>\n&#8211; C\u00f3 th\u1ec3 th\u00eam nhi\u1ec1u Remote \u0111\u1ec3 ti\u1ec7n l\u1ee3i h\u01a1n.<br \/>\n&#8211; H\u1ed9p c\u00f4ng t\u1eafc ph\u1ea3i \u0111\u1eb7t n\u01a1i tho\u00e1ng m\u00e1t tr\u00e1nh m\u01b0a n\u1eafng v\u00e0 \u1ea9m \u01b0\u1edbt.<\/p>\n<p><a href=\"https:\/\/maybommini.com\/wp-content\/uploads\/2022\/12\/Bo-dieu-khien-tat-mo-thiet-bi-tu-xa-800W-CR5H.jpg\" target=\"_blank\" rel=\"noopener\"><img decoding=\"async\" class=\"size-full wp-image-271954 aligncenter\" src=\"https:\/\/maybommini.com\/wp-content\/uploads\/2022\/12\/Bo-dieu-khien-tat-mo-thiet-bi-tu-xa-800W-CR5H.jpg\" alt=\"Bo Dieu Khien Tat Mo Thiet Bi Tu Xa 800W CR5H\" width=\"750\" height=\"750\" srcset=\"https:\/\/maybommini.vn\/wp-content\/uploads\/2022\/12\/Bo-dieu-khien-tat-mo-thiet-bi-tu-xa-800W-CR5H.jpg 750w, https:\/\/maybommini.vn\/wp-content\/uploads\/2022\/12\/Bo-dieu-khien-tat-mo-thiet-bi-tu-xa-800W-CR5H-300x300.jpg 300w, https:\/\/maybommini.vn\/wp-content\/uploads\/2022\/12\/Bo-dieu-khien-tat-mo-thiet-bi-tu-xa-800W-CR5H-150x150.jpg 150w, https:\/\/maybommini.vn\/wp-content\/uploads\/2022\/12\/Bo-dieu-khien-tat-mo-thiet-bi-tu-xa-800W-CR5H-600x600.jpg 600w\" sizes=\"(max-width: 750px) 100vw, 750px\" \/><\/a><\/p>\n<p><strong>S\u1eec D\u1ee4NG \u0110I\u1ec0U KHI\u1ec2N T\u1eaeT M\u1ede T\u1eea XA TPE RC5H<\/strong><br \/>\n&#8211; S\u1eed d\u1ee5ng l\u00e0m c\u00f4ng t\u1eafc thi\u1ebft b\u1ecb cho gia \u0111\u00ecnh.<br \/>\n&#8211; C\u00f4ng t\u1eafc m\u1edf kh\u00f4ng d\u00e2y cho \u0111\u00e8n, qu\u1ea1t, m\u00e1y b\u01a1m v\u00e0 thi\u1ebft b\u1ecb \u0111i\u1ec7n kh\u00e1c.<br \/>\n&#8211; Remote t\u1eaft m\u1edf t\u1eeb xa cho m\u00e1y r\u1eeda xe \u00e1p l\u1ef1c cao.<br \/>\n&#8211; B\u1ed9 \u0111i\u1ec1u khi\u1ec3n t\u1eaft m\u1edf kh\u00f4ng d\u00e2y t\u1eeb xa thi\u1ebft b\u1ecb \u0111i\u1ec7n 220V.<br \/>\n&#8211; C\u00f4ng t\u1eafc \u0111i\u1ec7n nh\u00e0, v\u0103n ph\u00f2ng.<br \/>\n&#8211; B\u1ed9 t\u1eaft m\u1edf t\u1eeb xa cho thi\u1ebft b\u1ecb \u0111i\u1ec7n m\u00e1y m\u00f3c, thi\u1ebft b\u1ecb ch\u1ed1ng tr\u1ed9m, thi\u1ebft b\u1ecb t\u01b0\u1edbi.<br \/>\n&#8211; Remote cho m\u00e1y b\u01a1m n\u01b0\u1edbc.<br \/>\n&#8211; B\u1ed9 \u0111i\u1ec1u khi\u1ec3n t\u1eaft m\u1edf m\u00e1y phun s\u01b0\u01a1ng, m\u00e1y phun l\u00e0m m\u00e1t, m\u00e1y phun t\u01b0\u1edbi c\u00e2y.<br \/>\n&#8211; Remote c\u00f4ng t\u1eafc cho h\u1ec7 th\u1ed1ng \u0111i\u1ec7n.<br \/>\n&#8211; V\u00e0 s\u1eed d\u1ee5ng l\u00e0m b\u1ed9 \u0111i\u1ec1u khi\u1ec3n t\u1eaft m\u1edf cho nhi\u1ec1u thi\u1ebft b\u1ecb kh\u00e1c.<\/p>\n<p><a href=\"https:\/\/maybommini.com\/wp-content\/uploads\/2022\/12\/remote-tat-mo-thiet-bi-220v.jpg\" target=\"_blank\" rel=\"noopener\"><img decoding=\"async\" class=\"size-full wp-image-271950 aligncenter\" src=\"https:\/\/maybommini.com\/wp-content\/uploads\/2022\/12\/remote-tat-mo-thiet-bi-220v.jpg\" alt=\"Remote Tat Mo Thiet Bi 220v\" width=\"750\" height=\"750\" srcset=\"https:\/\/maybommini.vn\/wp-content\/uploads\/2022\/12\/remote-tat-mo-thiet-bi-220v.jpg 750w, https:\/\/maybommini.vn\/wp-content\/uploads\/2022\/12\/remote-tat-mo-thiet-bi-220v-300x300.jpg 300w, https:\/\/maybommini.vn\/wp-content\/uploads\/2022\/12\/remote-tat-mo-thiet-bi-220v-150x150.jpg 150w, https:\/\/maybommini.vn\/wp-content\/uploads\/2022\/12\/remote-tat-mo-thiet-bi-220v-600x600.jpg 600w\" sizes=\"(max-width: 750px) 100vw, 750px\" \/><\/a><a href=\"https:\/\/maybommini.com\/wp-content\/uploads\/2022\/12\/bo-ta-mo-tu-xa-TPE.jpg\" target=\"_blank\" rel=\"noopener\"><img decoding=\"async\" class=\"size-full wp-image-271955 aligncenter\" src=\"https:\/\/maybommini.com\/wp-content\/uploads\/2022\/12\/bo-ta-mo-tu-xa-TPE.jpg\" alt=\"Bo Ta Mo Tu Xa TPE\" width=\"750\" height=\"750\" srcset=\"https:\/\/maybommini.vn\/wp-content\/uploads\/2022\/12\/bo-ta-mo-tu-xa-TPE.jpg 750w, https:\/\/maybommini.vn\/wp-content\/uploads\/2022\/12\/bo-ta-mo-tu-xa-TPE-300x300.jpg 300w, https:\/\/maybommini.vn\/wp-content\/uploads\/2022\/12\/bo-ta-mo-tu-xa-TPE-150x150.jpg 150w, https:\/\/maybommini.vn\/wp-content\/uploads\/2022\/12\/bo-ta-mo-tu-xa-TPE-600x600.jpg 600w\" sizes=\"(max-width: 750px) 100vw, 750px\" \/><\/a><\/p>\n<p><em><strong>Ch\u00fang t\u00f4i chuy\u00ean cung c\u1ea5p c\u00e1c thi\u1ebft b\u1ecb c\u1ea3m bi\u1ebfn, c\u1ea3m \u1ee9ng, b\u00e1o \u0111\u1ed9ng, b\u00e1o tr\u1ed9m, \u0111i\u1ec1u khi\u1ec3n t\u1eeb xa, camera, pin d\u1ef1 ph\u00f2ng, UPS \u0111i\u1ec7n d\u1ef1 ph\u00f2ng v\u00e0 nhi\u1ec1u thi\u1ebft b\u1ecb kh\u00e1c tr\u00ean to\u00e0n qu\u1ed1c v\u1edbi gi\u00e1 t\u1ed1t b\u1ea3o h\u00e0nh ch\u00ednh h\u00e3ng.<\/strong><\/em><\/p>\n<p><a href=\"https:\/\/maybommini.com\/wp-content\/uploads\/2022\/12\/cong-tac-dien-tu-xa-800w-TPE-RC5H.jpg\" target=\"_blank\" rel=\"noopener\"><img decoding=\"async\" class=\"size-full wp-image-271956 aligncenter\" src=\"https:\/\/maybommini.com\/wp-content\/uploads\/2022\/12\/cong-tac-dien-tu-xa-800w-TPE-RC5H.jpg\" alt=\"Cong Tac Dien Tu Xa 800w TPE RC5H\" width=\"750\" height=\"750\" srcset=\"https:\/\/maybommini.vn\/wp-content\/uploads\/2022\/12\/cong-tac-dien-tu-xa-800w-TPE-RC5H.jpg 750w, https:\/\/maybommini.vn\/wp-content\/uploads\/2022\/12\/cong-tac-dien-tu-xa-800w-TPE-RC5H-300x300.jpg 300w, https:\/\/maybommini.vn\/wp-content\/uploads\/2022\/12\/cong-tac-dien-tu-xa-800w-TPE-RC5H-150x150.jpg 150w, https:\/\/maybommini.vn\/wp-content\/uploads\/2022\/12\/cong-tac-dien-tu-xa-800w-TPE-RC5H-600x600.jpg 600w\" sizes=\"(max-width: 750px) 100vw, 750px\" \/><\/a><\/p>\n<p><strong><a class=\"swipebox\" title=\"\" href=\"https:\/\/maybommini.com\/wp-content\/uploads\/2022\/12\/Bao-trom-hong-ngoai-220V-1-am-thanh-Duyka-DK221-hen-gio-tat-mo.jpg\" data-rel=\"lightbox-image-9\" data-rl_title=\"\" data-rl_caption=\"\" data-rl_ target=\"_blank\" rel=\"noopener\"><img decoding=\"async\" class=\"size-full wp-image-271943 aligncenter lazyloaded\" src=\"https:\/\/maybommini.com\/wp-content\/uploads\/2022\/12\/Bao-trom-hong-ngoai-220V-1-am-thanh-Duyka-DK221-hen-gio-tat-mo.jpg\" sizes=\"(max-width: 750px) 100vw, 750px\" srcset=\"https:\/\/maybommini.com\/wp-content\/uploads\/2022\/12\/Bao-trom-hong-ngoai-220V-1-am-thanh-Duyka-DK221-hen-gio-tat-mo.jpg 750w, https:\/\/maybommini.com\/wp-content\/uploads\/2022\/12\/Bao-trom-hong-ngoai-220V-1-am-thanh-Duyka-DK221-hen-gio-tat-mo-300x300.jpg 300w, https:\/\/maybommini.com\/wp-content\/uploads\/2022\/12\/Bao-trom-hong-ngoai-220V-1-am-thanh-Duyka-DK221-hen-gio-tat-mo-150x150.jpg 150w, https:\/\/maybommini.com\/wp-content\/uploads\/2022\/12\/Bao-trom-hong-ngoai-220V-1-am-thanh-Duyka-DK221-hen-gio-tat-mo-600x600.jpg 600w\" alt=\"Bao Trom Hong Ngoai 220V 1 Am Thanh Duyka DK221 Hen Gio Tat Mo\" width=\"750\" height=\"750\" data-lazy-srcset=\"https:\/\/maybommini.com\/wp-content\/uploads\/2022\/12\/Bao-trom-hong-ngoai-220V-1-am-thanh-Duyka-DK221-hen-gio-tat-mo.jpg 750w, https:\/\/maybommini.com\/wp-content\/uploads\/2022\/12\/Bao-trom-hong-ngoai-220V-1-am-thanh-Duyka-DK221-hen-gio-tat-mo-300x300.jpg 300w, https:\/\/maybommini.com\/wp-content\/uploads\/2022\/12\/Bao-trom-hong-ngoai-220V-1-am-thanh-Duyka-DK221-hen-gio-tat-mo-150x150.jpg 150w, https:\/\/maybommini.com\/wp-content\/uploads\/2022\/12\/Bao-trom-hong-ngoai-220V-1-am-thanh-Duyka-DK221-hen-gio-tat-mo-600x600.jpg 600w\" data-lazy-sizes=\"(max-width: 750px) 100vw, 750px\" data-lazy-src=\"https:\/\/maybommini.com\/wp-content\/uploads\/2022\/12\/Bao-trom-hong-ngoai-220V-1-am-thanh-Duyka-DK221-hen-gio-tat-mo.jpg\" data-was-processed=\"true\" \/><\/a>CTY TNHH TH\u01af\u01a0NG M\u1ea0I D\u1ecaCH V\u1ee4 \u0110I\u1ec6N M\u00c1Y TH\u00d4NG MINH<br \/>\nWebsite:\u00a0<a href=\"https:\/\/maybommini.com\/\" target=\"_blank\" rel=\"noopener\">https:\/\/maybommini.com<\/a><br \/>\nEmail: Maybommini.com@gmail.com<br \/>\nT\u01af V\u1ea4N K\u1ef8 THU\u1eacT \u2013 MUA H\u00c0NG<br \/>\nTel\/ Zalo: 0908997823 \u2013 0908997872<br \/>\nT\u01b0 v\u1ea5n mua h\u00e0ng: 0907294310 \u2013 02873030399<\/strong><\/p>\n<h3><a class=\"swipebox\" title=\"\" href=\"https:\/\/maybommini.com\/wp-content\/uploads\/2022\/07\/thong-tin-lien-he-may-bom-mini.jpg\" data-rel=\"lightbox-image-bGlnaHRib3gtaW1hZ2UtYkdsbmFIUmliM2d0YVcxaFoyVXRZa2RzYm1GSVVtbGlNMmQwWVZjeGFGb3lWWFJaYTJSelltMUdTVlZ0YkdsTk1tUXdXVlpqZUdGR2IzbFdXRkphWVRKU2VsbHRNVWRUVmxaMFlrZHNUazF0VVhkWFZscHFaVWRHUjJJemJGZFhSa3BoV1ZSS1UyVnNiSFJOVldSVVZteGFNRmxyWkhOVWF6RjBWVmhrV0Zac2NIRmFWV1JIVWpKSmVtSkdaRmhTYTNCb1YxWlNTMVV5Vm5OaVNGSk9WbGRTVlZadGVHRk5SbXh5V2toT1ZXRjZSakJXVm1oclYwWmFjMk5JUm1GV1YxSklWV3BLU21WdFNrZGFSbWhUWVROQ1VWWnRNVEJXTVZweVQxWktVVlpFUVRrPQ==\" data-rl_title=\"\" data-rl_caption=\"\" data-rl_ target=\"_blank\" rel=\"noopener\"><img decoding=\"async\" class=\"size-full wp-image-270584 lazyloaded aligncenter\" src=\"https:\/\/maybommini.com\/wp-content\/uploads\/2022\/07\/thong-tin-lien-he-may-bom-mini.jpg\" sizes=\"(max-width: 750px) 100vw, 750px\" srcset=\"https:\/\/maybommini.com\/wp-content\/uploads\/2022\/07\/thong-tin-lien-he-may-bom-mini.jpg 750w, https:\/\/maybommini.com\/wp-content\/uploads\/2022\/07\/thong-tin-lien-he-may-bom-mini-300x202.jpg 300w, https:\/\/maybommini.com\/wp-content\/uploads\/2022\/07\/thong-tin-lien-he-may-bom-mini-600x405.jpg 600w\" alt=\"Thong Tin Lien He May Bom Mini\" width=\"750\" height=\"506\" data-lazy-srcset=\"https:\/\/maybommini.com\/wp-content\/uploads\/2022\/07\/thong-tin-lien-he-may-bom-mini.jpg 750w, https:\/\/maybommini.com\/wp-content\/uploads\/2022\/07\/thong-tin-lien-he-may-bom-mini-300x202.jpg 300w, https:\/\/maybommini.com\/wp-content\/uploads\/2022\/07\/thong-tin-lien-he-may-bom-mini-600x405.jpg 600w\" data-lazy-sizes=\"(max-width: 750px) 100vw, 750px\" data-lazy-src=\"https:\/\/maybommini.com\/wp-content\/uploads\/2022\/07\/thong-tin-lien-he-may-bom-mini.jpg\" data-was-processed=\"true\" \/><\/a><\/h3>\n","protected":false},"excerpt":{"rendered":"<p>Th\u01b0\u01a1ng hi\u1ec7u: TPE<br \/>\nModel: RC5H<br \/>\n\u0110i\u1ec7n th\u1ebf: 220V AC<br \/>\nCh\u1ecbu t\u1ea3i: 800W 4A<br \/>\nReomte s\u00f3ng: SF 315 MHz.<br \/>\nRemote \u0111i\u1ec1u khi\u1ec3n 1 k\u00eanh.<br \/>\nT\u1eaft m\u1edf 1 thi\u1ebft b\u1ecb.<br \/>\nC\u00f3 th\u1ec3 c\u00e0i nhi\u1ec1u remote.<br \/>\nK\u00edch th\u01b0\u1edbc c\u00f4ng t\u1eafc: 37 x 42 x 22 mm<br \/>\nK\u00edch th\u01b0\u1edbc remote: 60 x 38 x 14 mm<br \/>\nTr\u1ecdng l\u01b0\u1ee3ng: 70 gam<br \/>\nB\u1ea3o h\u00e0nh: 3 th\u00e1ng<br \/>\n<strong>B\u1ed9 g\u1ed3m 1 h\u1ed9p c\u00f4ng t\u1eafc v\u00e0 1 remote<\/strong><br \/>\n<strong>Mua s\u1ed1 l\u01b0\u1ee3ng c\u00f3 gi\u00e1 t\u1ed1t<\/strong><\/p>\n","protected":false},"featured_media":271953,"comment_status":"open","ping_status":"closed","template":"","meta":[],"product_brand":[],"product_cat":[214,598],"product_tag":[500,3869,3867,3870,3868],"class_list":{"0":"post-271948","1":"product","2":"type-product","3":"status-publish","4":"has-post-thumbnail","6":"product_cat-phu-kien-bom-nuoc","7":"product_cat-dieu-khien-tu-xa","8":"product_tag-220v","9":"product_tag-800w","10":"product_tag-rc5h","11":"product_tag-remote","12":"product_tag-tpe","14":"first","15":"instock","16":"sale","17":"shipping-taxable","18":"purchasable","19":"product-type-simple"},"_links":{"self":[{"href":"https:\/\/maybommini.vn\/index.php?rest_route=\/wp\/v2\/product\/271948","targetHints":{"allow":["GET"]}}],"collection":[{"href":"https:\/\/maybommini.vn\/index.php?rest_route=\/wp\/v2\/product"}],"about":[{"href":"https:\/\/maybommini.vn\/index.php?rest_route=\/wp\/v2\/types\/product"}],"replies":[{"embeddable":true,"href":"https:\/\/maybommini.vn\/index.php?rest_route=%2Fwp%2Fv2%2Fcomments&post=271948"}],"wp:featuredmedia":[{"embeddable":true,"href":"https:\/\/maybommini.vn\/index.php?rest_route=\/wp\/v2\/media\/271953"}],"wp:attachment":[{"href":"https:\/\/maybommini.vn\/index.php?rest_route=%2Fwp%2Fv2%2Fmedia&parent=271948"}],"wp:term":[{"taxonomy":"product_brand","embeddable":true,"href":"https:\/\/maybommini.vn\/index.php?rest_route=%2Fwp%2Fv2%2Fproduct_brand&post=271948"},{"taxonomy":"product_cat","embeddable":true,"href":"https:\/\/maybommini.vn\/index.php?rest_route=%2Fwp%2Fv2%2Fproduct_cat&post=271948"},{"taxonomy":"product_tag","embeddable":true,"href":"https:\/\/maybommini.vn\/index.php?rest_route=%2Fwp%2Fv2%2Fproduct_tag&post=271948"}],"curies":[{"name":"wp","href":"https:\/\/api.w.org\/{rel}","templated":true}]}}