{"id":271986,"date":"2022-12-27T15:16:45","date_gmt":"2022-12-27T08:16:45","guid":{"rendered":"https:\/\/maybommini.com\/?post_type=product&#038;p=271986"},"modified":"2022-12-27T17:10:22","modified_gmt":"2022-12-27T10:10:22","slug":"sac-pin-tu-dong-thong-minh-21v-2a","status":"publish","type":"product","link":"https:\/\/maybommini.vn\/?product=sac-pin-tu-dong-thong-minh-21v-2a","title":{"rendered":"S\u1ea1c pin lithium t\u1ef1 \u0111\u1ed9ng th\u00f4ng minh 21V 2A"},"content":{"rendered":"<h3><em>S\u1ea1c pin lithium t\u1ef1 \u0111\u1ed9ng th\u00f4ng minh 21V 2A chuy\u00ean d\u00f9ng \u0111\u1ec3 s\u1ea1c c\u00e1c lo\u1ea1i pin s\u1ea1c 5S 18V 20V 21V m\u00e1y khoan b\u1eafn v\u00edt m\u00e1y m\u00e0i m\u00e1y c\u01b0a qu\u1ea1t \u0111\u00e8n Makita M21 v\u00e0 nhi\u1ec1u thi\u1ebft b\u1ecb kh\u00e1c. B\u1ed9 s\u1ea1c pin 21V t\u1ef1 \u0111\u1ed9ng ng\u1eaft s\u1ea1c khi pin \u0111\u1ea7y c\u00f3 \u0111\u00e8n led b\u00e1o.<\/em><\/h3>\n<p><strong><a href=\"https:\/\/maybommini.com\/wp-content\/uploads\/2022\/12\/bo-sac-pin-21v-tu-dong-lack-dc.jpg\" target=\"_blank\" rel=\"noopener\"><img decoding=\"async\" class=\"size-full wp-image-271987 aligncenter\" src=\"https:\/\/maybommini.com\/wp-content\/uploads\/2022\/12\/bo-sac-pin-21v-tu-dong-lack-dc.jpg\" alt=\"Bo Sac Pin 21v Tu Dong Lack Dc\" width=\"750\" height=\"750\" srcset=\"https:\/\/maybommini.vn\/wp-content\/uploads\/2022\/12\/bo-sac-pin-21v-tu-dong-lack-dc.jpg 750w, https:\/\/maybommini.vn\/wp-content\/uploads\/2022\/12\/bo-sac-pin-21v-tu-dong-lack-dc-300x300.jpg 300w, https:\/\/maybommini.vn\/wp-content\/uploads\/2022\/12\/bo-sac-pin-21v-tu-dong-lack-dc-150x150.jpg 150w, https:\/\/maybommini.vn\/wp-content\/uploads\/2022\/12\/bo-sac-pin-21v-tu-dong-lack-dc-600x600.jpg 600w\" sizes=\"(max-width: 750px) 100vw, 750px\" \/><\/a>TH\u00d4NG S\u1ed0 K\u1ef8 THU\u1eacT<\/strong><br \/>\n\u0110i\u1ec7n th\u1ebf v\u00e0o: 100V 220V AC 50\/60Hz<br \/>\n\u0110i\u1ec7n th\u1ebf ra: 21V 2A DC<br \/>\n\u0110\u00e8n Led \u0111\u1ecf \u0111ang s\u1ea1c.<br \/>\n\u0110\u00e8n Led xanh ng\u01b0ng s\u1ea1c ho\u1eb7c ch\u01b0a k\u1ebft n\u1ed1i pin.<br \/>\nT\u1ef1 \u0111\u1ed9ng ng\u1eaft khi Pin \u0111\u1ea7y.<br \/>\nM\u1ea1ch s\u1ea1c th\u00f4ng minh b\u1ea3o v\u1ec7 pin.<br \/>\nCh\u1ebf \u0111\u1ed9 s\u1ea1c: CC-CV<br \/>\nB\u1ea3o v\u1ec7: OVP OCP<br \/>\nB\u1ea3o v\u1ec7 qu\u00e1 t\u1ea3i.<br \/>\nB\u1ea3o v\u1ec7 ng\u1eafn m\u1ea1ch.<br \/>\nJack DC 5.5*2.1 mm.<br \/>\nD\u00e2y d\u00e0i: 1 m\u00e9t<br \/>\nS\u1ea1c pin Lithium ion 5S.<br \/>\nCh\u1ea5t li\u1ec7u: Nh\u1ef1a ABS &#8211; h\u1ee3p kim &#8211; d\u00e2y \u0111\u1ed3ng.<br \/>\nK\u00edch th\u01b0\u1edbc: 87 x 50 x 31mm<br \/>\nTr\u1ecdng l\u01b0\u1ee3ng: 100 gam<\/p>\n<p><strong><a href=\"https:\/\/maybommini.com\/wp-content\/uploads\/2022\/12\/sac-pin-may-ban-vit-21v.jpg\" target=\"_blank\" rel=\"noopener\"><img decoding=\"async\" class=\"size-full wp-image-271995 aligncenter\" src=\"https:\/\/maybommini.com\/wp-content\/uploads\/2022\/12\/sac-pin-may-ban-vit-21v.jpg\" alt=\"Sac Pin May Ban Vit 21v\" width=\"750\" height=\"750\" srcset=\"https:\/\/maybommini.vn\/wp-content\/uploads\/2022\/12\/sac-pin-may-ban-vit-21v.jpg 750w, https:\/\/maybommini.vn\/wp-content\/uploads\/2022\/12\/sac-pin-may-ban-vit-21v-300x300.jpg 300w, https:\/\/maybommini.vn\/wp-content\/uploads\/2022\/12\/sac-pin-may-ban-vit-21v-150x150.jpg 150w, https:\/\/maybommini.vn\/wp-content\/uploads\/2022\/12\/sac-pin-may-ban-vit-21v-600x600.jpg 600w\" sizes=\"(max-width: 750px) 100vw, 750px\" \/><\/a><a href=\"https:\/\/maybommini.com\/wp-content\/uploads\/2022\/12\/Sac-pin-tu-dong-co-den-bao21V.jpg\" target=\"_blank\" rel=\"noopener\"><img decoding=\"async\" class=\"size-full wp-image-271998 aligncenter\" src=\"https:\/\/maybommini.com\/wp-content\/uploads\/2022\/12\/Sac-pin-tu-dong-co-den-bao21V.jpg\" alt=\"Sac Pin Tu Dong Co Den Bao21V\" width=\"750\" height=\"750\" srcset=\"https:\/\/maybommini.vn\/wp-content\/uploads\/2022\/12\/Sac-pin-tu-dong-co-den-bao21V.jpg 750w, https:\/\/maybommini.vn\/wp-content\/uploads\/2022\/12\/Sac-pin-tu-dong-co-den-bao21V-300x300.jpg 300w, https:\/\/maybommini.vn\/wp-content\/uploads\/2022\/12\/Sac-pin-tu-dong-co-den-bao21V-150x150.jpg 150w, https:\/\/maybommini.vn\/wp-content\/uploads\/2022\/12\/Sac-pin-tu-dong-co-den-bao21V-600x600.jpg 600w\" sizes=\"(max-width: 750px) 100vw, 750px\" \/><\/a><a href=\"https:\/\/maybommini.com\/wp-content\/uploads\/2022\/12\/bo-sac-pin-may-mai-may-cua-21v.jpg\" target=\"_blank\" rel=\"noopener\"><img decoding=\"async\" class=\"size-full wp-image-271988 aligncenter\" src=\"https:\/\/maybommini.com\/wp-content\/uploads\/2022\/12\/bo-sac-pin-may-mai-may-cua-21v.jpg\" alt=\"Bo Sac Pin May Mai May Cua 21v\" width=\"750\" height=\"750\" srcset=\"https:\/\/maybommini.vn\/wp-content\/uploads\/2022\/12\/bo-sac-pin-may-mai-may-cua-21v.jpg 750w, https:\/\/maybommini.vn\/wp-content\/uploads\/2022\/12\/bo-sac-pin-may-mai-may-cua-21v-300x300.jpg 300w, https:\/\/maybommini.vn\/wp-content\/uploads\/2022\/12\/bo-sac-pin-may-mai-may-cua-21v-150x150.jpg 150w, https:\/\/maybommini.vn\/wp-content\/uploads\/2022\/12\/bo-sac-pin-may-mai-may-cua-21v-600x600.jpg 600w\" sizes=\"(max-width: 750px) 100vw, 750px\" \/><\/a><a href=\"https:\/\/maybommini.com\/wp-content\/uploads\/2022\/12\/sac-pin-21v.jpg\" target=\"_blank\" rel=\"noopener\"><img decoding=\"async\" class=\"size-full wp-image-271992 aligncenter\" src=\"https:\/\/maybommini.com\/wp-content\/uploads\/2022\/12\/sac-pin-21v.jpg\" alt=\"Sac Pin 21v\" width=\"750\" height=\"750\" srcset=\"https:\/\/maybommini.vn\/wp-content\/uploads\/2022\/12\/sac-pin-21v.jpg 750w, https:\/\/maybommini.vn\/wp-content\/uploads\/2022\/12\/sac-pin-21v-300x300.jpg 300w, https:\/\/maybommini.vn\/wp-content\/uploads\/2022\/12\/sac-pin-21v-150x150.jpg 150w, https:\/\/maybommini.vn\/wp-content\/uploads\/2022\/12\/sac-pin-21v-600x600.jpg 600w\" sizes=\"(max-width: 750px) 100vw, 750px\" \/><\/a>H\u01af\u1edaNG D\u1ea8N S\u1ea0C PIN LITHUM 5S M21 MAKITA<\/strong><br \/>\n&#8211; B\u1ed9 s\u1ea1c s\u1eed d\u1ee5ng \u0111i\u1ec7n 100V-240V AC.<br \/>\n&#8211; Jack c\u1eafm s\u1ea1c DC 5.5*2.1 mm.<br \/>\n&#8211; K\u1ebft n\u1ed1i jack s\u1ea1c v\u00e0o pin.<br \/>\n&#8211; \u0110\u00e8n tr\u00ean s\u1ea1c \u0111\u1ecf l\u00e0 \u0111ang s\u1ea1c.<br \/>\n&#8211; \u0110\u00e8n xanh ch\u01b0a k\u1ebft n\u1ed1i s\u1ea1c v\u1edbi pin.<br \/>\n&#8211; \u0110\u00e8n tr\u00ean s\u1ea1c m\u00e0u xanh l\u00e0 pin \u0111\u1ea7y.<br \/>\n&#8211; N\u1ebfu tr\u00ean s\u1ea1c \u0111\u00e8n xanh c\u0169ng c\u00f3 th\u1ec3 do pin h\u01b0 kh\u00f4ng s\u1ea1c \u0111\u01b0\u1ee3c.<\/p>\n<p><strong><a href=\"https:\/\/maybommini.com\/wp-content\/uploads\/2022\/12\/jack-sac-pin-21v.jpg\" target=\"_blank\" rel=\"noopener\"><img decoding=\"async\" class=\"size-full wp-image-271990 aligncenter\" src=\"https:\/\/maybommini.com\/wp-content\/uploads\/2022\/12\/jack-sac-pin-21v.jpg\" alt=\"Jack Sac Pin 21v\" width=\"750\" height=\"750\" srcset=\"https:\/\/maybommini.vn\/wp-content\/uploads\/2022\/12\/jack-sac-pin-21v.jpg 750w, https:\/\/maybommini.vn\/wp-content\/uploads\/2022\/12\/jack-sac-pin-21v-300x300.jpg 300w, https:\/\/maybommini.vn\/wp-content\/uploads\/2022\/12\/jack-sac-pin-21v-150x150.jpg 150w, https:\/\/maybommini.vn\/wp-content\/uploads\/2022\/12\/jack-sac-pin-21v-600x600.jpg 600w\" sizes=\"(max-width: 750px) 100vw, 750px\" \/><\/a><\/strong><\/p>\n<p><strong><a href=\"https:\/\/maybommini.com\/wp-content\/uploads\/2022\/12\/dau-jack-cu-sac-pin-21v.jpg\" target=\"_blank\" rel=\"noopener\"><img decoding=\"async\" class=\"size-full wp-image-271989 aligncenter\" src=\"https:\/\/maybommini.com\/wp-content\/uploads\/2022\/12\/dau-jack-cu-sac-pin-21v.jpg\" alt=\"Dau Jack Cu Sac Pin 21v\" width=\"750\" height=\"750\" srcset=\"https:\/\/maybommini.vn\/wp-content\/uploads\/2022\/12\/dau-jack-cu-sac-pin-21v.jpg 750w, https:\/\/maybommini.vn\/wp-content\/uploads\/2022\/12\/dau-jack-cu-sac-pin-21v-300x300.jpg 300w, https:\/\/maybommini.vn\/wp-content\/uploads\/2022\/12\/dau-jack-cu-sac-pin-21v-150x150.jpg 150w, https:\/\/maybommini.vn\/wp-content\/uploads\/2022\/12\/dau-jack-cu-sac-pin-21v-600x600.jpg 600w\" sizes=\"(max-width: 750px) 100vw, 750px\" \/><\/a><\/strong><br \/>\n<strong>S\u1eec D\u1ee4NG \u1ee8NG D\u1ee4NG B\u1ed8 S\u1ea0C PIN<\/strong><br \/>\n\u2013 D\u00f9ng \u0111\u1ec3 s\u1ea1c c\u00e1c lo\u1ea1i pin Lithium ion 5S 18V 20V 21V.<br \/>\n\u2013 D\u00f9ng s\u1ea1c c\u00e1c lo\u1ea1i thi\u1ebft b\u1ecb d\u00f9ng pin 21V.<br \/>\n\u2013 S\u1ea1c thi\u1ebft b\u1ecb d\u00f9ng n\u0103ng l\u01b0\u1ee3ng Pin 12V<br \/>\n&#8211; S\u1ea1c cho m\u00e1y khoan, m\u00e1y b\u1eafn v\u00edt c\u1ea7m tay.<br \/>\n&#8211; S\u1ea1c pin gh\u00e9p 5S 21V.<br \/>\n&#8211; S\u1ea1c pin m\u00e1y c\u1ea7m tay Makita 21V.<br \/>\n&#8211; S\u1ea1c pin thi\u1ebft b\u1ecb m\u00e1y m\u00f3c d\u1ee5ng c\u1ee5 pin Makita 21V<br \/>\n&#8211; B\u1ed9 s\u1ea1c pin cho pin M21.<br \/>\n&#8211; S\u1ea1c pin cho thi\u1ebft b\u1ecb h\u1ec7 sinh th\u00e1i d\u00f9ng pin M21.<br \/>\n&#8211; S\u1ea1c t\u1ef1 \u0111\u1ed9ng cho \u0111\u00e8n pin 21V, qu\u1ea1t pin 21V.<br \/>\n&#8211; S\u1ea1c pin cho s\u00fang b\u1eafn keo Silicon 21V<br \/>\n&#8211; V\u1edbi t\u00ednh n\u0103ng ho\u00e0n to\u00e0n t\u1ef1 \u0111\u1ed9ng B\u1ea1n c\u00f3 th\u1ec3 y\u00ean t\u00e2m s\u1ea1c pin c\u1ee7a m\u00ecnh, n\u00e2ng cao tu\u1ed5i th\u1ecd pin.<\/p>\n<p><strong><a href=\"https:\/\/maybommini.com\/wp-content\/uploads\/2022\/12\/sac-pin-M21-gia-re.jpg\" target=\"_blank\" rel=\"noopener\"><img decoding=\"async\" class=\"size-full wp-image-271993 aligncenter\" src=\"https:\/\/maybommini.com\/wp-content\/uploads\/2022\/12\/sac-pin-M21-gia-re.jpg\" alt=\"Sac Pin M21 Gia Re\" width=\"750\" height=\"750\" srcset=\"https:\/\/maybommini.vn\/wp-content\/uploads\/2022\/12\/sac-pin-M21-gia-re.jpg 750w, https:\/\/maybommini.vn\/wp-content\/uploads\/2022\/12\/sac-pin-M21-gia-re-300x300.jpg 300w, https:\/\/maybommini.vn\/wp-content\/uploads\/2022\/12\/sac-pin-M21-gia-re-150x150.jpg 150w, https:\/\/maybommini.vn\/wp-content\/uploads\/2022\/12\/sac-pin-M21-gia-re-600x600.jpg 600w\" sizes=\"(max-width: 750px) 100vw, 750px\" \/><\/a><\/strong><\/p>\n<p><strong>CH\u1ee8C N\u0102NG B\u1ea2O V\u1ec6 S\u1ea0C<\/strong><br \/>\n<strong>1. B\u1ea3o v\u1ec7 qu\u00e1 d\u00f2ng \u0111\u1ea7u v\u00e0o<\/strong><br \/>\nKhi d\u00f2ng \u0111i\u1ec7n v\u00e0o l\u1edbn h\u01a1n 2A, b\u1ed9 s\u1ea1c s\u1ebd c\u1eaft c\u1ea7u ch\u00ec \u0111\u1ec3 tr\u00e1nh c\u00e1c hi\u1ec7n t\u01b0\u1ee3ng b\u1ea5t th\u01b0\u1eddng v\u1ec1 m\u1ea1ch b\u00ean trong g\u00e2y ch\u00e1y n\u1ed5 v\u00e0 c\u00e1c r\u1ee7i ro kh\u00e1c.<br \/>\n<strong>2. B\u1ea3o v\u1ec7 d\u00f2ng \u0111i\u1ec7n \u0111\u1ea7u ra<\/strong><br \/>\nB\u1ed9 s\u1ea1c pin Li-ion cho d\u00f2ng \u0111i\u1ec7n s\u1ea1c \u0111\u01b0\u1ee3c gi\u1edbi h\u1ea1n trong m\u1ed9t ph\u1ea1m vi \u0111\u1ec3 duy tr\u00ec s\u1ef1 an to\u00e0n c\u1ee7a pin v\u00e0 tu\u1ed5i th\u1ecd c\u1ee7a pin.<br \/>\n<strong>3. B\u1ea3o v\u1ec7 ng\u1eafn m\u1ea1ch<\/strong><br \/>\nKhi s\u1eed d\u1ee5ng b\u1ed9 s\u1ea1c kh\u00f4ng \u0111\u00fang c\u00e1ch, d\u00f2ng \u0111i\u1ec7n \u0111\u1ea7u ra c\u1ee7a b\u1ed9 s\u1ea1c s\u1ebd l\u00e0 200mA ho\u1eb7c nh\u1ecf h\u01a1n \u0111\u1ec3 tr\u00e1nh h\u01b0 h\u1ecfng.<\/p>\n<h3 style=\"text-align: center;\"><strong><a href=\"https:\/\/maybommini.com\/wp-content\/uploads\/2022\/12\/sac-pin-may-khoan-21v.jpg\" target=\"_blank\" rel=\"noopener\"><img decoding=\"async\" class=\"alignnone size-full wp-image-271996\" src=\"https:\/\/maybommini.com\/wp-content\/uploads\/2022\/12\/sac-pin-may-khoan-21v.jpg\" alt=\"Sac Pin May Khoan 21v\" width=\"750\" height=\"750\" srcset=\"https:\/\/maybommini.vn\/wp-content\/uploads\/2022\/12\/sac-pin-may-khoan-21v.jpg 750w, https:\/\/maybommini.vn\/wp-content\/uploads\/2022\/12\/sac-pin-may-khoan-21v-300x300.jpg 300w, https:\/\/maybommini.vn\/wp-content\/uploads\/2022\/12\/sac-pin-may-khoan-21v-150x150.jpg 150w, https:\/\/maybommini.vn\/wp-content\/uploads\/2022\/12\/sac-pin-may-khoan-21v-600x600.jpg 600w\" sizes=\"(max-width: 750px) 100vw, 750px\" \/><\/a><\/strong><br \/>\nS\u1ea1c pin 21V lithium t\u1ef1 \u0111\u1ed9ng th\u00f4ng minh<br \/>\nS\u1ea1c pin M21 Pin Makita<br \/>\nS\u1ea1c pin thi\u1ebft b\u1ecb c\u1ea7m tay 21V<\/h3>\n<p><strong>TH\u00d4NG TIN LI\u00caN H\u1ec6<\/strong><br \/>\n<em><strong>Hotline Zalo: <a href=\"tel:0907294310\">0907294310<\/a> &#8211; <a href=\"tel:0908997823\">0908997823<\/a>&#8211; <a href=\"tel:0908997872\">0908997872 <\/a>&#8211; <a href=\"tel:02873030399\">02873030399<\/a><\/strong><\/em><br \/>\n<em><strong>Nh\u1eadn \u0111\u00f3ng pin theo y\u00eau c\u1ea7u, l\u00e0m pin, n\u00e2ng c\u1ea5p pin, s\u1eeda pin cho h\u1ec7 th\u1ed1ng n\u0103ng l\u01b0\u1ee3ng m\u1eb7t tr\u1eddi, pin m\u00e1y khoan, pin robot h\u00fat b\u1ee5i lau nh\u00e0, pin m\u00e1y th\u1ed5i b\u1ee5i, pin \u0111\u00e8n, pin s\u1ea1c d\u1ef1 ph\u00f2ng, pin \u0111\u00e8n n\u0103ng l\u01b0\u1ee3ng m\u1eb7t tr\u1eddi, pin UPS, pin xe \u0111\u1ea1p \u0111i\u1ec7n v\u00e0 c\u00e1c lo\u1ea1i pin kh\u00e1c.<\/strong><\/em><\/p>\n<p><strong><a class=\"swipebox\" title=\"\" href=\"https:\/\/maybommini.com\/wp-content\/uploads\/2022\/09\/chuyen-cung-cap-phan-phoi-pin-sac-may-cam-tay-gia-re.jpg\" data-rel=\"lightbox-image-14\" data-rl_title=\"\" data-rl_caption=\"\" data-rl_ target=\"_blank\" rel=\"noopener\"><img decoding=\"async\" class=\"size-full wp-image-270811 aligncenter lazyloaded\" src=\"https:\/\/maybommini.com\/wp-content\/uploads\/2022\/09\/chuyen-cung-cap-phan-phoi-pin-sac-may-cam-tay-gia-re.jpg\" sizes=\"(max-width: 750px) 100vw, 750px\" srcset=\"https:\/\/maybommini.com\/wp-content\/uploads\/2022\/09\/chuyen-cung-cap-phan-phoi-pin-sac-may-cam-tay-gia-re.jpg 750w, https:\/\/maybommini.com\/wp-content\/uploads\/2022\/09\/chuyen-cung-cap-phan-phoi-pin-sac-may-cam-tay-gia-re-300x300.jpg 300w, https:\/\/maybommini.com\/wp-content\/uploads\/2022\/09\/chuyen-cung-cap-phan-phoi-pin-sac-may-cam-tay-gia-re-150x150.jpg 150w, https:\/\/maybommini.com\/wp-content\/uploads\/2022\/09\/chuyen-cung-cap-phan-phoi-pin-sac-may-cam-tay-gia-re-600x600.jpg 600w\" alt=\"Chuyen Cung Cap Phan Phoi Pin Sac May Cam Tay Gia Re\" width=\"750\" height=\"750\" data-lazy-srcset=\"https:\/\/maybommini.com\/wp-content\/uploads\/2022\/09\/chuyen-cung-cap-phan-phoi-pin-sac-may-cam-tay-gia-re.jpg 750w, https:\/\/maybommini.com\/wp-content\/uploads\/2022\/09\/chuyen-cung-cap-phan-phoi-pin-sac-may-cam-tay-gia-re-300x300.jpg 300w, https:\/\/maybommini.com\/wp-content\/uploads\/2022\/09\/chuyen-cung-cap-phan-phoi-pin-sac-may-cam-tay-gia-re-150x150.jpg 150w, https:\/\/maybommini.com\/wp-content\/uploads\/2022\/09\/chuyen-cung-cap-phan-phoi-pin-sac-may-cam-tay-gia-re-600x600.jpg 600w\" data-lazy-sizes=\"(max-width: 750px) 100vw, 750px\" data-lazy-src=\"https:\/\/maybommini.com\/wp-content\/uploads\/2022\/09\/chuyen-cung-cap-phan-phoi-pin-sac-may-cam-tay-gia-re.jpg\" data-was-processed=\"true\" \/><\/a><\/strong><br \/>\n<strong>CTY TNHH TH\u01af\u01a0NG M\u1ea0I D\u1ecaCH V\u1ee4 \u0110I\u1ec6N M\u00c1Y TH\u00d4NG MINH<\/strong><br \/>\n<strong>Hotline:<\/strong>\u00a002873030399 \u2013 090 729 4310<br \/>\n<strong>Email:<\/strong>\u00a0maybommini.com@gmail.com<br \/>\n<strong>Website:<\/strong>\u00a0https:\/\/maybommini.com<br \/>\n<strong>Youtube demo:<\/strong>\u00a0https:\/\/www.youtube.com\/bahamasali<\/p>\n<p><a href=\"https:\/\/maybommini.com\/wp-content\/uploads\/2022\/07\/thong-tin-lien-he-may-bom-mini.jpg\" target=\"_blank\" rel=\"noopener\"><img decoding=\"async\" class=\"size-full wp-image-270584 aligncenter\" src=\"https:\/\/maybommini.com\/wp-content\/uploads\/2022\/07\/thong-tin-lien-he-may-bom-mini.jpg\" alt=\"Thong Tin Lien He May Bom Mini\" width=\"750\" height=\"506\" srcset=\"https:\/\/maybommini.vn\/wp-content\/uploads\/2022\/07\/thong-tin-lien-he-may-bom-mini.jpg 750w, https:\/\/maybommini.vn\/wp-content\/uploads\/2022\/07\/thong-tin-lien-he-may-bom-mini-150x101.jpg 150w, https:\/\/maybommini.vn\/wp-content\/uploads\/2022\/07\/thong-tin-lien-he-may-bom-mini-600x405.jpg 600w, https:\/\/maybommini.vn\/wp-content\/uploads\/2022\/07\/thong-tin-lien-he-may-bom-mini-300x202.jpg 300w\" sizes=\"(max-width: 750px) 100vw, 750px\" \/><\/a><\/p>\n","protected":false},"excerpt":{"rendered":"<p>\u0110i\u1ec7n th\u1ebf v\u00e0o: 100V 220V AC 50\/60Hz<br \/>\n\u0110i\u1ec7n th\u1ebf ra: 21V 2A DC<br \/>\n\u0110\u00e8n Led \u0111\u1ecf \u0111ang s\u1ea1c.<br \/>\n\u0110\u00e8n Led xanh ng\u01b0ng s\u1ea1c ho\u1eb7c ch\u01b0a k\u1ebft n\u1ed1i pin.<br \/>\nT\u1ef1 \u0111\u1ed9ng ng\u1eaft khi Pin \u0111\u1ea7y.<br \/>\nM\u1ea1ch s\u1ea1c th\u00f4ng minh b\u1ea3o v\u1ec7 pin.<br \/>\nCh\u1ebf \u0111\u1ed9 s\u1ea1c: CC-CV<br \/>\nB\u1ea3o v\u1ec7: OVP OCP<br \/>\nB\u1ea3o v\u1ec7 qu\u00e1 t\u1ea3i.<br \/>\nB\u1ea3o v\u1ec7 ng\u1eafn m\u1ea1ch.<br \/>\nJack DC 5.5*2.1 mm.<br \/>\nD\u00e2y d\u00e0i: 1 m\u00e9t<br \/>\nS\u1ea1c pin Lithium ion 5S.<br \/>\nCh\u1ea5t li\u1ec7u: Nh\u1ef1a ABS &#8211; h\u1ee3p kim &#8211; d\u00e2y \u0111\u1ed3ng.<br \/>\nK\u00edch th\u01b0\u1edbc: 87 x 50 x 31mm<br \/>\nTr\u1ecdng l\u01b0\u1ee3ng: 100 gam<br \/>\nB\u1ea3o h\u00e0nh: 1 th\u00e1ng<br \/>\n<span style=\"color: #ff0000;\"><em><strong>MUA S\u1ed0 L\u01af\u1ee2NG C\u00d3 GI\u00c1 T\u1ed0T<\/strong><\/em><\/span><\/p>\n","protected":false},"featured_media":271987,"comment_status":"open","ping_status":"closed","template":"","meta":[],"product_brand":[],"product_cat":[214,257],"product_tag":[3663,3665,3667,1543,434,3676,3675,3874,3875,437,995,3678,3873,3664,3677,3666,3876,3877],"class_list":{"0":"post-271986","1":"product","2":"type-product","3":"status-publish","4":"has-post-thumbnail","6":"product_cat-phu-kien-bom-nuoc","7":"product_cat-nguon-dien-adapter-sac-pin-binh","8":"product_tag-12-6v","9":"product_tag-12-6v-2ah","10":"product_tag-charge","11":"product_tag-charger","12":"product_tag-sac-12v","13":"product_tag-sac-14v","14":"product_tag-sac-16v","15":"product_tag-sac-21v","16":"product_tag-sac-m21","17":"product_tag-sac-pin","18":"product_tag-sac-pin-12v","19":"product_tag-sac-pin-18650-4s","20":"product_tag-sac-pin-21v","21":"product_tag-sac-pin-2a","22":"product_tag-sac-pin-4s","23":"product_tag-sac-pin-lithiun","24":"product_tag-sac-pin-makita","25":"product_tag-sac-pin-may-khoan","27":"first","28":"instock","29":"sale","30":"shipping-taxable","31":"purchasable","32":"product-type-simple"},"_links":{"self":[{"href":"https:\/\/maybommini.vn\/index.php?rest_route=\/wp\/v2\/product\/271986","targetHints":{"allow":["GET"]}}],"collection":[{"href":"https:\/\/maybommini.vn\/index.php?rest_route=\/wp\/v2\/product"}],"about":[{"href":"https:\/\/maybommini.vn\/index.php?rest_route=\/wp\/v2\/types\/product"}],"replies":[{"embeddable":true,"href":"https:\/\/maybommini.vn\/index.php?rest_route=%2Fwp%2Fv2%2Fcomments&post=271986"}],"wp:featuredmedia":[{"embeddable":true,"href":"https:\/\/maybommini.vn\/index.php?rest_route=\/wp\/v2\/media\/271987"}],"wp:attachment":[{"href":"https:\/\/maybommini.vn\/index.php?rest_route=%2Fwp%2Fv2%2Fmedia&parent=271986"}],"wp:term":[{"taxonomy":"product_brand","embeddable":true,"href":"https:\/\/maybommini.vn\/index.php?rest_route=%2Fwp%2Fv2%2Fproduct_brand&post=271986"},{"taxonomy":"product_cat","embeddable":true,"href":"https:\/\/maybommini.vn\/index.php?rest_route=%2Fwp%2Fv2%2Fproduct_cat&post=271986"},{"taxonomy":"product_tag","embeddable":true,"href":"https:\/\/maybommini.vn\/index.php?rest_route=%2Fwp%2Fv2%2Fproduct_tag&post=271986"}],"curies":[{"name":"wp","href":"https:\/\/api.w.org\/{rel}","templated":true}]}}