{"id":272485,"date":"2023-01-28T23:05:25","date_gmt":"2023-01-28T16:05:25","guid":{"rendered":"https:\/\/maybommini.com\/?post_type=product&#038;p=272485"},"modified":"2023-08-26T19:10:12","modified_gmt":"2023-08-26T12:10:12","slug":"dong-thanh-3x20mm-1-met-busbar-malaysia","status":"publish","type":"product","link":"https:\/\/maybommini.vn\/?product=dong-thanh-3x20mm-1-met-busbar-malaysia","title":{"rendered":"\u0110\u1ed3ng thanh 3x20mm 1 m\u00e9t Busbar Malaysia"},"content":{"rendered":"<h4><strong>Chuy\u00ean cung c\u1ea5p ph\u00e2n ph\u1ed1i <a href=\"https:\/\/maybommini.com\/san-pham\/dong-thanh-3x20mm-1-met-busbar-malaysia\" target=\"_blank\" rel=\"noopener\">\u0111\u1ed3ng thanh 3x20mm 1 m\u00e9t Busbar Malaysia<\/a> ch\u00ednh h\u00e3ng gi\u00e1 t\u1ed1t. S\u1eed d\u1ee5ng l\u00e0m cu\u1ed9n d\u00e2y qu\u1ea5n bi\u1ebfn th\u1ebf bi\u1ebfn \u00e1p m\u00e1y h\u00e0n cell pin, thanh c\u00e1i t\u1ee7 \u0111i\u1ec7n, thi\u1ebft b\u1ecb gia d\u1ee5ng, trang tr\u00ed n\u1ed9i th\u1ea5t v\u00e0 \u1ee9ng d\u1ee5ng nhi\u1ec1u l\u0129nh v\u1ef1c kh\u00e1c.<\/strong><\/h4>\n<p><strong><a href=\"https:\/\/maybommini.com\/wp-content\/uploads\/2023\/01\/dong-thanh-tu-dien.jpg\" target=\"_blank\" rel=\"noopener\"><img decoding=\"async\" class=\"size-full wp-image-272495 aligncenter\" src=\"https:\/\/maybommini.com\/wp-content\/uploads\/2023\/01\/dong-thanh-tu-dien.jpg\" alt=\"Dong Thanh Tu Dien\" width=\"750\" height=\"750\" srcset=\"https:\/\/maybommini.vn\/wp-content\/uploads\/2023\/01\/dong-thanh-tu-dien.jpg 750w, https:\/\/maybommini.vn\/wp-content\/uploads\/2023\/01\/dong-thanh-tu-dien-300x300.jpg 300w, https:\/\/maybommini.vn\/wp-content\/uploads\/2023\/01\/dong-thanh-tu-dien-150x150.jpg 150w, https:\/\/maybommini.vn\/wp-content\/uploads\/2023\/01\/dong-thanh-tu-dien-600x600.jpg 600w\" sizes=\"(max-width: 750px) 100vw, 750px\" \/><\/a>TH\u00d4NG S\u1ed0 K\u1ef8 THU\u1eacT<\/strong><br \/>\nTh\u01b0\u01a1ng hi\u1ec7u:Busbar<br \/>\nXu\u1ea5t s\u1ee9: Malaysia<br \/>\nCh\u1ea5t li\u1ec7u: \u0110\u1ed3ng nguy\u00ean ch\u1ea5t<br \/>\nKi\u1ec3u d\u00e1ng: thanh d\u00e0i<br \/>\n\u0110\u1ed9 d\u00e0y: 3 mm<br \/>\nChi\u1ec1u ngang: 20 mm<br \/>\nChi\u1ec1u d\u00e0i: 1 m\u00e9t<br \/>\nTr\u1ecdng l\u01b0\u1ee3ng: 520 gam<\/p>\n<p><a href=\"https:\/\/maybommini.com\/wp-content\/uploads\/2023\/01\/Dong-thanh-nguyen-chat-3x20mm-1-met.jpg\" target=\"_blank\" rel=\"noopener\"><img decoding=\"async\" class=\"size-full wp-image-272491 aligncenter\" src=\"https:\/\/maybommini.com\/wp-content\/uploads\/2023\/01\/Dong-thanh-nguyen-chat-3x20mm-1-met.jpg\" alt=\"Dong Thanh Nguyen Chat 3x20mm 1 Met\" width=\"750\" height=\"750\" srcset=\"https:\/\/maybommini.vn\/wp-content\/uploads\/2023\/01\/Dong-thanh-nguyen-chat-3x20mm-1-met.jpg 750w, https:\/\/maybommini.vn\/wp-content\/uploads\/2023\/01\/Dong-thanh-nguyen-chat-3x20mm-1-met-300x300.jpg 300w, https:\/\/maybommini.vn\/wp-content\/uploads\/2023\/01\/Dong-thanh-nguyen-chat-3x20mm-1-met-150x150.jpg 150w, https:\/\/maybommini.vn\/wp-content\/uploads\/2023\/01\/Dong-thanh-nguyen-chat-3x20mm-1-met-600x600.jpg 600w\" sizes=\"(max-width: 750px) 100vw, 750px\" \/><\/a><\/p>\n<p><strong>\u1ee8NG D\u1ee4NG \u0110\u1ed2NG THANH<\/strong><br \/>\n&#8211; S\u1eed d\u1ee5ng l\u00e0m bi\u1ebfn \u00e1p bi\u1ebfn th\u1ebf m\u00e1y h\u00e0n Cell.<br \/>\n&#8211; S\u1eed d\u1ee5ng l\u00e0m thanh c\u00e1i trong t\u1ee7 \u0111i\u1ec7n.<br \/>\n&#8211; S\u1eed d\u1ee5ng l\u00e0m nguy\u00ean v\u1eady li\u1ec7u ch\u1ebf t\u00e1c th\u1ee7 c\u00f4ng.<br \/>\n&#8211; S\u1eed d\u1ee5ng trong h\u1ec7 th\u1ed1ng truy\u1ec1n \u0111i\u1ec7n.<br \/>\n&#8211; S\u1eed d\u1ee5ng gh\u00e9p n\u1ed1i Cell pin.<br \/>\n&#8211; Thanh \u0111\u1ed3ng m\u00e1y h\u00e0n.<br \/>\n&#8211; Thanh \u0111\u1ed3ng m\u00e1y bi\u1ebfn \u00e1p.<br \/>\n&#8211; Thanh \u0111\u1ed3ng truy\u1ec1n \u0111i\u1ec7n, d\u1eabn \u0111i\u1ec7n.<br \/>\n&#8211; \u0110\u1ed3ng thanh ch\u1ebf t\u00e1c trang tr\u00ed th\u1ee7 c\u00f4ng m\u1ef9 ngh\u1ec7.<br \/>\n&#8211; V\u00e0 \u1ee9ng d\u1ee5ng trong nhi\u1ec1u l\u0129nh v\u1ee5c kh\u00e1c.<\/p>\n<p><a href=\"https:\/\/maybommini.com\/wp-content\/uploads\/2023\/01\/dong-thanh-nhieu-kich-thuoc.jpg\" target=\"_blank\" rel=\"noopener\"><img decoding=\"async\" class=\"size-full wp-image-272492 aligncenter\" src=\"https:\/\/maybommini.com\/wp-content\/uploads\/2023\/01\/dong-thanh-nhieu-kich-thuoc.jpg\" alt=\"Dong Thanh Nhieu Kich Thuoc\" width=\"750\" height=\"750\" srcset=\"https:\/\/maybommini.vn\/wp-content\/uploads\/2023\/01\/dong-thanh-nhieu-kich-thuoc.jpg 750w, https:\/\/maybommini.vn\/wp-content\/uploads\/2023\/01\/dong-thanh-nhieu-kich-thuoc-300x300.jpg 300w, https:\/\/maybommini.vn\/wp-content\/uploads\/2023\/01\/dong-thanh-nhieu-kich-thuoc-150x150.jpg 150w, https:\/\/maybommini.vn\/wp-content\/uploads\/2023\/01\/dong-thanh-nhieu-kich-thuoc-600x600.jpg 600w\" sizes=\"(max-width: 750px) 100vw, 750px\" \/><\/a><a href=\"https:\/\/maybommini.com\/wp-content\/uploads\/2023\/01\/ban-dong-thanh-quan-bien-the-han-cell-pin.jpg\" target=\"_blank\" rel=\"noopener\"><img decoding=\"async\" class=\"size-full wp-image-272494 aligncenter\" src=\"https:\/\/maybommini.com\/wp-content\/uploads\/2023\/01\/ban-dong-thanh-quan-bien-the-han-cell-pin.jpg\" alt=\"Ban Dong Thanh Quan Bien The Han Cell Pin\" width=\"750\" height=\"750\" srcset=\"https:\/\/maybommini.vn\/wp-content\/uploads\/2023\/01\/ban-dong-thanh-quan-bien-the-han-cell-pin.jpg 750w, https:\/\/maybommini.vn\/wp-content\/uploads\/2023\/01\/ban-dong-thanh-quan-bien-the-han-cell-pin-300x300.jpg 300w, https:\/\/maybommini.vn\/wp-content\/uploads\/2023\/01\/ban-dong-thanh-quan-bien-the-han-cell-pin-150x150.jpg 150w, https:\/\/maybommini.vn\/wp-content\/uploads\/2023\/01\/ban-dong-thanh-quan-bien-the-han-cell-pin-600x600.jpg 600w\" sizes=\"(max-width: 750px) 100vw, 750px\" \/><\/a><a href=\"https:\/\/maybommini.com\/wp-content\/uploads\/2023\/01\/Dong-thanh-nguyen-chat.jpg\" target=\"_blank\" rel=\"noopener\"><img decoding=\"async\" class=\"size-full wp-image-272490 aligncenter\" src=\"https:\/\/maybommini.com\/wp-content\/uploads\/2023\/01\/Dong-thanh-nguyen-chat.jpg\" alt=\"Dong Thanh Nguyen Chat\" width=\"750\" height=\"750\" srcset=\"https:\/\/maybommini.vn\/wp-content\/uploads\/2023\/01\/Dong-thanh-nguyen-chat.jpg 750w, https:\/\/maybommini.vn\/wp-content\/uploads\/2023\/01\/Dong-thanh-nguyen-chat-300x300.jpg 300w, https:\/\/maybommini.vn\/wp-content\/uploads\/2023\/01\/Dong-thanh-nguyen-chat-150x150.jpg 150w, https:\/\/maybommini.vn\/wp-content\/uploads\/2023\/01\/Dong-thanh-nguyen-chat-600x600.jpg 600w\" sizes=\"(max-width: 750px) 100vw, 750px\" \/><\/a><a href=\"https:\/\/maybommini.com\/wp-content\/uploads\/2023\/01\/dong-thanh-Busbar-chinh-hang.jpg\" target=\"_blank\" rel=\"noopener\"><img decoding=\"async\" class=\"size-full wp-image-272489 aligncenter\" src=\"https:\/\/maybommini.com\/wp-content\/uploads\/2023\/01\/dong-thanh-Busbar-chinh-hang.jpg\" alt=\"Dong Thanh Busbar Chinh Hang\" width=\"750\" height=\"750\" srcset=\"https:\/\/maybommini.vn\/wp-content\/uploads\/2023\/01\/dong-thanh-Busbar-chinh-hang.jpg 750w, https:\/\/maybommini.vn\/wp-content\/uploads\/2023\/01\/dong-thanh-Busbar-chinh-hang-300x300.jpg 300w, https:\/\/maybommini.vn\/wp-content\/uploads\/2023\/01\/dong-thanh-Busbar-chinh-hang-150x150.jpg 150w, https:\/\/maybommini.vn\/wp-content\/uploads\/2023\/01\/dong-thanh-Busbar-chinh-hang-600x600.jpg 600w\" sizes=\"(max-width: 750px) 100vw, 750px\" \/><\/a><a href=\"https:\/\/maybommini.com\/wp-content\/uploads\/2023\/01\/dong-thanh-bien-ap-han-cell-pin.jpg\" target=\"_blank\" rel=\"noopener\"><img decoding=\"async\" class=\"size-full wp-image-272488 aligncenter\" src=\"https:\/\/maybommini.com\/wp-content\/uploads\/2023\/01\/dong-thanh-bien-ap-han-cell-pin.jpg\" alt=\"Dong Thanh Bien Ap Han Cell Pin\" width=\"750\" height=\"750\" srcset=\"https:\/\/maybommini.vn\/wp-content\/uploads\/2023\/01\/dong-thanh-bien-ap-han-cell-pin.jpg 750w, https:\/\/maybommini.vn\/wp-content\/uploads\/2023\/01\/dong-thanh-bien-ap-han-cell-pin-300x300.jpg 300w, https:\/\/maybommini.vn\/wp-content\/uploads\/2023\/01\/dong-thanh-bien-ap-han-cell-pin-150x150.jpg 150w, https:\/\/maybommini.vn\/wp-content\/uploads\/2023\/01\/dong-thanh-bien-ap-han-cell-pin-600x600.jpg 600w\" sizes=\"(max-width: 750px) 100vw, 750px\" \/><\/a><a href=\"https:\/\/maybommini.com\/wp-content\/uploads\/2023\/01\/dong-nguyen-thanh-chinh-hang.jpg\" target=\"_blank\" rel=\"noopener\"><img decoding=\"async\" class=\"size-full wp-image-272487 aligncenter\" src=\"https:\/\/maybommini.com\/wp-content\/uploads\/2023\/01\/dong-nguyen-thanh-chinh-hang.jpg\" alt=\"Dong Nguyen Thanh Chinh Hang\" width=\"750\" height=\"750\" srcset=\"https:\/\/maybommini.vn\/wp-content\/uploads\/2023\/01\/dong-nguyen-thanh-chinh-hang.jpg 750w, https:\/\/maybommini.vn\/wp-content\/uploads\/2023\/01\/dong-nguyen-thanh-chinh-hang-300x300.jpg 300w, https:\/\/maybommini.vn\/wp-content\/uploads\/2023\/01\/dong-nguyen-thanh-chinh-hang-150x150.jpg 150w, https:\/\/maybommini.vn\/wp-content\/uploads\/2023\/01\/dong-nguyen-thanh-chinh-hang-600x600.jpg 600w\" sizes=\"(max-width: 750px) 100vw, 750px\" \/><\/a><a href=\"https:\/\/maybommini.com\/wp-content\/uploads\/2023\/01\/chuyen-cung-cap-phan-phoi-dong-thanh.jpg\" target=\"_blank\" rel=\"noopener\"><img decoding=\"async\" class=\"size-full wp-image-272486 aligncenter\" src=\"https:\/\/maybommini.com\/wp-content\/uploads\/2023\/01\/chuyen-cung-cap-phan-phoi-dong-thanh.jpg\" alt=\"Chuyen Cung Cap Phan Phoi Dong Thanh\" width=\"750\" height=\"750\" srcset=\"https:\/\/maybommini.vn\/wp-content\/uploads\/2023\/01\/chuyen-cung-cap-phan-phoi-dong-thanh.jpg 750w, https:\/\/maybommini.vn\/wp-content\/uploads\/2023\/01\/chuyen-cung-cap-phan-phoi-dong-thanh-300x300.jpg 300w, https:\/\/maybommini.vn\/wp-content\/uploads\/2023\/01\/chuyen-cung-cap-phan-phoi-dong-thanh-150x150.jpg 150w, https:\/\/maybommini.vn\/wp-content\/uploads\/2023\/01\/chuyen-cung-cap-phan-phoi-dong-thanh-600x600.jpg 600w\" sizes=\"(max-width: 750px) 100vw, 750px\" \/><\/a><\/p>\n<p style=\"text-align: center;\"><strong>Chuy\u00ean cung c\u1ea5p <a title=\"\u0111\u1ed3ng thanh\" href=\"https:\/\/maybommini.com\/danh-muc\/thiet-bi-dung-cu\/dong-thanh\" target=\"_blank\" rel=\"noopener\">\u0111\u1ed3ng thanh<\/a>, d\u00e2y \u0111i\u1ec7n, bi\u1ebfn \u00e1p, bi\u1ebfn th\u1ebf, m\u00e1y h\u00e0n cell pin v\u00e0 linh ph\u1ee5 ki\u1ec7n h\u00e0n cell gi\u00e1 t\u1ed1t ch\u1ea5t l\u01b0\u1ee3ng.<\/strong><\/p>\n<p style=\"text-align: center;\"><strong>\u0110\u1ed3ng thanh 3x20mm 1 m\u00e9t Busbar Malaysia<\/strong><br \/>\n<a href=\"https:\/\/maybommini.com\/san-pham\/dong-thanh-3x20mm-1-5-met-busbar-malaysia\" target=\"_blank\" rel=\"noopener\"><strong>\u0110\u1ed3ng thanh 3x20mm 1.5 m\u00e9t Busbar Malaysia<\/strong><\/a><br \/>\n<a href=\"https:\/\/maybommini.com\/san-pham\/dong-thanh-3x20mm-2-met-busbar-malaysia\" target=\"_blank\" rel=\"noopener\"><strong>\u0110\u1ed3ng thanh 3x20mm 2.0 m\u00e9t Busbar Malaysia<\/strong><\/a><br \/>\n<a href=\"https:\/\/maybommini.com\/san-pham\/dong-thanh-3x20mm-3-met-busbar-malaysia\" target=\"_blank\" rel=\"noopener\"><strong>\u0110\u1ed3ng thanh 3x20mm 3.0 m\u00e9t Busbar Malaysia<\/strong><\/a><br \/>\n<a href=\"https:\/\/maybommini.com\/san-pham\/dong-thanh-3x20mm-4-met-busbar-malaysia\" target=\"_blank\" rel=\"noopener\"><strong>\u0110\u1ed3ng thanh 3x20mm 4.0 m\u00e9t Busbar Malaysia<\/strong><\/a><\/p>\n<p><strong><a class=\"swipebox\" title=\"\" href=\"https:\/\/maybommini.com\/wp-content\/uploads\/2023\/08\/Dong-thanh-nguyen-chat-320mm-1000mm.jpg\" data-rel=\"lightbox-image-9\" data-rl_title=\"\" data-rl_caption=\"\" data-rl_ target=\"_blank\" rel=\"noopener\"><img decoding=\"async\" class=\"size-full wp-image-274605 aligncenter lazyloaded\" src=\"https:\/\/maybommini.com\/wp-content\/uploads\/2023\/08\/Dong-thanh-nguyen-chat-320mm-1000mm.jpg\" sizes=\"(max-width: 750px) 100vw, 750px\" srcset=\"https:\/\/maybommini.com\/wp-content\/uploads\/2023\/08\/Dong-thanh-nguyen-chat-320mm-1000mm.jpg 750w, https:\/\/maybommini.com\/wp-content\/uploads\/2023\/08\/Dong-thanh-nguyen-chat-320mm-1000mm-300x300.jpg 300w, https:\/\/maybommini.com\/wp-content\/uploads\/2023\/08\/Dong-thanh-nguyen-chat-320mm-1000mm-150x150.jpg 150w, https:\/\/maybommini.com\/wp-content\/uploads\/2023\/08\/Dong-thanh-nguyen-chat-320mm-1000mm-600x600.jpg 600w\" alt=\"Dong Thanh Nguyen Chat 320mm 1000mm\" width=\"750\" height=\"750\" data-lazy-srcset=\"https:\/\/maybommini.com\/wp-content\/uploads\/2023\/08\/Dong-thanh-nguyen-chat-320mm-1000mm.jpg 750w, https:\/\/maybommini.com\/wp-content\/uploads\/2023\/08\/Dong-thanh-nguyen-chat-320mm-1000mm-300x300.jpg 300w, https:\/\/maybommini.com\/wp-content\/uploads\/2023\/08\/Dong-thanh-nguyen-chat-320mm-1000mm-150x150.jpg 150w, https:\/\/maybommini.com\/wp-content\/uploads\/2023\/08\/Dong-thanh-nguyen-chat-320mm-1000mm-600x600.jpg 600w\" data-lazy-sizes=\"(max-width: 750px) 100vw, 750px\" data-lazy-src=\"https:\/\/maybommini.com\/wp-content\/uploads\/2023\/08\/Dong-thanh-nguyen-chat-320mm-1000mm.jpg\" data-was-processed=\"true\" \/><\/a><a class=\"swipebox\" title=\"\" href=\"https:\/\/maybommini.com\/wp-content\/uploads\/2023\/08\/Dong-thanh-nguyen-chat-320mm-1500mm.jpg\" data-rel=\"lightbox-image-0\" data-rl_title=\"\" data-rl_caption=\"\" data-rl_ target=\"_blank\" rel=\"noopener\"><img decoding=\"async\" class=\"size-full wp-image-274606 aligncenter lazyloaded\" src=\"https:\/\/maybommini.com\/wp-content\/uploads\/2023\/08\/Dong-thanh-nguyen-chat-320mm-1500mm.jpg\" sizes=\"(max-width: 750px) 100vw, 750px\" srcset=\"https:\/\/maybommini.com\/wp-content\/uploads\/2023\/08\/Dong-thanh-nguyen-chat-320mm-1500mm.jpg 750w, https:\/\/maybommini.com\/wp-content\/uploads\/2023\/08\/Dong-thanh-nguyen-chat-320mm-1500mm-300x300.jpg 300w, https:\/\/maybommini.com\/wp-content\/uploads\/2023\/08\/Dong-thanh-nguyen-chat-320mm-1500mm-150x150.jpg 150w, https:\/\/maybommini.com\/wp-content\/uploads\/2023\/08\/Dong-thanh-nguyen-chat-320mm-1500mm-600x600.jpg 600w\" alt=\"Dong Thanh Nguyen Chat 320mm 1500mm\" width=\"750\" height=\"750\" data-lazy-srcset=\"https:\/\/maybommini.com\/wp-content\/uploads\/2023\/08\/Dong-thanh-nguyen-chat-320mm-1500mm.jpg 750w, https:\/\/maybommini.com\/wp-content\/uploads\/2023\/08\/Dong-thanh-nguyen-chat-320mm-1500mm-300x300.jpg 300w, https:\/\/maybommini.com\/wp-content\/uploads\/2023\/08\/Dong-thanh-nguyen-chat-320mm-1500mm-150x150.jpg 150w, https:\/\/maybommini.com\/wp-content\/uploads\/2023\/08\/Dong-thanh-nguyen-chat-320mm-1500mm-600x600.jpg 600w\" data-lazy-sizes=\"(max-width: 750px) 100vw, 750px\" data-lazy-src=\"https:\/\/maybommini.com\/wp-content\/uploads\/2023\/08\/Dong-thanh-nguyen-chat-320mm-1500mm.jpg\" data-was-processed=\"true\" \/><\/a><a class=\"swipebox\" title=\"\" href=\"https:\/\/maybommini.com\/wp-content\/uploads\/2023\/08\/Dong-thanh-nguyen-chat-320mm-2m.jpg\" data-rel=\"lightbox-image-11\" data-rl_title=\"\" data-rl_caption=\"\" data-rl_ target=\"_blank\" rel=\"noopener\"><img decoding=\"async\" class=\"size-full wp-image-274607 aligncenter lazyloaded\" src=\"https:\/\/maybommini.com\/wp-content\/uploads\/2023\/08\/Dong-thanh-nguyen-chat-320mm-2m.jpg\" sizes=\"(max-width: 750px) 100vw, 750px\" srcset=\"https:\/\/maybommini.com\/wp-content\/uploads\/2023\/08\/Dong-thanh-nguyen-chat-320mm-2m.jpg 750w, https:\/\/maybommini.com\/wp-content\/uploads\/2023\/08\/Dong-thanh-nguyen-chat-320mm-2m-300x300.jpg 300w, https:\/\/maybommini.com\/wp-content\/uploads\/2023\/08\/Dong-thanh-nguyen-chat-320mm-2m-150x150.jpg 150w, https:\/\/maybommini.com\/wp-content\/uploads\/2023\/08\/Dong-thanh-nguyen-chat-320mm-2m-600x600.jpg 600w\" alt=\"Dong Thanh Nguyen Chat 320mm 2m\" width=\"750\" height=\"750\" data-lazy-srcset=\"https:\/\/maybommini.com\/wp-content\/uploads\/2023\/08\/Dong-thanh-nguyen-chat-320mm-2m.jpg 750w, https:\/\/maybommini.com\/wp-content\/uploads\/2023\/08\/Dong-thanh-nguyen-chat-320mm-2m-300x300.jpg 300w, https:\/\/maybommini.com\/wp-content\/uploads\/2023\/08\/Dong-thanh-nguyen-chat-320mm-2m-150x150.jpg 150w, https:\/\/maybommini.com\/wp-content\/uploads\/2023\/08\/Dong-thanh-nguyen-chat-320mm-2m-600x600.jpg 600w\" data-lazy-sizes=\"(max-width: 750px) 100vw, 750px\" data-lazy-src=\"https:\/\/maybommini.com\/wp-content\/uploads\/2023\/08\/Dong-thanh-nguyen-chat-320mm-2m.jpg\" data-was-processed=\"true\" \/><\/a><a class=\"swipebox\" title=\"\" href=\"https:\/\/maybommini.com\/wp-content\/uploads\/2023\/08\/Dong-thanh-nguyen-chat-320mm-3m.jpg\" data-rel=\"lightbox-image-12\" data-rl_title=\"\" data-rl_caption=\"\" data-rl_ target=\"_blank\" rel=\"noopener\"><img decoding=\"async\" class=\"size-full wp-image-274608 aligncenter lazyloaded\" src=\"https:\/\/maybommini.com\/wp-content\/uploads\/2023\/08\/Dong-thanh-nguyen-chat-320mm-3m.jpg\" sizes=\"(max-width: 750px) 100vw, 750px\" srcset=\"https:\/\/maybommini.com\/wp-content\/uploads\/2023\/08\/Dong-thanh-nguyen-chat-320mm-3m.jpg 750w, https:\/\/maybommini.com\/wp-content\/uploads\/2023\/08\/Dong-thanh-nguyen-chat-320mm-3m-300x300.jpg 300w, https:\/\/maybommini.com\/wp-content\/uploads\/2023\/08\/Dong-thanh-nguyen-chat-320mm-3m-150x150.jpg 150w, https:\/\/maybommini.com\/wp-content\/uploads\/2023\/08\/Dong-thanh-nguyen-chat-320mm-3m-600x600.jpg 600w\" alt=\"Dong Thanh Nguyen Chat 320mm 3m\" width=\"750\" height=\"750\" data-lazy-srcset=\"https:\/\/maybommini.com\/wp-content\/uploads\/2023\/08\/Dong-thanh-nguyen-chat-320mm-3m.jpg 750w, https:\/\/maybommini.com\/wp-content\/uploads\/2023\/08\/Dong-thanh-nguyen-chat-320mm-3m-300x300.jpg 300w, https:\/\/maybommini.com\/wp-content\/uploads\/2023\/08\/Dong-thanh-nguyen-chat-320mm-3m-150x150.jpg 150w, https:\/\/maybommini.com\/wp-content\/uploads\/2023\/08\/Dong-thanh-nguyen-chat-320mm-3m-600x600.jpg 600w\" data-lazy-sizes=\"(max-width: 750px) 100vw, 750px\" data-lazy-src=\"https:\/\/maybommini.com\/wp-content\/uploads\/2023\/08\/Dong-thanh-nguyen-chat-320mm-3m.jpg\" data-was-processed=\"true\" \/><\/a><a class=\"swipebox\" title=\"\" href=\"https:\/\/maybommini.com\/wp-content\/uploads\/2023\/08\/Dong-thanh-nguyen-chat-320mm-4m.jpg\" data-rel=\"lightbox-image-13\" data-rl_title=\"\" data-rl_caption=\"\" data-rl_ target=\"_blank\" rel=\"noopener\"><img decoding=\"async\" class=\"size-full wp-image-274609 aligncenter lazyloaded\" src=\"https:\/\/maybommini.com\/wp-content\/uploads\/2023\/08\/Dong-thanh-nguyen-chat-320mm-4m.jpg\" sizes=\"(max-width: 750px) 100vw, 750px\" srcset=\"https:\/\/maybommini.com\/wp-content\/uploads\/2023\/08\/Dong-thanh-nguyen-chat-320mm-4m.jpg 750w, https:\/\/maybommini.com\/wp-content\/uploads\/2023\/08\/Dong-thanh-nguyen-chat-320mm-4m-300x300.jpg 300w, https:\/\/maybommini.com\/wp-content\/uploads\/2023\/08\/Dong-thanh-nguyen-chat-320mm-4m-150x150.jpg 150w, https:\/\/maybommini.com\/wp-content\/uploads\/2023\/08\/Dong-thanh-nguyen-chat-320mm-4m-600x600.jpg 600w\" alt=\"Dong Thanh Nguyen Chat 320mm 4m\" width=\"750\" height=\"750\" data-lazy-srcset=\"https:\/\/maybommini.com\/wp-content\/uploads\/2023\/08\/Dong-thanh-nguyen-chat-320mm-4m.jpg 750w, https:\/\/maybommini.com\/wp-content\/uploads\/2023\/08\/Dong-thanh-nguyen-chat-320mm-4m-300x300.jpg 300w, https:\/\/maybommini.com\/wp-content\/uploads\/2023\/08\/Dong-thanh-nguyen-chat-320mm-4m-150x150.jpg 150w, https:\/\/maybommini.com\/wp-content\/uploads\/2023\/08\/Dong-thanh-nguyen-chat-320mm-4m-600x600.jpg 600w\" data-lazy-sizes=\"(max-width: 750px) 100vw, 750px\" data-lazy-src=\"https:\/\/maybommini.com\/wp-content\/uploads\/2023\/08\/Dong-thanh-nguyen-chat-320mm-4m.jpg\" data-was-processed=\"true\" \/><\/a><\/strong><\/p>\n<p><strong>CTY TNHH TH\u01af\u01a0NG M\u1ea0I D\u1ecaCH V\u1ee4 \u0110I\u1ec6N M\u00c1Y TH\u00d4NG MINH<\/strong><br \/>\n<strong>Hotline:<\/strong>\u00a0<a href=\"tel:02873030399\">02873030399<\/a>\u00a0\u2013\u00a0<a href=\"tel:0907294310\">0907294310<\/a>\u00a0\u2013\u00a0<a href=\"tel:0908997823\">0908997823<\/a>\u00a0\u2013\u00a0<a href=\"tel:0908997872\">0908997872<\/a><br \/>\n<strong>Email:<\/strong>\u00a0maybommini.com@gmail.com<br \/>\n<strong>Website:<\/strong>\u00a0<a href=\"https:\/\/maybommini.com\/\" target=\"_blank\" rel=\"noopener\">https:\/\/maybommini.com<\/a><br \/>\n<strong>Youtube demo:<\/strong>\u00a0<a title=\"Youtube M\u00e1y B\u01a1m Mini\" href=\"https:\/\/www.youtube.com\/bahamasali\" target=\"_blank\" rel=\"noopener\">M\u00e1y B\u01a1m Mini<\/a><\/p>\n<p><a class=\"swipebox\" title=\"\" href=\"https:\/\/maybommini.com\/wp-content\/uploads\/2022\/07\/thong-tin-lien-he-may-bom-mini.jpg\" data-rel=\"lightbox-image-bGlnaHRib3gtaW1hZ2UtMTU=\" data-rl_title=\"\" data-rl_caption=\"\" data-rl_ target=\"_blank\" rel=\"noopener\"><img decoding=\"async\" class=\"size-full wp-image-270584 aligncenter lazyloaded\" src=\"https:\/\/maybommini.com\/wp-content\/uploads\/2022\/07\/thong-tin-lien-he-may-bom-mini.jpg\" sizes=\"(max-width: 750px) 100vw, 750px\" srcset=\"https:\/\/maybommini.com\/wp-content\/uploads\/2022\/07\/thong-tin-lien-he-may-bom-mini.jpg 750w, https:\/\/maybommini.com\/wp-content\/uploads\/2022\/07\/thong-tin-lien-he-may-bom-mini-300x202.jpg 300w, https:\/\/maybommini.com\/wp-content\/uploads\/2022\/07\/thong-tin-lien-he-may-bom-mini-600x405.jpg 600w\" alt=\"Thong Tin Lien He May Bom Mini\" width=\"750\" height=\"506\" data-lazy-srcset=\"https:\/\/maybommini.com\/wp-content\/uploads\/2022\/07\/thong-tin-lien-he-may-bom-mini.jpg 750w, https:\/\/maybommini.com\/wp-content\/uploads\/2022\/07\/thong-tin-lien-he-may-bom-mini-300x202.jpg 300w, https:\/\/maybommini.com\/wp-content\/uploads\/2022\/07\/thong-tin-lien-he-may-bom-mini-600x405.jpg 600w\" data-lazy-sizes=\"(max-width: 750px) 100vw, 750px\" data-lazy-src=\"https:\/\/maybommini.com\/wp-content\/uploads\/2022\/07\/thong-tin-lien-he-may-bom-mini.jpg\" data-was-processed=\"true\" \/><\/a><\/p>\n","protected":false},"excerpt":{"rendered":"<p>Th\u01b0\u01a1ng hi\u1ec7u:Busbar<br \/>\nXu\u1ea5t s\u1ee9: Malaysia<br \/>\nCh\u1ea5t li\u1ec7u: \u0110\u1ed3ng nguy\u00ean ch\u1ea5t<br \/>\nKi\u1ec3u d\u00e1ng: thanh d\u00e0i<br \/>\n\u0110\u1ed9 d\u00e0y: 3 mm<br \/>\nChi\u1ec1u ngang: 20 mm<br \/>\nChi\u1ec1u d\u00e0i: 1 m\u00e9t<br \/>\nTr\u1ecdng l\u01b0\u1ee3ng: 520 gam<\/p>\n","protected":false},"featured_media":274605,"comment_status":"open","ping_status":"closed","template":"","meta":[],"product_brand":[],"product_cat":[4320],"product_tag":[3983,3982,3981,3979,3980,3977,3978],"class_list":{"0":"post-272485","1":"product","2":"type-product","3":"status-publish","4":"has-post-thumbnail","6":"product_cat-dong-thanh","7":"product_tag-3x20mm","8":"product_tag-busbar","9":"product_tag-day-dong","10":"product_tag-dong","11":"product_tag-dong-quan-bien-ap","12":"product_tag-dong-thanh","13":"product_tag-thanh-dong","15":"first","16":"instock","17":"sale","18":"shipping-taxable","19":"purchasable","20":"product-type-simple"},"_links":{"self":[{"href":"https:\/\/maybommini.vn\/index.php?rest_route=\/wp\/v2\/product\/272485","targetHints":{"allow":["GET"]}}],"collection":[{"href":"https:\/\/maybommini.vn\/index.php?rest_route=\/wp\/v2\/product"}],"about":[{"href":"https:\/\/maybommini.vn\/index.php?rest_route=\/wp\/v2\/types\/product"}],"replies":[{"embeddable":true,"href":"https:\/\/maybommini.vn\/index.php?rest_route=%2Fwp%2Fv2%2Fcomments&post=272485"}],"wp:featuredmedia":[{"embeddable":true,"href":"https:\/\/maybommini.vn\/index.php?rest_route=\/wp\/v2\/media\/274605"}],"wp:attachment":[{"href":"https:\/\/maybommini.vn\/index.php?rest_route=%2Fwp%2Fv2%2Fmedia&parent=272485"}],"wp:term":[{"taxonomy":"product_brand","embeddable":true,"href":"https:\/\/maybommini.vn\/index.php?rest_route=%2Fwp%2Fv2%2Fproduct_brand&post=272485"},{"taxonomy":"product_cat","embeddable":true,"href":"https:\/\/maybommini.vn\/index.php?rest_route=%2Fwp%2Fv2%2Fproduct_cat&post=272485"},{"taxonomy":"product_tag","embeddable":true,"href":"https:\/\/maybommini.vn\/index.php?rest_route=%2Fwp%2Fv2%2Fproduct_tag&post=272485"}],"curies":[{"name":"wp","href":"https:\/\/api.w.org\/{rel}","templated":true}]}}