{"id":272525,"date":"2023-02-08T23:42:33","date_gmt":"2023-02-08T16:42:33","guid":{"rendered":"https:\/\/maybommini.com\/?post_type=product&#038;p=272525"},"modified":"2023-08-17T14:12:41","modified_gmt":"2023-08-17T07:12:41","slug":"tu-dien-nhua-ngoai-troi-chong-nuoc-315x230x175-mm","status":"publish","type":"product","link":"https:\/\/maybommini.vn\/?product=tu-dien-nhua-ngoai-troi-chong-nuoc-315x230x175-mm","title":{"rendered":"T\u1ee7 \u0111i\u1ec7n k\u1ef9 thu\u1eadt nh\u1ef1a ngo\u00e0i tr\u1eddi ch\u1ed1ng n\u01b0\u1edbc 200x300x160 mm"},"content":{"rendered":"<h3>T\u1ee7 \u0111i\u1ec7n k\u1ef9 thu\u1eadt nh\u1ef1a ngo\u00e0i tr\u1eddi ch\u1ed1ng n\u01b0\u1edbc 200x300x160 mm ch\u00ednh h\u00e3ng gi\u00e1 t\u1ed1t ph\u00f9 h\u1ee3p cho c\u00e1c thi\u1ebft b\u1ecb \u0111i\u1ec7n. \u0110\u01b0\u1ee3c thi\u1ebft k\u1ebf nh\u1ef1a cao c\u1ea5p c\u00f3 ron ch\u1ed1ng n\u01b0\u1edbc \u0111\u01b0\u1ee3c s\u1ea3n xu\u1ea5t Vi\u1ec7t Nam.<\/h3>\n<p><strong><a href=\"https:\/\/maybommini.com\/wp-content\/uploads\/2023\/02\/ban-tu-dien-chong-nuoc-ngoai-troi-chinh-hang-Khanh-Long.jpg\" target=\"_blank\" rel=\"noopener\"><img decoding=\"async\" class=\"size-full wp-image-274555 aligncenter\" src=\"https:\/\/maybommini.com\/wp-content\/uploads\/2023\/02\/ban-tu-dien-chong-nuoc-ngoai-troi-chinh-hang-Khanh-Long.jpg\" alt=\"Ban Tu Dien Chong Nuoc Ngoai Troi Chinh Hang Khanh Long\" width=\"750\" height=\"750\" srcset=\"https:\/\/maybommini.vn\/wp-content\/uploads\/2023\/02\/ban-tu-dien-chong-nuoc-ngoai-troi-chinh-hang-Khanh-Long.jpg 750w, https:\/\/maybommini.vn\/wp-content\/uploads\/2023\/02\/ban-tu-dien-chong-nuoc-ngoai-troi-chinh-hang-Khanh-Long-300x300.jpg 300w, https:\/\/maybommini.vn\/wp-content\/uploads\/2023\/02\/ban-tu-dien-chong-nuoc-ngoai-troi-chinh-hang-Khanh-Long-150x150.jpg 150w, https:\/\/maybommini.vn\/wp-content\/uploads\/2023\/02\/ban-tu-dien-chong-nuoc-ngoai-troi-chinh-hang-Khanh-Long-600x600.jpg 600w\" sizes=\"(max-width: 750px) 100vw, 750px\" \/><\/a>TH\u00d4NG S\u1ed0 K\u1ef8 THU\u1eacT<\/strong><br \/>\nTh\u01b0\u01a1ng Hi\u1ec7u: Khanh Long<br \/>\nModel: KQX-200-300-160<br \/>\nCh\u1ea5t li\u1ec7u: Nh\u1ef1a ABS<br \/>\nKh\u00f3a g\u00e0i ti\u1ec7n l\u1ee3i.<br \/>\nRong ch\u1ed1ng n\u01b0\u1edbc v\u00e0 b\u1ee5i.<br \/>\nM\u00e0u s\u1eafc: Tr\u1eafng<br \/>\nK\u00edch th\u01b0\u1edbc c\u1ea3 th\u00f9ng gi\u1ea5y: 315 x 230 x 175 mm<br \/>\nK\u00edch th\u01b0\u1edbc: 200x300x160 mm<br \/>\nTr\u1ecdng l\u01b0\u1ee3ng: 1300 gam<\/p>\n<p><strong><a href=\"https:\/\/maybommini.com\/wp-content\/uploads\/2023\/02\/ban-tu-dien-cao-cap-chong-nuoc-Khanh-Long.jpg\" target=\"_blank\" rel=\"noopener\"><img decoding=\"async\" class=\"size-full wp-image-274554 aligncenter\" src=\"https:\/\/maybommini.com\/wp-content\/uploads\/2023\/02\/ban-tu-dien-cao-cap-chong-nuoc-Khanh-Long.jpg\" alt=\"Ban Tu Dien Cao Cap Chong Nuoc Khanh Long\" width=\"750\" height=\"750\" srcset=\"https:\/\/maybommini.vn\/wp-content\/uploads\/2023\/02\/ban-tu-dien-cao-cap-chong-nuoc-Khanh-Long.jpg 750w, https:\/\/maybommini.vn\/wp-content\/uploads\/2023\/02\/ban-tu-dien-cao-cap-chong-nuoc-Khanh-Long-300x300.jpg 300w, https:\/\/maybommini.vn\/wp-content\/uploads\/2023\/02\/ban-tu-dien-cao-cap-chong-nuoc-Khanh-Long-150x150.jpg 150w, https:\/\/maybommini.vn\/wp-content\/uploads\/2023\/02\/ban-tu-dien-cao-cap-chong-nuoc-Khanh-Long-600x600.jpg 600w\" sizes=\"(max-width: 750px) 100vw, 750px\" \/><\/a><a href=\"https:\/\/maybommini.com\/wp-content\/uploads\/2023\/02\/tu-dien-nhua-chong-nuoc-Khanh-Long-315x230-x175mm-cao-ap.jpg\" target=\"_blank\" rel=\"noopener\"><img decoding=\"async\" class=\"size-full wp-image-274553 aligncenter\" src=\"https:\/\/maybommini.com\/wp-content\/uploads\/2023\/02\/tu-dien-nhua-chong-nuoc-Khanh-Long-315x230-x175mm-cao-ap.jpg\" alt=\"Tu Dien Nhua Chong Nuoc Khanh Long 315x230 X175mm Cao Ap\" width=\"750\" height=\"750\" srcset=\"https:\/\/maybommini.vn\/wp-content\/uploads\/2023\/02\/tu-dien-nhua-chong-nuoc-Khanh-Long-315x230-x175mm-cao-ap.jpg 750w, https:\/\/maybommini.vn\/wp-content\/uploads\/2023\/02\/tu-dien-nhua-chong-nuoc-Khanh-Long-315x230-x175mm-cao-ap-300x300.jpg 300w, https:\/\/maybommini.vn\/wp-content\/uploads\/2023\/02\/tu-dien-nhua-chong-nuoc-Khanh-Long-315x230-x175mm-cao-ap-150x150.jpg 150w, https:\/\/maybommini.vn\/wp-content\/uploads\/2023\/02\/tu-dien-nhua-chong-nuoc-Khanh-Long-315x230-x175mm-cao-ap-600x600.jpg 600w\" sizes=\"(max-width: 750px) 100vw, 750px\" \/><\/a><a href=\"https:\/\/maybommini.com\/wp-content\/uploads\/2023\/02\/tu-dien-ngoai-troi-chong-nuoc-Khanh-Long-gia-re.jpg\" target=\"_blank\" rel=\"noopener\"><img decoding=\"async\" class=\"size-full wp-image-274552 aligncenter\" src=\"https:\/\/maybommini.com\/wp-content\/uploads\/2023\/02\/tu-dien-ngoai-troi-chong-nuoc-Khanh-Long-gia-re.jpg\" alt=\"Tu Dien Ngoai Troi Chong Nuoc Khanh Long Gia Re\" width=\"750\" height=\"750\" srcset=\"https:\/\/maybommini.vn\/wp-content\/uploads\/2023\/02\/tu-dien-ngoai-troi-chong-nuoc-Khanh-Long-gia-re.jpg 750w, https:\/\/maybommini.vn\/wp-content\/uploads\/2023\/02\/tu-dien-ngoai-troi-chong-nuoc-Khanh-Long-gia-re-300x300.jpg 300w, https:\/\/maybommini.vn\/wp-content\/uploads\/2023\/02\/tu-dien-ngoai-troi-chong-nuoc-Khanh-Long-gia-re-150x150.jpg 150w, https:\/\/maybommini.vn\/wp-content\/uploads\/2023\/02\/tu-dien-ngoai-troi-chong-nuoc-Khanh-Long-gia-re-600x600.jpg 600w\" sizes=\"(max-width: 750px) 100vw, 750px\" \/><\/a><a href=\"https:\/\/maybommini.com\/wp-content\/uploads\/2023\/02\/Tu-dien-chong-nuoc-315x230x175-Khanh-Long.jpg\" target=\"_blank\" rel=\"noopener\"><img decoding=\"async\" class=\"size-full wp-image-274556 aligncenter\" src=\"https:\/\/maybommini.com\/wp-content\/uploads\/2023\/02\/Tu-dien-chong-nuoc-315x230x175-Khanh-Long.jpg\" alt=\"Tu Dien Chong Nuoc 315x230x175 Khanh Long\" width=\"750\" height=\"750\" srcset=\"https:\/\/maybommini.vn\/wp-content\/uploads\/2023\/02\/Tu-dien-chong-nuoc-315x230x175-Khanh-Long.jpg 750w, https:\/\/maybommini.vn\/wp-content\/uploads\/2023\/02\/Tu-dien-chong-nuoc-315x230x175-Khanh-Long-300x300.jpg 300w, https:\/\/maybommini.vn\/wp-content\/uploads\/2023\/02\/Tu-dien-chong-nuoc-315x230x175-Khanh-Long-150x150.jpg 150w, https:\/\/maybommini.vn\/wp-content\/uploads\/2023\/02\/Tu-dien-chong-nuoc-315x230x175-Khanh-Long-600x600.jpg 600w\" sizes=\"(max-width: 750px) 100vw, 750px\" \/><\/a>\u1ee8NG D\u1ee4NG S\u1eec D\u1ee4NG T\u1ee6 \u0110I\u1ec6N<\/strong><br \/>\n&#8211; Thi\u1ebft b\u1ecb t\u1ee7 \u0111i\u1ec7n c\u00e1i trong gia \u0111\u00ecnh.<br \/>\n&#8211; T\u1ee7 \u0111i\u1ec7n m\u00e1y m\u00f3c, thi\u1ebft b\u1ecb.<br \/>\n&#8211; T\u1ee7 \u0111i\u1ec7n ch\u1ed1ng n\u01b0\u1edbc ngo\u00e0i tr\u1eddi.<br \/>\n&#8211; T\u1ee7 \u0111i\u1ec7n cho c\u1ea7u giao ho\u1eb7c CB.<br \/>\n&#8211; T\u1ee7 \u0111i\u1ec7n c\u00f4ng nghi\u1ec7p.<br \/>\n&#8211; T\u1ee7 \u0111i\u1ec7n c\u00e1i cho thi\u1ebft b\u1ecb \u0111i\u1ec7n gia \u0111\u00ecnh.<br \/>\n&#8211; Box thi\u1ebft b\u1ecb \u0111i\u1ec7n.<br \/>\n&#8211; V\u00e0 \u1ee9ng d\u1ee5ng t\u1ee7 \u0111i\u1ec7n cho nhi\u1ec1u l\u0129nh v\u1ef1c kh\u00e1c.<\/p>\n<p style=\"text-align: center;\"><strong><a href=\"https:\/\/maybommini.com\/wp-content\/uploads\/2023\/02\/Tu-dien-chong-nuoc-315x230x175-Khanh-Long-1.jpg\" target=\"_blank\" rel=\"noopener\"><img decoding=\"async\" class=\"size-full wp-image-274557 aligncenter\" src=\"https:\/\/maybommini.com\/wp-content\/uploads\/2023\/02\/Tu-dien-chong-nuoc-315x230x175-Khanh-Long-1.jpg\" alt=\"Tu Dien Chong Nuoc 315x230x175 Khanh Long\" width=\"750\" height=\"750\" srcset=\"https:\/\/maybommini.vn\/wp-content\/uploads\/2023\/02\/Tu-dien-chong-nuoc-315x230x175-Khanh-Long-1.jpg 750w, https:\/\/maybommini.vn\/wp-content\/uploads\/2023\/02\/Tu-dien-chong-nuoc-315x230x175-Khanh-Long-1-300x300.jpg 300w, https:\/\/maybommini.vn\/wp-content\/uploads\/2023\/02\/Tu-dien-chong-nuoc-315x230x175-Khanh-Long-1-150x150.jpg 150w, https:\/\/maybommini.vn\/wp-content\/uploads\/2023\/02\/Tu-dien-chong-nuoc-315x230x175-Khanh-Long-1-600x600.jpg 600w\" sizes=\"(max-width: 750px) 100vw, 750px\" \/><\/a>T\u1ee7 \u0111i\u1ec7n k\u1ef9 thu\u1eadt nh\u1ef1a ngo\u00e0i tr\u1eddi ch\u1ed1ng n\u01b0\u1edbc 210x300x175 mm<br \/>\nT\u1ee7 \u0111i\u1ec7n nh\u1ef1a ngo\u00e0i tr\u1eddi ch\u1ed1ng n\u01b0\u1edbc<br \/>\nENCLOSURE BOX &#8211; KHANH LONG<\/strong><\/p>\n<p><strong>Chuy\u00ean cung c\u1ea5p thi\u1ebft b\u1ecb \u0111i\u1ec7n, ph\u1ee5 ki\u1ec7n \u0111i\u1ec7n gia d\u1ee5ng, t\u1ee7 \u0111i\u1ec7n, thi\u1ebft b\u1ecb c\u1ea7m tay, m\u00e1y qu\u1ea1t pin, qu\u1ea1t th\u1ed5i l\u1eeda c\u1ea7m tay, m\u00e1y b\u1eafn v\u00edt, m\u00e1y khoan. \u0111\u00e8n led v\u00e0 nhi\u1ec1u thi\u1ebft b\u1ecb kh\u00e1c gi\u00e1 t\u1ed1t ch\u00ednh h\u00e3ng b\u1ea3o h\u00e0nh l\u00e2u d\u00e0i.<br \/>\n<\/strong><strong>CTY TNHH TH\u01af\u01a0NG M\u1ea0I D\u1ecaCH V\u1ee4 \u0110I\u1ec6N M\u00c1Y TH\u00d4NG MINH<\/strong><br \/>\n<strong>Hotline:<\/strong>\u00a0<a href=\"tel:02873030399\">02873030399<\/a>\u00a0\u2013\u00a0<a href=\"tel:0907294310\">0907294310<\/a>\u00a0\u2013\u00a0<a href=\"tel:0908997823\">0908997823<\/a>\u00a0\u2013\u00a0<a href=\"tel:0908997872\">0908997872<\/a><br \/>\n<strong>Email:<\/strong>\u00a0maybommini.com@gmail.com<br \/>\n<strong>Website:<\/strong>\u00a0<a href=\"https:\/\/maybommini.com\/\" target=\"_blank\" rel=\"noopener\">https:\/\/maybommini.com<\/a><br \/>\n<strong>Youtube demo:<\/strong>\u00a0<a title=\"Youtube M\u00e1y B\u01a1m Mini\" href=\"https:\/\/www.youtube.com\/bahamasali\" target=\"_blank\" rel=\"noopener\">M\u00e1y B\u01a1m Mini<\/a><\/p>\n<p><a class=\"swipebox\" title=\"\" href=\"https:\/\/maybommini.com\/wp-content\/uploads\/2022\/07\/thong-tin-lien-he-may-bom-mini.jpg\" data-rel=\"lightbox-image-bGlnaHRib3gtaW1hZ2UtYkdsbmFIUmliM2d0YVcxaFoyVXRZa2RzYm1GSVVtbGlNMmQwWVZjeGFGb3lWWFJOVkZVOQ==\" data-rl_title=\"\" data-rl_caption=\"\" data-rl_ target=\"_blank\" rel=\"noopener\"><img decoding=\"async\" class=\"size-full wp-image-270584 aligncenter lazyloaded\" src=\"https:\/\/maybommini.com\/wp-content\/uploads\/2022\/07\/thong-tin-lien-he-may-bom-mini.jpg\" sizes=\"(max-width: 750px) 100vw, 750px\" srcset=\"https:\/\/maybommini.com\/wp-content\/uploads\/2022\/07\/thong-tin-lien-he-may-bom-mini.jpg 750w, https:\/\/maybommini.com\/wp-content\/uploads\/2022\/07\/thong-tin-lien-he-may-bom-mini-300x202.jpg 300w, https:\/\/maybommini.com\/wp-content\/uploads\/2022\/07\/thong-tin-lien-he-may-bom-mini-600x405.jpg 600w\" alt=\"Thong Tin Lien He May Bom Mini\" width=\"750\" height=\"506\" data-lazy-srcset=\"https:\/\/maybommini.com\/wp-content\/uploads\/2022\/07\/thong-tin-lien-he-may-bom-mini.jpg 750w, https:\/\/maybommini.com\/wp-content\/uploads\/2022\/07\/thong-tin-lien-he-may-bom-mini-300x202.jpg 300w, https:\/\/maybommini.com\/wp-content\/uploads\/2022\/07\/thong-tin-lien-he-may-bom-mini-600x405.jpg 600w\" data-lazy-sizes=\"(max-width: 750px) 100vw, 750px\" data-lazy-src=\"https:\/\/maybommini.com\/wp-content\/uploads\/2022\/07\/thong-tin-lien-he-may-bom-mini.jpg\" data-was-processed=\"true\" \/><\/a><\/p>\n<p><strong><a href=\"https:\/\/maybommini.com\/wp-content\/uploads\/2023\/02\/ban-tu-dien-chong-nuoc-ngoai-troi-chinh-hang.jpg\" target=\"_blank\" rel=\"noopener\"><img decoding=\"async\" class=\"size-full wp-image-272526 aligncenter\" src=\"https:\/\/maybommini.com\/wp-content\/uploads\/2023\/02\/ban-tu-dien-chong-nuoc-ngoai-troi-chinh-hang.jpg\" alt=\"Ban Tu Dien Chong Nuoc Ngoai Troi Chinh Hang\" width=\"750\" height=\"750\" srcset=\"https:\/\/maybommini.vn\/wp-content\/uploads\/2023\/02\/ban-tu-dien-chong-nuoc-ngoai-troi-chinh-hang.jpg 750w, https:\/\/maybommini.vn\/wp-content\/uploads\/2023\/02\/ban-tu-dien-chong-nuoc-ngoai-troi-chinh-hang-300x300.jpg 300w, https:\/\/maybommini.vn\/wp-content\/uploads\/2023\/02\/ban-tu-dien-chong-nuoc-ngoai-troi-chinh-hang-150x150.jpg 150w, https:\/\/maybommini.vn\/wp-content\/uploads\/2023\/02\/ban-tu-dien-chong-nuoc-ngoai-troi-chinh-hang-600x600.jpg 600w\" sizes=\"(max-width: 750px) 100vw, 750px\" \/><\/a><br \/>\n<\/strong><\/p>\n<p><strong><a href=\"https:\/\/maybommini.com\/wp-content\/uploads\/2023\/02\/Tu-dien-chong-nuoc-315x230x175.jpg\" target=\"_blank\" rel=\"noopener\"><img decoding=\"async\" class=\"size-full wp-image-272527 aligncenter\" src=\"https:\/\/maybommini.com\/wp-content\/uploads\/2023\/02\/Tu-dien-chong-nuoc-315x230x175.jpg\" alt=\"Tu Dien Chong Nuoc 315x230x175\" width=\"750\" height=\"750\" srcset=\"https:\/\/maybommini.vn\/wp-content\/uploads\/2023\/02\/Tu-dien-chong-nuoc-315x230x175.jpg 750w, https:\/\/maybommini.vn\/wp-content\/uploads\/2023\/02\/Tu-dien-chong-nuoc-315x230x175-300x300.jpg 300w, https:\/\/maybommini.vn\/wp-content\/uploads\/2023\/02\/Tu-dien-chong-nuoc-315x230x175-150x150.jpg 150w, https:\/\/maybommini.vn\/wp-content\/uploads\/2023\/02\/Tu-dien-chong-nuoc-315x230x175-600x600.jpg 600w\" sizes=\"(max-width: 750px) 100vw, 750px\" \/><\/a><a href=\"https:\/\/maybommini.com\/wp-content\/uploads\/2023\/02\/tu-dien-ngoai-troi-chong-nuoc-Khanh-Long.jpg\" target=\"_blank\" rel=\"noopener\"><img decoding=\"async\" class=\"size-full wp-image-272528 aligncenter\" src=\"https:\/\/maybommini.com\/wp-content\/uploads\/2023\/02\/tu-dien-ngoai-troi-chong-nuoc-Khanh-Long.jpg\" alt=\"Tu Dien Ngoai Troi Chong Nuoc Khanh Long\" width=\"750\" height=\"750\" srcset=\"https:\/\/maybommini.vn\/wp-content\/uploads\/2023\/02\/tu-dien-ngoai-troi-chong-nuoc-Khanh-Long.jpg 750w, https:\/\/maybommini.vn\/wp-content\/uploads\/2023\/02\/tu-dien-ngoai-troi-chong-nuoc-Khanh-Long-300x300.jpg 300w, https:\/\/maybommini.vn\/wp-content\/uploads\/2023\/02\/tu-dien-ngoai-troi-chong-nuoc-Khanh-Long-150x150.jpg 150w, https:\/\/maybommini.vn\/wp-content\/uploads\/2023\/02\/tu-dien-ngoai-troi-chong-nuoc-Khanh-Long-600x600.jpg 600w\" sizes=\"(max-width: 750px) 100vw, 750px\" \/><\/a><a href=\"https:\/\/maybommini.com\/wp-content\/uploads\/2023\/02\/tu-dien-nhua-chong-nuoc-Khanh-Long-315x230-x175mm.jpg\" target=\"_blank\" rel=\"noopener\"><img decoding=\"async\" class=\"size-full wp-image-272529 aligncenter\" src=\"https:\/\/maybommini.com\/wp-content\/uploads\/2023\/02\/tu-dien-nhua-chong-nuoc-Khanh-Long-315x230-x175mm.jpg\" alt=\"Tu Dien Nhua Chong Nuoc Khanh Long 315x230 X175mm\" width=\"750\" height=\"750\" srcset=\"https:\/\/maybommini.vn\/wp-content\/uploads\/2023\/02\/tu-dien-nhua-chong-nuoc-Khanh-Long-315x230-x175mm.jpg 750w, https:\/\/maybommini.vn\/wp-content\/uploads\/2023\/02\/tu-dien-nhua-chong-nuoc-Khanh-Long-315x230-x175mm-300x300.jpg 300w, https:\/\/maybommini.vn\/wp-content\/uploads\/2023\/02\/tu-dien-nhua-chong-nuoc-Khanh-Long-315x230-x175mm-150x150.jpg 150w, https:\/\/maybommini.vn\/wp-content\/uploads\/2023\/02\/tu-dien-nhua-chong-nuoc-Khanh-Long-315x230-x175mm-600x600.jpg 600w\" sizes=\"(max-width: 750px) 100vw, 750px\" \/><\/a><\/strong><\/p>\n<p><strong><a href=\"https:\/\/maybommini.com\/wp-content\/uploads\/2023\/02\/ban-tu-dien-cao-cap-chong-nuoc.jpg\" target=\"_blank\" rel=\"noopener\"><img decoding=\"async\" class=\"size-full wp-image-272530 aligncenter\" src=\"https:\/\/maybommini.com\/wp-content\/uploads\/2023\/02\/ban-tu-dien-cao-cap-chong-nuoc.jpg\" alt=\"Ban Tu Dien Cao Cap Chong Nuoc\" width=\"750\" height=\"750\" srcset=\"https:\/\/maybommini.vn\/wp-content\/uploads\/2023\/02\/ban-tu-dien-cao-cap-chong-nuoc.jpg 750w, https:\/\/maybommini.vn\/wp-content\/uploads\/2023\/02\/ban-tu-dien-cao-cap-chong-nuoc-300x300.jpg 300w, https:\/\/maybommini.vn\/wp-content\/uploads\/2023\/02\/ban-tu-dien-cao-cap-chong-nuoc-150x150.jpg 150w, https:\/\/maybommini.vn\/wp-content\/uploads\/2023\/02\/ban-tu-dien-cao-cap-chong-nuoc-600x600.jpg 600w\" sizes=\"(max-width: 750px) 100vw, 750px\" \/><\/a><\/strong><\/p>\n<p>&nbsp;<\/p>\n<p>&nbsp;<\/p>\n","protected":false},"excerpt":{"rendered":"<p>Th\u01b0\u01a1ng Hi\u1ec7u: Khanh Long<br \/>\nModel: KQX-200-300-160<br \/>\nCh\u1ea5t li\u1ec7u: Nh\u1ef1a ABS<br \/>\nKh\u00f3a g\u00e0i ti\u1ec7n l\u1ee3i.<br \/>\nRong ch\u1ed1ng n\u01b0\u1edbc v\u00e0 b\u1ee5i.<br \/>\nM\u00e0u s\u1eafc: Tr\u1eafng<br \/>\nK\u00edch th\u01b0\u1edbc c\u1ea3 th\u00f9ng gi\u1ea5y: 315 x 230 x 175 mm<br \/>\nK\u00edch th\u01b0\u1edbc: 200x300x160 mm<br \/>\nTr\u1ecdng l\u01b0\u1ee3ng: 1300 gam<\/p>\n","protected":false},"featured_media":274555,"comment_status":"open","ping_status":"closed","template":"","meta":[],"product_brand":[],"product_cat":[3990],"product_tag":[2419,3993,3992,3994,3991],"class_list":{"0":"post-272525","1":"product","2":"type-product","3":"status-publish","4":"has-post-thumbnail","6":"product_cat-tu-dien","7":"product_tag-box","8":"product_tag-enclosure-box","9":"product_tag-khanh-long","10":"product_tag-tu-dien-chong-nuoc","11":"product_tag-tu-dien","13":"first","14":"instock","15":"sale","16":"shipping-taxable","17":"purchasable","18":"product-type-simple"},"_links":{"self":[{"href":"https:\/\/maybommini.vn\/index.php?rest_route=\/wp\/v2\/product\/272525","targetHints":{"allow":["GET"]}}],"collection":[{"href":"https:\/\/maybommini.vn\/index.php?rest_route=\/wp\/v2\/product"}],"about":[{"href":"https:\/\/maybommini.vn\/index.php?rest_route=\/wp\/v2\/types\/product"}],"replies":[{"embeddable":true,"href":"https:\/\/maybommini.vn\/index.php?rest_route=%2Fwp%2Fv2%2Fcomments&post=272525"}],"wp:featuredmedia":[{"embeddable":true,"href":"https:\/\/maybommini.vn\/index.php?rest_route=\/wp\/v2\/media\/274555"}],"wp:attachment":[{"href":"https:\/\/maybommini.vn\/index.php?rest_route=%2Fwp%2Fv2%2Fmedia&parent=272525"}],"wp:term":[{"taxonomy":"product_brand","embeddable":true,"href":"https:\/\/maybommini.vn\/index.php?rest_route=%2Fwp%2Fv2%2Fproduct_brand&post=272525"},{"taxonomy":"product_cat","embeddable":true,"href":"https:\/\/maybommini.vn\/index.php?rest_route=%2Fwp%2Fv2%2Fproduct_cat&post=272525"},{"taxonomy":"product_tag","embeddable":true,"href":"https:\/\/maybommini.vn\/index.php?rest_route=%2Fwp%2Fv2%2Fproduct_tag&post=272525"}],"curies":[{"name":"wp","href":"https:\/\/api.w.org\/{rel}","templated":true}]}}