{"id":273124,"date":"2023-03-26T21:15:59","date_gmt":"2023-03-26T14:15:59","guid":{"rendered":"https:\/\/maybommini.com\/?post_type=product&#038;p=273124"},"modified":"2023-03-26T21:16:53","modified_gmt":"2023-03-26T14:16:53","slug":"kep-binh-ac-quy-100a","status":"publish","type":"product","link":"https:\/\/maybommini.vn\/?product=kep-binh-ac-quy-100a","title":{"rendered":"K\u1eb9p b\u00ecnh \u1eafc quy 100A"},"content":{"rendered":"<h3>K\u1eb9p b\u00ecnh \u1eafc quy 100A ch\u1ecbu t\u1ea3i cao s\u1eed d\u1ee5ng \u0111\u01b0\u1ee3c t\u1ea5t c\u1ea3 c\u00e1c lo\u1ea1i b\u00ecnh \u1eafc quy t\u1eeb nh\u1ecf \u0111\u1ebfn l\u1edbn. \u0110\u01b0\u1ee3c thi\u1ebft k\u1ebf ki\u1ec3u k\u1eb9p c\u00e1 s\u1ea5u c\u00f3 l\u1ef1c k\u1eb9p m\u1ea1nh v\u1edbi ph\u1ea7n ti\u1ebfp x\u00fac c\u1ecdc b\u00ecnh b\u1eb1ng \u0111\u1ed3ng n\u00ean truy\u1ec1n d\u1eabn \u0111i\u1ec7n ch\u1ecbu t\u1ea3i cao h\u01a1n c\u00e1c lo\u1ea1i k\u1eb9p th\u01b0\u1eddng.<\/h3>\n<p><strong><a href=\"https:\/\/maybommini.com\/wp-content\/uploads\/2023\/03\/kep-ac-quy-12V-24V-100A.jpg\" target=\"_blank\" rel=\"noopener\"><img decoding=\"async\" class=\"size-full wp-image-273129 aligncenter\" src=\"https:\/\/maybommini.com\/wp-content\/uploads\/2023\/03\/kep-ac-quy-12V-24V-100A.jpg\" alt=\"Kep Ac Quy 12V 24V 100A\" width=\"750\" height=\"750\" srcset=\"https:\/\/maybommini.vn\/wp-content\/uploads\/2023\/03\/kep-ac-quy-12V-24V-100A.jpg 750w, https:\/\/maybommini.vn\/wp-content\/uploads\/2023\/03\/kep-ac-quy-12V-24V-100A-300x300.jpg 300w, https:\/\/maybommini.vn\/wp-content\/uploads\/2023\/03\/kep-ac-quy-12V-24V-100A-150x150.jpg 150w, https:\/\/maybommini.vn\/wp-content\/uploads\/2023\/03\/kep-ac-quy-12V-24V-100A-600x600.jpg 600w\" sizes=\"(max-width: 750px) 100vw, 750px\" \/><\/a>TH\u00d4NG S\u1ed0 K\u1ef8 THU\u1eacT<\/strong><br \/>\nTh\u01b0\u01a1ng hi\u1ec7u: Mauxin<br \/>\nModel: ECA-100A<br \/>\nCh\u1ecbu t\u1ea3i t\u1ed1i \u0111a: 100A<br \/>\nCh\u1ea5t li\u1ec7u: Nh\u1ef1a ABC &#8211; \u0110\u1ed3ng &#8211; Inox<br \/>\nH\u00e0m m\u1edf r\u1ed9ng: 35 mm<br \/>\nChi\u1ec1u d\u00e0i: 95 mm<br \/>\nChi\u1ec7u nhi\u1ec7t ch\u1ed1ng ch\u00e1y.<br \/>\nC\u00f3 h\u00e0n d\u00e2y \u0111i\u1ec7n ho\u1eb7c \u00e9p cost.<br \/>\nC\u00f3 th\u1ec3 th\u00e1o r\u1eddi v\u00e0 l\u1eafp r\u00e1p \u0111\u01a1n gi\u00e3n.<br \/>\nB\u1ed9 2 k\u1eb9p: \u0111\u1ecf v\u00e0 \u0111en<br \/>\nTr\u1ecdng l\u01b0\u1ee3ng:\u00a0 64 gam<\/p>\n<p><strong><a href=\"https:\/\/maybommini.com\/wp-content\/uploads\/2023\/03\/bo-kep-ac-quy-100A-do-den.jpg\" target=\"_blank\" rel=\"noopener\"><img decoding=\"async\" class=\"size-full wp-image-273126 aligncenter\" src=\"https:\/\/maybommini.com\/wp-content\/uploads\/2023\/03\/bo-kep-ac-quy-100A-do-den.jpg\" alt=\"Bo Kep Ac Quy 100A Do Den\" width=\"750\" height=\"750\" srcset=\"https:\/\/maybommini.vn\/wp-content\/uploads\/2023\/03\/bo-kep-ac-quy-100A-do-den.jpg 750w, https:\/\/maybommini.vn\/wp-content\/uploads\/2023\/03\/bo-kep-ac-quy-100A-do-den-300x300.jpg 300w, https:\/\/maybommini.vn\/wp-content\/uploads\/2023\/03\/bo-kep-ac-quy-100A-do-den-150x150.jpg 150w, https:\/\/maybommini.vn\/wp-content\/uploads\/2023\/03\/bo-kep-ac-quy-100A-do-den-600x600.jpg 600w\" sizes=\"(max-width: 750px) 100vw, 750px\" \/><\/a><a href=\"https:\/\/maybommini.com\/wp-content\/uploads\/2023\/03\/kep-binh-ac-quy-100A.jpg\" target=\"_blank\" rel=\"noopener\"><img decoding=\"async\" class=\"size-full wp-image-273132 aligncenter\" src=\"https:\/\/maybommini.com\/wp-content\/uploads\/2023\/03\/kep-binh-ac-quy-100A.jpg\" alt=\"Kep Binh Ac Quy 100A\" width=\"750\" height=\"750\" srcset=\"https:\/\/maybommini.vn\/wp-content\/uploads\/2023\/03\/kep-binh-ac-quy-100A.jpg 750w, https:\/\/maybommini.vn\/wp-content\/uploads\/2023\/03\/kep-binh-ac-quy-100A-300x300.jpg 300w, https:\/\/maybommini.vn\/wp-content\/uploads\/2023\/03\/kep-binh-ac-quy-100A-150x150.jpg 150w, https:\/\/maybommini.vn\/wp-content\/uploads\/2023\/03\/kep-binh-ac-quy-100A-600x600.jpg 600w\" sizes=\"(max-width: 750px) 100vw, 750px\" \/><\/a><a href=\"https:\/\/maybommini.com\/wp-content\/uploads\/2023\/03\/kep-binh-ac-quy-cao-cap-100A.jpg\" target=\"_blank\" rel=\"noopener\"><img decoding=\"async\" class=\"size-full wp-image-273133 aligncenter\" src=\"https:\/\/maybommini.com\/wp-content\/uploads\/2023\/03\/kep-binh-ac-quy-cao-cap-100A.jpg\" alt=\"Kep Binh Ac Quy Cao Cap 100A\" width=\"750\" height=\"750\" srcset=\"https:\/\/maybommini.vn\/wp-content\/uploads\/2023\/03\/kep-binh-ac-quy-cao-cap-100A.jpg 750w, https:\/\/maybommini.vn\/wp-content\/uploads\/2023\/03\/kep-binh-ac-quy-cao-cap-100A-300x300.jpg 300w, https:\/\/maybommini.vn\/wp-content\/uploads\/2023\/03\/kep-binh-ac-quy-cao-cap-100A-150x150.jpg 150w, https:\/\/maybommini.vn\/wp-content\/uploads\/2023\/03\/kep-binh-ac-quy-cao-cap-100A-600x600.jpg 600w\" sizes=\"(max-width: 750px) 100vw, 750px\" \/><\/a><a href=\"https:\/\/maybommini.com\/wp-content\/uploads\/2023\/03\/kep-binh-dien-oto-xe-may.jpg\" target=\"_blank\" rel=\"noopener\"><img decoding=\"async\" class=\"size-full wp-image-273135 aligncenter\" src=\"https:\/\/maybommini.com\/wp-content\/uploads\/2023\/03\/kep-binh-dien-oto-xe-may.jpg\" alt=\"Kep Binh Dien Oto Xe May\" width=\"750\" height=\"750\" srcset=\"https:\/\/maybommini.vn\/wp-content\/uploads\/2023\/03\/kep-binh-dien-oto-xe-may.jpg 750w, https:\/\/maybommini.vn\/wp-content\/uploads\/2023\/03\/kep-binh-dien-oto-xe-may-300x300.jpg 300w, https:\/\/maybommini.vn\/wp-content\/uploads\/2023\/03\/kep-binh-dien-oto-xe-may-150x150.jpg 150w, https:\/\/maybommini.vn\/wp-content\/uploads\/2023\/03\/kep-binh-dien-oto-xe-may-600x600.jpg 600w\" sizes=\"(max-width: 750px) 100vw, 750px\" \/><\/a><a href=\"https:\/\/maybommini.com\/wp-content\/uploads\/2023\/03\/kep-binh-chiu-tai-cao-100A.jpg\" target=\"_blank\" rel=\"noopener\"><img decoding=\"async\" class=\"size-full wp-image-273134 aligncenter\" src=\"https:\/\/maybommini.com\/wp-content\/uploads\/2023\/03\/kep-binh-chiu-tai-cao-100A.jpg\" alt=\"Kep Binh Chiu Tai Cao 100A\" width=\"750\" height=\"750\" srcset=\"https:\/\/maybommini.vn\/wp-content\/uploads\/2023\/03\/kep-binh-chiu-tai-cao-100A.jpg 750w, https:\/\/maybommini.vn\/wp-content\/uploads\/2023\/03\/kep-binh-chiu-tai-cao-100A-300x300.jpg 300w, https:\/\/maybommini.vn\/wp-content\/uploads\/2023\/03\/kep-binh-chiu-tai-cao-100A-150x150.jpg 150w, https:\/\/maybommini.vn\/wp-content\/uploads\/2023\/03\/kep-binh-chiu-tai-cao-100A-600x600.jpg 600w\" sizes=\"(max-width: 750px) 100vw, 750px\" \/><\/a><a href=\"https:\/\/maybommini.com\/wp-content\/uploads\/2023\/03\/kem-binh-ac-quy-oto.jpg\" target=\"_blank\" rel=\"noopener\"><img decoding=\"async\" class=\"size-full wp-image-273128 aligncenter\" src=\"https:\/\/maybommini.com\/wp-content\/uploads\/2023\/03\/kem-binh-ac-quy-oto.jpg\" alt=\"Kem Binh Ac Quy Oto\" width=\"750\" height=\"750\" srcset=\"https:\/\/maybommini.vn\/wp-content\/uploads\/2023\/03\/kem-binh-ac-quy-oto.jpg 750w, https:\/\/maybommini.vn\/wp-content\/uploads\/2023\/03\/kem-binh-ac-quy-oto-300x300.jpg 300w, https:\/\/maybommini.vn\/wp-content\/uploads\/2023\/03\/kem-binh-ac-quy-oto-150x150.jpg 150w, https:\/\/maybommini.vn\/wp-content\/uploads\/2023\/03\/kem-binh-ac-quy-oto-600x600.jpg 600w\" sizes=\"(max-width: 750px) 100vw, 750px\" \/><\/a><a href=\"https:\/\/maybommini.com\/wp-content\/uploads\/2023\/03\/kep-ac-quy-100A-do.jpg\" target=\"_blank\" rel=\"noopener\"><img decoding=\"async\" class=\"size-full wp-image-273131 aligncenter\" src=\"https:\/\/maybommini.com\/wp-content\/uploads\/2023\/03\/kep-ac-quy-100A-do.jpg\" alt=\"Kep Ac Quy 100A Do\" width=\"750\" height=\"750\" srcset=\"https:\/\/maybommini.vn\/wp-content\/uploads\/2023\/03\/kep-ac-quy-100A-do.jpg 750w, https:\/\/maybommini.vn\/wp-content\/uploads\/2023\/03\/kep-ac-quy-100A-do-300x300.jpg 300w, https:\/\/maybommini.vn\/wp-content\/uploads\/2023\/03\/kep-ac-quy-100A-do-150x150.jpg 150w, https:\/\/maybommini.vn\/wp-content\/uploads\/2023\/03\/kep-ac-quy-100A-do-600x600.jpg 600w\" sizes=\"(max-width: 750px) 100vw, 750px\" \/><\/a><a href=\"https:\/\/maybommini.com\/wp-content\/uploads\/2023\/03\/kep-ac-quy-100A-den.jpg\" target=\"_blank\" rel=\"noopener\"><img decoding=\"async\" class=\"size-full wp-image-273130 aligncenter\" src=\"https:\/\/maybommini.com\/wp-content\/uploads\/2023\/03\/kep-ac-quy-100A-den.jpg\" alt=\"Kep Ac Quy 100A Den\" width=\"750\" height=\"750\" srcset=\"https:\/\/maybommini.vn\/wp-content\/uploads\/2023\/03\/kep-ac-quy-100A-den.jpg 750w, https:\/\/maybommini.vn\/wp-content\/uploads\/2023\/03\/kep-ac-quy-100A-den-300x300.jpg 300w, https:\/\/maybommini.vn\/wp-content\/uploads\/2023\/03\/kep-ac-quy-100A-den-150x150.jpg 150w, https:\/\/maybommini.vn\/wp-content\/uploads\/2023\/03\/kep-ac-quy-100A-den-600x600.jpg 600w\" sizes=\"(max-width: 750px) 100vw, 750px\" \/><\/a><a href=\"https:\/\/maybommini.com\/wp-content\/uploads\/2023\/03\/chi-tiet-kep-binh-ac-quy-100A.jpg\" target=\"_blank\" rel=\"noopener\"><img decoding=\"async\" class=\"size-full wp-image-273127 aligncenter\" src=\"https:\/\/maybommini.com\/wp-content\/uploads\/2023\/03\/chi-tiet-kep-binh-ac-quy-100A.jpg\" alt=\"Chi Tiet Kep Binh Ac Quy 100A\" width=\"750\" height=\"750\" srcset=\"https:\/\/maybommini.vn\/wp-content\/uploads\/2023\/03\/chi-tiet-kep-binh-ac-quy-100A.jpg 750w, https:\/\/maybommini.vn\/wp-content\/uploads\/2023\/03\/chi-tiet-kep-binh-ac-quy-100A-300x300.jpg 300w, https:\/\/maybommini.vn\/wp-content\/uploads\/2023\/03\/chi-tiet-kep-binh-ac-quy-100A-150x150.jpg 150w, https:\/\/maybommini.vn\/wp-content\/uploads\/2023\/03\/chi-tiet-kep-binh-ac-quy-100A-600x600.jpg 600w\" sizes=\"(max-width: 750px) 100vw, 750px\" \/><\/a><a href=\"https:\/\/maybommini.com\/wp-content\/uploads\/2023\/03\/trong-luong-bo-kep-ac-quy-100A.jpg\" target=\"_blank\" rel=\"noopener\"><img decoding=\"async\" class=\"size-full wp-image-273125 aligncenter\" src=\"https:\/\/maybommini.com\/wp-content\/uploads\/2023\/03\/trong-luong-bo-kep-ac-quy-100A.jpg\" alt=\"Trong Luong Bo Kep Ac Quy 100A\" width=\"750\" height=\"750\" srcset=\"https:\/\/maybommini.vn\/wp-content\/uploads\/2023\/03\/trong-luong-bo-kep-ac-quy-100A.jpg 750w, https:\/\/maybommini.vn\/wp-content\/uploads\/2023\/03\/trong-luong-bo-kep-ac-quy-100A-300x300.jpg 300w, https:\/\/maybommini.vn\/wp-content\/uploads\/2023\/03\/trong-luong-bo-kep-ac-quy-100A-150x150.jpg 150w, https:\/\/maybommini.vn\/wp-content\/uploads\/2023\/03\/trong-luong-bo-kep-ac-quy-100A-600x600.jpg 600w\" sizes=\"(max-width: 750px) 100vw, 750px\" \/><\/a><a href=\"https:\/\/maybommini.com\/wp-content\/uploads\/2023\/03\/kich-thuoc-kep-binh-ac-quy-100A.jpg\" target=\"_blank\" rel=\"noopener\"><img decoding=\"async\" class=\"size-full wp-image-273138 aligncenter\" src=\"https:\/\/maybommini.com\/wp-content\/uploads\/2023\/03\/kich-thuoc-kep-binh-ac-quy-100A.jpg\" alt=\"Kich Thuoc Kep Binh Ac Quy 100A\" width=\"750\" height=\"750\" srcset=\"https:\/\/maybommini.vn\/wp-content\/uploads\/2023\/03\/kich-thuoc-kep-binh-ac-quy-100A.jpg 750w, https:\/\/maybommini.vn\/wp-content\/uploads\/2023\/03\/kich-thuoc-kep-binh-ac-quy-100A-300x300.jpg 300w, https:\/\/maybommini.vn\/wp-content\/uploads\/2023\/03\/kich-thuoc-kep-binh-ac-quy-100A-150x150.jpg 150w, https:\/\/maybommini.vn\/wp-content\/uploads\/2023\/03\/kich-thuoc-kep-binh-ac-quy-100A-600x600.jpg 600w\" sizes=\"(max-width: 750px) 100vw, 750px\" \/><\/a><a href=\"https:\/\/maybommini.com\/wp-content\/uploads\/2023\/03\/kich-thuoc-chi-tiet-kep-binh-ac-quy-100A.jpg\" target=\"_blank\" rel=\"noopener\"><img decoding=\"async\" class=\"size-full wp-image-273136 aligncenter\" src=\"https:\/\/maybommini.com\/wp-content\/uploads\/2023\/03\/kich-thuoc-chi-tiet-kep-binh-ac-quy-100A.jpg\" alt=\"Kich Thuoc Chi Tiet Kep Binh Ac Quy 100A\" width=\"750\" height=\"750\" srcset=\"https:\/\/maybommini.vn\/wp-content\/uploads\/2023\/03\/kich-thuoc-chi-tiet-kep-binh-ac-quy-100A.jpg 750w, https:\/\/maybommini.vn\/wp-content\/uploads\/2023\/03\/kich-thuoc-chi-tiet-kep-binh-ac-quy-100A-300x300.jpg 300w, https:\/\/maybommini.vn\/wp-content\/uploads\/2023\/03\/kich-thuoc-chi-tiet-kep-binh-ac-quy-100A-150x150.jpg 150w, https:\/\/maybommini.vn\/wp-content\/uploads\/2023\/03\/kich-thuoc-chi-tiet-kep-binh-ac-quy-100A-600x600.jpg 600w\" sizes=\"(max-width: 750px) 100vw, 750px\" \/><\/a><a href=\"https:\/\/maybommini.com\/wp-content\/uploads\/2023\/03\/kich-thuoc-kep-binh-100A-cao-cap.jpg\" target=\"_blank\" rel=\"noopener\"><img decoding=\"async\" class=\"size-full wp-image-273137 aligncenter\" src=\"https:\/\/maybommini.com\/wp-content\/uploads\/2023\/03\/kich-thuoc-kep-binh-100A-cao-cap.jpg\" alt=\"Kich Thuoc Kep Binh 100A Cao Cap\" width=\"750\" height=\"750\" srcset=\"https:\/\/maybommini.vn\/wp-content\/uploads\/2023\/03\/kich-thuoc-kep-binh-100A-cao-cap.jpg 750w, https:\/\/maybommini.vn\/wp-content\/uploads\/2023\/03\/kich-thuoc-kep-binh-100A-cao-cap-300x300.jpg 300w, https:\/\/maybommini.vn\/wp-content\/uploads\/2023\/03\/kich-thuoc-kep-binh-100A-cao-cap-150x150.jpg 150w, https:\/\/maybommini.vn\/wp-content\/uploads\/2023\/03\/kich-thuoc-kep-binh-100A-cao-cap-600x600.jpg 600w\" sizes=\"(max-width: 750px) 100vw, 750px\" \/><\/a>S\u1eec D\u1ee4NG K\u1eb8P B\u00ccNH \u1eaeC QUY 100A<\/strong><br \/>\n&#8211; S\u1eed d\u1ee5ng k\u1eb9p b\u00ecnh 100A l\u00e0m d\u00e2y \u0111i\u1ec7n n\u1ed1i b\u00ecnh \u1eafc quy.<br \/>\n&#8211; K\u1eb9p b\u00ecnh \u1eafc quy cho d\u00e2y \u0111i\u1ec7n c\u00e2u b\u00ecnh xe \u00f4 t\u00f4, xe t\u1ea3i, xe m\u00e1y&#8230;<br \/>\n&#8211; K\u1eb9p b\u00ecnh l\u00e0m b\u1ed9 k\u00edch b\u00ecnh xe m\u00e1y, \u00f4 t\u00f4, xe t\u1ea3i, xe kh\u00e1ch.<br \/>\n&#8211; K\u1eb9p b\u00ecnh cho b\u1ed9 s\u1ea1c b\u00ecnh \u1eafc quy.<br \/>\n&#8211; K\u1eb9p b\u00ecnh ch\u1ecbu t\u1ea3i l\u1edbn cho thi\u1ebft b\u1ecb s\u1eed d\u1ee5ng b\u00ecnh \u0111i\u1ec7n, \u1eafc quy pin.<br \/>\n&#8211; K\u1eb9p b\u00ecnh \u0111i\u1ec7n cho xe \u0111i\u1ec7n, xe \u00f4 t\u00f4 v\u00e0 c\u00e1c lo\u1ea1i thi\u1ebft b\u1ecb \u0111i\u1ec7n d\u00f9ng b\u00ecnh kh\u00e1c.<\/p>\n<p><strong><a href=\"https:\/\/maybommini.com\/wp-content\/uploads\/2023\/03\/lo-xo-kep-binh-ac-quy-100A.jpg\" target=\"_blank\" rel=\"noopener\"><img decoding=\"async\" class=\"size-full wp-image-273139 aligncenter\" src=\"https:\/\/maybommini.com\/wp-content\/uploads\/2023\/03\/lo-xo-kep-binh-ac-quy-100A.jpg\" alt=\"Lo Xo Kep Binh Ac Quy 100A\" width=\"750\" height=\"750\" srcset=\"https:\/\/maybommini.vn\/wp-content\/uploads\/2023\/03\/lo-xo-kep-binh-ac-quy-100A.jpg 750w, https:\/\/maybommini.vn\/wp-content\/uploads\/2023\/03\/lo-xo-kep-binh-ac-quy-100A-300x300.jpg 300w, https:\/\/maybommini.vn\/wp-content\/uploads\/2023\/03\/lo-xo-kep-binh-ac-quy-100A-150x150.jpg 150w, https:\/\/maybommini.vn\/wp-content\/uploads\/2023\/03\/lo-xo-kep-binh-ac-quy-100A-600x600.jpg 600w\" sizes=\"(max-width: 750px) 100vw, 750px\" \/><\/a><\/strong><\/p>\n<h4 style=\"text-align: center;\">K\u1eb9p b\u00ecnh \u1eafc quy 100A<br \/>\nElectrical Crocodile Alligator Car Battery<br \/>\n100A Electrical Crocodile Alligator Car Battery Micro Insulated Clips Clamps Connector 90mm For Electric Project<\/h4>\n<p><strong>CTY TNHH TH\u01af\u01a0NG M\u1ea0I D\u1ecaCH V\u1ee4 \u0110I\u1ec6N M\u00c1Y TH\u00d4NG MINH<\/strong><br \/>\n<strong>Hotline:<\/strong>\u00a002873030399 \u2013 090 729 4310<br \/>\n<strong>Email:<\/strong>\u00a0maybommini.com@gmail.com<br \/>\n<strong>Website:<\/strong>\u00a0https:\/\/maybommini.com<br \/>\n<strong>Youtube demo:<\/strong>\u00a0https:\/\/www.youtube.com\/bahamasali<\/p>\n<p><a class=\"swipebox\" title=\"\" href=\"https:\/\/maybommini.com\/wp-content\/uploads\/2022\/07\/thong-tin-lien-he-may-bom-mini.jpg\" data-rel=\"lightbox-image-11\" data-rl_title=\"\" data-rl_caption=\"\" data-rl_ target=\"_blank\" rel=\"noopener\"><img decoding=\"async\" class=\"size-full wp-image-270584 aligncenter lazyloaded\" src=\"https:\/\/maybommini.com\/wp-content\/uploads\/2022\/07\/thong-tin-lien-he-may-bom-mini.jpg\" sizes=\"(max-width: 750px) 100vw, 750px\" srcset=\"https:\/\/maybommini.com\/wp-content\/uploads\/2022\/07\/thong-tin-lien-he-may-bom-mini.jpg 750w, https:\/\/maybommini.com\/wp-content\/uploads\/2022\/07\/thong-tin-lien-he-may-bom-mini-300x202.jpg 300w, https:\/\/maybommini.com\/wp-content\/uploads\/2022\/07\/thong-tin-lien-he-may-bom-mini-600x405.jpg 600w\" alt=\"Thong Tin Lien He May Bom Mini\" width=\"750\" height=\"506\" data-lazy-srcset=\"https:\/\/maybommini.com\/wp-content\/uploads\/2022\/07\/thong-tin-lien-he-may-bom-mini.jpg 750w, https:\/\/maybommini.com\/wp-content\/uploads\/2022\/07\/thong-tin-lien-he-may-bom-mini-300x202.jpg 300w, https:\/\/maybommini.com\/wp-content\/uploads\/2022\/07\/thong-tin-lien-he-may-bom-mini-600x405.jpg 600w\" data-lazy-sizes=\"(max-width: 750px) 100vw, 750px\" data-lazy-src=\"https:\/\/maybommini.com\/wp-content\/uploads\/2022\/07\/thong-tin-lien-he-may-bom-mini.jpg\" data-was-processed=\"true\" \/><\/a><\/p>\n","protected":false},"excerpt":{"rendered":"<p>Th\u01b0\u01a1ng hi\u1ec7u: Mauxin<br \/>\nModel: ECA-100A<br \/>\nCh\u1ecbu t\u1ea3i t\u1ed1i \u0111a: 100A<br \/>\nCh\u1ea5t li\u1ec7u: Nh\u1ef1a ABC &#8211; \u0110\u1ed3ng &#8211; Inox<br \/>\nH\u00e0m m\u1edf r\u1ed9ng: 35 mm<br \/>\nChi\u1ec1u d\u00e0i: 95 mm<br \/>\nChi\u1ec7u nhi\u1ec7t ch\u1ed1ng ch\u00e1y.<br \/>\nC\u00f3 h\u00e0n d\u00e2y \u0111i\u1ec7n ho\u1eb7c \u00e9p cost.<br \/>\nC\u00f3 th\u1ec3 th\u00e1o r\u1eddi v\u00e0 l\u1eafp r\u00e1p \u0111\u01a1n gi\u00e3n.<br \/>\nB\u1ed9 2 k\u1eb9p: \u0111\u1ecf v\u00e0 \u0111en<br \/>\nTr\u1ecdng l\u01b0\u1ee3ng:\u00a0 64 gam<\/p>\n","protected":false},"featured_media":273129,"comment_status":"open","ping_status":"closed","template":"","meta":[],"product_brand":[],"product_cat":[214,3800],"product_tag":[4090,4087,4088,4089,4086],"class_list":{"0":"post-273124","1":"product","2":"type-product","3":"status-publish","4":"has-post-thumbnail","6":"product_cat-phu-kien-bom-nuoc","7":"product_cat-day-dien","8":"product_tag-100a","9":"product_tag-kep-ac-quy","10":"product_tag-kep-ac-quy-100a","11":"product_tag-kep-ac-quy-tai-lon","12":"product_tag-kep-binh","14":"first","15":"instock","16":"shipping-taxable","17":"purchasable","18":"product-type-simple"},"_links":{"self":[{"href":"https:\/\/maybommini.vn\/index.php?rest_route=\/wp\/v2\/product\/273124","targetHints":{"allow":["GET"]}}],"collection":[{"href":"https:\/\/maybommini.vn\/index.php?rest_route=\/wp\/v2\/product"}],"about":[{"href":"https:\/\/maybommini.vn\/index.php?rest_route=\/wp\/v2\/types\/product"}],"replies":[{"embeddable":true,"href":"https:\/\/maybommini.vn\/index.php?rest_route=%2Fwp%2Fv2%2Fcomments&post=273124"}],"wp:featuredmedia":[{"embeddable":true,"href":"https:\/\/maybommini.vn\/index.php?rest_route=\/wp\/v2\/media\/273129"}],"wp:attachment":[{"href":"https:\/\/maybommini.vn\/index.php?rest_route=%2Fwp%2Fv2%2Fmedia&parent=273124"}],"wp:term":[{"taxonomy":"product_brand","embeddable":true,"href":"https:\/\/maybommini.vn\/index.php?rest_route=%2Fwp%2Fv2%2Fproduct_brand&post=273124"},{"taxonomy":"product_cat","embeddable":true,"href":"https:\/\/maybommini.vn\/index.php?rest_route=%2Fwp%2Fv2%2Fproduct_cat&post=273124"},{"taxonomy":"product_tag","embeddable":true,"href":"https:\/\/maybommini.vn\/index.php?rest_route=%2Fwp%2Fv2%2Fproduct_tag&post=273124"}],"curies":[{"name":"wp","href":"https:\/\/api.w.org\/{rel}","templated":true}]}}