{"id":274915,"date":"2023-11-12T23:06:59","date_gmt":"2023-11-12T16:06:59","guid":{"rendered":"https:\/\/maybommini.com\/?post_type=product&#038;p=274915"},"modified":"2024-07-03T00:25:30","modified_gmt":"2024-07-02T17:25:30","slug":"bang-keo-2-mat-xop-den-2-4x10yard","status":"publish","type":"product","link":"https:\/\/maybommini.vn\/?product=bang-keo-2-mat-xop-den-2-4x10yard","title":{"rendered":"B\u0103ng keo 2 m\u1eb7t x\u1ed1p \u0111en 2.4x10yard"},"content":{"rendered":"<p><strong>B\u0103ng keo 2 m\u1eb7t x\u1ed1p \u0111en 2.4x10yard si\u00eau d\u00ednh \u0111\u01b0\u1ee3c \u1ee9ng d\u1ee5ng l\u00e0m v\u1eadt t\u01b0 s\u1ea3n xu\u1ea5t thi\u1ebft b\u1ecb \u0111i\u1ec7n, thi c\u00f4ng c\u00f4ng tr\u00ecnh v\u00e0 trong gia \u0111\u00ecnh v\u1edbi nhi\u1ec1u c\u00f4ng d\u1ee5ng kh\u00e1c nhau.<\/strong><\/p>\n<p><strong><a href=\"https:\/\/maybommini.com\/wp-content\/uploads\/2023\/11\/Bang-keo-2-mat-xop-den-24x10yard.jpg\" target=\"_blank\" rel=\"noopener\"><img decoding=\"async\" class=\"size-full wp-image-274917 aligncenter\" src=\"https:\/\/maybommini.com\/wp-content\/uploads\/2023\/11\/Bang-keo-2-mat-xop-den-24x10yard.jpg\" alt=\"Bang Keo 2 Mat Xop Den 24x10yard\" width=\"750\" height=\"750\" srcset=\"https:\/\/maybommini.vn\/wp-content\/uploads\/2023\/11\/Bang-keo-2-mat-xop-den-24x10yard.jpg 750w, https:\/\/maybommini.vn\/wp-content\/uploads\/2023\/11\/Bang-keo-2-mat-xop-den-24x10yard-300x300.jpg 300w, https:\/\/maybommini.vn\/wp-content\/uploads\/2023\/11\/Bang-keo-2-mat-xop-den-24x10yard-150x150.jpg 150w, https:\/\/maybommini.vn\/wp-content\/uploads\/2023\/11\/Bang-keo-2-mat-xop-den-24x10yard-600x600.jpg 600w\" sizes=\"(max-width: 750px) 100vw, 750px\" \/><\/a>Ch\u1ea5t li\u1ec7u: <\/strong>Keo acrylic ph\u1ee7 \u0111\u1ec1u tr\u00ean l\u1edbp x\u1ed1p b\u1eb1ng c\u00f4ng ngh\u1ec7 li\u00ean k\u1ebft v\u0129nh vi\u1ec5n, ph\u00e2n t\u00e1n l\u1ef1c \u0111\u1ed3ng \u0111\u1ec1u, gi\u1eef cho b\u0103ng keo b\u00e1m d\u00ednh tr\u00ean b\u1ec1 m\u1eb7t trong th\u1eddi gian d\u00e0i. L\u1edbp gi\u1ea5y m\u1ecfng b\u00ean ngo\u00e0i c\u00f3 t\u00e1c d\u1ee5ng che ph\u1ee7, gi\u1eef cho l\u1edbp keo kh\u00f4ng b\u1ecb oxi h\u00f3a theo th\u1eddi gian, d\u1ec5 d\u00e0ng b\u00f3c t\u00e1ch, kh\u00f4ng b\u1ecb bong tr\u00f3c \u1edf c\u00e1c g\u00f3c c\u1ea1nh.<br \/>\n<strong>C\u00f4ng d\u1ee5ng:<\/strong> C\u00f3 th\u1ec3 thay th\u1ebf \u0111inh, m\u1ed1i h\u00e0n, keo 502\u2026 khi treo tranh \u1ea3nh, k\u00ednh hay c\u00e1c v\u1eadt n\u1eb7ng tr\u00ean t\u01b0\u1eddng\u2026 D\u00ednh \u0111\u01b0\u1ee3c tr\u00ean nhi\u1ec1u b\u1ec1 m\u1eb7t kh\u00e1c nhau nh\u01b0 g\u1ed7, g\u01b0\u01a1ng, nh\u1ef1a, k\u00ednh, kim lo\u1ea1i&#8230;<\/p>\n<p><strong><a href=\"https:\/\/maybommini.com\/wp-content\/uploads\/2023\/11\/gia-bang-keo-xop-2-mat-24x10yard.jpg\" target=\"_blank\" rel=\"noopener\"><img decoding=\"async\" class=\"size-full wp-image-274918 aligncenter\" src=\"https:\/\/maybommini.com\/wp-content\/uploads\/2023\/11\/gia-bang-keo-xop-2-mat-24x10yard.jpg\" alt=\"Gia Bang Keo Xop 2 Mat 24x10yard\" width=\"750\" height=\"750\" srcset=\"https:\/\/maybommini.vn\/wp-content\/uploads\/2023\/11\/gia-bang-keo-xop-2-mat-24x10yard.jpg 750w, https:\/\/maybommini.vn\/wp-content\/uploads\/2023\/11\/gia-bang-keo-xop-2-mat-24x10yard-300x300.jpg 300w, https:\/\/maybommini.vn\/wp-content\/uploads\/2023\/11\/gia-bang-keo-xop-2-mat-24x10yard-150x150.jpg 150w, https:\/\/maybommini.vn\/wp-content\/uploads\/2023\/11\/gia-bang-keo-xop-2-mat-24x10yard-600x600.jpg 600w\" sizes=\"(max-width: 750px) 100vw, 750px\" \/><\/a><\/strong><\/p>\n<p>B\u0103ng keo 2 m\u1eb7t x\u1ed1p \u0111en 2.4x10yard l\u00e0 m\u1ed9t s\u1ea3n ph\u1ea9m thi\u1ebft y\u1ebfu cho vi\u1ec7c d\u00e1n c\u00e1c v\u1eadt li\u1ec7u c\u1ea7n c\u00f3 t\u00ednh n\u0103ng gi\u1eef ch\u1eb7t v\u00e0 l\u00e0m k\u00edn.<\/p>\n<ul>\n<li><strong>M\u1eb7t x\u1ed1p \u0111en:<\/strong>\u00a0B\u0103ng keo \u0111\u01b0\u1ee3c thi\u1ebft k\u1ebf v\u1edbi m\u1ed9t l\u1edbp b\u1ec1 m\u1eb7t x\u1ed1p \u0111en gi\u00fap t\u1ea1o ra t\u00ednh n\u0103ng ch\u1ed1ng tr\u01b0\u1ee3t, kh\u00f4ng tr\u01a1n tr\u01b0\u1ee3t, t\u1ea1o s\u1ef1 an to\u00e0n cho vi\u1ec7c s\u1eed d\u1ee5ng.<\/li>\n<li><strong>\u0110\u1ed9 b\u1ec1n:<\/strong>\u00a0B\u1ec1 m\u1eb7t \u0111\u01b0\u1ee3c ph\u1ee7 l\u1edbn li\u00ean t\u1ee5c v\u00e0 c\u00f3 kh\u1ea3 n\u0103ng ch\u1ecbu \u0111\u01b0\u1ee3c t\u1ea3i l\u1ef1c cao, gi\u00fap s\u1ea3n ph\u1ea9m kh\u00f4ng b\u1ecb r\u00e1ch hay tu\u1ed9t khi s\u1eed d\u1ee5ng.<\/li>\n<li><strong>D\u1ec5 c\u1eaft:<\/strong>\u00a0S\u1ea3n ph\u1ea9m n\u00e0y c\u00f3 th\u1ec3 d\u1ec5 d\u00e0ng c\u1eaft theo k\u00edch th\u01b0\u1edbc y\u00eau c\u1ea7u \u0111\u1ec3 ph\u00f9 h\u1ee3p v\u1edbi c\u00e1c nhu c\u1ea7u c\u1ee7a b\u1ea1n.<\/li>\n<\/ul>\n<p>B\u1ea1n c\u00f3 th\u1ec3 s\u1eed d\u1ee5ng s\u1ea3n ph\u1ea9m n\u00e0y trong nh\u00e0 \u0111\u1ec3 g\u1eafn c\u00e1c b\u1ee9c tranh ho\u1eb7c ghi l\u1ea1i nh\u1eefng th\u00f4ng \u0111i\u1ec1u quan trong v\u00e0o t\u01b0\u1eddng. N\u00f3 r\u1ea5t ti\u1ec7n l\u1ee3i cho vi\u1ec7c treo h\u00ecnh \u1ea3nh hay qu\u1ea3ng c\u00e1o c\u1ee7a b\u1ea1n v\u00e0o c\u00e1c \u0111i\u1ec3m thu\u1eadn ti\u1ec7n..<\/p>\n<p><strong><a href=\"https:\/\/maybommini.com\/wp-content\/uploads\/2023\/11\/ban-bang-keo-2-mat-xop-sieu-dinh.jpg\" target=\"_blank\" rel=\"noopener\"><img decoding=\"async\" class=\"size-full wp-image-274916 aligncenter\" src=\"https:\/\/maybommini.com\/wp-content\/uploads\/2023\/11\/ban-bang-keo-2-mat-xop-sieu-dinh.jpg\" alt=\"Ban Bang Keo 2 Mat Xop Sieu Dinh\" width=\"750\" height=\"750\" srcset=\"https:\/\/maybommini.vn\/wp-content\/uploads\/2023\/11\/ban-bang-keo-2-mat-xop-sieu-dinh.jpg 750w, https:\/\/maybommini.vn\/wp-content\/uploads\/2023\/11\/ban-bang-keo-2-mat-xop-sieu-dinh-300x300.jpg 300w, https:\/\/maybommini.vn\/wp-content\/uploads\/2023\/11\/ban-bang-keo-2-mat-xop-sieu-dinh-150x150.jpg 150w, https:\/\/maybommini.vn\/wp-content\/uploads\/2023\/11\/ban-bang-keo-2-mat-xop-sieu-dinh-600x600.jpg 600w\" sizes=\"(max-width: 750px) 100vw, 750px\" \/><\/a><a href=\"https:\/\/maybommini.com\/wp-content\/uploads\/2023\/11\/gia-keo-2-mat-sieu-dinh.jpg\" target=\"_blank\" rel=\"noopener\"><img decoding=\"async\" class=\"size-full wp-image-274919 aligncenter\" src=\"https:\/\/maybommini.com\/wp-content\/uploads\/2023\/11\/gia-keo-2-mat-sieu-dinh.jpg\" alt=\"Gia Keo 2 Mat Sieu Dinh\" width=\"750\" height=\"750\" srcset=\"https:\/\/maybommini.vn\/wp-content\/uploads\/2023\/11\/gia-keo-2-mat-sieu-dinh.jpg 750w, https:\/\/maybommini.vn\/wp-content\/uploads\/2023\/11\/gia-keo-2-mat-sieu-dinh-300x300.jpg 300w, https:\/\/maybommini.vn\/wp-content\/uploads\/2023\/11\/gia-keo-2-mat-sieu-dinh-150x150.jpg 150w, https:\/\/maybommini.vn\/wp-content\/uploads\/2023\/11\/gia-keo-2-mat-sieu-dinh-600x600.jpg 600w\" sizes=\"(max-width: 750px) 100vw, 750px\" \/><\/a><a href=\"https:\/\/maybommini.com\/wp-content\/uploads\/2023\/11\/keo-xop-2-mat-siwu-dinh-city.jpg\" target=\"_blank\" rel=\"noopener\"><img decoding=\"async\" class=\"size-full wp-image-274921 aligncenter\" src=\"https:\/\/maybommini.com\/wp-content\/uploads\/2023\/11\/keo-xop-2-mat-siwu-dinh-city.jpg\" alt=\"Keo Xop 2 Mat Siwu Dinh City\" width=\"750\" height=\"750\" srcset=\"https:\/\/maybommini.vn\/wp-content\/uploads\/2023\/11\/keo-xop-2-mat-siwu-dinh-city.jpg 750w, https:\/\/maybommini.vn\/wp-content\/uploads\/2023\/11\/keo-xop-2-mat-siwu-dinh-city-300x300.jpg 300w, https:\/\/maybommini.vn\/wp-content\/uploads\/2023\/11\/keo-xop-2-mat-siwu-dinh-city-150x150.jpg 150w, https:\/\/maybommini.vn\/wp-content\/uploads\/2023\/11\/keo-xop-2-mat-siwu-dinh-city-600x600.jpg 600w\" sizes=\"(max-width: 750px) 100vw, 750px\" \/><\/a><a href=\"https:\/\/maybommini.com\/wp-content\/uploads\/2023\/11\/kich-thuo-bang-keo-2-mat-xop-24x10-1.jpg\" target=\"_blank\" rel=\"noopener\"><img decoding=\"async\" class=\"size-full wp-image-274922 aligncenter\" src=\"https:\/\/maybommini.com\/wp-content\/uploads\/2023\/11\/kich-thuo-bang-keo-2-mat-xop-24x10-1.jpg\" alt=\"Kich Thuo Bang Keo 2 Mat Xop 24x10\" width=\"750\" height=\"750\" srcset=\"https:\/\/maybommini.vn\/wp-content\/uploads\/2023\/11\/kich-thuo-bang-keo-2-mat-xop-24x10-1.jpg 750w, https:\/\/maybommini.vn\/wp-content\/uploads\/2023\/11\/kich-thuo-bang-keo-2-mat-xop-24x10-1-300x300.jpg 300w, https:\/\/maybommini.vn\/wp-content\/uploads\/2023\/11\/kich-thuo-bang-keo-2-mat-xop-24x10-1-150x150.jpg 150w, https:\/\/maybommini.vn\/wp-content\/uploads\/2023\/11\/kich-thuo-bang-keo-2-mat-xop-24x10-1-600x600.jpg 600w\" sizes=\"(max-width: 750px) 100vw, 750px\" \/><\/a><a href=\"https:\/\/maybommini.com\/wp-content\/uploads\/2023\/11\/keo-xop-2-mat-sieu-dinh-10yard.jpg\" target=\"_blank\" rel=\"noopener\"><img decoding=\"async\" class=\"size-full wp-image-274920 aligncenter\" src=\"https:\/\/maybommini.com\/wp-content\/uploads\/2023\/11\/keo-xop-2-mat-sieu-dinh-10yard.jpg\" alt=\"Keo Xop 2 Mat Sieu Dinh 10yard\" width=\"750\" height=\"750\" srcset=\"https:\/\/maybommini.vn\/wp-content\/uploads\/2023\/11\/keo-xop-2-mat-sieu-dinh-10yard.jpg 750w, https:\/\/maybommini.vn\/wp-content\/uploads\/2023\/11\/keo-xop-2-mat-sieu-dinh-10yard-300x300.jpg 300w, https:\/\/maybommini.vn\/wp-content\/uploads\/2023\/11\/keo-xop-2-mat-sieu-dinh-10yard-150x150.jpg 150w, https:\/\/maybommini.vn\/wp-content\/uploads\/2023\/11\/keo-xop-2-mat-sieu-dinh-10yard-600x600.jpg 600w\" sizes=\"(max-width: 750px) 100vw, 750px\" \/><\/a>CTY TNHH TH\u01af\u01a0NG M\u1ea0I D\u1ecaCH V\u1ee4 \u0110I\u1ec6N M\u00c1Y TH\u00d4NG MINH<\/strong><br \/>\n<strong>Hotline:<\/strong>\u00a0<a href=\"tel:02873030399\">02873030399<\/a>\u00a0\u2013\u00a0<a href=\"tel:0907294310\">0907294310<\/a>\u00a0\u2013\u00a0<a href=\"tel:0908997823\">0908997823<\/a>\u00a0\u2013\u00a0<a href=\"tel:0908997872\">0908997872<\/a><br \/>\n<strong>Email:<\/strong>\u00a0maybommini.com@gmail.com<br \/>\n<strong>Website:<\/strong>\u00a0<a href=\"https:\/\/maybommini.com\/\" target=\"_blank\" rel=\"noopener\">https:\/\/maybommini.com<\/a><br \/>\n<strong>Youtube:<\/strong>\u00a0<a title=\"MayBomMini\" href=\"https:\/\/www.youtube.com\/@MayBomMini\" target=\"_blank\" rel=\"noopener\">https:\/\/www.youtube.com\/@MayBomMini<\/a><\/p>\n<h5><strong><a class=\"swipebox\" title=\"\" href=\"https:\/\/maybommini.com\/wp-content\/uploads\/2022\/07\/thong-tin-lien-he-may-bom-mini.jpg\" data-rel=\"lightbox-image-bGlnaHRib3gtaW1hZ2UtYkdsbmFIUmliM2d0YVcxaFoyVXRZa2RzYm1GSVVtbGlNMmQwWVZjeGFGb3lWWFJOVkVrOQ==\" data-rl_title=\"\" data-rl_caption=\"\" data-rl_ target=\"_blank\" rel=\"noopener\"><img decoding=\"async\" class=\"size-full wp-image-270584 lazyloaded aligncenter\" src=\"https:\/\/maybommini.com\/wp-content\/uploads\/2022\/07\/thong-tin-lien-he-may-bom-mini.jpg\" sizes=\"(max-width: 750px) 100vw, 750px\" srcset=\"https:\/\/maybommini.com\/wp-content\/uploads\/2022\/07\/thong-tin-lien-he-may-bom-mini.jpg 750w, https:\/\/maybommini.com\/wp-content\/uploads\/2022\/07\/thong-tin-lien-he-may-bom-mini-300x202.jpg 300w, https:\/\/maybommini.com\/wp-content\/uploads\/2022\/07\/thong-tin-lien-he-may-bom-mini-600x405.jpg 600w\" alt=\"Thong Tin Lien He May Bom Mini\" width=\"750\" height=\"506\" data-lazy-srcset=\"https:\/\/maybommini.com\/wp-content\/uploads\/2022\/07\/thong-tin-lien-he-may-bom-mini.jpg 750w, https:\/\/maybommini.com\/wp-content\/uploads\/2022\/07\/thong-tin-lien-he-may-bom-mini-300x202.jpg 300w, https:\/\/maybommini.com\/wp-content\/uploads\/2022\/07\/thong-tin-lien-he-may-bom-mini-600x405.jpg 600w\" data-lazy-sizes=\"(max-width: 750px) 100vw, 750px\" data-lazy-src=\"https:\/\/maybommini.com\/wp-content\/uploads\/2022\/07\/thong-tin-lien-he-may-bom-mini.jpg\" data-was-processed=\"true\" data-lazy-=\"\" \/><\/a><\/strong><\/h5>\n","protected":false},"excerpt":{"rendered":"<p>B\u0103ng keo x\u1ed1p 2 \u0111en<br \/>\nK\u00edch th\u01b0\u1edbc: 24mm x 10 yard<br \/>\nKeo nh\u1ef1a nh\u1eadp kh\u1ea9u Taiwan<br \/>\nS\u1ea3n xu\u1ea5t Vi\u1ec7t Nam<br \/>\nQuy c\u00e1ch \u0111\u00f3ng g\u00f3i: 10 cu\u1ed9n\/c\u00e2y<br \/>\nGi\u00e1 1 cu\u1ed9n.<br \/>\nMua s\u1ed1 l\u01b0\u1ee3ng gi\u00e1 t\u1ed1t<\/p>\n","protected":false},"featured_media":274917,"comment_status":"open","ping_status":"closed","template":"","meta":[],"product_brand":[],"product_cat":[4366],"product_tag":[4367,4369,4370,4368],"class_list":{"0":"post-274915","1":"product","2":"type-product","3":"status-publish","4":"has-post-thumbnail","6":"product_cat-keo-dan","7":"product_tag-bang-keo","8":"product_tag-bang-keo-2-mat","9":"product_tag-bang-keo-xop","10":"product_tag-bangkeo","12":"first","13":"instock","14":"shipping-taxable","15":"purchasable","16":"product-type-simple"},"_links":{"self":[{"href":"https:\/\/maybommini.vn\/index.php?rest_route=\/wp\/v2\/product\/274915","targetHints":{"allow":["GET"]}}],"collection":[{"href":"https:\/\/maybommini.vn\/index.php?rest_route=\/wp\/v2\/product"}],"about":[{"href":"https:\/\/maybommini.vn\/index.php?rest_route=\/wp\/v2\/types\/product"}],"replies":[{"embeddable":true,"href":"https:\/\/maybommini.vn\/index.php?rest_route=%2Fwp%2Fv2%2Fcomments&post=274915"}],"wp:featuredmedia":[{"embeddable":true,"href":"https:\/\/maybommini.vn\/index.php?rest_route=\/wp\/v2\/media\/274917"}],"wp:attachment":[{"href":"https:\/\/maybommini.vn\/index.php?rest_route=%2Fwp%2Fv2%2Fmedia&parent=274915"}],"wp:term":[{"taxonomy":"product_brand","embeddable":true,"href":"https:\/\/maybommini.vn\/index.php?rest_route=%2Fwp%2Fv2%2Fproduct_brand&post=274915"},{"taxonomy":"product_cat","embeddable":true,"href":"https:\/\/maybommini.vn\/index.php?rest_route=%2Fwp%2Fv2%2Fproduct_cat&post=274915"},{"taxonomy":"product_tag","embeddable":true,"href":"https:\/\/maybommini.vn\/index.php?rest_route=%2Fwp%2Fv2%2Fproduct_tag&post=274915"}],"curies":[{"name":"wp","href":"https:\/\/api.w.org\/{rel}","templated":true}]}}