{"id":276203,"date":"2024-06-16T21:46:46","date_gmt":"2024-06-16T14:46:46","guid":{"rendered":"https:\/\/maybommini.com\/?post_type=product&#038;p=276203"},"modified":"2024-06-16T22:05:48","modified_gmt":"2024-06-16T15:05:48","slug":"bo-dieu-khien-dimmer-dc-12v-24v-40a","status":"publish","type":"product","link":"https:\/\/maybommini.vn\/?product=bo-dieu-khien-dimmer-dc-12v-24v-40a","title":{"rendered":"B\u1ed9 \u0111i\u1ec1u khi\u1ec3n dimmer DC 12V 24V 40A"},"content":{"rendered":"<h3>B\u1ed9 \u0111i\u1ec1u khi\u1ec3n dimmer DC 12V 24V 40A thi\u1ebft k\u1ebf nh\u1ecf g\u1ecdn ch\u1ecbu t\u1ea3i l\u1edbn. \u0110\u00e2y l\u00e0 b\u1ed9 \u0111i\u1ec1u khi\u1ec3n chi\u1ebft \u00e1p PWM d\u00f9ng cho \u0111\u1ed9ng c\u01a1 DC, m\u00e1y b\u01a1m mini, qu\u1ea1t, \u0111\u00e8n LED&#8230;<br \/>\n<a href=\"https:\/\/maybommini.com\/wp-content\/uploads\/2024\/06\/Bo-dieu-khien-dimmer-DC-12v-24v-40A.jpg\" target=\"_blank\" rel=\"noopener\"><img decoding=\"async\" class=\"size-full wp-image-276208 aligncenter\" src=\"https:\/\/maybommini.com\/wp-content\/uploads\/2024\/06\/Bo-dieu-khien-dimmer-DC-12v-24v-40A.jpg\" alt=\"Bo Dieu Khien Dimmer DC 12v 24v 40A\" width=\"750\" height=\"750\" srcset=\"https:\/\/maybommini.vn\/wp-content\/uploads\/2024\/06\/Bo-dieu-khien-dimmer-DC-12v-24v-40A.jpg 750w, https:\/\/maybommini.vn\/wp-content\/uploads\/2024\/06\/Bo-dieu-khien-dimmer-DC-12v-24v-40A-300x300.jpg 300w, https:\/\/maybommini.vn\/wp-content\/uploads\/2024\/06\/Bo-dieu-khien-dimmer-DC-12v-24v-40A-150x150.jpg 150w, https:\/\/maybommini.vn\/wp-content\/uploads\/2024\/06\/Bo-dieu-khien-dimmer-DC-12v-24v-40A-600x600.jpg 600w\" sizes=\"(max-width: 750px) 100vw, 750px\" \/><\/a><\/h3>\n<p><strong>TH\u00d4NG S\u1ed0 K\u1ef8 THU\u1eacT<br \/>\n<\/strong>Th\u01b0\u01a1ng hi\u1ec7u: MTM<strong><br \/>\n<\/strong>Model: DIMMERLED-12V24V-40A<br \/>\n\u0110i\u1ec7n th\u1ebf: 12V &#8211; 24V DC<br \/>\nC\u00f4ng su\u1ea5t t\u1ed1i \u0111a: 40A<br \/>\nCh\u1ebf \u0111\u1ed9 \u0111i\u1ec1u khi\u1ec3n dimmer<br \/>\nChi\u1ebft \u00e1p m\u1edf xoay n\u00fat theo chi\u1ec1u kim \u0111\u1ed3ng h\u1ed3.<br \/>\nChu k\u1ef3 l\u00e0m vi\u1ec7c: 0% &#8211; 99%<br \/>\nCh\u1ee9c n\u0103ng c\u00f4ng t\u1eaft ngu\u1ed3n.<br \/>\nK\u00edch th\u01b0\u1edbc: 75 x 60 x 30 mm<br \/>\nTr\u1ecdng l\u01b0\u1ee3ng: 65 gam<\/p>\n<p><strong><a href=\"https:\/\/maybommini.com\/wp-content\/uploads\/2024\/06\/Bo-dieu-khien-dimmer-DC-12v-24v-40A-gia-re.jpg\" target=\"_blank\" rel=\"noopener\"><img decoding=\"async\" class=\"size-full wp-image-276209 aligncenter\" src=\"https:\/\/maybommini.com\/wp-content\/uploads\/2024\/06\/Bo-dieu-khien-dimmer-DC-12v-24v-40A-gia-re.jpg\" alt=\"Bo Dieu Khien Dimmer DC 12v 24v 40A Gia Re\" width=\"750\" height=\"750\" srcset=\"https:\/\/maybommini.vn\/wp-content\/uploads\/2024\/06\/Bo-dieu-khien-dimmer-DC-12v-24v-40A-gia-re.jpg 750w, https:\/\/maybommini.vn\/wp-content\/uploads\/2024\/06\/Bo-dieu-khien-dimmer-DC-12v-24v-40A-gia-re-300x300.jpg 300w, https:\/\/maybommini.vn\/wp-content\/uploads\/2024\/06\/Bo-dieu-khien-dimmer-DC-12v-24v-40A-gia-re-150x150.jpg 150w, https:\/\/maybommini.vn\/wp-content\/uploads\/2024\/06\/Bo-dieu-khien-dimmer-DC-12v-24v-40A-gia-re-600x600.jpg 600w\" sizes=\"(max-width: 750px) 100vw, 750px\" \/><\/a><br \/>\nH\u01af\u1edaNG D\u1eaaN L\u1eaeP R\u00c1P M\u1ea0CH DIMMER DC<\/strong><br \/>\n&#8211; S\u1eed d\u1ee5ng ngu\u1ed3n \u0111i\u1ec7n 12V 24V DC.<br \/>\n&#8211; Ngu\u1ed3n v\u00e0o: IN \u0111\u1ecf d\u01b0\u01a1ng (+) v\u00e0 xanh \u00e2m (-)<br \/>\n&#8211; Ngu\u1ed3n ra v\u00e0o thi\u1ebft b\u1ecb: OUT \u0111\u1ecf d\u01b0\u01a1ng (+) v\u00e0 xanh \u00e2m (-)<br \/>\n&#8211; T\u1ea3i kh\u00f4ng qu\u00e1 40A, t\u1ed1t nh\u1ea5t s\u1eed d\u1ee5ng t\u1ed1i \u0111a 80% c\u00f4ng su\u1ea5t.<br \/>\n<a href=\"https:\/\/maybommini.com\/wp-content\/uploads\/2024\/06\/ban-bo-dieu-khien-dimmer-DC-12v-24v-40A.jpg\" target=\"_blank\" rel=\"noopener\"><img decoding=\"async\" class=\"size-full wp-image-276206 aligncenter\" src=\"https:\/\/maybommini.com\/wp-content\/uploads\/2024\/06\/ban-bo-dieu-khien-dimmer-DC-12v-24v-40A.jpg\" alt=\"Ban Bo Dieu Khien Dimmer DC 12v 24v 40A\" width=\"750\" height=\"750\" srcset=\"https:\/\/maybommini.vn\/wp-content\/uploads\/2024\/06\/ban-bo-dieu-khien-dimmer-DC-12v-24v-40A.jpg 750w, https:\/\/maybommini.vn\/wp-content\/uploads\/2024\/06\/ban-bo-dieu-khien-dimmer-DC-12v-24v-40A-300x300.jpg 300w, https:\/\/maybommini.vn\/wp-content\/uploads\/2024\/06\/ban-bo-dieu-khien-dimmer-DC-12v-24v-40A-150x150.jpg 150w, https:\/\/maybommini.vn\/wp-content\/uploads\/2024\/06\/ban-bo-dieu-khien-dimmer-DC-12v-24v-40A-600x600.jpg 600w\" sizes=\"(max-width: 750px) 100vw, 750px\" \/><\/a><strong>S\u1eec D\u1ee4NG M\u1ea0CH \u0110I\u1ec0U KHI\u1ec2N DIMMER DC<br \/>\n<\/strong>&#8211; S\u1eed d\u1ee5ng \u0111i\u1ec1u khi\u1ec3n t\u1ed1c \u0111\u1ed9 \u0111\u1ed9ng c\u01a1 DC.<br \/>\n&#8211; \u0110i\u1ec1u khi\u1ec3n t\u1ed1c \u0111\u1ed9 m\u00e1y b\u01a1m n\u01b0\u1edbc, m\u00e1y b\u01a1m t\u1ea1o b\u1ecdt kh\u00ed&#8230;.<br \/>\n&#8211; M\u1ea1ch \u0111i\u1ec1u khi\u1ec3n \u00e1nh s\u00e1ng \u0111\u00e8n Led.<br \/>\n&#8211; M\u1ea1ch chi\u1ebft \u00e1p thi\u1ebft b\u1ecb \u0111i\u1ec7n DC.<br \/>\n&#8211; \u1ee8ng d\u1ee5ng chi\u1ebft \u00e1p kh\u00e1c.<br \/>\n&#8211; \u0110i\u1ec1u khi\u1ec1n t\u1ed1c \u0111\u1ed9 qu\u1ea1t DC.<br \/>\n<a href=\"https:\/\/maybommini.com\/wp-content\/uploads\/2024\/06\/cung-cap-bo-dieu-khien-dimmer-DC-12v-24v-40A-den-led.jpg\" target=\"_blank\" rel=\"noopener\"><img decoding=\"async\" class=\"size-full wp-image-276205 aligncenter\" src=\"https:\/\/maybommini.com\/wp-content\/uploads\/2024\/06\/cung-cap-bo-dieu-khien-dimmer-DC-12v-24v-40A-den-led.jpg\" alt=\"Cung Cap Bo Dieu Khien Dimmer DC 12v 24v 40A Den Led\" width=\"750\" height=\"750\" srcset=\"https:\/\/maybommini.vn\/wp-content\/uploads\/2024\/06\/cung-cap-bo-dieu-khien-dimmer-DC-12v-24v-40A-den-led.jpg 750w, https:\/\/maybommini.vn\/wp-content\/uploads\/2024\/06\/cung-cap-bo-dieu-khien-dimmer-DC-12v-24v-40A-den-led-300x300.jpg 300w, https:\/\/maybommini.vn\/wp-content\/uploads\/2024\/06\/cung-cap-bo-dieu-khien-dimmer-DC-12v-24v-40A-den-led-150x150.jpg 150w, https:\/\/maybommini.vn\/wp-content\/uploads\/2024\/06\/cung-cap-bo-dieu-khien-dimmer-DC-12v-24v-40A-den-led-600x600.jpg 600w\" sizes=\"(max-width: 750px) 100vw, 750px\" \/><\/a><\/p>\n<h3 style=\"text-align: center;\">B\u1ed9 \u0111i\u1ec1u khi\u1ec3n dimmer DC 12V 24V 40A<\/h3>\n<p><strong>\u0110I\u1ec0U XUNG CHI\u1ebeT \u00c1P PWM L\u00c0 G\u00cc &#8211; PULSE WIDTH MODULATION<\/strong><br \/>\nPh\u01b0\u01a1ng ph\u00e1p \u0111i\u1ec1u xung PWM (Pulse Width Modulation) l\u00e0 ph\u01b0\u01a1ng ph\u00e1p \u0111i\u1ec1u ch\u1ec9nh \u0111i\u1ec7n \u00e1p ra t\u1ea3i, hay n\u00f3i c\u00e1ch kh\u00e1c, l\u00e0 ph\u01b0\u01a1ng ph\u00e1p \u0111i\u1ec1u ch\u1ebf d\u1ef1a tr\u00ean s\u1ef1 thay \u0111\u1ed5i \u0111\u1ed9 r\u1ed9ng c\u1ee7a chu\u1ed7i xung vu\u00f4ng, d\u1eabn \u0111\u1ebfn s\u1ef1 thay \u0111\u1ed5i \u0111i\u1ec7n \u00e1p ra. C\u00e1c PWM khi bi\u1ebfn \u0111\u1ed5i th\u00ec c\u00f3 c\u00f9ng 1 t\u1ea7n s\u1ed1 v\u00e0 kh\u00e1c nhau v\u1ec1 \u0111\u1ed9 r\u1ed9ng c\u1ee7a s\u01b0\u1eddn d\u01b0\u01a1ng hay s\u01b0\u1eddn \u00e2m.<br \/>\nPWM c\u00f2n g\u1eb7p nhi\u1ec1u trong th\u1ef1c t\u1ebf \u1edf c\u00e1c m\u1ea1ch \u0111i\u1ec7n \u0111i\u1ec1u khi\u1ec3n. \u0110i\u1ec1u \u0111\u1eb7c bi\u1ec7t l\u00e0 PWM chuy\u00ean d\u00f9ng \u0111\u1ec3 \u0111i\u1ec1u khi\u1ec3n c\u00e1c ph\u1ea7n t\u1eed \u0111i\u1ec7n t\u1eed c\u00f4ng su\u1ea5t c\u00f3 \u0111\u01b0\u1eddng \u0111\u1eb7c t\u00ednh l\u00e0 tuy\u1ebfn t\u00ednh khi c\u00f3 s\u1eb5n 1 ngu\u1ed3n 1 chi\u1ec1u c\u1ed1 \u0111\u1ecbnh .Nh\u01b0 v\u1eady PWM \u0111\u01b0\u1ee3c \u1ee9ng d\u1ee5ng r\u1ea5t nhi\u1ec1u trong c\u00e1c thi\u1ebft b\u1ecb \u0111i\u1ec7n &#8211; \u0111i\u1ec7n t\u1eed.<\/p>\n<p><a href=\"https:\/\/maybommini.com\/wp-content\/uploads\/2024\/06\/Bo-dieu-khien-dimmer-DC-12v-24v-40A-motor-dvc.jpg\" target=\"_blank\" rel=\"noopener\"><img decoding=\"async\" class=\"size-full wp-image-276204 aligncenter\" src=\"https:\/\/maybommini.com\/wp-content\/uploads\/2024\/06\/Bo-dieu-khien-dimmer-DC-12v-24v-40A-motor-dvc.jpg\" alt=\"Bo Dieu Khien Dimmer DC 12v 24v 40A Motor Dvc\" width=\"750\" height=\"750\" srcset=\"https:\/\/maybommini.vn\/wp-content\/uploads\/2024\/06\/Bo-dieu-khien-dimmer-DC-12v-24v-40A-motor-dvc.jpg 750w, https:\/\/maybommini.vn\/wp-content\/uploads\/2024\/06\/Bo-dieu-khien-dimmer-DC-12v-24v-40A-motor-dvc-300x300.jpg 300w, https:\/\/maybommini.vn\/wp-content\/uploads\/2024\/06\/Bo-dieu-khien-dimmer-DC-12v-24v-40A-motor-dvc-150x150.jpg 150w, https:\/\/maybommini.vn\/wp-content\/uploads\/2024\/06\/Bo-dieu-khien-dimmer-DC-12v-24v-40A-motor-dvc-600x600.jpg 600w\" sizes=\"(max-width: 750px) 100vw, 750px\" \/><\/a><\/p>\n<p><strong>CTY TNHH TH\u01af\u01a0NG M\u1ea0I D\u1ecaCH V\u1ee4 \u0110I\u1ec6N M\u00c1Y TH\u00d4NG MINH<\/strong><br \/>\n<strong>Hotline:<\/strong>\u00a0<a href=\"tel:02873030399\">02873030399<\/a>\u00a0\u2013\u00a0<a href=\"tel:0907294310\">0907294310<\/a>\u00a0\u2013\u00a0<a href=\"tel:0908997823\">0908997823<\/a>\u00a0\u2013\u00a0<a href=\"tel:0908997872\">0908997872<\/a><br \/>\n<strong>Email:<\/strong>\u00a0maybommini.com@gmail.com<br \/>\n<strong>Website:<\/strong>\u00a0<a href=\"https:\/\/maybommini.com\/\" target=\"_blank\" rel=\"noopener\">https:\/\/maybommini.com<\/a><br \/>\n<strong>Youtube demo:<\/strong>\u00a0<a title=\"Youtube M\u00e1y B\u01a1m Mini\" href=\"https:\/\/www.youtube.com\/bahamasali\" target=\"_blank\" rel=\"noopener\">M\u00e1y B\u01a1m Mini<\/a><\/p>\n<p><a class=\"swipebox\" title=\"\" href=\"https:\/\/maybommini.com\/wp-content\/uploads\/2022\/07\/thong-tin-lien-he-may-bom-mini.jpg\" data-rel=\"lightbox-image-bGlnaHRib3gtaW1hZ2UtYkdsbmFIUmliM2d0YVcxaFoyVXRNVFU9\" data-rl_title=\"\" data-rl_caption=\"\" data-rl_ target=\"_blank\" rel=\"noopener\"><img decoding=\"async\" class=\"size-full wp-image-270584 aligncenter lazyloaded\" src=\"https:\/\/maybommini.com\/wp-content\/uploads\/2022\/07\/thong-tin-lien-he-may-bom-mini.jpg\" sizes=\"(max-width: 750px) 100vw, 750px\" srcset=\"https:\/\/maybommini.com\/wp-content\/uploads\/2022\/07\/thong-tin-lien-he-may-bom-mini.jpg 750w, https:\/\/maybommini.com\/wp-content\/uploads\/2022\/07\/thong-tin-lien-he-may-bom-mini-300x202.jpg 300w, https:\/\/maybommini.com\/wp-content\/uploads\/2022\/07\/thong-tin-lien-he-may-bom-mini-600x405.jpg 600w\" alt=\"Thong Tin Lien He May Bom Mini\" width=\"750\" height=\"506\" data-lazy-srcset=\"https:\/\/maybommini.com\/wp-content\/uploads\/2022\/07\/thong-tin-lien-he-may-bom-mini.jpg 750w, https:\/\/maybommini.com\/wp-content\/uploads\/2022\/07\/thong-tin-lien-he-may-bom-mini-300x202.jpg 300w, https:\/\/maybommini.com\/wp-content\/uploads\/2022\/07\/thong-tin-lien-he-may-bom-mini-600x405.jpg 600w\" data-lazy-sizes=\"(max-width: 750px) 100vw, 750px\" data-lazy-src=\"https:\/\/maybommini.com\/wp-content\/uploads\/2022\/07\/thong-tin-lien-he-may-bom-mini.jpg\" data-was-processed=\"true\" \/><\/a><\/p>\n","protected":false},"excerpt":{"rendered":"<p>Th\u01b0\u01a1ng hi\u1ec7u: MTM<strong><br \/>\n<\/strong>Model: DIMMERLED-12V24V-40A<br \/>\n\u0110i\u1ec7n th\u1ebf: 12V &#8211; 24V DC<br \/>\nC\u00f4ng su\u1ea5t t\u1ed1i \u0111a: 40A<br \/>\nCh\u1ebf \u0111\u1ed9 \u0111i\u1ec1u khi\u1ec3n dimmer<br \/>\nChi\u1ebft \u00e1p m\u1edf xoay n\u00fat theo chi\u1ec1u kim \u0111\u1ed3ng h\u1ed3.<br \/>\nChu k\u1ef3 l\u00e0m vi\u1ec7c: 0% &#8211; 99%<br \/>\nCh\u1ee9c n\u0103ng c\u00f4ng t\u1eaft ngu\u1ed3n.<br \/>\nK\u00edch th\u01b0\u1edbc: 75 x 60 x 30 mm<br \/>\nTr\u1ecdng l\u01b0\u1ee3ng: 65 gam<br \/>\nB\u1ea3o h\u00e0nh: 1 th\u00e1ng<br \/>\n<strong>Mua s\u1ed1 l\u01b0\u1ee3ng c\u00f3 gi\u00e1 t\u1ed1t<\/strong><\/p>\n","protected":false},"featured_media":276208,"comment_status":"open","ping_status":"closed","template":"","meta":[],"product_brand":[],"product_cat":[214,3458],"product_tag":[4589,3766,3767,850,3768,3769],"class_list":{"0":"post-276203","1":"product","2":"type-product","3":"status-publish","4":"has-post-thumbnail","6":"product_cat-phu-kien-bom-nuoc","7":"product_cat-dimmer-dieu-chinh-toc-do","8":"product_tag-bo-dieu-khien-dimmer","9":"product_tag-chiet-ap","10":"product_tag-chinh-toc-do","11":"product_tag-dimmer","12":"product_tag-mach-dimmer","13":"product_tag-pwm","15":"first","16":"instock","17":"shipping-taxable","18":"purchasable","19":"product-type-simple"},"_links":{"self":[{"href":"https:\/\/maybommini.vn\/index.php?rest_route=\/wp\/v2\/product\/276203","targetHints":{"allow":["GET"]}}],"collection":[{"href":"https:\/\/maybommini.vn\/index.php?rest_route=\/wp\/v2\/product"}],"about":[{"href":"https:\/\/maybommini.vn\/index.php?rest_route=\/wp\/v2\/types\/product"}],"replies":[{"embeddable":true,"href":"https:\/\/maybommini.vn\/index.php?rest_route=%2Fwp%2Fv2%2Fcomments&post=276203"}],"wp:featuredmedia":[{"embeddable":true,"href":"https:\/\/maybommini.vn\/index.php?rest_route=\/wp\/v2\/media\/276208"}],"wp:attachment":[{"href":"https:\/\/maybommini.vn\/index.php?rest_route=%2Fwp%2Fv2%2Fmedia&parent=276203"}],"wp:term":[{"taxonomy":"product_brand","embeddable":true,"href":"https:\/\/maybommini.vn\/index.php?rest_route=%2Fwp%2Fv2%2Fproduct_brand&post=276203"},{"taxonomy":"product_cat","embeddable":true,"href":"https:\/\/maybommini.vn\/index.php?rest_route=%2Fwp%2Fv2%2Fproduct_cat&post=276203"},{"taxonomy":"product_tag","embeddable":true,"href":"https:\/\/maybommini.vn\/index.php?rest_route=%2Fwp%2Fv2%2Fproduct_tag&post=276203"}],"curies":[{"name":"wp","href":"https:\/\/api.w.org\/{rel}","templated":true}]}}