{"id":278028,"date":"2025-08-07T20:51:40","date_gmt":"2025-08-07T13:51:40","guid":{"rendered":"https:\/\/maybommini.com\/?post_type=product&#038;p=278028"},"modified":"2025-08-14T23:43:05","modified_gmt":"2025-08-14T16:43:05","slug":"pin-lithium-ion-48v-54v-5-0ah-30a-13s2p-mtm","status":"publish","type":"product","link":"https:\/\/maybommini.vn\/?product=pin-lithium-ion-48v-54v-5-0ah-30a-13s2p-mtm","title":{"rendered":"Pin Lithium-ion 48V 54V 5.0Ah 30A 13S2P MTM"},"content":{"rendered":"<p><strong>Pin Lithium-ion 48V 54V 5.0Ah 30A 13S2P MTM s\u1eed d\u1ee5ng cho xe \u0111i\u1ec7n, xe \u0111\u1ea1p \u0111i\u1ec7n, xe \u0111i\u1ec7n tr\u1ebb em, xe \u0111\u1ea1p \u0111i\u1ec7n, thi\u1ebft b\u1ecb \u0111i\u1ec7n t\u1eed, h\u1ec7 th\u1ed1ng vi\u1ec5n th\u00f4ng v\u00e0 nhi\u1ec1u \u1ee9ng d\u1ee5ng kh\u00e1c. Pin c\u00f3 tu\u1ed5i th\u1ecd cao ch\u1ea5t l\u01b0\u1ee3ng \u0111\u01b0\u1ee3c kh\u00e1ch h\u00e0ng tin d\u00f9ng v\u00ec \u1ed5n \u0111\u1ecbnh d\u00f2ng ch\u1ecbu t\u1ea3i kh\u1ecfe v\u00e0 nh\u1ecf g\u1ecdn r\u1ea5t ti\u1ec7n l\u1ee3i khi s\u1eed d\u1ee5ng. Ch\u00fang t\u00f4i c\u00f3 nh\u1eadn l\u00e0m pin gh\u00e9p pin thay pin thi\u1ebft b\u1ecb theo y\u00eau c\u1ea7u kh\u00e1ch h\u00e0ng g\u1ea7n xa v\u1edbi gi\u00e1 t\u1ed1t.<\/strong><\/p>\n<p><strong><a href=\"https:\/\/maybommini.com\/wp-content\/uploads\/2025\/08\/ban-Pin-LITHIUM-ION-48V-5AH-30A-13S2P-MTM-5000mah.jpg\" target=\"_blank\" rel=\"noopener\"><img decoding=\"async\" class=\"size-full wp-image-278032 aligncenter\" src=\"https:\/\/maybommini.com\/wp-content\/uploads\/2025\/08\/ban-Pin-LITHIUM-ION-48V-5AH-30A-13S2P-MTM-5000mah.jpg\" alt=\"Ban Pin LITHIUM ION 48V 5AH 30A 13S2P MTM 5000mah\" width=\"750\" height=\"750\" srcset=\"https:\/\/maybommini.vn\/wp-content\/uploads\/2025\/08\/ban-Pin-LITHIUM-ION-48V-5AH-30A-13S2P-MTM-5000mah.jpg 750w, https:\/\/maybommini.vn\/wp-content\/uploads\/2025\/08\/ban-Pin-LITHIUM-ION-48V-5AH-30A-13S2P-MTM-5000mah-300x300.jpg 300w, https:\/\/maybommini.vn\/wp-content\/uploads\/2025\/08\/ban-Pin-LITHIUM-ION-48V-5AH-30A-13S2P-MTM-5000mah-150x150.jpg 150w, https:\/\/maybommini.vn\/wp-content\/uploads\/2025\/08\/ban-Pin-LITHIUM-ION-48V-5AH-30A-13S2P-MTM-5000mah-600x600.jpg 600w\" sizes=\"(max-width: 750px) 100vw, 750px\" \/><\/a>TH\u00d4NG S\u1ed0 K\u1ef8 THU\u1eacT<\/strong><br \/>\nTh\u01b0\u01a1ng hi\u1ec7u: MTM<br \/>\nModel: 48V-30A-13S2P-50<br \/>\n\u0110i\u1ec7n th\u1ebf \u0111\u1ecbnh danh: 48V-54V DC<br \/>\n\u0110i\u1ec7n th\u1ebf ra: 32V \u2013 54V DC<br \/>\n\u0110i\u1ec7n th\u1ebf s\u1ea1c v\u00e0o: 54.6V 2A &#8211; 5A<br \/>\nDung l\u01b0\u1ee3ng: 5.000mAh \u2013 5.0Ah<br \/>\nD\u00f2ng l\u00e0m vi\u1ec7c li\u00ean t\u1ee5c: 15A<br \/>\nD\u00f2ng \u0111i\u1ec7n t\u1ee9c th\u1eddi t\u1ed1i \u0111a: 30A<br \/>\nLo\u1ea1i pin s\u1ea1c Lithium-ion 18650<br \/>\nKi\u1ec3u gh\u00e9p: 13S2P<br \/>\nT\u00edch h\u1ee3p m\u1ea1ch b\u1ea3o v\u1ec7 v\u00e0 c\u00e2n b\u1eb1ng th\u00f4ng minh.<br \/>\nB\u1ea3o v\u1ec7 ch\u1ed1ng qu\u00e1 t\u1ea3i v\u00e0 s\u1ea1c c\u00e2n b\u1eb1ng t\u1ef1 \u0111\u1ed9ng.<br \/>\nTu\u1ed5i th\u1ecd cao ho\u1ea1t \u0111\u1ed9ng t\u1ed1t \u0111\u00fang dung l\u01b0\u1ee3ng.<br \/>\nK\u00edch th\u01b0\u1edbc: 245x70x45 mm.<br \/>\nTr\u1ecdng l\u01b0\u1ee3ng: 1300 gam.<br \/>\n<b><i>Pin kh\u00f4ng k\u00e8m s\u1ea1c.<\/i><\/b><\/p>\n<p><strong><a href=\"https:\/\/maybommini.com\/wp-content\/uploads\/2025\/08\/Pin-LITHIUM-ION-48V-5AH-30A-13S2P-MTM-5000mah-chinh-hang.jpg\" target=\"_blank\" rel=\"noopener\"><img decoding=\"async\" class=\"size-full wp-image-278039 aligncenter\" src=\"https:\/\/maybommini.com\/wp-content\/uploads\/2025\/08\/Pin-LITHIUM-ION-48V-5AH-30A-13S2P-MTM-5000mah-chinh-hang.jpg\" alt=\"Pin LITHIUM ION 48V 5AH 30A 13S2P MTM 5000mah Chinh Hang\" width=\"750\" height=\"750\" srcset=\"https:\/\/maybommini.vn\/wp-content\/uploads\/2025\/08\/Pin-LITHIUM-ION-48V-5AH-30A-13S2P-MTM-5000mah-chinh-hang.jpg 750w, https:\/\/maybommini.vn\/wp-content\/uploads\/2025\/08\/Pin-LITHIUM-ION-48V-5AH-30A-13S2P-MTM-5000mah-chinh-hang-300x300.jpg 300w, https:\/\/maybommini.vn\/wp-content\/uploads\/2025\/08\/Pin-LITHIUM-ION-48V-5AH-30A-13S2P-MTM-5000mah-chinh-hang-150x150.jpg 150w, https:\/\/maybommini.vn\/wp-content\/uploads\/2025\/08\/Pin-LITHIUM-ION-48V-5AH-30A-13S2P-MTM-5000mah-chinh-hang-600x600.jpg 600w\" sizes=\"(max-width: 750px) 100vw, 750px\" \/><\/a><a href=\"https:\/\/maybommini.com\/wp-content\/uploads\/2025\/08\/Pin-LITHIUM-ION-48V-5AH-30A-13S2P-MTM-kich-thuoc.jpg\" target=\"_blank\" rel=\"noopener\"><img decoding=\"async\" class=\"size-full wp-image-278030 aligncenter\" src=\"https:\/\/maybommini.com\/wp-content\/uploads\/2025\/08\/Pin-LITHIUM-ION-48V-5AH-30A-13S2P-MTM-kich-thuoc.jpg\" alt=\"Pin LITHIUM ION 48V 5AH 30A 13S2P MTM Kich Thuoc\" width=\"750\" height=\"750\" srcset=\"https:\/\/maybommini.vn\/wp-content\/uploads\/2025\/08\/Pin-LITHIUM-ION-48V-5AH-30A-13S2P-MTM-kich-thuoc.jpg 750w, https:\/\/maybommini.vn\/wp-content\/uploads\/2025\/08\/Pin-LITHIUM-ION-48V-5AH-30A-13S2P-MTM-kich-thuoc-300x300.jpg 300w, https:\/\/maybommini.vn\/wp-content\/uploads\/2025\/08\/Pin-LITHIUM-ION-48V-5AH-30A-13S2P-MTM-kich-thuoc-150x150.jpg 150w, https:\/\/maybommini.vn\/wp-content\/uploads\/2025\/08\/Pin-LITHIUM-ION-48V-5AH-30A-13S2P-MTM-kich-thuoc-600x600.jpg 600w\" sizes=\"(max-width: 750px) 100vw, 750px\" \/><\/a><a href=\"https:\/\/maybommini.com\/wp-content\/uploads\/2025\/08\/Pin-LITHIUM-ION-48V-5AH-30A-13S2P-MTM.jpg\" target=\"_blank\" rel=\"noopener\"><img decoding=\"async\" class=\"size-full wp-image-278037 aligncenter\" src=\"https:\/\/maybommini.com\/wp-content\/uploads\/2025\/08\/Pin-LITHIUM-ION-48V-5AH-30A-13S2P-MTM.jpg\" alt=\"Pin LITHIUM ION 48V 5AH 30A 13S2P MTM\" width=\"750\" height=\"750\" srcset=\"https:\/\/maybommini.vn\/wp-content\/uploads\/2025\/08\/Pin-LITHIUM-ION-48V-5AH-30A-13S2P-MTM.jpg 750w, https:\/\/maybommini.vn\/wp-content\/uploads\/2025\/08\/Pin-LITHIUM-ION-48V-5AH-30A-13S2P-MTM-300x300.jpg 300w, https:\/\/maybommini.vn\/wp-content\/uploads\/2025\/08\/Pin-LITHIUM-ION-48V-5AH-30A-13S2P-MTM-150x150.jpg 150w, https:\/\/maybommini.vn\/wp-content\/uploads\/2025\/08\/Pin-LITHIUM-ION-48V-5AH-30A-13S2P-MTM-600x600.jpg 600w\" sizes=\"(max-width: 750px) 100vw, 750px\" \/><\/a><a href=\"https:\/\/maybommini.com\/wp-content\/uploads\/2025\/08\/nhan-dong-pin-48V-5AH-30A-13S2P.jpg\" target=\"_blank\" rel=\"noopener\"><img decoding=\"async\" class=\"size-full wp-image-278036 aligncenter\" src=\"https:\/\/maybommini.com\/wp-content\/uploads\/2025\/08\/nhan-dong-pin-48V-5AH-30A-13S2P.jpg\" alt=\"Nhan Dong Pin 48V 5AH 30A 13S2P\" width=\"750\" height=\"750\" srcset=\"https:\/\/maybommini.vn\/wp-content\/uploads\/2025\/08\/nhan-dong-pin-48V-5AH-30A-13S2P.jpg 750w, https:\/\/maybommini.vn\/wp-content\/uploads\/2025\/08\/nhan-dong-pin-48V-5AH-30A-13S2P-300x300.jpg 300w, https:\/\/maybommini.vn\/wp-content\/uploads\/2025\/08\/nhan-dong-pin-48V-5AH-30A-13S2P-150x150.jpg 150w, https:\/\/maybommini.vn\/wp-content\/uploads\/2025\/08\/nhan-dong-pin-48V-5AH-30A-13S2P-600x600.jpg 600w\" sizes=\"(max-width: 750px) 100vw, 750px\" \/><\/a><a href=\"https:\/\/maybommini.com\/wp-content\/uploads\/2025\/08\/Pin-LITHIUM-ION-48V-5AH-30A-13S2P-MTM-mach-48V.jpg\" target=\"_blank\" rel=\"noopener\"><img decoding=\"async\" class=\"size-full wp-image-278031 aligncenter\" src=\"https:\/\/maybommini.com\/wp-content\/uploads\/2025\/08\/Pin-LITHIUM-ION-48V-5AH-30A-13S2P-MTM-mach-48V.jpg\" alt=\"Pin LITHIUM ION 48V 5AH 30A 13S2P MTM Mach 48V\" width=\"750\" height=\"750\" srcset=\"https:\/\/maybommini.vn\/wp-content\/uploads\/2025\/08\/Pin-LITHIUM-ION-48V-5AH-30A-13S2P-MTM-mach-48V.jpg 750w, https:\/\/maybommini.vn\/wp-content\/uploads\/2025\/08\/Pin-LITHIUM-ION-48V-5AH-30A-13S2P-MTM-mach-48V-300x300.jpg 300w, https:\/\/maybommini.vn\/wp-content\/uploads\/2025\/08\/Pin-LITHIUM-ION-48V-5AH-30A-13S2P-MTM-mach-48V-150x150.jpg 150w, https:\/\/maybommini.vn\/wp-content\/uploads\/2025\/08\/Pin-LITHIUM-ION-48V-5AH-30A-13S2P-MTM-mach-48V-600x600.jpg 600w\" sizes=\"(max-width: 750px) 100vw, 750px\" \/><\/a><\/strong><\/p>\n<p><strong><a href=\"https:\/\/maybommini.com\/wp-content\/uploads\/2025\/08\/mach-bao-ve-pin-sac-BMS-cao-cap.jpg\" target=\"_blank\" rel=\"noopener\"><img decoding=\"async\" class=\"size-full wp-image-278019 aligncenter\" src=\"https:\/\/maybommini.com\/wp-content\/uploads\/2025\/08\/mach-bao-ve-pin-sac-BMS-cao-cap.jpg\" alt=\"Mach Bao Ve Pin Sac BMS Cao Cap\" width=\"750\" height=\"750\" srcset=\"https:\/\/maybommini.vn\/wp-content\/uploads\/2025\/08\/mach-bao-ve-pin-sac-BMS-cao-cap.jpg 750w, https:\/\/maybommini.vn\/wp-content\/uploads\/2025\/08\/mach-bao-ve-pin-sac-BMS-cao-cap-300x300.jpg 300w, https:\/\/maybommini.vn\/wp-content\/uploads\/2025\/08\/mach-bao-ve-pin-sac-BMS-cao-cap-150x150.jpg 150w, https:\/\/maybommini.vn\/wp-content\/uploads\/2025\/08\/mach-bao-ve-pin-sac-BMS-cao-cap-600x600.jpg 600w\" sizes=\"(max-width: 750px) 100vw, 750px\" \/><\/a><a href=\"https:\/\/maybommini.com\/wp-content\/uploads\/2025\/08\/BMS-Samrt-Li-ion.jpg\" target=\"_blank\" rel=\"noopener\"><img decoding=\"async\" class=\"size-full wp-image-278015 aligncenter\" src=\"https:\/\/maybommini.com\/wp-content\/uploads\/2025\/08\/BMS-Samrt-Li-ion.jpg\" alt=\"BMS Samrt Li Ion\" width=\"750\" height=\"750\" srcset=\"https:\/\/maybommini.vn\/wp-content\/uploads\/2025\/08\/BMS-Samrt-Li-ion.jpg 750w, https:\/\/maybommini.vn\/wp-content\/uploads\/2025\/08\/BMS-Samrt-Li-ion-300x300.jpg 300w, https:\/\/maybommini.vn\/wp-content\/uploads\/2025\/08\/BMS-Samrt-Li-ion-150x150.jpg 150w, https:\/\/maybommini.vn\/wp-content\/uploads\/2025\/08\/BMS-Samrt-Li-ion-600x600.jpg 600w\" sizes=\"(max-width: 750px) 100vw, 750px\" \/><\/a><a href=\"https:\/\/maybommini.com\/wp-content\/uploads\/2025\/08\/chuyen-dong-pin-sac-cac-loai-theo-nhu-cau.jpg\" target=\"_blank\" rel=\"noopener\"><img decoding=\"async\" class=\"size-full wp-image-278016 aligncenter\" src=\"https:\/\/maybommini.com\/wp-content\/uploads\/2025\/08\/chuyen-dong-pin-sac-cac-loai-theo-nhu-cau.jpg\" alt=\"Chuyen Dong Pin Sac Cac Loai Theo Nhu Cau\" width=\"750\" height=\"750\" srcset=\"https:\/\/maybommini.vn\/wp-content\/uploads\/2025\/08\/chuyen-dong-pin-sac-cac-loai-theo-nhu-cau.jpg 750w, https:\/\/maybommini.vn\/wp-content\/uploads\/2025\/08\/chuyen-dong-pin-sac-cac-loai-theo-nhu-cau-300x300.jpg 300w, https:\/\/maybommini.vn\/wp-content\/uploads\/2025\/08\/chuyen-dong-pin-sac-cac-loai-theo-nhu-cau-150x150.jpg 150w, https:\/\/maybommini.vn\/wp-content\/uploads\/2025\/08\/chuyen-dong-pin-sac-cac-loai-theo-nhu-cau-600x600.jpg 600w\" sizes=\"(max-width: 750px) 100vw, 750px\" \/><\/a>H\u01af\u1edaNG D\u1eaaN S\u1eec D\u1ee4NG PIN S\u1ea0C \u0110\u00daNG C\u00c1CH<\/strong><br \/>\n\u2013 S\u1eed d\u1ee5ng tr\u00e1nh kh\u00f4ng \u0111\u01b0\u1ee3c ch\u1ea1m c\u1ef1c \u00c2m v\u00e0 D\u01b0\u01a1ng g\u00e2y ch\u00e1y n\u1ed5.<br \/>\n\u2013 S\u1eed d\u1ee5ng kh\u00f4ng \u0111\u01b0\u1ee3c qu\u00e1 c\u00f4ng su\u1ea5t t\u1ea3i t\u1ed1i \u0111a cho ph\u00e9p.<br \/>\n\u2013 N\u00ean s\u1eed d\u1ee5ng t\u1ed1t nh\u1ea5t c\u00f4ng su\u1ea5t t\u1ea3i 50% 60% so v\u1edbi c\u00f4ng su\u1ea5t t\u1ed1i \u0111a pin ch\u1ecbu t\u1ea3i.<br \/>\n\u2013 S\u1ea1c l\u1ea1i pin khi \u0111i\u1ec7n \u00e1p d\u01b0\u1edbi 32V<br \/>\n\u2013 C\u1ea7n s\u1ea1c pin l\u1ea1i c\u00e1ch nhau 20 \u2013 30 ng\u00e0y n\u1ebfu l\u01b0u tr\u1eef l\u00e2u d\u00e0i.<br \/>\n\u2013 Kh\u00f4ng \u0111\u1ec3 pin dung l\u01b0\u1ee3ng c\u1ea1n ki\u1ec7t s\u1ebb l\u00e0m h\u01b0 pin v\u00e0 gi\u00e3m tu\u1ed5i th\u1ecd.<br \/>\n\u2013 \u0110ang s\u1ea1c th\u00ec kh\u00f4ng s\u1eed d\u1ee5ng tr\u00e1nh ch\u00e1y n\u1ed5.<br \/>\n\u2013 L\u01b0u tr\u1eef v\u00e0 s\u1eed d\u1ee5ng n\u01a1i tho\u00e1ng m\u00e1t v\u00e0 tr\u00e1nh \u1ea9m \u01b0\u1edbt.<br \/>\n\u2013 S\u1eed d\u1ee5ng lo\u1ea1i s\u1ea1c c\u00f3 \u0111i\u1ec7n \u00e1p v\u00e0 d\u00f2ng ph\u00f9 h\u1ee3p theo nh\u00e0 s\u1ea3n xu\u1ea5t \u0111\u1ec3 tr\u00e1nh l\u00e0m h\u01b0 v\u00e0 gi\u00e3m tu\u1ed5i th\u1ecd pin.<br \/>\n\u2013 Tr\u00e1nh pin b\u1ecb va ch\u1ea1m m\u1ea1nh l\u00e0m h\u01b0 pin v\u00e0 ch\u00e1y n\u1ed5.<\/p>\n<p><strong><a href=\"https:\/\/maybommini.com\/wp-content\/uploads\/2025\/08\/khoi-Pin-LITHIUM-ION-48V-5AH-30A-13S2P-MTM-5000mah.jpg\" target=\"_blank\" rel=\"noopener\"><img decoding=\"async\" class=\"size-full wp-image-278035 aligncenter\" src=\"https:\/\/maybommini.com\/wp-content\/uploads\/2025\/08\/khoi-Pin-LITHIUM-ION-48V-5AH-30A-13S2P-MTM-5000mah.jpg\" alt=\"Khoi Pin LITHIUM ION 48V 5AH 30A 13S2P MTM 5000mah\" width=\"750\" height=\"750\" srcset=\"https:\/\/maybommini.vn\/wp-content\/uploads\/2025\/08\/khoi-Pin-LITHIUM-ION-48V-5AH-30A-13S2P-MTM-5000mah.jpg 750w, https:\/\/maybommini.vn\/wp-content\/uploads\/2025\/08\/khoi-Pin-LITHIUM-ION-48V-5AH-30A-13S2P-MTM-5000mah-300x300.jpg 300w, https:\/\/maybommini.vn\/wp-content\/uploads\/2025\/08\/khoi-Pin-LITHIUM-ION-48V-5AH-30A-13S2P-MTM-5000mah-150x150.jpg 150w, https:\/\/maybommini.vn\/wp-content\/uploads\/2025\/08\/khoi-Pin-LITHIUM-ION-48V-5AH-30A-13S2P-MTM-5000mah-600x600.jpg 600w\" sizes=\"(max-width: 750px) 100vw, 750px\" \/><\/a><\/strong><\/p>\n<p><strong><a href=\"https:\/\/maybommini.com\/wp-content\/uploads\/2025\/08\/chuyen-dong-pin-48V-5AH-30A-13S2P-MTM-5000mah.jpg\" target=\"_blank\" rel=\"noopener\"><img decoding=\"async\" class=\"size-full wp-image-278033 aligncenter\" src=\"https:\/\/maybommini.com\/wp-content\/uploads\/2025\/08\/chuyen-dong-pin-48V-5AH-30A-13S2P-MTM-5000mah.jpg\" alt=\"Chuyen Dong Pin 48V 5AH 30A 13S2P MTM 5000mah\" width=\"750\" height=\"750\" srcset=\"https:\/\/maybommini.vn\/wp-content\/uploads\/2025\/08\/chuyen-dong-pin-48V-5AH-30A-13S2P-MTM-5000mah.jpg 750w, https:\/\/maybommini.vn\/wp-content\/uploads\/2025\/08\/chuyen-dong-pin-48V-5AH-30A-13S2P-MTM-5000mah-300x300.jpg 300w, https:\/\/maybommini.vn\/wp-content\/uploads\/2025\/08\/chuyen-dong-pin-48V-5AH-30A-13S2P-MTM-5000mah-150x150.jpg 150w, https:\/\/maybommini.vn\/wp-content\/uploads\/2025\/08\/chuyen-dong-pin-48V-5AH-30A-13S2P-MTM-5000mah-600x600.jpg 600w\" sizes=\"(max-width: 750px) 100vw, 750px\" \/><\/a><\/strong><\/p>\n<p><strong><a href=\"https:\/\/maybommini.com\/wp-content\/uploads\/2025\/08\/Pin-LITHIUM-ION-48V-5AH-30A-13S2P-MTM-5000mah-gia-ban.jpg\" target=\"_blank\" rel=\"noopener\"><img decoding=\"async\" class=\"size-full wp-image-278040 aligncenter\" src=\"https:\/\/maybommini.com\/wp-content\/uploads\/2025\/08\/Pin-LITHIUM-ION-48V-5AH-30A-13S2P-MTM-5000mah-gia-ban.jpg\" alt=\"Pin LITHIUM ION 48V 5AH 30A 13S2P MTM 5000mah Gia Ban\" width=\"750\" height=\"750\" srcset=\"https:\/\/maybommini.vn\/wp-content\/uploads\/2025\/08\/Pin-LITHIUM-ION-48V-5AH-30A-13S2P-MTM-5000mah-gia-ban.jpg 750w, https:\/\/maybommini.vn\/wp-content\/uploads\/2025\/08\/Pin-LITHIUM-ION-48V-5AH-30A-13S2P-MTM-5000mah-gia-ban-300x300.jpg 300w, https:\/\/maybommini.vn\/wp-content\/uploads\/2025\/08\/Pin-LITHIUM-ION-48V-5AH-30A-13S2P-MTM-5000mah-gia-ban-150x150.jpg 150w, https:\/\/maybommini.vn\/wp-content\/uploads\/2025\/08\/Pin-LITHIUM-ION-48V-5AH-30A-13S2P-MTM-5000mah-gia-ban-600x600.jpg 600w\" sizes=\"(max-width: 750px) 100vw, 750px\" \/><\/a><\/strong><\/p>\n<p><strong>S\u1eec D\u1ee4NG PIN XE \u0110I\u1ec6N<\/strong><br \/>\nPin xe m\u00e1y \u0111i\u1ec7n 48V<br \/>\nPin xe \u0111i\u1ec7n tr\u1ee3 l\u1ef1c.<br \/>\nPin xe \u0111\u1ea1p \u0111i\u1ec7n h\u1ecdc sinh.<br \/>\nPin xe \u0111i\u1ec7n \u0111\u1ed5 ch\u01a1i, xe \u0111i\u1ec7n khu vui ch\u01a1i.<br \/>\nD\u00f9ng t\u1ed1t cho c\u00e1c thi\u1ebft b\u1ecb 48V<br \/>\nS\u1eed d\u1ee5ng cho m\u00e1y b\u01a1m mini 48V<br \/>\nD\u00f9ng cho m\u00e1y b\u01a1m n\u01b0\u1edbc 48V<br \/>\nD\u00f9ng cho xe \u0111\u1ed5 ch\u01a1i tr\u1ebb em.<br \/>\nPin s\u1ea1c d\u1ef1 ph\u00f2ng.<br \/>\nPin \u0111\u00e8n led si\u00eau s\u00e1ng.<br \/>\nPin thi\u1ebft b\u1ecb t\u1ef1 \u0111\u1ed9ng th\u00f4ng minh.<br \/>\nPin thi\u1ebft b\u1ecb vi\u1ec5n th\u00f4ng.<br \/>\nPin thi\u1ebft b\u1ecb \u0111i\u1ec7n t\u1eed.<br \/>\n<strong><a href=\"https:\/\/maybommini.com\/wp-content\/uploads\/2025\/08\/dong-Pin-LITHIUM-ION-48V-5AH-30A-13S2P-MTM-5000mah.jpg\" target=\"_blank\" rel=\"noopener\"><img decoding=\"async\" class=\"size-full wp-image-278034 aligncenter\" src=\"https:\/\/maybommini.com\/wp-content\/uploads\/2025\/08\/dong-Pin-LITHIUM-ION-48V-5AH-30A-13S2P-MTM-5000mah.jpg\" alt=\"Dong Pin LITHIUM ION 48V 5AH 30A 13S2P MTM 5000mah\" width=\"750\" height=\"750\" srcset=\"https:\/\/maybommini.vn\/wp-content\/uploads\/2025\/08\/dong-Pin-LITHIUM-ION-48V-5AH-30A-13S2P-MTM-5000mah.jpg 750w, https:\/\/maybommini.vn\/wp-content\/uploads\/2025\/08\/dong-Pin-LITHIUM-ION-48V-5AH-30A-13S2P-MTM-5000mah-300x300.jpg 300w, https:\/\/maybommini.vn\/wp-content\/uploads\/2025\/08\/dong-Pin-LITHIUM-ION-48V-5AH-30A-13S2P-MTM-5000mah-150x150.jpg 150w, https:\/\/maybommini.vn\/wp-content\/uploads\/2025\/08\/dong-Pin-LITHIUM-ION-48V-5AH-30A-13S2P-MTM-5000mah-600x600.jpg 600w\" sizes=\"(max-width: 750px) 100vw, 750px\" \/><\/a><\/strong><strong><a href=\"https:\/\/maybommini.com\/wp-content\/uploads\/2025\/08\/Pin-LITHIUM-ION-48V-5AH-30A-13S2P-MTM-5000mah-gia-re-cao-cap.jpg\" target=\"_blank\" rel=\"noopener\"><img decoding=\"async\" class=\"size-full wp-image-278029 aligncenter\" src=\"https:\/\/maybommini.com\/wp-content\/uploads\/2025\/08\/Pin-LITHIUM-ION-48V-5AH-30A-13S2P-MTM-5000mah-gia-re-cao-cap.jpg\" alt=\"Pin LITHIUM ION 48V 5AH 30A 13S2P MTM 5000mah Gia Re Cao Cap\" width=\"750\" height=\"750\" srcset=\"https:\/\/maybommini.vn\/wp-content\/uploads\/2025\/08\/Pin-LITHIUM-ION-48V-5AH-30A-13S2P-MTM-5000mah-gia-re-cao-cap.jpg 750w, https:\/\/maybommini.vn\/wp-content\/uploads\/2025\/08\/Pin-LITHIUM-ION-48V-5AH-30A-13S2P-MTM-5000mah-gia-re-cao-cap-300x300.jpg 300w, https:\/\/maybommini.vn\/wp-content\/uploads\/2025\/08\/Pin-LITHIUM-ION-48V-5AH-30A-13S2P-MTM-5000mah-gia-re-cao-cap-150x150.jpg 150w, https:\/\/maybommini.vn\/wp-content\/uploads\/2025\/08\/Pin-LITHIUM-ION-48V-5AH-30A-13S2P-MTM-5000mah-gia-re-cao-cap-600x600.jpg 600w\" sizes=\"(max-width: 750px) 100vw, 750px\" \/><\/a><\/strong><strong><a href=\"https:\/\/maybommini.com\/wp-content\/uploads\/2025\/08\/Pin-LITHIUM-ION-48V-5AH-30A-13S2P-MTM-5000mah.jpg\" target=\"_blank\" rel=\"noopener\"><img decoding=\"async\" class=\"size-full wp-image-278038 aligncenter\" src=\"https:\/\/maybommini.com\/wp-content\/uploads\/2025\/08\/Pin-LITHIUM-ION-48V-5AH-30A-13S2P-MTM-5000mah.jpg\" alt=\"Pin LITHIUM ION 48V 5AH 30A 13S2P MTM 5000mah\" width=\"750\" height=\"750\" srcset=\"https:\/\/maybommini.vn\/wp-content\/uploads\/2025\/08\/Pin-LITHIUM-ION-48V-5AH-30A-13S2P-MTM-5000mah.jpg 750w, https:\/\/maybommini.vn\/wp-content\/uploads\/2025\/08\/Pin-LITHIUM-ION-48V-5AH-30A-13S2P-MTM-5000mah-300x300.jpg 300w, https:\/\/maybommini.vn\/wp-content\/uploads\/2025\/08\/Pin-LITHIUM-ION-48V-5AH-30A-13S2P-MTM-5000mah-150x150.jpg 150w, https:\/\/maybommini.vn\/wp-content\/uploads\/2025\/08\/Pin-LITHIUM-ION-48V-5AH-30A-13S2P-MTM-5000mah-600x600.jpg 600w\" sizes=\"(max-width: 750px) 100vw, 750px\" \/><\/a><\/strong><\/p>\n<h4 style=\"text-align: center;\">Pin Lithium-ion 48V 54V 5.0Ah 30A 13S2P MTM<\/h4>\n<p><strong>TH\u00d4NG TIN LI\u00caN H\u1ec6<\/strong><br \/>\n<strong>Hotline Zalo:<\/strong> 0907294310 \u2013 0908997823 \u2013 0908997872 \u2013 02873030399<br \/>\nNh\u1eadn \u0111\u00f3ng pin theo y\u00eau c\u1ea7u, l\u00e0m pin, n\u00e2ng c\u1ea5p pin, s\u1eeda pin cho h\u1ec7 th\u1ed1ng n\u0103ng l\u01b0\u1ee3ng m\u1eb7t tr\u1eddi, pin m\u00e1y khoan, pin robot h\u00fat b\u1ee5i lau nh\u00e0, pin m\u00e1y th\u1ed5i b\u1ee5i, pin \u0111\u00e8n, pin s\u1ea1c d\u1ef1 ph\u00f2ng, pin \u0111\u00e8n n\u0103ng l\u01b0\u1ee3ng m\u1eb7t tr\u1eddi, pin UPS, pin xe \u0111\u1ea1p \u0111i\u1ec7n v\u00e0 c\u00e1c lo\u1ea1i pin kh\u00e1c.<br \/>\n#pinxedien #CELL #PIN #18650 #18500 #21700 #26650 #32650 #14500 #AA #AAA #lishen #sony #samsung #pinrobot #pinmayhutbuilaunha #box<\/p>\n","protected":false},"excerpt":{"rendered":"<p>Th\u01b0\u01a1ng hi\u1ec7u: MTM<br \/>\nModel: 48V-30A-13S2P-50<br \/>\n\u0110i\u1ec7n th\u1ebf \u0111\u1ecbnh danh: 48V-54V DC<br \/>\n\u0110i\u1ec7n th\u1ebf ra: 32V \u2013 54V DC<br \/>\n\u0110i\u1ec7n th\u1ebf s\u1ea1c v\u00e0o: 54.6V 2A &#8211; 5A<br \/>\nDung l\u01b0\u1ee3ng: 5.000mAh \u2013 5.0Ah<br \/>\nD\u00f2ng l\u00e0m vi\u1ec7c li\u00ean t\u1ee5c: 15A<br \/>\nD\u00f2ng \u0111i\u1ec7n t\u1ee9c th\u1eddi t\u1ed1i \u0111a: 30A<br \/>\nLo\u1ea1i pin s\u1ea1c Lithium-ion 18650<br \/>\nKi\u1ec3u gh\u00e9p: 13S2P<br \/>\nT\u00edch h\u1ee3p m\u1ea1ch b\u1ea3o v\u1ec7 v\u00e0 c\u00e2n b\u1eb1ng th\u00f4ng minh.<br \/>\nB\u1ea3o v\u1ec7 ch\u1ed1ng qu\u00e1 t\u1ea3i v\u00e0 s\u1ea1c c\u00e2n b\u1eb1ng t\u1ef1 \u0111\u1ed9ng.<br \/>\nTu\u1ed5i th\u1ecd cao ho\u1ea1t \u0111\u1ed9ng t\u1ed1t \u0111\u00fang dung l\u01b0\u1ee3ng.<br \/>\nK\u00edch th\u01b0\u1edbc: 245x70x45 mm.<br \/>\nTr\u1ecdng l\u01b0\u1ee3ng: 1300 gam.<br \/>\n<b><i>Pin kh\u00f4ng k\u00e8m s\u1ea1c.<\/i><\/b><br \/>\n<strong>B\u1ea3o h\u00e0nh: 3 th\u00e1ng<\/strong><\/p>\n","protected":false},"featured_media":278032,"comment_status":"open","ping_status":"closed","template":"","meta":[],"product_brand":[2227],"product_cat":[4804],"product_tag":[4805,2419,3466,4152,4153,4802,1134,431,3461,4801,999,4800,4799,4798,4803],"class_list":{"0":"post-278028","1":"product","2":"type-product","3":"status-publish","4":"has-post-thumbnail","6":"product_brand-mtm","7":"product_cat-48v-13s-lithium-ion","8":"product_tag-48v-13s","9":"product_tag-box","10":"product_tag-box-pin","11":"product_tag-khoi-pin","12":"product_tag-khoi-pin-sac","13":"product_tag-pin-48v","14":"product_tag-pin-li-ion","15":"product_tag-pin-sac","16":"product_tag-pin-sac-gia-re","17":"product_tag-pin-xe-dap-dien","18":"product_tag-pin-xe-dien","19":"product_tag-pin-xe-dien-10s","20":"product_tag-pin-xe-dien-37v","21":"product_tag-pin-xe-dien-42v","22":"product_tag-pin-xe-dien-48v","24":"first","25":"instock","26":"shipping-taxable","27":"purchasable","28":"product-type-simple"},"_links":{"self":[{"href":"https:\/\/maybommini.vn\/index.php?rest_route=\/wp\/v2\/product\/278028","targetHints":{"allow":["GET"]}}],"collection":[{"href":"https:\/\/maybommini.vn\/index.php?rest_route=\/wp\/v2\/product"}],"about":[{"href":"https:\/\/maybommini.vn\/index.php?rest_route=\/wp\/v2\/types\/product"}],"replies":[{"embeddable":true,"href":"https:\/\/maybommini.vn\/index.php?rest_route=%2Fwp%2Fv2%2Fcomments&post=278028"}],"wp:featuredmedia":[{"embeddable":true,"href":"https:\/\/maybommini.vn\/index.php?rest_route=\/wp\/v2\/media\/278032"}],"wp:attachment":[{"href":"https:\/\/maybommini.vn\/index.php?rest_route=%2Fwp%2Fv2%2Fmedia&parent=278028"}],"wp:term":[{"taxonomy":"product_brand","embeddable":true,"href":"https:\/\/maybommini.vn\/index.php?rest_route=%2Fwp%2Fv2%2Fproduct_brand&post=278028"},{"taxonomy":"product_cat","embeddable":true,"href":"https:\/\/maybommini.vn\/index.php?rest_route=%2Fwp%2Fv2%2Fproduct_cat&post=278028"},{"taxonomy":"product_tag","embeddable":true,"href":"https:\/\/maybommini.vn\/index.php?rest_route=%2Fwp%2Fv2%2Fproduct_tag&post=278028"}],"curies":[{"name":"wp","href":"https:\/\/api.w.org\/{rel}","templated":true}]}}